[INFO] cloning repository https://github.com/petauron/pulse
[INFO] running `Command { std: "git" "-c" "credential.helper=" "-c" "credential.helper=/workspace/cargo-home/bin/git-credential-null" "clone" "--bare" "https://github.com/petauron/pulse" "/workspace/cache/git-repos/https%3A%2F%2Fgithub.com%2Fpetauron%2Fpulse", kill_on_drop: false }`
[INFO] [stderr] Cloning into bare repository '/workspace/cache/git-repos/https%3A%2F%2Fgithub.com%2Fpetauron%2Fpulse'...
[INFO] running `Command { std: "git" "rev-parse" "HEAD", kill_on_drop: false }`
[INFO] [stdout] 3868052f88eb96a4d93cf32a38297e883e451b0a
[INFO] checking petauron/pulse against 3154cc1a3e6424e44f438a95007d043ed5ceaaf6 for pr-133502-30
[INFO] running `Command { std: "git" "clone" "/workspace/cache/git-repos/https%3A%2F%2Fgithub.com%2Fpetauron%2Fpulse" "/workspace/builds/worker-3-tc2/source", kill_on_drop: false }`
[INFO] [stderr] Cloning into '/workspace/builds/worker-3-tc2/source'...
[INFO] [stderr] done.
[INFO] removed /workspace/builds/worker-3-tc2/source/rust-toolchain.toml
[INFO] started tweaking git repo https://github.com/petauron/pulse
[INFO] finished tweaking git repo https://github.com/petauron/pulse
[INFO] tweaked toml for git repo https://github.com/petauron/pulse written to /workspace/builds/worker-3-tc2/source/Cargo.toml
[INFO] validating manifest of git repo https://github.com/petauron/pulse on toolchain 3154cc1a3e6424e44f438a95007d043ed5ceaaf6
[INFO] running `Command { std: CARGO_HOME="/workspace/cargo-home" RUSTUP_HOME="/workspace/rustup-home" "/workspace/cargo-home/bin/cargo" "+3154cc1a3e6424e44f438a95007d043ed5ceaaf6" "metadata" "--manifest-path" "Cargo.toml" "--no-deps", kill_on_drop: false }`
[INFO] crate git repo https://github.com/petauron/pulse already has a lockfile, it will not be regenerated
[INFO] running `Command { std: CARGO_HOME="/workspace/cargo-home" RUSTUP_HOME="/workspace/rustup-home" "/workspace/cargo-home/bin/cargo" "+3154cc1a3e6424e44f438a95007d043ed5ceaaf6" "fetch" "--manifest-path" "Cargo.toml", kill_on_drop: false }`
[INFO] running `Command { std: "docker" "create" "-v" "/var/lib/crater-agent-workspace/builds/worker-3-tc2/source:/opt/rustwide/workdir:ro,Z" "-v" "/var/lib/crater-agent-workspace/builds/worker-3-tc2/target:/opt/rustwide/target:rw,Z" "-v" "/var/lib/crater-agent-workspace/cargo-home:/opt/rustwide/cargo-home:ro,Z" "-v" "/var/lib/crater-agent-workspace/rustup-home:/opt/rustwide/rustup-home:ro,Z" "-m" "1610612736" "--network" "none" "ghcr.io/rust-lang/crates-build-env/linux@sha256:77db811e55d90add9212f6832c23229e3de5f1c1f9905e8cb07319ea15df73ac" "sleep" "infinity", kill_on_drop: false }`
[INFO] [stdout] 3d091a13badfdbc3504cba3137c9c42c9963f3269cc224123b76ca9186f4dd0d
[INFO] running `Command { std: "docker" "start" "3d091a13badfdbc3504cba3137c9c42c9963f3269cc224123b76ca9186f4dd0d", kill_on_drop: false }`
[INFO] running `Command { std: "docker" "inspect" "3d091a13badfdbc3504cba3137c9c42c9963f3269cc224123b76ca9186f4dd0d", kill_on_drop: false }`
[INFO] running `Command { std: "docker" "exec" "-e" "SOURCE_DIR=/opt/rustwide/workdir" "-e" "CARGO_HOME=/opt/rustwide/cargo-home" "-e" "RUSTUP_HOME=/opt/rustwide/rustup-home" "-e" "CARGO_TARGET_DIR=/opt/rustwide/target" "-w" "/opt/rustwide/workdir" "--user" "0:0" "3d091a13badfdbc3504cba3137c9c42c9963f3269cc224123b76ca9186f4dd0d" "/opt/rustwide/cargo-home/bin/cargo" "+3154cc1a3e6424e44f438a95007d043ed5ceaaf6" "metadata" "--no-deps" "--format-version=1", kill_on_drop: false }`
[INFO] running `Command { std: "docker" "inspect" "3d091a13badfdbc3504cba3137c9c42c9963f3269cc224123b76ca9186f4dd0d", kill_on_drop: false }`
[INFO] running `Command { std: "docker" "exec" "-e" "SOURCE_DIR=/opt/rustwide/workdir" "-e" "CARGO_HOME=/opt/rustwide/cargo-home" "-e" "RUSTUP_HOME=/opt/rustwide/rustup-home" "-e" "CARGO_TARGET_DIR=/opt/rustwide/target" "-e" "CARGO_INCREMENTAL=0" "-e" "RUST_BACKTRACE=full" "-e" "RUSTFLAGS=--cap-lints=forbid" "-e" "RUSTDOCFLAGS=--cap-lints=forbid" "-w" "/opt/rustwide/workdir" "--user" "0:0" "3d091a13badfdbc3504cba3137c9c42c9963f3269cc224123b76ca9186f4dd0d" "/opt/rustwide/cargo-home/bin/cargo" "+3154cc1a3e6424e44f438a95007d043ed5ceaaf6" "check" "--frozen" "--all" "--all-targets" "--message-format=json", kill_on_drop: false }`
[INFO] [stderr]     Checking smallvec v1.16.0
[INFO] [stderr]    Compiling cc v1.4.4
[INFO] [stderr]    Compiling zeroize_derive v1.5.0
[INFO] [stderr]     Checking zerovec v0.11.8
[INFO] [stderr]     Checking zerotrie v0.2.5
[INFO] [stderr]     Checking tokio v1.53.1
[INFO] [stderr]     Checking futures-task v0.3.34
[INFO] [stderr]    Compiling rustls v0.23.45
[INFO] [stderr]     Checking futures-util v0.3.34
[INFO] [stderr]     Checking ipnet v2.12.1
[INFO] [stderr]     Checking digest v0.11.3
[INFO] [stderr]    Compiling cpufeatures v0.3.1
[INFO] [stderr]     Checking tracing-subscriber v0.3.23
[INFO] [stderr]    Compiling sha2 v0.11.0
[INFO] [stderr]    Compiling crc32fast v1.5.2
[INFO] [stderr]     Checking zeroize v1.9.0
[INFO] [stderr]     Checking rustls-pki-types v1.15.1
[INFO] [stderr]     Checking tinystr v0.8.4
[INFO] [stderr]     Checking icu_locale_core v2.3.0
[INFO] [stderr]     Checking potential_utf v0.1.6
[INFO] [stderr]     Checking icu_collections v2.3.0
[INFO] [stderr]     Checking rustls-native-certs v0.8.4
[INFO] [stderr]     Checking uuid v1.26.0
[INFO] [stderr]     Checking crypto-common v0.1.7
[INFO] [stderr]    Compiling cmake v0.1.58
[INFO] [stderr]     Checking pulse-protocol v0.1.0-alpha.14 (/opt/rustwide/workdir/crates/pulse-protocol)
[INFO] [stderr]     Checking digest v0.10.7
[INFO] [stderr]    Compiling rust-embed-utils v8.12.0
[INFO] [stderr]     Checking bumpalo v3.20.3
[INFO] [stderr]     Checking simd-adler32 v0.3.10
[INFO] [stderr]     Checking rand_core v0.6.4
[INFO] [stderr]     Checking zlib-rs v0.6.8
[INFO] [stderr]     Checking password-hash v0.5.0
[INFO] [stderr]     Checking zopfli v0.8.3
[INFO] [stderr]     Checking icu_provider v2.3.1
[INFO] [stderr]     Checking indexmap v2.14.2
[INFO] [stderr]     Checking blake2 v0.10.6
[INFO] [stderr]    Compiling aws-lc-sys v0.45.0
[INFO] [stderr]     Checking icu_normalizer v2.3.0
[INFO] [stderr]     Checking icu_properties v2.3.0
[INFO] [stderr]    Compiling libsqlite3-sys v0.38.2
[INFO] [stderr]    Compiling rust-embed-impl v8.12.0
[INFO] [stderr]     Checking axum-core v0.5.6
[INFO] [stderr]     Checking hashlink v0.12.1
[INFO] [stderr]     Checking sha1 v0.11.0
[INFO] [stderr]     Checking hmac v0.13.0
[INFO] [stderr]     Checking flate2 v1.1.10
[INFO] [stderr]     Checking base32 v0.5.1
[INFO] [stderr]     Checking constant_time_eq v0.4.2
[INFO] [stderr]     Checking idna_adapter v1.2.2
[INFO] [stderr]     Checking typed-path v0.12.3
[INFO] [stderr]     Checking time v0.3.55
[INFO] [stderr]     Checking idna v1.1.0
[INFO] [stderr]     Checking argon2 v0.5.3
[INFO] [stderr]     Checking url v2.5.8
[INFO] [stderr]     Checking rust-embed v8.12.0
[INFO] [stderr]     Checking sysinfo v0.39.6
[INFO] [stderr]     Checking totp-rs v6.0.0
[INFO] [stderr]     Checking zip v8.6.0
[INFO] [stderr]     Checking hyper v1.11.1
[INFO] [stderr]     Checking tower v0.5.3
[INFO] [stderr]     Checking tower-http v0.6.11
[INFO] [stderr]     Checking hyper-util v0.1.20
[INFO] [stderr]     Checking axum v0.8.9
[INFO] [stderr]     Checking rusqlite v0.40.2
[INFO] [stderr]    Compiling aws-lc-rs v1.18.1
[INFO] [stderr]     Checking rustls-webpki v0.103.15
[INFO] [stderr]     Checking tokio-rustls v0.26.4
[INFO] [stderr]     Checking rustls-platform-verifier v0.7.0
[INFO] [stderr]     Checking hyper-rustls v0.27.9
[INFO] [stderr]     Checking reqwest v0.13.4
[INFO] [stderr]     Checking pulse-service v0.1.0-alpha.14 (/opt/rustwide/workdir/crates/pulse-service)
[INFO] [stderr]     Checking pulse-agent v0.1.0-alpha.14 (/opt/rustwide/workdir/crates/pulse-agent)
[INFO] [stdout] error: #[derive(RustEmbed)] folder '/opt/rustwide/workdir/crates/pulse-service/../../web/dist' does not exist. cwd: '/opt/rustwide/workdir'
[INFO] [stdout]   --> crates/pulse-service/src/assets.rs:14:1
[INFO] [stdout]    |
[INFO] [stdout] 14 | / #[folder = "../../web/dist"]
[INFO] [stdout] 15 | | struct WebAssets;
[INFO] [stdout]    | |_________________^
[INFO] [stdout] 
[INFO] [stdout] 
[INFO] [stdout] error: #[derive(RustEmbed)] folder '/opt/rustwide/workdir/crates/pulse-service/../../web/dist' does not exist. cwd: '/opt/rustwide/workdir'
[INFO] [stdout]   --> crates/pulse-service/src/assets.rs:14:1
[INFO] [stdout]    |
[INFO] [stdout] 14 | / #[folder = "../../web/dist"]
[INFO] [stdout] 15 | | struct WebAssets;
[INFO] [stdout]    | |_________________^
[INFO] [stdout] 
[INFO] [stdout] 
[INFO] [stdout] error[E0599]: no associated function or constant named `get` found for struct `WebAssets` in the current scope
[INFO] [stdout]    --> crates/pulse-service/src/assets.rs:125:44
[INFO] [stdout]     |
[INFO] [stdout]  15 | struct WebAssets;
[INFO] [stdout]     | ---------------- associated function or constant `get` not found for this struct
[INFO] [stdout] ...
[INFO] [stdout] 125 |     let found_requested_asset = WebAssets::get(asset_path);
[INFO] [stdout]     |                                            ^^^ associated function or constant not found in `WebAssets`
[INFO] [stdout]     |
[INFO] [stdout]     = help: items from traits can only be used if the trait is implemented and in scope
[INFO] [stdout]     = note: the following traits define an item `get`, perhaps you need to implement one of them:
[INFO] [stdout]             candidate #1: `Embed`
[INFO] [stdout]             candidate #2: `FallibleStreamingIterator`
[INFO] [stdout]             candidate #3: `SliceIndex`
[INFO] [stdout]             candidate #4: `icu_collections::codepointtrie::cptrie::TypedCodePointTrie`
[INFO] [stdout]             candidate #5: `icu_properties::names::PropertyEnumToValueNameLookup`
[INFO] [stdout]             candidate #6: `icu_provider::baked::DataStore`
[INFO] [stdout]             candidate #7: `rustls::server::server_conn::StoresServerSessions`
[INFO] [stdout] 
[INFO] [stdout] 
[INFO] [stdout] error[E0599]: no associated function or constant named `get` found for struct `WebAssets` in the current scope
[INFO] [stdout]    --> crates/pulse-service/src/assets.rs:136:34
[INFO] [stdout]     |
[INFO] [stdout]  15 | struct WebAssets;
[INFO] [stdout]     | ---------------- associated function or constant `get` not found for this struct
[INFO] [stdout] ...
[INFO] [stdout] 136 |         None => match WebAssets::get("index.html") {
[INFO] [stdout]     |                                  ^^^ associated function or constant not found in `WebAssets`
[INFO] [stdout]     |
[INFO] [stdout]     = help: items from traits can only be used if the trait is implemented and in scope
[INFO] [stdout]     = note: the following traits define an item `get`, perhaps you need to implement one of them:
[INFO] [stdout]             candidate #1: `Embed`
[INFO] [stdout]             candidate #2: `FallibleStreamingIterator`
[INFO] [stdout]             candidate #3: `SliceIndex`
[INFO] [stdout]             candidate #4: `icu_collections::codepointtrie::cptrie::TypedCodePointTrie`
[INFO] [stdout]             candidate #5: `icu_properties::names::PropertyEnumToValueNameLookup`
[INFO] [stdout]             candidate #6: `icu_provider::baked::DataStore`
[INFO] [stdout]             candidate #7: `rustls::server::server_conn::StoresServerSessions`
[INFO] [stdout] 
[INFO] [stdout] 
[INFO] [stdout] error[E0599]: no associated function or constant named `get` found for struct `WebAssets` in the current scope
[INFO] [stdout]    --> crates/pulse-service/src/assets.rs:125:44
[INFO] [stdout]     |
[INFO] [stdout]  15 | struct WebAssets;
[INFO] [stdout]     | ---------------- associated function or constant `get` not found for this struct
[INFO] [stdout] ...
[INFO] [stdout] 125 |     let found_requested_asset = WebAssets::get(asset_path);
[INFO] [stdout]     |                                            ^^^ associated function or constant not found in `WebAssets`
[INFO] [stdout]     |
[INFO] [stdout]     = help: items from traits can only be used if the trait is implemented and in scope
[INFO] [stdout]     = note: the following traits define an item `get`, perhaps you need to implement one of them:
[INFO] [stdout]             candidate #1: `Embed`
[INFO] [stdout]             candidate #2: `FallibleStreamingIterator`
[INFO] [stdout]             candidate #3: `SliceIndex`
[INFO] [stdout]             candidate #4: `icu_collections::codepointtrie::cptrie::TypedCodePointTrie`
[INFO] [stdout]             candidate #5: `icu_properties::names::PropertyEnumToValueNameLookup`
[INFO] [stdout]             candidate #6: `icu_provider::baked::DataStore`
[INFO] [stdout]             candidate #7: `rustls::server::server_conn::StoresServerSessions`
[INFO] [stdout] 
[INFO] [stdout] 
[INFO] [stdout] error[E0599]: no associated function or constant named `get` found for struct `WebAssets` in the current scope
[INFO] [stdout]    --> crates/pulse-service/src/assets.rs:136:34
[INFO] [stdout]     |
[INFO] [stdout]  15 | struct WebAssets;
[INFO] [stdout]     | ---------------- associated function or constant `get` not found for this struct
[INFO] [stdout] ...
[INFO] [stdout] 136 |         None => match WebAssets::get("index.html") {
[INFO] [stdout]     |                                  ^^^ associated function or constant not found in `WebAssets`
[INFO] [stdout]     |
[INFO] [stdout]     = help: items from traits can only be used if the trait is implemented and in scope
[INFO] [stdout]     = note: the following traits define an item `get`, perhaps you need to implement one of them:
[INFO] [stdout]             candidate #1: `Embed`
[INFO] [stdout]             candidate #2: `FallibleStreamingIterator`
[INFO] [stdout]             candidate #3: `SliceIndex`
[INFO] [stdout]             candidate #4: `icu_collections::codepointtrie::cptrie::TypedCodePointTrie`
[INFO] [stdout]             candidate #5: `icu_properties::names::PropertyEnumToValueNameLookup`
[INFO] [stdout]             candidate #6: `icu_provider::baked::DataStore`
[INFO] [stdout]             candidate #7: `rustls::server::server_conn::StoresServerSessions`
[INFO] [stdout] 
[INFO] [stdout] 
[INFO] [stdout] For more information about this error, try `rustc --explain E0599`.
[INFO] [stdout] 
[INFO] [stderr] error: could not compile `pulse-service` (lib) due to 3 previous errors
[INFO] [stderr] warning: build failed, waiting for other jobs to finish...
[INFO] [stdout] For more information about this error, try `rustc --explain E0599`.
[INFO] [stdout] 
[INFO] [stderr] error: could not compile `pulse-service` (lib test) due to 3 previous errors
[INFO] running `Command { std: "docker" "inspect" "3d091a13badfdbc3504cba3137c9c42c9963f3269cc224123b76ca9186f4dd0d", kill_on_drop: false }`
[INFO] running `Command { std: "docker" "rm" "-f" "3d091a13badfdbc3504cba3137c9c42c9963f3269cc224123b76ca9186f4dd0d", kill_on_drop: false }`
[INFO] [stdout] 3d091a13badfdbc3504cba3137c9c42c9963f3269cc224123b76ca9186f4dd0d
