[INFO] cloning repository https://github.com/pepedinho/planty
[INFO] running `Command { std: "git" "-c" "credential.helper=" "-c" "credential.helper=/workspace/cargo-home/bin/git-credential-null" "clone" "--bare" "https://github.com/pepedinho/planty" "/workspace/cache/git-repos/https%3A%2F%2Fgithub.com%2Fpepedinho%2Fplanty", kill_on_drop: false }`
[INFO] [stderr] Cloning into bare repository '/workspace/cache/git-repos/https%3A%2F%2Fgithub.com%2Fpepedinho%2Fplanty'...
[INFO] running `Command { std: "git" "rev-parse" "HEAD", kill_on_drop: false }`
[INFO] [stdout] 575fe6db6372a75a1e2fd905b318592d58f3257c
[INFO] checking pepedinho/planty against 3154cc1a3e6424e44f438a95007d043ed5ceaaf6+rustflags=-Znext-solver=coherence for pr-133502-30
[INFO] running `Command { std: "git" "clone" "/workspace/cache/git-repos/https%3A%2F%2Fgithub.com%2Fpepedinho%2Fplanty" "/workspace/builds/worker-1-tc1/source", kill_on_drop: false }`
[INFO] [stderr] Cloning into '/workspace/builds/worker-1-tc1/source'...
[INFO] [stderr] done.
[INFO] removed /workspace/builds/worker-1-tc1/source/.cargo/config.toml
[INFO] removed /workspace/builds/worker-1-tc1/source/rust-toolchain.toml
[INFO] started tweaking git repo https://github.com/pepedinho/planty
[INFO] finished tweaking git repo https://github.com/pepedinho/planty
[INFO] tweaked toml for git repo https://github.com/pepedinho/planty written to /workspace/builds/worker-1-tc1/source/Cargo.toml
[INFO] validating manifest of git repo https://github.com/pepedinho/planty on toolchain 3154cc1a3e6424e44f438a95007d043ed5ceaaf6
[INFO] running `Command { std: CARGO_HOME="/workspace/cargo-home" RUSTUP_HOME="/workspace/rustup-home" "/workspace/cargo-home/bin/cargo" "+3154cc1a3e6424e44f438a95007d043ed5ceaaf6" "metadata" "--manifest-path" "Cargo.toml" "--no-deps", kill_on_drop: false }`
[INFO] crate git repo https://github.com/pepedinho/planty already has a lockfile, it will not be regenerated
[INFO] running `Command { std: CARGO_HOME="/workspace/cargo-home" RUSTUP_HOME="/workspace/rustup-home" "/workspace/cargo-home/bin/cargo" "+3154cc1a3e6424e44f438a95007d043ed5ceaaf6" "fetch" "--manifest-path" "Cargo.toml", kill_on_drop: false }`
[INFO] [stderr]     Updating crates.io index
[INFO] [stderr]  Downloading crates ...
[INFO] [stderr]   Downloaded ssd1306 v0.10.0
[INFO] [stderr]   Downloaded maybe-async-cfg v0.2.4
[INFO] [stderr]   Downloaded pulldown-cmark v0.11.3
[INFO] [stderr]   Downloaded display-interface-spi v0.5.0
[INFO] [stderr]   Downloaded esp-radio-rtos-driver v0.2.0
[INFO] [stderr]   Downloaded riscv-macros v0.3.0
[INFO] [stderr]   Downloaded display-interface-i2c v0.5.0
[INFO] [stderr]   Downloaded riscv-rt-macros v0.6.1
[INFO] [stderr]   Downloaded display-interface v0.5.0
[INFO] [stderr]   Downloaded ufmt-write v0.1.0
[INFO] [stderr]   Downloaded esp-riscv-rt v0.13.0
[INFO] [stderr]   Downloaded embassy-embedded-hal v0.5.0
[INFO] [stderr]   Downloaded esp-sync v0.1.1
[INFO] [stderr]   Downloaded riscv-pac v0.2.0
[INFO] [stderr]   Downloaded embassy-executor-macros v0.7.0
[INFO] [stderr]   Downloaded portable_atomic_enum v0.3.1
[INFO] [stderr]   Downloaded xtensa-lx v0.13.0
[INFO] [stderr]   Downloaded xtensa-lx-rt-proc-macros v0.5.0
[INFO] [stderr]   Downloaded riscv-target-parser v0.1.3
[INFO] [stderr]   Downloaded fugit v0.3.9
[INFO] [stderr]   Downloaded esp-alloc v0.9.0
[INFO] [stderr]   Downloaded const-default v1.0.0
[INFO] [stderr]   Downloaded esp-println v0.17.0
[INFO] [stderr]   Downloaded esp-sync v0.2.1
[INFO] [stderr]   Downloaded portable_atomic_enum_macros v0.2.1
[INFO] [stderr]   Downloaded smart-leds-trait v0.3.2
[INFO] [stderr]   Downloaded esp-backtrace v0.19.0
[INFO] [stderr]   Downloaded embedded-nal-async v0.8.0
[INFO] [stderr]   Downloaded embedded-nal v0.9.0
[INFO] [stderr]   Downloaded somni-expr v0.2.0
[INFO] [stderr]   Downloaded somni-parser v0.2.2
[INFO] [stderr]   Downloaded riscv-rt v0.16.0
[INFO] [stderr]   Downloaded riscv v0.15.0
[INFO] [stderr]   Downloaded embassy-sync v0.6.2
[INFO] [stderr]   Downloaded esp-phy v0.1.1
[INFO] [stderr]   Downloaded embedded-graphics-core v0.4.1
[INFO] [stderr]   Downloaded embassy-hal-internal v0.3.0
[INFO] [stderr]   Downloaded esp-bootloader-esp-idf v0.5.0
[INFO] [stderr]   Downloaded linked_list_allocator v0.10.6
[INFO] [stderr]   Downloaded embassy-net v0.6.0
[INFO] [stderr]   Downloaded esp-hal-procmacros v0.21.0
[INFO] [stderr]   Downloaded xtensa-lx-rt v0.21.0
[INFO] [stderr]   Downloaded esp-config v0.6.1
[INFO] [stderr]   Downloaded embassy-executor v0.9.1
[INFO] [stderr]   Downloaded rlsf v0.2.3
[INFO] [stderr]   Downloaded esp-hal-smartled v0.17.0
[INFO] [stderr]   Downloaded esp-config v0.7.0
[INFO] [stderr]   Downloaded esp-rtos v0.2.0
[INFO] [stderr]   Downloaded embassy-sync v0.7.2
[INFO] [stderr]   Downloaded esp-hal-procmacros v0.22.0
[INFO] [stderr]   Downloaded semihosting v0.1.25
[INFO] [stderr]   Downloaded serde-json-core v0.6.0
[INFO] [stderr]   Downloaded esp-metadata-generated v0.3.0
[INFO] [stderr]   Downloaded allocator-api2 v0.3.1
[INFO] [stderr]   Downloaded esp-radio v0.17.0
[INFO] [stderr]   Downloaded esp-rom-sys v0.1.4
[INFO] [stderr]   Downloaded micromath v2.1.0
[INFO] [stderr]   Downloaded esp32c2 v0.28.0
[INFO] [stderr]   Downloaded esp-metadata-generated v0.4.0
[INFO] [stderr]   Downloaded esp32c3 v0.31.0
[INFO] [stderr]   Downloaded esp32 v0.39.0
[INFO] [stderr]   Downloaded esp32 v0.40.2
[INFO] [stderr]   Downloaded esp32s2 v0.30.0
[INFO] [stderr]   Downloaded esp32h2 v0.18.0
[INFO] [stderr]   Downloaded esp-hal v1.0.0
[INFO] [stderr]   Downloaded esp32s3 v0.34.0
[INFO] [stderr]   Downloaded esp32c6 v0.22.0
[INFO] [stderr]   Downloaded embedded-graphics v0.8.2
[INFO] [stderr]   Downloaded esp-wifi-sys v0.8.1
[INFO] running `Command { std: "docker" "create" "-v" "/var/lib/crater-agent-workspace/builds/worker-1-tc1/source:/opt/rustwide/workdir:ro,Z" "-v" "/var/lib/crater-agent-workspace/builds/worker-1-tc1/target:/opt/rustwide/target:rw,Z" "-v" "/var/lib/crater-agent-workspace/cargo-home:/opt/rustwide/cargo-home:ro,Z" "-v" "/var/lib/crater-agent-workspace/rustup-home:/opt/rustwide/rustup-home:ro,Z" "-m" "1610612736" "--network" "none" "ghcr.io/rust-lang/crates-build-env/linux@sha256:77db811e55d90add9212f6832c23229e3de5f1c1f9905e8cb07319ea15df73ac" "sleep" "infinity", kill_on_drop: false }`
[INFO] [stdout] 737c23e8a8d0a928f8492ab3b14144c2bcfb33ca5a9003868096a2d0d4bc887b
[INFO] running `Command { std: "docker" "start" "737c23e8a8d0a928f8492ab3b14144c2bcfb33ca5a9003868096a2d0d4bc887b", kill_on_drop: false }`
[INFO] running `Command { std: "docker" "inspect" "737c23e8a8d0a928f8492ab3b14144c2bcfb33ca5a9003868096a2d0d4bc887b", kill_on_drop: false }`
[INFO] running `Command { std: "docker" "exec" "-e" "SOURCE_DIR=/opt/rustwide/workdir" "-e" "CARGO_HOME=/opt/rustwide/cargo-home" "-e" "RUSTUP_HOME=/opt/rustwide/rustup-home" "-e" "CARGO_TARGET_DIR=/opt/rustwide/target" "-w" "/opt/rustwide/workdir" "--user" "0:0" "737c23e8a8d0a928f8492ab3b14144c2bcfb33ca5a9003868096a2d0d4bc887b" "/opt/rustwide/cargo-home/bin/cargo" "+3154cc1a3e6424e44f438a95007d043ed5ceaaf6" "metadata" "--no-deps" "--format-version=1", kill_on_drop: false }`
[INFO] running `Command { std: "docker" "inspect" "737c23e8a8d0a928f8492ab3b14144c2bcfb33ca5a9003868096a2d0d4bc887b", kill_on_drop: false }`
[INFO] running `Command { std: "docker" "exec" "-e" "SOURCE_DIR=/opt/rustwide/workdir" "-e" "CARGO_HOME=/opt/rustwide/cargo-home" "-e" "RUSTUP_HOME=/opt/rustwide/rustup-home" "-e" "CARGO_TARGET_DIR=/opt/rustwide/target" "-e" "CARGO_INCREMENTAL=0" "-e" "RUST_BACKTRACE=full" "-e" "RUSTFLAGS=--cap-lints=forbid -Znext-solver=coherence" "-e" "RUSTDOCFLAGS=--cap-lints=forbid" "-w" "/opt/rustwide/workdir" "--user" "0:0" "737c23e8a8d0a928f8492ab3b14144c2bcfb33ca5a9003868096a2d0d4bc887b" "/opt/rustwide/cargo-home/bin/cargo" "+3154cc1a3e6424e44f438a95007d043ed5ceaaf6" "check" "--frozen" "--all" "--all-targets" "--message-format=json", kill_on_drop: false }`
[INFO] [stderr]    Compiling proc-macro2 v1.0.107
[INFO] [stderr]    Compiling unicode-ident v1.0.24
[INFO] [stderr]    Compiling quote v1.0.47
[INFO] [stderr]    Compiling litrs v1.0.0
[INFO] [stderr]    Compiling equivalent v1.0.2
[INFO] [stderr]    Compiling hashbrown v0.17.1
[INFO] [stderr]    Compiling serde_core v1.0.229
[INFO] [stderr]    Compiling serde v1.0.229
[INFO] [stderr]    Compiling itoa v1.0.18
[INFO] [stderr]    Compiling ryu v1.0.23
[INFO] [stderr]    Compiling somni-parser v0.2.2
[INFO] [stderr]    Compiling unsafe-libyaml v0.2.11
[INFO] [stderr]     Checking byteorder v1.5.0
[INFO] [stderr]    Compiling esp-metadata-generated v0.4.0
[INFO] [stderr]     Checking cfg-if v1.0.4
[INFO] [stderr]    Compiling version_check v0.9.5
[INFO] [stderr]    Compiling esp-metadata-generated v0.3.0
[INFO] [stderr]    Compiling ident_case v1.0.1
[INFO] [stderr]     Checking critical-section v1.2.0
[INFO] [stderr]     Checking stable_deref_trait v1.2.1
[INFO] [stderr]     Checking hash32 v0.3.1
[INFO] [stderr]    Compiling heapless v0.8.0
[INFO] [stderr]    Compiling embedded-io-async v0.6.1
[INFO] [stderr]     Checking futures-core v0.3.34
[INFO] [stderr]    Compiling fnv v1.0.7
[INFO] [stderr]    Compiling somni-expr v0.2.0
[INFO] [stderr]     Checking embedded-io v0.6.1
[INFO] [stderr]     Checking futures-sink v0.3.34
[INFO] [stderr]     Checking futures-task v0.3.34
[INFO] [stderr]     Checking pin-project-lite v0.2.17
[INFO] [stderr]    Compiling strsim v0.11.1
[INFO] [stderr]     Checking futures-util v0.3.34
[INFO] [stderr]    Compiling embedded-hal-async v1.0.0
[INFO] [stderr]    Compiling embassy-sync v0.6.2
[INFO] [stderr]     Checking nb v1.1.0
[INFO] [stderr]    Compiling embassy-sync v0.7.2
[INFO] [stderr]    Compiling autocfg v1.5.1
[INFO] [stderr]    Compiling document-features v0.2.12
[INFO] [stderr]     Checking embedded-hal v1.0.0
[INFO] [stderr]    Compiling syn v3.0.3
[INFO] [stderr]    Compiling indexmap v2.14.0
[INFO] [stderr]    Compiling syn v2.0.119
[INFO] [stderr]    Compiling generic-array v0.14.7
[INFO] [stderr]     Checking typenum v1.20.1
[INFO] [stderr]    Compiling winnow v1.0.4
[INFO] [stderr]    Compiling esp-rom-sys v0.1.4
[INFO] [stderr]    Compiling portable-atomic v1.15.0
[INFO] [stderr]     Checking embedded-io v0.7.1
[INFO] [stderr]    Compiling toml_datetime v1.1.1+spec-1.1.0
[INFO] [stderr]     Checking embedded-io-async v0.7.0
[INFO] [stderr]     Checking nb v0.1.3
[INFO] [stderr]     Checking vcell v0.1.3
[INFO] [stderr]    Compiling esp32 v0.40.2
[INFO] [stderr]     Checking void v1.0.2
[INFO] [stderr]    Compiling heapless v0.9.3
[INFO] [stderr]     Checking embedded-hal v0.2.7
[INFO] [stderr]    Compiling toml_parser v1.1.3+spec-1.1.0
[INFO] [stderr]    Compiling esp-sync v0.1.1
[INFO] [stderr]    Compiling embassy-hal-internal v0.3.0
[INFO] [stderr]    Compiling num-traits v0.2.19
[INFO] [stderr]    Compiling heck v0.5.0
[INFO] [stderr]    Compiling toml_edit v0.25.13+spec-1.1.0
[INFO] [stderr]     Checking embedded-storage v0.3.1
[INFO] [stderr]    Compiling termcolor v1.4.1
[INFO] [stderr]     Checking cpufeatures v0.2.17
[INFO] [stderr]    Compiling anyhow v1.0.104
[INFO] [stderr]    Compiling paste v1.0.15
[INFO] [stderr]    Compiling instability v0.3.13
[INFO] [stderr]    Compiling proc-macro-crate v3.5.0
[INFO] [stderr]    Compiling esp32 v0.39.0
[INFO] [stderr]     Checking bytemuck v1.25.2
[INFO] [stderr]     Checking embedded-storage-async v0.4.1
[INFO] [stderr]     Checking gcd v2.3.0
[INFO] [stderr]     Checking embassy-futures v0.1.2
[INFO] [stderr]    Compiling embassy-time-driver v0.2.2
[INFO] [stderr]    Compiling indoc v2.0.7
[INFO] [stderr]     Checking fugit v0.3.9
[INFO] [stderr]     Checking esp-config v0.6.1
[INFO] [stderr]    Compiling proc-macro-error-attr v1.0.4
[INFO] [stderr]     Checking embedded-can v0.4.1
[INFO] [stderr]    Compiling az v1.2.1
[INFO] [stderr]    Compiling log v0.4.33
[INFO] [stderr]     Checking ufmt-write v0.1.0
[INFO] [stderr]    Compiling syn v1.0.109
[INFO] [stderr]    Compiling libc v0.2.189
[INFO] [stderr]     Checking bitflags v2.13.1
[INFO] [stderr]     Checking block-buffer v0.10.4
[INFO] [stderr]     Checking crypto-common v0.1.7
[INFO] [stderr]     Checking rand_core v0.6.4
[INFO] [stderr]    Compiling rustversion v1.0.23
[INFO] [stderr]     Checking rand_core v0.9.5
[INFO] [stderr]    Compiling embassy-sync v0.8.0
[INFO] [stderr]     Checking digest v0.10.7
[INFO] [stderr]     Checking sha2 v0.10.9
[INFO] [stderr]     Checking sha1 v0.10.7
[INFO] [stderr]    Compiling esp-println v0.17.0
[INFO] [stderr]    Compiling proc-macro-error v1.0.4
[INFO] [stderr]    Compiling esp-wifi-sys v0.8.1
[INFO] [stderr]    Compiling esp-sync v0.2.1
[INFO] [stderr]    Compiling pulldown-cmark v0.11.3
[INFO] [stderr]    Compiling xtensa-lx-rt v0.21.0
[INFO] [stderr]    Compiling embassy-time-queue-utils v0.3.2
[INFO] [stderr]    Compiling jiff-core v0.1.0
[INFO] [stderr]    Compiling embassy-executor v0.9.1
[INFO] [stderr]    Compiling memchr v2.8.3
[INFO] [stderr]    Compiling unicase v2.9.0
[INFO] [stderr]    Compiling smoltcp v0.12.0
[INFO] [stderr]     Checking const-default v1.0.0
[INFO] [stderr]     Checking embassy-executor-timer-queue v0.1.0
[INFO] [stderr]     Checking allocator-api2 v0.3.1
[INFO] [stderr]     Checking display-interface v0.5.0
[INFO] [stderr]     Checking embedded-graphics-core v0.4.1
[INFO] [stderr]    Compiling darling_core v0.24.0
[INFO] [stderr]     Checking esp-config v0.7.0
[INFO] [stderr]     Checking rgb v0.8.53
[INFO] [stderr]     Checking embedded-nal v0.9.0
[INFO] [stderr]     Checking xtensa-lx v0.13.0
[INFO] [stdout] error[E0425]: cannot find type `VaargType` in this scope
[INFO] [stdout]   --> /opt/rustwide/cargo-home/registry/src/index.crates.io-1949cf8c6b5b557f/esp-wifi-sys-0.8.1/src/lib.rs:76:63
[INFO] [stdout]    |
[INFO] [stdout] 76 |     pub unsafe extern "C" fn rtc_printf(_s: *const u8, _args: VaargType) {}
[INFO] [stdout]    |                                                               ^^^^^^^^^ not found in this scope
[INFO] [stdout] 
[INFO] [stdout] 
[INFO] [stdout] error[E0425]: cannot find type `VaargType` in this scope
[INFO] [stdout]   --> /opt/rustwide/cargo-home/registry/src/index.crates.io-1949cf8c6b5b557f/esp-wifi-sys-0.8.1/src/lib.rs:79:63
[INFO] [stdout]    |
[INFO] [stdout] 79 |     pub unsafe extern "C" fn phy_printf(_s: *const u8, _args: VaargType) {}
[INFO] [stdout]    |                                                               ^^^^^^^^^ not found in this scope
[INFO] [stdout] 
[INFO] [stdout] 
[INFO] [stdout] error[E0425]: cannot find type `VaargType` in this scope
[INFO] [stdout]   --> /opt/rustwide/cargo-home/registry/src/index.crates.io-1949cf8c6b5b557f/esp-wifi-sys-0.8.1/src/lib.rs:82:67
[INFO] [stdout]    |
[INFO] [stdout] 82 |     pub unsafe extern "C" fn coexist_printf(_s: *const u8, _args: VaargType) {}
[INFO] [stdout]    |                                                                   ^^^^^^^^^ not found in this scope
[INFO] [stdout] 
[INFO] [stdout] 
[INFO] [stdout] error[E0425]: cannot find type `VaargType` in this scope
[INFO] [stdout]   --> /opt/rustwide/cargo-home/registry/src/index.crates.io-1949cf8c6b5b557f/esp-wifi-sys-0.8.1/src/lib.rs:85:68
[INFO] [stdout]    |
[INFO] [stdout] 85 |     pub unsafe extern "C" fn net80211_printf(_s: *const u8, _args: VaargType) {}
[INFO] [stdout]    |                                                                    ^^^^^^^^^ not found in this scope
[INFO] [stdout] 
[INFO] [stdout] 
[INFO] [stdout] error[E0425]: cannot find type `VaargType` in this scope
[INFO] [stdout]   --> /opt/rustwide/cargo-home/registry/src/index.crates.io-1949cf8c6b5b557f/esp-wifi-sys-0.8.1/src/lib.rs:88:62
[INFO] [stdout]    |
[INFO] [stdout] 88 |     pub unsafe extern "C" fn pp_printf(_s: *const u8, _args: VaargType) {}
[INFO] [stdout]    |                                                              ^^^^^^^^^ not found in this scope
[INFO] [stdout] 
[INFO] [stdout] 
[INFO] [stdout] error[E0425]: cannot find type `VaargType` in this scope
[INFO] [stdout]   --> /opt/rustwide/cargo-home/registry/src/index.crates.io-1949cf8c6b5b557f/esp-wifi-sys-0.8.1/src/lib.rs:91:80
[INFO] [stdout]    |
[INFO] [stdout] 91 |     pub unsafe extern "C" fn syslog(_priority: u32, _format: *const u8, _args: VaargType) {}
[INFO] [stdout]    |                                                                                ^^^^^^^^^ not found in this scope
[INFO] [stdout] 
[INFO] [stdout] 
[INFO] [stderr]     Checking embassy-net-driver v0.2.0
[INFO] [stderr]    Compiling jiff v0.2.35
[INFO] [stderr]     Checking bitflags v1.3.2
[INFO] [stderr]    Compiling darling_core v0.21.3
[INFO] [stderr]    Compiling darling_core v0.20.11
[INFO] [stdout] For more information about this error, try `rustc --explain E0425`.
[INFO] [stdout] 
[INFO] [stderr] error: could not compile `esp-wifi-sys` (lib) due to 6 previous errors
[INFO] [stderr] warning: build failed, waiting for other jobs to finish...
[INFO] [stderr] error: could not compile `syn` (lib)
[INFO] [stderr] 
[INFO] [stderr] Caused by:
[INFO] [stderr]   process didn't exit successfully: `/opt/rustwide/rustup-home/toolchains/3154cc1a3e6424e44f438a95007d043ed5ceaaf6/bin/rustc --crate-name syn --edition=2021 /opt/rustwide/cargo-home/registry/src/index.crates.io-1949cf8c6b5b557f/syn-3.0.3/src/lib.rs --error-format=json --json=diagnostic-rendered-ansi,artifacts,future-incompat,unused-externs-silent --crate-type lib --emit=dep-info,metadata,link -Z embed-metadata=no -C opt-level=s -C embed-bitcode=no -C debug-assertions=on --cfg 'feature="clone-impls"' --cfg 'feature="default"' --cfg 'feature="derive"' --cfg 'feature="extra-traits"' --cfg 'feature="full"' --cfg 'feature="parsing"' --cfg 'feature="printing"' --cfg 'feature="proc-macro"' --check-cfg 'cfg(docsrs,test)' --check-cfg 'cfg(feature, values("clone-impls", "default", "derive", "extra-traits", "fold", "full", "parsing", "printing", "proc-macro", "test", "visit", "visit-mut"))' -C metadata=9c9717e7e0a72da6 -C extra-filename=-bf6a3671232b5768 --out-dir /opt/rustwide/target/debug/build/syn/bf6a3671232b5768/out -C strip=debuginfo -L dependency=/opt/rustwide/target/debug/build/proc-macro2/fd9b6961202d9187/out -L dependency=/opt/rustwide/target/debug/build/unicode-ident/7c51d0289033b8d7/out --extern proc_macro2=/opt/rustwide/target/debug/build/proc-macro2/fd9b6961202d9187/out/libproc_macro2-fd9b6961202d9187.rmeta --extern quote=/opt/rustwide/target/debug/build/quote/fdeb352922572ab9/out/libquote-fdeb352922572ab9.rmeta --extern unicode_ident=/opt/rustwide/target/debug/build/unicode-ident/7c51d0289033b8d7/out/libunicode_ident-7c51d0289033b8d7.rmeta --cap-lints allow --cap-lints=forbid -Znext-solver=coherence --force-warn=unused_crate_dependencies` (signal: 9, SIGKILL: kill)
[INFO] [stderr] error: could not compile `esp32` (lib)
[INFO] [stderr] 
[INFO] [stderr] Caused by:
[INFO] [stderr]   process didn't exit successfully: `/opt/rustwide/rustup-home/toolchains/3154cc1a3e6424e44f438a95007d043ed5ceaaf6/bin/rustc --crate-name esp32 --edition=2021 /opt/rustwide/cargo-home/registry/src/index.crates.io-1949cf8c6b5b557f/esp32-0.40.2/src/lib.rs --error-format=json --json=diagnostic-rendered-ansi,artifacts,future-incompat,unused-externs-silent --crate-type lib --emit=dep-info,metadata -C opt-level=s -C embed-bitcode=no -C codegen-units=1 -C debug-assertions=on --cfg 'feature="critical-section"' --cfg 'feature="default"' --check-cfg 'cfg(docsrs,test)' --check-cfg 'cfg(feature, values("critical-section", "default", "defmt", "impl-register-debug", "rt"))' -C metadata=50849ea14b1b411e -C extra-filename=-bbc36d57f962a6dd --out-dir /opt/rustwide/target/debug/build/esp32/bbc36d57f962a6dd/out -C strip=debuginfo --extern vcell=/opt/rustwide/target/debug/build/vcell/fdf17ac49f323ee1/out/libvcell-fdf17ac49f323ee1.rmeta --cap-lints allow --cap-lints=forbid -Znext-solver=coherence --force-warn=unused_crate_dependencies` (signal: 9, SIGKILL: kill)
[INFO] [stderr] error: could not compile `syn` (lib)
[INFO] [stderr] 
[INFO] [stderr] Caused by:
[INFO] [stderr]   process didn't exit successfully: `/opt/rustwide/rustup-home/toolchains/3154cc1a3e6424e44f438a95007d043ed5ceaaf6/bin/rustc --crate-name syn --edition=2021 /opt/rustwide/cargo-home/registry/src/index.crates.io-1949cf8c6b5b557f/syn-2.0.119/src/lib.rs --error-format=json --json=diagnostic-rendered-ansi,artifacts,future-incompat,unused-externs-silent --crate-type lib --emit=dep-info,metadata,link -Z embed-metadata=no -C opt-level=s -C embed-bitcode=no -C debug-assertions=on --cfg 'feature="clone-impls"' --cfg 'feature="default"' --cfg 'feature="derive"' --cfg 'feature="extra-traits"' --cfg 'feature="full"' --cfg 'feature="parsing"' --cfg 'feature="printing"' --cfg 'feature="proc-macro"' --cfg 'feature="visit"' --cfg 'feature="visit-mut"' --check-cfg 'cfg(docsrs,test)' --check-cfg 'cfg(feature, values("clone-impls", "default", "derive", "extra-traits", "fold", "full", "parsing", "printing", "proc-macro", "test", "visit", "visit-mut"))' -C metadata=4507e3907ad39539 -C extra-filename=-78d38e9b188405f9 --out-dir /opt/rustwide/target/debug/build/syn/78d38e9b188405f9/out -C strip=debuginfo -L dependency=/opt/rustwide/target/debug/build/proc-macro2/fd9b6961202d9187/out -L dependency=/opt/rustwide/target/debug/build/unicode-ident/7c51d0289033b8d7/out --extern proc_macro2=/opt/rustwide/target/debug/build/proc-macro2/fd9b6961202d9187/out/libproc_macro2-fd9b6961202d9187.rmeta --extern quote=/opt/rustwide/target/debug/build/quote/fdeb352922572ab9/out/libquote-fdeb352922572ab9.rmeta --extern unicode_ident=/opt/rustwide/target/debug/build/unicode-ident/7c51d0289033b8d7/out/libunicode_ident-7c51d0289033b8d7.rmeta --cap-lints allow --cap-lints=forbid -Znext-solver=coherence --force-warn=unused_crate_dependencies` (signal: 9, SIGKILL: kill)
[INFO] running `Command { std: "docker" "inspect" "737c23e8a8d0a928f8492ab3b14144c2bcfb33ca5a9003868096a2d0d4bc887b", kill_on_drop: false }`
[INFO] running `Command { std: "docker" "rm" "-f" "737c23e8a8d0a928f8492ab3b14144c2bcfb33ca5a9003868096a2d0d4bc887b", kill_on_drop: false }`
[INFO] [stdout] 737c23e8a8d0a928f8492ab3b14144c2bcfb33ca5a9003868096a2d0d4bc887b
