[INFO] cloning repository https://github.com/pedrohfaber-design/ecopoint
[INFO] running `Command { std: "git" "-c" "credential.helper=" "-c" "credential.helper=/workspace/cargo-home/bin/git-credential-null" "clone" "--bare" "https://github.com/pedrohfaber-design/ecopoint" "/workspace/cache/git-repos/https%3A%2F%2Fgithub.com%2Fpedrohfaber-design%2Fecopoint", kill_on_drop: false }`
[INFO] [stderr] Cloning into bare repository '/workspace/cache/git-repos/https%3A%2F%2Fgithub.com%2Fpedrohfaber-design%2Fecopoint'...
[INFO] running `Command { std: "git" "rev-parse" "HEAD", kill_on_drop: false }`
[INFO] [stdout] 9b9e3df158e32faa109d9c8d84790a468bec4c23
[INFO] checking pedrohfaber-design/ecopoint against 3154cc1a3e6424e44f438a95007d043ed5ceaaf6+rustflags=-Znext-solver=coherence for pr-133502-30
[INFO] running `Command { std: "git" "clone" "/workspace/cache/git-repos/https%3A%2F%2Fgithub.com%2Fpedrohfaber-design%2Fecopoint" "/workspace/builds/worker-6-tc1/source", kill_on_drop: false }`
[INFO] [stderr] Cloning into '/workspace/builds/worker-6-tc1/source'...
[INFO] [stderr] done.
[INFO] started tweaking git repo https://github.com/pedrohfaber-design/ecopoint
[INFO] finished tweaking git repo https://github.com/pedrohfaber-design/ecopoint
[INFO] tweaked toml for git repo https://github.com/pedrohfaber-design/ecopoint written to /workspace/builds/worker-6-tc1/source/Cargo.toml
[INFO] validating manifest of git repo https://github.com/pedrohfaber-design/ecopoint on toolchain 3154cc1a3e6424e44f438a95007d043ed5ceaaf6
[INFO] running `Command { std: CARGO_HOME="/workspace/cargo-home" RUSTUP_HOME="/workspace/rustup-home" "/workspace/cargo-home/bin/cargo" "+3154cc1a3e6424e44f438a95007d043ed5ceaaf6" "metadata" "--manifest-path" "Cargo.toml" "--no-deps", kill_on_drop: false }`
[INFO] crate git repo https://github.com/pedrohfaber-design/ecopoint already has a lockfile, it will not be regenerated
[INFO] running `Command { std: CARGO_HOME="/workspace/cargo-home" RUSTUP_HOME="/workspace/rustup-home" "/workspace/cargo-home/bin/cargo" "+3154cc1a3e6424e44f438a95007d043ed5ceaaf6" "fetch" "--manifest-path" "Cargo.toml", kill_on_drop: false }`
[INFO] [stderr]  Downloading crates ...
[INFO] [stderr]   Downloaded askama v0.14.0
[INFO] [stderr]   Downloaded askama_derive v0.14.0
[INFO] [stderr]   Downloaded askama_parser v0.14.0
[INFO] running `Command { std: "docker" "create" "-v" "/var/lib/crater-agent-workspace/builds/worker-6-tc1/source:/opt/rustwide/workdir:ro,Z" "-v" "/var/lib/crater-agent-workspace/builds/worker-6-tc1/target:/opt/rustwide/target:rw,Z" "-v" "/var/lib/crater-agent-workspace/cargo-home:/opt/rustwide/cargo-home:ro,Z" "-v" "/var/lib/crater-agent-workspace/rustup-home:/opt/rustwide/rustup-home:ro,Z" "-m" "1610612736" "--network" "none" "ghcr.io/rust-lang/crates-build-env/linux@sha256:77db811e55d90add9212f6832c23229e3de5f1c1f9905e8cb07319ea15df73ac" "sleep" "infinity", kill_on_drop: false }`
[INFO] [stdout] 39d8ad3d5392ea15f3c1993783537a00287883b69da1d2973ab1c97a9bfc0f57
[INFO] running `Command { std: "docker" "start" "39d8ad3d5392ea15f3c1993783537a00287883b69da1d2973ab1c97a9bfc0f57", kill_on_drop: false }`
[INFO] running `Command { std: "docker" "inspect" "39d8ad3d5392ea15f3c1993783537a00287883b69da1d2973ab1c97a9bfc0f57", kill_on_drop: false }`
[INFO] running `Command { std: "docker" "exec" "-e" "SOURCE_DIR=/opt/rustwide/workdir" "-e" "CARGO_HOME=/opt/rustwide/cargo-home" "-e" "RUSTUP_HOME=/opt/rustwide/rustup-home" "-e" "CARGO_TARGET_DIR=/opt/rustwide/target" "-w" "/opt/rustwide/workdir" "--user" "0:0" "39d8ad3d5392ea15f3c1993783537a00287883b69da1d2973ab1c97a9bfc0f57" "/opt/rustwide/cargo-home/bin/cargo" "+3154cc1a3e6424e44f438a95007d043ed5ceaaf6" "metadata" "--no-deps" "--format-version=1", kill_on_drop: false }`
[INFO] running `Command { std: "docker" "inspect" "39d8ad3d5392ea15f3c1993783537a00287883b69da1d2973ab1c97a9bfc0f57", kill_on_drop: false }`
[INFO] running `Command { std: "docker" "exec" "-e" "SOURCE_DIR=/opt/rustwide/workdir" "-e" "CARGO_HOME=/opt/rustwide/cargo-home" "-e" "RUSTUP_HOME=/opt/rustwide/rustup-home" "-e" "CARGO_TARGET_DIR=/opt/rustwide/target" "-e" "CARGO_INCREMENTAL=0" "-e" "RUST_BACKTRACE=full" "-e" "RUSTFLAGS=--cap-lints=forbid -Znext-solver=coherence" "-e" "RUSTDOCFLAGS=--cap-lints=forbid" "-w" "/opt/rustwide/workdir" "--user" "0:0" "39d8ad3d5392ea15f3c1993783537a00287883b69da1d2973ab1c97a9bfc0f57" "/opt/rustwide/cargo-home/bin/cargo" "+3154cc1a3e6424e44f438a95007d043ed5ceaaf6" "check" "--frozen" "--all" "--all-targets" "--message-format=json", kill_on_drop: false }`
[INFO] [stderr]    Compiling syn v3.0.3
[INFO] [stderr]    Compiling zerovec-derive v0.11.3
[INFO] [stderr]    Compiling displaydoc v0.2.6
[INFO] [stderr]    Compiling serde_core v1.0.229
[INFO] [stderr]    Compiling tokio-macros v2.7.1
[INFO] [stderr]     Checking futures-sink v0.3.33
[INFO] [stderr]    Compiling generic-array v0.14.7
[INFO] [stderr]    Compiling futures-macro v0.3.33
[INFO] [stderr]    Compiling getrandom v0.2.17
[INFO] [stderr]    Compiling num-traits v0.2.19
[INFO] [stderr]     Checking http v1.4.2
[INFO] [stderr]    Compiling rustls v0.23.42
[INFO] [stderr]    Compiling ring v0.17.14
[INFO] [stderr]    Compiling openssl-sys v0.9.117
[INFO] [stderr]     Checking digest v0.10.7
[INFO] [stderr]    Compiling futures-core v0.3.33
[INFO] [stderr]     Checking futures-channel v0.3.33
[INFO] [stderr]    Compiling zerocopy v0.8.55
[INFO] [stderr]    Compiling tokio v1.53.1
[INFO] [stderr]    Compiling tinyvec v1.12.0
[INFO] [stderr]     Checking ppv-lite86 v0.2.21
[INFO] [stderr]    Compiling openssl v0.10.81
[INFO] [stderr]     Checking futures-util v0.3.33
[INFO] [stderr]     Checking zerotrie v0.2.4
[INFO] [stderr]     Checking http-body v1.1.0
[INFO] [stderr]     Checking serde_json v1.0.151
[INFO] [stderr]     Checking http-body-util v0.1.4
[INFO] [stderr]    Compiling concurrent-queue v2.5.0
[INFO] [stderr]    Compiling rand_core v0.6.4
[INFO] [stderr]    Compiling webpki-roots v1.0.9
[INFO] [stderr]    Compiling crypto-common v0.1.7
[INFO] [stderr]    Compiling block-buffer v0.10.4
[INFO] [stderr]    Compiling futures-task v0.3.33
[INFO] [stderr]    Compiling futures-io v0.3.33
[INFO] [stderr]    Compiling event-listener v5.4.1
[INFO] [stderr]    Compiling native-tls v0.2.18
[INFO] [stderr]    Compiling chrono v0.4.45
[INFO] [stderr]    Compiling webpki-roots v0.26.11
[INFO] [stderr]    Compiling unicode-normalization v0.1.25
[INFO] [stderr]    Compiling uuid v1.24.0
[INFO] [stderr]     Checking time v0.3.54
[INFO] [stderr]    Compiling hmac v0.12.1
[INFO] [stderr]    Compiling sha2 v0.10.9
[INFO] [stderr]    Compiling hkdf v0.12.4
[INFO] [stderr]    Compiling md-5 v0.10.6
[INFO] [stderr]     Checking zerovec v0.11.6
[INFO] [stderr]    Compiling stringprep v0.1.5
[INFO] [stderr]    Compiling atoi v2.0.0
[INFO] [stderr]     Checking tinystr v0.8.3
[INFO] [stderr]     Checking potential_utf v0.1.5
[INFO] [stderr]     Checking icu_locale_core v2.2.0
[INFO] [stderr]     Checking icu_collections v2.2.0
[INFO] [stderr]     Checking rand_chacha v0.3.1
[INFO] [stderr]     Checking num-integer v0.1.46
[INFO] [stderr]     Checking num-bigint v0.4.8
[INFO] [stderr]     Checking rand v0.8.7
[INFO] [stderr]     Checking axum-core v0.5.6
[INFO] [stderr]     Checking base64 v0.23.1
[INFO] [stderr]     Checking icu_provider v2.2.0
[INFO] [stderr]     Checking password-hash v0.5.0
[INFO] [stderr]     Checking icu_properties v2.2.0
[INFO] [stderr]     Checking rand_chacha v0.9.0
[INFO] [stderr]     Checking email-encoding v0.4.2
[INFO] [stderr]     Checking blake2 v0.10.6
[INFO] [stderr]     Checking tracing-log v0.2.0
[INFO] [stderr]     Checking serde_path_to_error v0.1.20
[INFO] [stderr]     Checking hostname v0.4.2
[INFO] [stderr]     Checking quoted_printable v0.5.2
[INFO] [stderr]     Checking email_address v0.2.9
[INFO] [stderr]     Checking cookie v0.18.1
[INFO] [stderr]     Checking argon2 v0.5.3
[INFO] [stderr]     Checking rand v0.9.5
[INFO] [stderr]    Compiling serde_derive v1.0.229
[INFO] [stderr]    Compiling thiserror-impl v2.0.19
[INFO] [stderr]    Compiling async-trait v0.1.91
[INFO] [stderr]     Checking rustls-webpki v0.103.13
[INFO] [stderr]    Compiling thiserror v2.0.19
[INFO] [stderr]     Checking simple_asn1 v0.6.4
[INFO] [stderr]    Compiling tokio-stream v0.1.19
[INFO] [stderr]     Checking serde v1.0.229
[INFO] [stderr]     Checking smallvec v1.15.2
[INFO] [stderr]     Checking either v1.16.0
[INFO] [stderr]     Checking serde_urlencoded v0.7.1
[INFO] [stderr]     Checking jsonwebtoken v9.3.1
[INFO] [stderr]    Compiling askama_parser v0.14.0
[INFO] [stderr]    Compiling basic-toml v0.1.10
[INFO] [stderr]     Checking parking_lot_core v0.9.12
[INFO] [stderr]     Checking icu_normalizer v2.2.0
[INFO] [stderr]     Checking tracing-subscriber v0.3.23
[INFO] [stderr]     Checking parking_lot v0.12.5
[INFO] [stderr]    Compiling idna_adapter v1.2.2
[INFO] [stderr]     Checking futures-intrusive v0.5.0
[INFO] [stderr]     Checking tower-cookies v0.11.0
[INFO] [stderr]    Compiling idna v1.1.0
[INFO] [stderr]     Checking url v2.5.8
[INFO] [stderr]    Compiling sqlx-core v0.8.6
[INFO] [stderr]    Compiling askama_derive v0.14.0
[INFO] [stderr]    Compiling sqlx-postgres v0.8.6
[INFO] [stderr]     Checking tokio-util v0.7.19
[INFO] [stderr]     Checking tower v0.5.3
[INFO] [stderr]     Checking tokio-native-tls v0.3.1
[INFO] [stderr]     Checking askama v0.14.0
[INFO] [stderr]     Checking lettre v0.11.23
[INFO] [stderr]     Checking h2 v0.4.19
[INFO] [stderr]     Checking tower-http v0.6.11
[INFO] [stderr]    Compiling sqlx-macros-core v0.8.6
[INFO] [stderr]    Compiling sqlx-macros v0.8.6
[INFO] [stderr]     Checking hyper v1.11.0
[INFO] [stderr]     Checking sqlx v0.8.6
[INFO] [stderr]     Checking hyper-util v0.1.20
[INFO] [stderr]     Checking hyper-tls v0.6.0
[INFO] [stderr]     Checking axum v0.8.9
[INFO] [stderr]     Checking reqwest v0.12.28
[INFO] [stderr]     Checking ecopoint v0.1.0 (/opt/rustwide/workdir)
[INFO] [stdout] error: set `DATABASE_URL` to use query macros online, or run `cargo sqlx prepare` to update the query cache
[INFO] [stdout]   --> src/repositories/collection_point_repository.rs:11:22
[INFO] [stdout]    |
[INFO] [stdout] 11 |           let points = sqlx::query_as!(
[INFO] [stdout]    |  ______________________^
[INFO] [stdout] 12 | |             CollectionPoint,
[INFO] [stdout] 13 | |             r#"
[INFO] [stdout] 14 | |             SELECT
[INFO] [stdout] ...  |
[INFO] [stdout] 29 | |             "#
[INFO] [stdout] 30 | |         )
[INFO] [stdout]    | |_________^
[INFO] [stdout]    |
[INFO] [stdout]    = note: this error originates in the macro `$crate::sqlx_macros::expand_query` which comes from the expansion of the macro `sqlx::query_as` (in Nightly builds, run with -Z macro-backtrace for more info)
[INFO] [stdout] 
[INFO] [stdout] 
[INFO] [stdout] error: set `DATABASE_URL` to use query macros online, or run `cargo sqlx prepare` to update the query cache
[INFO] [stdout]   --> src/repositories/collection_point_repository.rs:42:21
[INFO] [stdout]    |
[INFO] [stdout] 42 |           let point = sqlx::query_as!(
[INFO] [stdout]    |  _____________________^
[INFO] [stdout] 43 | |             CollectionPoint,
[INFO] [stdout] 44 | |             r#"
[INFO] [stdout] 45 | |             SELECT
[INFO] [stdout] ...  |
[INFO] [stdout] 61 | |             id
[INFO] [stdout] 62 | |         )
[INFO] [stdout]    | |_________^
[INFO] [stdout]    |
[INFO] [stdout]    = note: this error originates in the macro `$crate::sqlx_macros::expand_query` which comes from the expansion of the macro `sqlx::query_as` (in Nightly builds, run with -Z macro-backtrace for more info)
[INFO] [stdout] 
[INFO] [stdout] 
[INFO] [stdout] error: set `DATABASE_URL` to use query macros online, or run `cargo sqlx prepare` to update the query cache
[INFO] [stdout]    --> src/repositories/collection_point_repository.rs:71:9
[INFO] [stdout]     |
[INFO] [stdout]  71 | /         sqlx::query!(
[INFO] [stdout]  72 | |             r#"
[INFO] [stdout]  73 | |             INSERT INTO collection_points
[INFO] [stdout] ...   |
[INFO] [stdout] 104 | |             point.updated_at
[INFO] [stdout] 105 | |         )
[INFO] [stdout]     | |_________^
[INFO] [stdout]     |
[INFO] [stdout]     = note: this error originates in the macro `$crate::sqlx_macros::expand_query` which comes from the expansion of the macro `sqlx::query` (in Nightly builds, run with -Z macro-backtrace for more info)
[INFO] [stdout] 
[INFO] [stdout] 
[INFO] [stdout] error: set `DATABASE_URL` to use query macros online, or run `cargo sqlx prepare` to update the query cache
[INFO] [stdout]    --> src/repositories/collection_point_repository.rs:114:9
[INFO] [stdout]     |
[INFO] [stdout] 114 | /         sqlx::query!(
[INFO] [stdout] 115 | |             r#"
[INFO] [stdout] 116 | |             DELETE FROM collection_points
[INFO] [stdout] 117 | |             WHERE id = $1
[INFO] [stdout] 118 | |             "#,
[INFO] [stdout] 119 | |             id
[INFO] [stdout] 120 | |         )
[INFO] [stdout]     | |_________^
[INFO] [stdout]     |
[INFO] [stdout]     = note: this error originates in the macro `$crate::sqlx_macros::expand_query` which comes from the expansion of the macro `sqlx::query` (in Nightly builds, run with -Z macro-backtrace for more info)
[INFO] [stdout] 
[INFO] [stdout] 
[INFO] [stdout] error: set `DATABASE_URL` to use query macros online, or run `cargo sqlx prepare` to update the query cache
[INFO] [stdout]    --> src/repositories/collection_point_repository.rs:128:9
[INFO] [stdout]     |
[INFO] [stdout] 128 | /         sqlx::query!(
[INFO] [stdout] 129 | |             r#"
[INFO] [stdout] 130 | |         UPDATE collection_points
[INFO] [stdout] 131 | |         SET
[INFO] [stdout] ...   |
[INFO] [stdout] 153 | |             point.id,
[INFO] [stdout] 154 | |         )
[INFO] [stdout]     | |_________^
[INFO] [stdout]     |
[INFO] [stdout]     = note: this error originates in the macro `$crate::sqlx_macros::expand_query` which comes from the expansion of the macro `sqlx::query` (in Nightly builds, run with -Z macro-backtrace for more info)
[INFO] [stdout] 
[INFO] [stdout] 
[INFO] [stdout] error: set `DATABASE_URL` to use query macros online, or run `cargo sqlx prepare` to update the query cache
[INFO] [stdout]   --> src/repositories/dashboard_repository.rs:10:32
[INFO] [stdout]    |
[INFO] [stdout] 10 |         let total_users: i64 = sqlx::query_scalar!("SELECT COUNT(*) FROM users")
[INFO] [stdout]    |                                ^^^^^^^^^^^^^^^^^^^^^^^^^^^^^^^^^^^^^^^^^^^^^^^^^
[INFO] [stdout]    |
[INFO] [stdout]    = note: this error originates in the macro `$crate::sqlx_macros::expand_query` which comes from the expansion of the macro `sqlx::query_scalar` (in Nightly builds, run with -Z macro-backtrace for more info)
[INFO] [stdout] 
[INFO] [stdout] 
[INFO] [stdout] error: set `DATABASE_URL` to use query macros online, or run `cargo sqlx prepare` to update the query cache
[INFO] [stdout]   --> src/repositories/dashboard_repository.rs:16:13
[INFO] [stdout]    |
[INFO] [stdout] 16 |             sqlx::query_scalar!("SELECT COUNT(*) FROM collection_points")
[INFO] [stdout]    |             ^^^^^^^^^^^^^^^^^^^^^^^^^^^^^^^^^^^^^^^^^^^^^^^^^^^^^^^^^^^^^
[INFO] [stdout]    |
[INFO] [stdout]    = note: this error originates in the macro `$crate::sqlx_macros::expand_query` which comes from the expansion of the macro `sqlx::query_scalar` (in Nightly builds, run with -Z macro-backtrace for more info)
[INFO] [stdout] 
[INFO] [stdout] 
[INFO] [stdout] error: set `DATABASE_URL` to use query macros online, or run `cargo sqlx prepare` to update the query cache
[INFO] [stdout]   --> src/repositories/dashboard_repository.rs:21:38
[INFO] [stdout]    |
[INFO] [stdout] 21 |         let total_waste_types: i64 = sqlx::query_scalar!("SELECT COUNT(*) FROM waste_types")
[INFO] [stdout]    |                                      ^^^^^^^^^^^^^^^^^^^^^^^^^^^^^^^^^^^^^^^^^^^^^^^^^^^^^^^
[INFO] [stdout]    |
[INFO] [stdout]    = note: this error originates in the macro `$crate::sqlx_macros::expand_query` which comes from the expansion of the macro `sqlx::query_scalar` (in Nightly builds, run with -Z macro-backtrace for more info)
[INFO] [stdout] 
[INFO] [stdout] 
[INFO] [stdout] error: set `DATABASE_URL` to use query macros online, or run `cargo sqlx prepare` to update the query cache
[INFO] [stdout]   --> src/repositories/dashboard_repository.rs:27:13
[INFO] [stdout]    |
[INFO] [stdout] 27 |             sqlx::query_scalar!("SELECT COUNT(*) FROM disposal_requests WHERE status = 'Pending'")
[INFO] [stdout]    |             ^^^^^^^^^^^^^^^^^^^^^^^^^^^^^^^^^^^^^^^^^^^^^^^^^^^^^^^^^^^^^^^^^^^^^^^^^^^^^^^^^^^^^^
[INFO] [stdout]    |
[INFO] [stdout]    = note: this error originates in the macro `$crate::sqlx_macros::expand_query` which comes from the expansion of the macro `sqlx::query_scalar` (in Nightly builds, run with -Z macro-backtrace for more info)
[INFO] [stdout] 
[INFO] [stdout] 
[INFO] [stdout] error: set `DATABASE_URL` to use query macros online, or run `cargo sqlx prepare` to update the query cache
[INFO] [stdout]   --> src/repositories/dashboard_repository.rs:33:13
[INFO] [stdout]    |
[INFO] [stdout] 33 |             sqlx::query_scalar!("SELECT COUNT(*) FROM disposal_requests WHERE status = 'Approved'")
[INFO] [stdout]    |             ^^^^^^^^^^^^^^^^^^^^^^^^^^^^^^^^^^^^^^^^^^^^^^^^^^^^^^^^^^^^^^^^^^^^^^^^^^^^^^^^^^^^^^^
[INFO] [stdout]    |
[INFO] [stdout]    = note: this error originates in the macro `$crate::sqlx_macros::expand_query` which comes from the expansion of the macro `sqlx::query_scalar` (in Nightly builds, run with -Z macro-backtrace for more info)
[INFO] [stdout] 
[INFO] [stdout] 
[INFO] [stdout] error: set `DATABASE_URL` to use query macros online, or run `cargo sqlx prepare` to update the query cache
[INFO] [stdout]   --> src/repositories/dashboard_repository.rs:38:39
[INFO] [stdout]    |
[INFO] [stdout] 38 |           let completed_requests: i64 = sqlx::query_scalar!(
[INFO] [stdout]    |  _______________________________________^
[INFO] [stdout] 39 | |             "SELECT COUNT(*) FROM disposal_requests WHERE status = 'Completed'"
[INFO] [stdout] 40 | |         )
[INFO] [stdout]    | |_________^
[INFO] [stdout]    |
[INFO] [stdout]    = note: this error originates in the macro `$crate::sqlx_macros::expand_query` which comes from the expansion of the macro `sqlx::query_scalar` (in Nightly builds, run with -Z macro-backtrace for more info)
[INFO] [stdout] 
[INFO] [stdout] 
[INFO] [stdout] error: set `DATABASE_URL` to use query macros online, or run `cargo sqlx prepare` to update the query cache
[INFO] [stdout]   --> src/repositories/dashboard_repository.rs:45:39
[INFO] [stdout]    |
[INFO] [stdout] 45 |           let cancelled_requests: i64 = sqlx::query_scalar!(
[INFO] [stdout]    |  _______________________________________^
[INFO] [stdout] 46 | |             "SELECT COUNT(*) FROM disposal_requests WHERE status = 'Cancelled'"
[INFO] [stdout] 47 | |         )
[INFO] [stdout]    | |_________^
[INFO] [stdout]    |
[INFO] [stdout]    = note: this error originates in the macro `$crate::sqlx_macros::expand_query` which comes from the expansion of the macro `sqlx::query_scalar` (in Nightly builds, run with -Z macro-backtrace for more info)
[INFO] [stdout] 
[INFO] [stdout] 
[INFO] [stdout] error: set `DATABASE_URL` to use query macros online, or run `cargo sqlx prepare` to update the query cache
[INFO] [stdout]   --> src/repositories/disposal_request_repository.rs:20:9
[INFO] [stdout]    |
[INFO] [stdout] 20 | /         sqlx::query!(
[INFO] [stdout] 21 | |             r#"
[INFO] [stdout] 22 | |             INSERT INTO disposal_requests
[INFO] [stdout] ...  |
[INFO] [stdout] 46 | |             request.updated_at
[INFO] [stdout] 47 | |         )
[INFO] [stdout]    | |_________^
[INFO] [stdout]    |
[INFO] [stdout]    = note: this error originates in the macro `$crate::sqlx_macros::expand_query` which comes from the expansion of the macro `sqlx::query` (in Nightly builds, run with -Z macro-backtrace for more info)
[INFO] [stdout] 
[INFO] [stdout] 
[INFO] [stdout] error: set `DATABASE_URL` to use query macros online, or run `cargo sqlx prepare` to update the query cache
[INFO] [stdout]   --> src/repositories/disposal_request_repository.rs:59:9
[INFO] [stdout]    |
[INFO] [stdout] 59 | /         sqlx::query!(
[INFO] [stdout] 60 | |             r#"
[INFO] [stdout] 61 | |             INSERT INTO disposal_items
[INFO] [stdout] ...  |
[INFO] [stdout] 79 | |             item.quantity
[INFO] [stdout] 80 | |         )
[INFO] [stdout]    | |_________^
[INFO] [stdout]    |
[INFO] [stdout]    = note: this error originates in the macro `$crate::sqlx_macros::expand_query` which comes from the expansion of the macro `sqlx::query` (in Nightly builds, run with -Z macro-backtrace for more info)
[INFO] [stdout] 
[INFO] [stdout] 
[INFO] [stdout] error: set `DATABASE_URL` to use query macros online, or run `cargo sqlx prepare` to update the query cache
[INFO] [stdout]    --> src/repositories/disposal_request_repository.rs:89:24
[INFO] [stdout]     |
[INFO] [stdout]  89 |           let requests = sqlx::query_as!(
[INFO] [stdout]     |  ________________________^
[INFO] [stdout]  90 | |             DisposalRequest,
[INFO] [stdout]  91 | |             r#"
[INFO] [stdout]  92 | |             SELECT
[INFO] [stdout] ...   |
[INFO] [stdout] 101 | |             "#
[INFO] [stdout] 102 | |         )
[INFO] [stdout]     | |_________^
[INFO] [stdout]     |
[INFO] [stdout]     = note: this error originates in the macro `$crate::sqlx_macros::expand_query` which comes from the expansion of the macro `sqlx::query_as` (in Nightly builds, run with -Z macro-backtrace for more info)
[INFO] [stdout] 
[INFO] [stdout] 
[INFO] [stdout] error: set `DATABASE_URL` to use query macros online, or run `cargo sqlx prepare` to update the query cache
[INFO] [stdout]    --> src/repositories/disposal_request_repository.rs:114:20
[INFO] [stdout]     |
[INFO] [stdout] 114 |       let requests = sqlx::query_as!(
[INFO] [stdout]     |  ____________________^
[INFO] [stdout] 115 | |         DisposalRequest,
[INFO] [stdout] 116 | |         r#"
[INFO] [stdout] 117 | |         SELECT
[INFO] [stdout] ...   |
[INFO] [stdout] 128 | |         user_id
[INFO] [stdout] 129 | |     )
[INFO] [stdout]     | |_____^
[INFO] [stdout]     |
[INFO] [stdout]     = note: this error originates in the macro `$crate::sqlx_macros::expand_query` which comes from the expansion of the macro `sqlx::query_as` (in Nightly builds, run with -Z macro-backtrace for more info)
[INFO] [stdout] 
[INFO] [stdout] 
[INFO] [stdout] error: set `DATABASE_URL` to use query macros online, or run `cargo sqlx prepare` to update the query cache
[INFO] [stdout]    --> src/repositories/disposal_request_repository.rs:141:23
[INFO] [stdout]     |
[INFO] [stdout] 141 |           let request = sqlx::query_as!(
[INFO] [stdout]     |  _______________________^
[INFO] [stdout] 142 | |             DisposalRequest,
[INFO] [stdout] 143 | |             r#"
[INFO] [stdout] 144 | |             SELECT
[INFO] [stdout] ...   |
[INFO] [stdout] 154 | |             id
[INFO] [stdout] 155 | |         )
[INFO] [stdout]     | |_________^
[INFO] [stdout]     |
[INFO] [stdout]     = note: this error originates in the macro `$crate::sqlx_macros::expand_query` which comes from the expansion of the macro `sqlx::query_as` (in Nightly builds, run with -Z macro-backtrace for more info)
[INFO] [stdout] 
[INFO] [stdout] 
[INFO] [stdout] error: set `DATABASE_URL` to use query macros online, or run `cargo sqlx prepare` to update the query cache
[INFO] [stdout]    --> src/repositories/disposal_request_repository.rs:168:9
[INFO] [stdout]     |
[INFO] [stdout] 168 | /         sqlx::query!(
[INFO] [stdout] 169 | |             r#"
[INFO] [stdout] 170 | |             UPDATE disposal_requests
[INFO] [stdout] 171 | |             SET
[INFO] [stdout] ...   |
[INFO] [stdout] 177 | |             id
[INFO] [stdout] 178 | |         )
[INFO] [stdout]     | |_________^
[INFO] [stdout]     |
[INFO] [stdout]     = note: this error originates in the macro `$crate::sqlx_macros::expand_query` which comes from the expansion of the macro `sqlx::query` (in Nightly builds, run with -Z macro-backtrace for more info)
[INFO] [stdout] 
[INFO] [stdout] 
[INFO] [stdout] error: set `DATABASE_URL` to use query macros online, or run `cargo sqlx prepare` to update the query cache
[INFO] [stdout]    --> src/repositories/disposal_request_repository.rs:187:9
[INFO] [stdout]     |
[INFO] [stdout] 187 | /         sqlx::query!(
[INFO] [stdout] 188 | |             r#"
[INFO] [stdout] 189 | |             DELETE FROM disposal_requests
[INFO] [stdout] 190 | |             WHERE id = $1
[INFO] [stdout] 191 | |             "#,
[INFO] [stdout] 192 | |             id
[INFO] [stdout] 193 | |         )
[INFO] [stdout]     | |_________^
[INFO] [stdout]     |
[INFO] [stdout]     = note: this error originates in the macro `$crate::sqlx_macros::expand_query` which comes from the expansion of the macro `sqlx::query` (in Nightly builds, run with -Z macro-backtrace for more info)
[INFO] [stdout] 
[INFO] [stdout] 
[INFO] [stdout] error: set `DATABASE_URL` to use query macros online, or run `cargo sqlx prepare` to update the query cache
[INFO] [stdout]    --> src/repositories/disposal_request_repository.rs:204:19
[INFO] [stdout]     |
[INFO] [stdout] 204 |       let request = sqlx::query!(
[INFO] [stdout]     |  ___________________^
[INFO] [stdout] 205 | |         r#"
[INFO] [stdout] 206 | |         SELECT
[INFO] [stdout] 207 | |             dr.id,
[INFO] [stdout] ...   |
[INFO] [stdout] 226 | |         id
[INFO] [stdout] 227 | |     )
[INFO] [stdout]     | |_____^
[INFO] [stdout]     |
[INFO] [stdout]     = note: this error originates in the macro `$crate::sqlx_macros::expand_query` which comes from the expansion of the macro `sqlx::query` (in Nightly builds, run with -Z macro-backtrace for more info)
[INFO] [stdout] 
[INFO] [stdout] 
[INFO] [stdout] error: set `DATABASE_URL` to use query macros online, or run `cargo sqlx prepare` to update the query cache
[INFO] [stdout]    --> src/repositories/disposal_request_repository.rs:235:17
[INFO] [stdout]     |
[INFO] [stdout] 235 |       let items = sqlx::query!(
[INFO] [stdout]     |  _________________^
[INFO] [stdout] 236 | |         r#"
[INFO] [stdout] 237 | |         SELECT
[INFO] [stdout] 238 | |             di.id,
[INFO] [stdout] ...   |
[INFO] [stdout] 252 | |         id
[INFO] [stdout] 253 | |     )
[INFO] [stdout]     | |_____^
[INFO] [stdout]     |
[INFO] [stdout]     = note: this error originates in the macro `$crate::sqlx_macros::expand_query` which comes from the expansion of the macro `sqlx::query` (in Nightly builds, run with -Z macro-backtrace for more info)
[INFO] [stdout] 
[INFO] [stdout] 
[INFO] [stdout] error: set `DATABASE_URL` to use query macros online, or run `cargo sqlx prepare` to update the query cache
[INFO] [stdout]   --> src/repositories/user_dashboard_repository.rs:11:28
[INFO] [stdout]    |
[INFO] [stdout] 11 |           let pending: i64 = sqlx::query_scalar!(
[INFO] [stdout]    |  ____________________________^
[INFO] [stdout] 12 | |             "SELECT COUNT(*) FROM disposal_requests WHERE user_id = $1 AND status = 'Pending'",
[INFO] [stdout] 13 | |             user_id
[INFO] [stdout] 14 | |         )
[INFO] [stdout]    | |_________^
[INFO] [stdout]    |
[INFO] [stdout]    = note: this error originates in the macro `$crate::sqlx_macros::expand_query` which comes from the expansion of the macro `sqlx::query_scalar` (in Nightly builds, run with -Z macro-backtrace for more info)
[INFO] [stdout] 
[INFO] [stdout] 
[INFO] [stdout] error: set `DATABASE_URL` to use query macros online, or run `cargo sqlx prepare` to update the query cache
[INFO] [stdout]   --> src/repositories/user_dashboard_repository.rs:19:29
[INFO] [stdout]    |
[INFO] [stdout] 19 |           let approved: i64 = sqlx::query_scalar!(
[INFO] [stdout]    |  _____________________________^
[INFO] [stdout] 20 | |             "SELECT COUNT(*) FROM disposal_requests WHERE user_id = $1 AND status = 'Approved'",
[INFO] [stdout] 21 | |             user_id
[INFO] [stdout] 22 | |         )
[INFO] [stdout]    | |_________^
[INFO] [stdout]    |
[INFO] [stdout]    = note: this error originates in the macro `$crate::sqlx_macros::expand_query` which comes from the expansion of the macro `sqlx::query_scalar` (in Nightly builds, run with -Z macro-backtrace for more info)
[INFO] [stdout] 
[INFO] [stdout] 
[INFO] [stdout] error: set `DATABASE_URL` to use query macros online, or run `cargo sqlx prepare` to update the query cache
[INFO] [stdout]   --> src/repositories/user_dashboard_repository.rs:27:30
[INFO] [stdout]    |
[INFO] [stdout] 27 |           let completed: i64 = sqlx::query_scalar!(
[INFO] [stdout]    |  ______________________________^
[INFO] [stdout] 28 | |             "SELECT COUNT(*) FROM disposal_requests WHERE user_id = $1 AND status = 'Completed'",
[INFO] [stdout] 29 | |             user_id
[INFO] [stdout] 30 | |         )
[INFO] [stdout]    | |_________^
[INFO] [stdout]    |
[INFO] [stdout]    = note: this error originates in the macro `$crate::sqlx_macros::expand_query` which comes from the expansion of the macro `sqlx::query_scalar` (in Nightly builds, run with -Z macro-backtrace for more info)
[INFO] [stdout] 
[INFO] [stdout] 
[INFO] [stdout] error: set `DATABASE_URL` to use query macros online, or run `cargo sqlx prepare` to update the query cache
[INFO] [stdout]   --> src/repositories/user_dashboard_repository.rs:35:30
[INFO] [stdout]    |
[INFO] [stdout] 35 |           let cancelled: i64 = sqlx::query_scalar!(
[INFO] [stdout]    |  ______________________________^
[INFO] [stdout] 36 | |             "SELECT COUNT(*) FROM disposal_requests WHERE user_id = $1 AND status = 'Cancelled'",
[INFO] [stdout] 37 | |             user_id
[INFO] [stdout] 38 | |         )
[INFO] [stdout]    | |_________^
[INFO] [stdout]    |
[INFO] [stdout]    = note: this error originates in the macro `$crate::sqlx_macros::expand_query` which comes from the expansion of the macro `sqlx::query_scalar` (in Nightly builds, run with -Z macro-backtrace for more info)
[INFO] [stdout] 
[INFO] [stdout] 
[INFO] [stdout] error: set `DATABASE_URL` to use query macros online, or run `cargo sqlx prepare` to update the query cache
[INFO] [stdout]   --> src/repositories/user_dashboard_repository.rs:43:29
[INFO] [stdout]    |
[INFO] [stdout] 43 |           let last_requests = sqlx::query_as!(
[INFO] [stdout]    |  _____________________________^
[INFO] [stdout] 44 | |             DisposalRequest,
[INFO] [stdout] 45 | |             r#"
[INFO] [stdout] 46 | |             SELECT
[INFO] [stdout] ...  |
[INFO] [stdout] 58 | |             user_id
[INFO] [stdout] 59 | |         )
[INFO] [stdout]    | |_________^
[INFO] [stdout]    |
[INFO] [stdout]    = note: this error originates in the macro `$crate::sqlx_macros::expand_query` which comes from the expansion of the macro `sqlx::query_as` (in Nightly builds, run with -Z macro-backtrace for more info)
[INFO] [stdout] 
[INFO] [stdout] 
[INFO] [stdout] error: set `DATABASE_URL` to use query macros online, or run `cargo sqlx prepare` to update the query cache
[INFO] [stdout]    --> src/repositories/user_repository.rs:132:5
[INFO] [stdout]     |
[INFO] [stdout] 132 | /     sqlx::query!(
[INFO] [stdout] 133 | |         r#"
[INFO] [stdout] 134 | |         UPDATE users
[INFO] [stdout] 135 | |         SET
[INFO] [stdout] ...   |
[INFO] [stdout] 141 | |         user_id
[INFO] [stdout] 142 | |     )
[INFO] [stdout]     | |_____^
[INFO] [stdout]     |
[INFO] [stdout]     = note: this error originates in the macro `$crate::sqlx_macros::expand_query` which comes from the expansion of the macro `sqlx::query` (in Nightly builds, run with -Z macro-backtrace for more info)
[INFO] [stdout] 
[INFO] [stdout] 
[INFO] [stdout] error: set `DATABASE_URL` to use query macros online, or run `cargo sqlx prepare` to update the query cache
[INFO] [stdout]   --> src/repositories/waste_type_repository.rs:14:9
[INFO] [stdout]    |
[INFO] [stdout] 14 | /         sqlx::query!(
[INFO] [stdout] 15 | |             r#"
[INFO] [stdout] 16 | |             INSERT INTO waste_types (
[INFO] [stdout] 17 | |                 id,
[INFO] [stdout] ...  |
[INFO] [stdout] 25 | |             dto.description,
[INFO] [stdout] 26 | |         )
[INFO] [stdout]    | |_________^
[INFO] [stdout]    |
[INFO] [stdout]    = note: this error originates in the macro `$crate::sqlx_macros::expand_query` which comes from the expansion of the macro `sqlx::query` (in Nightly builds, run with -Z macro-backtrace for more info)
[INFO] [stdout] 
[INFO] [stdout] 
[INFO] [stdout] error: set `DATABASE_URL` to use query macros online, or run `cargo sqlx prepare` to update the query cache
[INFO] [stdout]   --> src/repositories/waste_type_repository.rs:34:27
[INFO] [stdout]    |
[INFO] [stdout] 34 |           let waste_types = sqlx::query_as!(
[INFO] [stdout]    |  ___________________________^
[INFO] [stdout] 35 | |             WasteType,
[INFO] [stdout] 36 | |             r#"
[INFO] [stdout] 37 | |             SELECT
[INFO] [stdout] ...  |
[INFO] [stdout] 43 | |             "#
[INFO] [stdout] 44 | |         )
[INFO] [stdout]    | |_________^
[INFO] [stdout]    |
[INFO] [stdout]    = note: this error originates in the macro `$crate::sqlx_macros::expand_query` which comes from the expansion of the macro `sqlx::query_as` (in Nightly builds, run with -Z macro-backtrace for more info)
[INFO] [stdout] 
[INFO] [stdout] 
[INFO] [stdout] error: set `DATABASE_URL` to use query macros online, or run `cargo sqlx prepare` to update the query cache
[INFO] [stdout]   --> src/repositories/waste_type_repository.rs:52:26
[INFO] [stdout]    |
[INFO] [stdout] 52 |           let waste_type = sqlx::query_as!(
[INFO] [stdout]    |  __________________________^
[INFO] [stdout] 53 | |             WasteType,
[INFO] [stdout] 54 | |             r#"
[INFO] [stdout] 55 | |             SELECT
[INFO] [stdout] ...  |
[INFO] [stdout] 62 | |             id
[INFO] [stdout] 63 | |         )
[INFO] [stdout]    | |_________^
[INFO] [stdout]    |
[INFO] [stdout]    = note: this error originates in the macro `$crate::sqlx_macros::expand_query` which comes from the expansion of the macro `sqlx::query_as` (in Nightly builds, run with -Z macro-backtrace for more info)
[INFO] [stdout] 
[INFO] [stdout] 
[INFO] [stdout] error: set `DATABASE_URL` to use query macros online, or run `cargo sqlx prepare` to update the query cache
[INFO] [stdout]   --> src/repositories/waste_type_repository.rs:71:9
[INFO] [stdout]    |
[INFO] [stdout] 71 | /         sqlx::query!(
[INFO] [stdout] 72 | |             r#"
[INFO] [stdout] 73 | |             UPDATE waste_types
[INFO] [stdout] 74 | |             SET
[INFO] [stdout] ...  |
[INFO] [stdout] 81 | |             id
[INFO] [stdout] 82 | |         )
[INFO] [stdout]    | |_________^
[INFO] [stdout]    |
[INFO] [stdout]    = note: this error originates in the macro `$crate::sqlx_macros::expand_query` which comes from the expansion of the macro `sqlx::query` (in Nightly builds, run with -Z macro-backtrace for more info)
[INFO] [stdout] 
[INFO] [stdout] 
[INFO] [stdout] error: set `DATABASE_URL` to use query macros online, or run `cargo sqlx prepare` to update the query cache
[INFO] [stdout]   --> src/repositories/waste_type_repository.rs:90:9
[INFO] [stdout]    |
[INFO] [stdout] 90 | /         sqlx::query!(
[INFO] [stdout] 91 | |             r#"
[INFO] [stdout] 92 | |             DELETE FROM waste_types
[INFO] [stdout] 93 | |             WHERE id = $1
[INFO] [stdout] 94 | |             "#,
[INFO] [stdout] 95 | |             id
[INFO] [stdout] 96 | |         )
[INFO] [stdout]    | |_________^
[INFO] [stdout]    |
[INFO] [stdout]    = note: this error originates in the macro `$crate::sqlx_macros::expand_query` which comes from the expansion of the macro `sqlx::query` (in Nightly builds, run with -Z macro-backtrace for more info)
[INFO] [stdout] 
[INFO] [stdout] 
[INFO] [stdout] error: set `DATABASE_URL` to use query macros online, or run `cargo sqlx prepare` to update the query cache
[INFO] [stdout]   --> src/repositories/chat_message_repository.rs:13:9
[INFO] [stdout]    |
[INFO] [stdout] 13 | /         sqlx::query!(
[INFO] [stdout] 14 | |             r#"
[INFO] [stdout] 15 | |             INSERT INTO chat_messages (
[INFO] [stdout] 16 | |                 id,
[INFO] [stdout] ...  |
[INFO] [stdout] 28 | |             message.created_at
[INFO] [stdout] 29 | |         )
[INFO] [stdout]    | |_________^
[INFO] [stdout]    |
[INFO] [stdout]    = note: this error originates in the macro `$crate::sqlx_macros::expand_query` which comes from the expansion of the macro `sqlx::query` (in Nightly builds, run with -Z macro-backtrace for more info)
[INFO] [stdout] 
[INFO] [stdout] 
[INFO] [stdout] error: set `DATABASE_URL` to use query macros online, or run `cargo sqlx prepare` to update the query cache
[INFO] [stdout]   --> src/repositories/chat_message_repository.rs:40:20
[INFO] [stdout]    |
[INFO] [stdout] 40 |       let messages = sqlx::query_as!(
[INFO] [stdout]    |  ____________________^
[INFO] [stdout] 41 | |         ChatMessage,
[INFO] [stdout] 42 | |         r#"
[INFO] [stdout] 43 | |         SELECT
[INFO] [stdout] ...  |
[INFO] [stdout] 56 | |         request_id
[INFO] [stdout] 57 | |     )
[INFO] [stdout]    | |_____^
[INFO] [stdout]    |
[INFO] [stdout]    = note: this error originates in the macro `$crate::sqlx_macros::expand_query` which comes from the expansion of the macro `sqlx::query_as` (in Nightly builds, run with -Z macro-backtrace for more info)
[INFO] [stdout] 
[INFO] [stdout] 
[INFO] [stdout] error: set `DATABASE_URL` to use query macros online, or run `cargo sqlx prepare` to update the query cache
[INFO] [stdout]   --> src/repositories/password_reset_repository.rs:13:9
[INFO] [stdout]    |
[INFO] [stdout] 13 | /         sqlx::query!(
[INFO] [stdout] 14 | |             r#"
[INFO] [stdout] 15 | |             INSERT INTO password_reset_tokens
[INFO] [stdout] 16 | |                 (user_id, token, expires_at)
[INFO] [stdout] ...  |
[INFO] [stdout] 22 | |             expires_at
[INFO] [stdout] 23 | |         )
[INFO] [stdout]    | |_________^
[INFO] [stdout]    |
[INFO] [stdout]    = note: this error originates in the macro `$crate::sqlx_macros::expand_query` which comes from the expansion of the macro `sqlx::query` (in Nightly builds, run with -Z macro-backtrace for more info)
[INFO] [stdout] 
[INFO] [stdout] 
[INFO] [stdout] error: set `DATABASE_URL` to use query macros online, or run `cargo sqlx prepare` to update the query cache
[INFO] [stdout]   --> src/repositories/password_reset_repository.rs:52:9
[INFO] [stdout]    |
[INFO] [stdout] 52 | /         sqlx::query!(
[INFO] [stdout] 53 | |             r#"
[INFO] [stdout] 54 | |             UPDATE password_reset_tokens
[INFO] [stdout] 55 | |             SET used = TRUE
[INFO] [stdout] ...  |
[INFO] [stdout] 58 | |             token
[INFO] [stdout] 59 | |         )
[INFO] [stdout]    | |_________^
[INFO] [stdout]    |
[INFO] [stdout]    = note: this error originates in the macro `$crate::sqlx_macros::expand_query` which comes from the expansion of the macro `sqlx::query` (in Nightly builds, run with -Z macro-backtrace for more info)
[INFO] [stdout] 
[INFO] [stdout] 
[INFO] [stdout] error: set `DATABASE_URL` to use query macros online, or run `cargo sqlx prepare` to update the query cache
[INFO] [stdout]   --> src/repositories/collection_point_repository.rs:11:22
[INFO] [stdout]    |
[INFO] [stdout] 11 |           let points = sqlx::query_as!(
[INFO] [stdout]    |  ______________________^
[INFO] [stdout] 12 | |             CollectionPoint,
[INFO] [stdout] 13 | |             r#"
[INFO] [stdout] 14 | |             SELECT
[INFO] [stdout] ...  |
[INFO] [stdout] 29 | |             "#
[INFO] [stdout] 30 | |         )
[INFO] [stdout]    | |_________^
[INFO] [stdout]    |
[INFO] [stdout]    = note: this error originates in the macro `$crate::sqlx_macros::expand_query` which comes from the expansion of the macro `sqlx::query_as` (in Nightly builds, run with -Z macro-backtrace for more info)
[INFO] [stdout] 
[INFO] [stdout] 
[INFO] [stdout] error: set `DATABASE_URL` to use query macros online, or run `cargo sqlx prepare` to update the query cache
[INFO] [stdout]   --> src/repositories/collection_point_repository.rs:42:21
[INFO] [stdout]    |
[INFO] [stdout] 42 |           let point = sqlx::query_as!(
[INFO] [stdout]    |  _____________________^
[INFO] [stdout] 43 | |             CollectionPoint,
[INFO] [stdout] 44 | |             r#"
[INFO] [stdout] 45 | |             SELECT
[INFO] [stdout] ...  |
[INFO] [stdout] 61 | |             id
[INFO] [stdout] 62 | |         )
[INFO] [stdout]    | |_________^
[INFO] [stdout]    |
[INFO] [stdout]    = note: this error originates in the macro `$crate::sqlx_macros::expand_query` which comes from the expansion of the macro `sqlx::query_as` (in Nightly builds, run with -Z macro-backtrace for more info)
[INFO] [stdout] 
[INFO] [stdout] 
[INFO] [stdout] error: set `DATABASE_URL` to use query macros online, or run `cargo sqlx prepare` to update the query cache
[INFO] [stdout]    --> src/repositories/collection_point_repository.rs:71:9
[INFO] [stdout]     |
[INFO] [stdout]  71 | /         sqlx::query!(
[INFO] [stdout]  72 | |             r#"
[INFO] [stdout]  73 | |             INSERT INTO collection_points
[INFO] [stdout] ...   |
[INFO] [stdout] 104 | |             point.updated_at
[INFO] [stdout] 105 | |         )
[INFO] [stdout]     | |_________^
[INFO] [stdout]     |
[INFO] [stdout]     = note: this error originates in the macro `$crate::sqlx_macros::expand_query` which comes from the expansion of the macro `sqlx::query` (in Nightly builds, run with -Z macro-backtrace for more info)
[INFO] [stdout] 
[INFO] [stdout] 
[INFO] [stdout] error: set `DATABASE_URL` to use query macros online, or run `cargo sqlx prepare` to update the query cache
[INFO] [stdout]    --> src/repositories/collection_point_repository.rs:114:9
[INFO] [stdout]     |
[INFO] [stdout] 114 | /         sqlx::query!(
[INFO] [stdout] 115 | |             r#"
[INFO] [stdout] 116 | |             DELETE FROM collection_points
[INFO] [stdout] 117 | |             WHERE id = $1
[INFO] [stdout] 118 | |             "#,
[INFO] [stdout] 119 | |             id
[INFO] [stdout] 120 | |         )
[INFO] [stdout]     | |_________^
[INFO] [stdout]     |
[INFO] [stdout]     = note: this error originates in the macro `$crate::sqlx_macros::expand_query` which comes from the expansion of the macro `sqlx::query` (in Nightly builds, run with -Z macro-backtrace for more info)
[INFO] [stdout] 
[INFO] [stdout] 
[INFO] [stdout] error: set `DATABASE_URL` to use query macros online, or run `cargo sqlx prepare` to update the query cache
[INFO] [stdout]    --> src/repositories/collection_point_repository.rs:128:9
[INFO] [stdout]     |
[INFO] [stdout] 128 | /         sqlx::query!(
[INFO] [stdout] 129 | |             r#"
[INFO] [stdout] 130 | |         UPDATE collection_points
[INFO] [stdout] 131 | |         SET
[INFO] [stdout] ...   |
[INFO] [stdout] 153 | |             point.id,
[INFO] [stdout] 154 | |         )
[INFO] [stdout]     | |_________^
[INFO] [stdout]     |
[INFO] [stdout]     = note: this error originates in the macro `$crate::sqlx_macros::expand_query` which comes from the expansion of the macro `sqlx::query` (in Nightly builds, run with -Z macro-backtrace for more info)
[INFO] [stdout] 
[INFO] [stdout] 
[INFO] [stdout] error: set `DATABASE_URL` to use query macros online, or run `cargo sqlx prepare` to update the query cache
[INFO] [stdout]   --> src/repositories/dashboard_repository.rs:10:32
[INFO] [stdout]    |
[INFO] [stdout] 10 |         let total_users: i64 = sqlx::query_scalar!("SELECT COUNT(*) FROM users")
[INFO] [stdout]    |                                ^^^^^^^^^^^^^^^^^^^^^^^^^^^^^^^^^^^^^^^^^^^^^^^^^
[INFO] [stdout]    |
[INFO] [stdout]    = note: this error originates in the macro `$crate::sqlx_macros::expand_query` which comes from the expansion of the macro `sqlx::query_scalar` (in Nightly builds, run with -Z macro-backtrace for more info)
[INFO] [stdout] 
[INFO] [stdout] 
[INFO] [stdout] error: set `DATABASE_URL` to use query macros online, or run `cargo sqlx prepare` to update the query cache
[INFO] [stdout]   --> src/repositories/dashboard_repository.rs:16:13
[INFO] [stdout]    |
[INFO] [stdout] 16 |             sqlx::query_scalar!("SELECT COUNT(*) FROM collection_points")
[INFO] [stdout]    |             ^^^^^^^^^^^^^^^^^^^^^^^^^^^^^^^^^^^^^^^^^^^^^^^^^^^^^^^^^^^^^
[INFO] [stdout]    |
[INFO] [stdout]    = note: this error originates in the macro `$crate::sqlx_macros::expand_query` which comes from the expansion of the macro `sqlx::query_scalar` (in Nightly builds, run with -Z macro-backtrace for more info)
[INFO] [stdout] 
[INFO] [stdout] 
[INFO] [stdout] error: set `DATABASE_URL` to use query macros online, or run `cargo sqlx prepare` to update the query cache
[INFO] [stdout]   --> src/repositories/dashboard_repository.rs:21:38
[INFO] [stdout]    |
[INFO] [stdout] 21 |         let total_waste_types: i64 = sqlx::query_scalar!("SELECT COUNT(*) FROM waste_types")
[INFO] [stdout]    |                                      ^^^^^^^^^^^^^^^^^^^^^^^^^^^^^^^^^^^^^^^^^^^^^^^^^^^^^^^
[INFO] [stdout]    |
[INFO] [stdout]    = note: this error originates in the macro `$crate::sqlx_macros::expand_query` which comes from the expansion of the macro `sqlx::query_scalar` (in Nightly builds, run with -Z macro-backtrace for more info)
[INFO] [stdout] 
[INFO] [stdout] 
[INFO] [stdout] error: set `DATABASE_URL` to use query macros online, or run `cargo sqlx prepare` to update the query cache
[INFO] [stdout]   --> src/repositories/dashboard_repository.rs:27:13
[INFO] [stdout]    |
[INFO] [stdout] 27 |             sqlx::query_scalar!("SELECT COUNT(*) FROM disposal_requests WHERE status = 'Pending'")
[INFO] [stdout]    |             ^^^^^^^^^^^^^^^^^^^^^^^^^^^^^^^^^^^^^^^^^^^^^^^^^^^^^^^^^^^^^^^^^^^^^^^^^^^^^^^^^^^^^^
[INFO] [stdout]    |
[INFO] [stdout]    = note: this error originates in the macro `$crate::sqlx_macros::expand_query` which comes from the expansion of the macro `sqlx::query_scalar` (in Nightly builds, run with -Z macro-backtrace for more info)
[INFO] [stdout] 
[INFO] [stdout] 
[INFO] [stdout] error: set `DATABASE_URL` to use query macros online, or run `cargo sqlx prepare` to update the query cache
[INFO] [stdout]   --> src/repositories/dashboard_repository.rs:33:13
[INFO] [stdout]    |
[INFO] [stdout] 33 |             sqlx::query_scalar!("SELECT COUNT(*) FROM disposal_requests WHERE status = 'Approved'")
[INFO] [stdout]    |             ^^^^^^^^^^^^^^^^^^^^^^^^^^^^^^^^^^^^^^^^^^^^^^^^^^^^^^^^^^^^^^^^^^^^^^^^^^^^^^^^^^^^^^^
[INFO] [stdout]    |
[INFO] [stdout]    = note: this error originates in the macro `$crate::sqlx_macros::expand_query` which comes from the expansion of the macro `sqlx::query_scalar` (in Nightly builds, run with -Z macro-backtrace for more info)
[INFO] [stdout] 
[INFO] [stdout] 
[INFO] [stdout] error: set `DATABASE_URL` to use query macros online, or run `cargo sqlx prepare` to update the query cache
[INFO] [stdout]   --> src/repositories/dashboard_repository.rs:38:39
[INFO] [stdout]    |
[INFO] [stdout] 38 |           let completed_requests: i64 = sqlx::query_scalar!(
[INFO] [stdout]    |  _______________________________________^
[INFO] [stdout] 39 | |             "SELECT COUNT(*) FROM disposal_requests WHERE status = 'Completed'"
[INFO] [stdout] 40 | |         )
[INFO] [stdout]    | |_________^
[INFO] [stdout]    |
[INFO] [stdout]    = note: this error originates in the macro `$crate::sqlx_macros::expand_query` which comes from the expansion of the macro `sqlx::query_scalar` (in Nightly builds, run with -Z macro-backtrace for more info)
[INFO] [stdout] 
[INFO] [stdout] 
[INFO] [stdout] error: set `DATABASE_URL` to use query macros online, or run `cargo sqlx prepare` to update the query cache
[INFO] [stdout]   --> src/repositories/dashboard_repository.rs:45:39
[INFO] [stdout]    |
[INFO] [stdout] 45 |           let cancelled_requests: i64 = sqlx::query_scalar!(
[INFO] [stdout]    |  _______________________________________^
[INFO] [stdout] 46 | |             "SELECT COUNT(*) FROM disposal_requests WHERE status = 'Cancelled'"
[INFO] [stdout] 47 | |         )
[INFO] [stdout]    | |_________^
[INFO] [stdout]    |
[INFO] [stdout]    = note: this error originates in the macro `$crate::sqlx_macros::expand_query` which comes from the expansion of the macro `sqlx::query_scalar` (in Nightly builds, run with -Z macro-backtrace for more info)
[INFO] [stdout] 
[INFO] [stdout] 
[INFO] [stdout] error: set `DATABASE_URL` to use query macros online, or run `cargo sqlx prepare` to update the query cache
[INFO] [stdout]   --> src/repositories/disposal_request_repository.rs:20:9
[INFO] [stdout]    |
[INFO] [stdout] 20 | /         sqlx::query!(
[INFO] [stdout] 21 | |             r#"
[INFO] [stdout] 22 | |             INSERT INTO disposal_requests
[INFO] [stdout] ...  |
[INFO] [stdout] 46 | |             request.updated_at
[INFO] [stdout] 47 | |         )
[INFO] [stdout]    | |_________^
[INFO] [stdout]    |
[INFO] [stdout]    = note: this error originates in the macro `$crate::sqlx_macros::expand_query` which comes from the expansion of the macro `sqlx::query` (in Nightly builds, run with -Z macro-backtrace for more info)
[INFO] [stdout] 
[INFO] [stdout] 
[INFO] [stdout] error: set `DATABASE_URL` to use query macros online, or run `cargo sqlx prepare` to update the query cache
[INFO] [stdout]   --> src/repositories/disposal_request_repository.rs:59:9
[INFO] [stdout]    |
[INFO] [stdout] 59 | /         sqlx::query!(
[INFO] [stdout] 60 | |             r#"
[INFO] [stdout] 61 | |             INSERT INTO disposal_items
[INFO] [stdout] ...  |
[INFO] [stdout] 79 | |             item.quantity
[INFO] [stdout] 80 | |         )
[INFO] [stdout]    | |_________^
[INFO] [stdout]    |
[INFO] [stdout]    = note: this error originates in the macro `$crate::sqlx_macros::expand_query` which comes from the expansion of the macro `sqlx::query` (in Nightly builds, run with -Z macro-backtrace for more info)
[INFO] [stdout] 
[INFO] [stdout] 
[INFO] [stdout] error: set `DATABASE_URL` to use query macros online, or run `cargo sqlx prepare` to update the query cache
[INFO] [stdout]    --> src/repositories/disposal_request_repository.rs:89:24
[INFO] [stdout]     |
[INFO] [stdout]  89 |           let requests = sqlx::query_as!(
[INFO] [stdout]     |  ________________________^
[INFO] [stdout]  90 | |             DisposalRequest,
[INFO] [stdout]  91 | |             r#"
[INFO] [stdout]  92 | |             SELECT
[INFO] [stdout] ...   |
[INFO] [stdout] 101 | |             "#
[INFO] [stdout] 102 | |         )
[INFO] [stdout]     | |_________^
[INFO] [stdout]     |
[INFO] [stdout]     = note: this error originates in the macro `$crate::sqlx_macros::expand_query` which comes from the expansion of the macro `sqlx::query_as` (in Nightly builds, run with -Z macro-backtrace for more info)
[INFO] [stdout] 
[INFO] [stdout] 
[INFO] [stdout] error: set `DATABASE_URL` to use query macros online, or run `cargo sqlx prepare` to update the query cache
[INFO] [stdout]    --> src/repositories/disposal_request_repository.rs:114:20
[INFO] [stdout]     |
[INFO] [stdout] 114 |       let requests = sqlx::query_as!(
[INFO] [stdout]     |  ____________________^
[INFO] [stdout] 115 | |         DisposalRequest,
[INFO] [stdout] 116 | |         r#"
[INFO] [stdout] 117 | |         SELECT
[INFO] [stdout] ...   |
[INFO] [stdout] 128 | |         user_id
[INFO] [stdout] 129 | |     )
[INFO] [stdout]     | |_____^
[INFO] [stdout]     |
[INFO] [stdout]     = note: this error originates in the macro `$crate::sqlx_macros::expand_query` which comes from the expansion of the macro `sqlx::query_as` (in Nightly builds, run with -Z macro-backtrace for more info)
[INFO] [stdout] 
[INFO] [stdout] 
[INFO] [stdout] error: set `DATABASE_URL` to use query macros online, or run `cargo sqlx prepare` to update the query cache
[INFO] [stdout]    --> src/repositories/disposal_request_repository.rs:141:23
[INFO] [stdout]     |
[INFO] [stdout] 141 |           let request = sqlx::query_as!(
[INFO] [stdout]     |  _______________________^
[INFO] [stdout] 142 | |             DisposalRequest,
[INFO] [stdout] 143 | |             r#"
[INFO] [stdout] 144 | |             SELECT
[INFO] [stdout] ...   |
[INFO] [stdout] 154 | |             id
[INFO] [stdout] 155 | |         )
[INFO] [stdout]     | |_________^
[INFO] [stdout]     |
[INFO] [stdout]     = note: this error originates in the macro `$crate::sqlx_macros::expand_query` which comes from the expansion of the macro `sqlx::query_as` (in Nightly builds, run with -Z macro-backtrace for more info)
[INFO] [stdout] 
[INFO] [stdout] 
[INFO] [stdout] error: set `DATABASE_URL` to use query macros online, or run `cargo sqlx prepare` to update the query cache
[INFO] [stdout]    --> src/repositories/disposal_request_repository.rs:168:9
[INFO] [stdout]     |
[INFO] [stdout] 168 | /         sqlx::query!(
[INFO] [stdout] 169 | |             r#"
[INFO] [stdout] 170 | |             UPDATE disposal_requests
[INFO] [stdout] 171 | |             SET
[INFO] [stdout] ...   |
[INFO] [stdout] 177 | |             id
[INFO] [stdout] 178 | |         )
[INFO] [stdout]     | |_________^
[INFO] [stdout]     |
[INFO] [stdout]     = note: this error originates in the macro `$crate::sqlx_macros::expand_query` which comes from the expansion of the macro `sqlx::query` (in Nightly builds, run with -Z macro-backtrace for more info)
[INFO] [stdout] 
[INFO] [stdout] 
[INFO] [stdout] error: set `DATABASE_URL` to use query macros online, or run `cargo sqlx prepare` to update the query cache
[INFO] [stdout]    --> src/repositories/disposal_request_repository.rs:187:9
[INFO] [stdout]     |
[INFO] [stdout] 187 | /         sqlx::query!(
[INFO] [stdout] 188 | |             r#"
[INFO] [stdout] 189 | |             DELETE FROM disposal_requests
[INFO] [stdout] 190 | |             WHERE id = $1
[INFO] [stdout] 191 | |             "#,
[INFO] [stdout] 192 | |             id
[INFO] [stdout] 193 | |         )
[INFO] [stdout]     | |_________^
[INFO] [stdout]     |
[INFO] [stdout]     = note: this error originates in the macro `$crate::sqlx_macros::expand_query` which comes from the expansion of the macro `sqlx::query` (in Nightly builds, run with -Z macro-backtrace for more info)
[INFO] [stdout] 
[INFO] [stdout] 
[INFO] [stdout] error: set `DATABASE_URL` to use query macros online, or run `cargo sqlx prepare` to update the query cache
[INFO] [stdout]    --> src/repositories/disposal_request_repository.rs:204:19
[INFO] [stdout]     |
[INFO] [stdout] 204 |       let request = sqlx::query!(
[INFO] [stdout]     |  ___________________^
[INFO] [stdout] 205 | |         r#"
[INFO] [stdout] 206 | |         SELECT
[INFO] [stdout] 207 | |             dr.id,
[INFO] [stdout] ...   |
[INFO] [stdout] 226 | |         id
[INFO] [stdout] 227 | |     )
[INFO] [stdout]     | |_____^
[INFO] [stdout]     |
[INFO] [stdout]     = note: this error originates in the macro `$crate::sqlx_macros::expand_query` which comes from the expansion of the macro `sqlx::query` (in Nightly builds, run with -Z macro-backtrace for more info)
[INFO] [stdout] 
[INFO] [stdout] 
[INFO] [stdout] error: set `DATABASE_URL` to use query macros online, or run `cargo sqlx prepare` to update the query cache
[INFO] [stdout]    --> src/repositories/disposal_request_repository.rs:235:17
[INFO] [stdout]     |
[INFO] [stdout] 235 |       let items = sqlx::query!(
[INFO] [stdout]     |  _________________^
[INFO] [stdout] 236 | |         r#"
[INFO] [stdout] 237 | |         SELECT
[INFO] [stdout] 238 | |             di.id,
[INFO] [stdout] ...   |
[INFO] [stdout] 252 | |         id
[INFO] [stdout] 253 | |     )
[INFO] [stdout]     | |_____^
[INFO] [stdout]     |
[INFO] [stdout]     = note: this error originates in the macro `$crate::sqlx_macros::expand_query` which comes from the expansion of the macro `sqlx::query` (in Nightly builds, run with -Z macro-backtrace for more info)
[INFO] [stdout] 
[INFO] [stdout] 
[INFO] [stdout] error: set `DATABASE_URL` to use query macros online, or run `cargo sqlx prepare` to update the query cache
[INFO] [stdout]   --> src/repositories/user_dashboard_repository.rs:11:28
[INFO] [stdout]    |
[INFO] [stdout] 11 |           let pending: i64 = sqlx::query_scalar!(
[INFO] [stdout]    |  ____________________________^
[INFO] [stdout] 12 | |             "SELECT COUNT(*) FROM disposal_requests WHERE user_id = $1 AND status = 'Pending'",
[INFO] [stdout] 13 | |             user_id
[INFO] [stdout] 14 | |         )
[INFO] [stdout]    | |_________^
[INFO] [stdout]    |
[INFO] [stdout]    = note: this error originates in the macro `$crate::sqlx_macros::expand_query` which comes from the expansion of the macro `sqlx::query_scalar` (in Nightly builds, run with -Z macro-backtrace for more info)
[INFO] [stdout] 
[INFO] [stdout] 
[INFO] [stdout] error: set `DATABASE_URL` to use query macros online, or run `cargo sqlx prepare` to update the query cache
[INFO] [stdout]   --> src/repositories/user_dashboard_repository.rs:19:29
[INFO] [stdout]    |
[INFO] [stdout] 19 |           let approved: i64 = sqlx::query_scalar!(
[INFO] [stdout]    |  _____________________________^
[INFO] [stdout] 20 | |             "SELECT COUNT(*) FROM disposal_requests WHERE user_id = $1 AND status = 'Approved'",
[INFO] [stdout] 21 | |             user_id
[INFO] [stdout] 22 | |         )
[INFO] [stdout]    | |_________^
[INFO] [stdout]    |
[INFO] [stdout]    = note: this error originates in the macro `$crate::sqlx_macros::expand_query` which comes from the expansion of the macro `sqlx::query_scalar` (in Nightly builds, run with -Z macro-backtrace for more info)
[INFO] [stdout] 
[INFO] [stdout] 
[INFO] [stdout] error: set `DATABASE_URL` to use query macros online, or run `cargo sqlx prepare` to update the query cache
[INFO] [stdout]   --> src/repositories/user_dashboard_repository.rs:27:30
[INFO] [stdout]    |
[INFO] [stdout] 27 |           let completed: i64 = sqlx::query_scalar!(
[INFO] [stdout]    |  ______________________________^
[INFO] [stdout] 28 | |             "SELECT COUNT(*) FROM disposal_requests WHERE user_id = $1 AND status = 'Completed'",
[INFO] [stdout] 29 | |             user_id
[INFO] [stdout] 30 | |         )
[INFO] [stdout]    | |_________^
[INFO] [stdout]    |
[INFO] [stdout]    = note: this error originates in the macro `$crate::sqlx_macros::expand_query` which comes from the expansion of the macro `sqlx::query_scalar` (in Nightly builds, run with -Z macro-backtrace for more info)
[INFO] [stdout] 
[INFO] [stdout] 
[INFO] [stdout] error: set `DATABASE_URL` to use query macros online, or run `cargo sqlx prepare` to update the query cache
[INFO] [stdout]   --> src/repositories/user_dashboard_repository.rs:35:30
[INFO] [stdout]    |
[INFO] [stdout] 35 |           let cancelled: i64 = sqlx::query_scalar!(
[INFO] [stdout]    |  ______________________________^
[INFO] [stdout] 36 | |             "SELECT COUNT(*) FROM disposal_requests WHERE user_id = $1 AND status = 'Cancelled'",
[INFO] [stdout] 37 | |             user_id
[INFO] [stdout] 38 | |         )
[INFO] [stdout]    | |_________^
[INFO] [stdout]    |
[INFO] [stdout]    = note: this error originates in the macro `$crate::sqlx_macros::expand_query` which comes from the expansion of the macro `sqlx::query_scalar` (in Nightly builds, run with -Z macro-backtrace for more info)
[INFO] [stdout] 
[INFO] [stdout] 
[INFO] [stdout] error: set `DATABASE_URL` to use query macros online, or run `cargo sqlx prepare` to update the query cache
[INFO] [stdout]   --> src/repositories/user_dashboard_repository.rs:43:29
[INFO] [stdout]    |
[INFO] [stdout] 43 |           let last_requests = sqlx::query_as!(
[INFO] [stdout]    |  _____________________________^
[INFO] [stdout] 44 | |             DisposalRequest,
[INFO] [stdout] 45 | |             r#"
[INFO] [stdout] 46 | |             SELECT
[INFO] [stdout] ...  |
[INFO] [stdout] 58 | |             user_id
[INFO] [stdout] 59 | |         )
[INFO] [stdout]    | |_________^
[INFO] [stdout]    |
[INFO] [stdout]    = note: this error originates in the macro `$crate::sqlx_macros::expand_query` which comes from the expansion of the macro `sqlx::query_as` (in Nightly builds, run with -Z macro-backtrace for more info)
[INFO] [stdout] 
[INFO] [stdout] 
[INFO] [stdout] error: set `DATABASE_URL` to use query macros online, or run `cargo sqlx prepare` to update the query cache
[INFO] [stdout]    --> src/repositories/user_repository.rs:132:5
[INFO] [stdout]     |
[INFO] [stdout] 132 | /     sqlx::query!(
[INFO] [stdout] 133 | |         r#"
[INFO] [stdout] 134 | |         UPDATE users
[INFO] [stdout] 135 | |         SET
[INFO] [stdout] ...   |
[INFO] [stdout] 141 | |         user_id
[INFO] [stdout] 142 | |     )
[INFO] [stdout]     | |_____^
[INFO] [stdout]     |
[INFO] [stdout]     = note: this error originates in the macro `$crate::sqlx_macros::expand_query` which comes from the expansion of the macro `sqlx::query` (in Nightly builds, run with -Z macro-backtrace for more info)
[INFO] [stdout] 
[INFO] [stdout] 
[INFO] [stdout] error: set `DATABASE_URL` to use query macros online, or run `cargo sqlx prepare` to update the query cache
[INFO] [stdout]   --> src/repositories/waste_type_repository.rs:14:9
[INFO] [stdout]    |
[INFO] [stdout] 14 | /         sqlx::query!(
[INFO] [stdout] 15 | |             r#"
[INFO] [stdout] 16 | |             INSERT INTO waste_types (
[INFO] [stdout] 17 | |                 id,
[INFO] [stdout] ...  |
[INFO] [stdout] 25 | |             dto.description,
[INFO] [stdout] 26 | |         )
[INFO] [stdout]    | |_________^
[INFO] [stdout]    |
[INFO] [stdout]    = note: this error originates in the macro `$crate::sqlx_macros::expand_query` which comes from the expansion of the macro `sqlx::query` (in Nightly builds, run with -Z macro-backtrace for more info)
[INFO] [stdout] 
[INFO] [stdout] 
[INFO] [stdout] error: set `DATABASE_URL` to use query macros online, or run `cargo sqlx prepare` to update the query cache
[INFO] [stdout]   --> src/repositories/waste_type_repository.rs:34:27
[INFO] [stdout]    |
[INFO] [stdout] 34 |           let waste_types = sqlx::query_as!(
[INFO] [stdout]    |  ___________________________^
[INFO] [stdout] 35 | |             WasteType,
[INFO] [stdout] 36 | |             r#"
[INFO] [stdout] 37 | |             SELECT
[INFO] [stdout] ...  |
[INFO] [stdout] 43 | |             "#
[INFO] [stdout] 44 | |         )
[INFO] [stdout]    | |_________^
[INFO] [stdout]    |
[INFO] [stdout]    = note: this error originates in the macro `$crate::sqlx_macros::expand_query` which comes from the expansion of the macro `sqlx::query_as` (in Nightly builds, run with -Z macro-backtrace for more info)
[INFO] [stdout] 
[INFO] [stdout] 
[INFO] [stdout] error: set `DATABASE_URL` to use query macros online, or run `cargo sqlx prepare` to update the query cache
[INFO] [stdout]   --> src/repositories/waste_type_repository.rs:52:26
[INFO] [stdout]    |
[INFO] [stdout] 52 |           let waste_type = sqlx::query_as!(
[INFO] [stdout]    |  __________________________^
[INFO] [stdout] 53 | |             WasteType,
[INFO] [stdout] 54 | |             r#"
[INFO] [stdout] 55 | |             SELECT
[INFO] [stdout] ...  |
[INFO] [stdout] 62 | |             id
[INFO] [stdout] 63 | |         )
[INFO] [stdout]    | |_________^
[INFO] [stdout]    |
[INFO] [stdout]    = note: this error originates in the macro `$crate::sqlx_macros::expand_query` which comes from the expansion of the macro `sqlx::query_as` (in Nightly builds, run with -Z macro-backtrace for more info)
[INFO] [stdout] 
[INFO] [stdout] 
[INFO] [stdout] error: set `DATABASE_URL` to use query macros online, or run `cargo sqlx prepare` to update the query cache
[INFO] [stdout]   --> src/repositories/waste_type_repository.rs:71:9
[INFO] [stdout]    |
[INFO] [stdout] 71 | /         sqlx::query!(
[INFO] [stdout] 72 | |             r#"
[INFO] [stdout] 73 | |             UPDATE waste_types
[INFO] [stdout] 74 | |             SET
[INFO] [stdout] ...  |
[INFO] [stdout] 81 | |             id
[INFO] [stdout] 82 | |         )
[INFO] [stdout]    | |_________^
[INFO] [stdout]    |
[INFO] [stdout]    = note: this error originates in the macro `$crate::sqlx_macros::expand_query` which comes from the expansion of the macro `sqlx::query` (in Nightly builds, run with -Z macro-backtrace for more info)
[INFO] [stdout] 
[INFO] [stdout] 
[INFO] [stdout] error: set `DATABASE_URL` to use query macros online, or run `cargo sqlx prepare` to update the query cache
[INFO] [stdout]   --> src/repositories/waste_type_repository.rs:90:9
[INFO] [stdout]    |
[INFO] [stdout] 90 | /         sqlx::query!(
[INFO] [stdout] 91 | |             r#"
[INFO] [stdout] 92 | |             DELETE FROM waste_types
[INFO] [stdout] 93 | |             WHERE id = $1
[INFO] [stdout] 94 | |             "#,
[INFO] [stdout] 95 | |             id
[INFO] [stdout] 96 | |         )
[INFO] [stdout]    | |_________^
[INFO] [stdout]    |
[INFO] [stdout]    = note: this error originates in the macro `$crate::sqlx_macros::expand_query` which comes from the expansion of the macro `sqlx::query` (in Nightly builds, run with -Z macro-backtrace for more info)
[INFO] [stdout] 
[INFO] [stdout] 
[INFO] [stdout] error: set `DATABASE_URL` to use query macros online, or run `cargo sqlx prepare` to update the query cache
[INFO] [stdout]   --> src/repositories/chat_message_repository.rs:13:9
[INFO] [stdout]    |
[INFO] [stdout] 13 | /         sqlx::query!(
[INFO] [stdout] 14 | |             r#"
[INFO] [stdout] 15 | |             INSERT INTO chat_messages (
[INFO] [stdout] 16 | |                 id,
[INFO] [stdout] ...  |
[INFO] [stdout] 28 | |             message.created_at
[INFO] [stdout] 29 | |         )
[INFO] [stdout]    | |_________^
[INFO] [stdout]    |
[INFO] [stdout]    = note: this error originates in the macro `$crate::sqlx_macros::expand_query` which comes from the expansion of the macro `sqlx::query` (in Nightly builds, run with -Z macro-backtrace for more info)
[INFO] [stdout] 
[INFO] [stdout] 
[INFO] [stdout] error: set `DATABASE_URL` to use query macros online, or run `cargo sqlx prepare` to update the query cache
[INFO] [stdout]   --> src/repositories/chat_message_repository.rs:40:20
[INFO] [stdout]    |
[INFO] [stdout] 40 |       let messages = sqlx::query_as!(
[INFO] [stdout]    |  ____________________^
[INFO] [stdout] 41 | |         ChatMessage,
[INFO] [stdout] 42 | |         r#"
[INFO] [stdout] 43 | |         SELECT
[INFO] [stdout] ...  |
[INFO] [stdout] 56 | |         request_id
[INFO] [stdout] 57 | |     )
[INFO] [stdout]    | |_____^
[INFO] [stdout]    |
[INFO] [stdout]    = note: this error originates in the macro `$crate::sqlx_macros::expand_query` which comes from the expansion of the macro `sqlx::query_as` (in Nightly builds, run with -Z macro-backtrace for more info)
[INFO] [stdout] 
[INFO] [stdout] 
[INFO] [stdout] error: set `DATABASE_URL` to use query macros online, or run `cargo sqlx prepare` to update the query cache
[INFO] [stdout]   --> src/repositories/password_reset_repository.rs:13:9
[INFO] [stdout]    |
[INFO] [stdout] 13 | /         sqlx::query!(
[INFO] [stdout] 14 | |             r#"
[INFO] [stdout] 15 | |             INSERT INTO password_reset_tokens
[INFO] [stdout] 16 | |                 (user_id, token, expires_at)
[INFO] [stdout] ...  |
[INFO] [stdout] 22 | |             expires_at
[INFO] [stdout] 23 | |         )
[INFO] [stdout]    | |_________^
[INFO] [stdout]    |
[INFO] [stdout]    = note: this error originates in the macro `$crate::sqlx_macros::expand_query` which comes from the expansion of the macro `sqlx::query` (in Nightly builds, run with -Z macro-backtrace for more info)
[INFO] [stdout] 
[INFO] [stdout] 
[INFO] [stdout] error: set `DATABASE_URL` to use query macros online, or run `cargo sqlx prepare` to update the query cache
[INFO] [stdout]   --> src/repositories/password_reset_repository.rs:52:9
[INFO] [stdout]    |
[INFO] [stdout] 52 | /         sqlx::query!(
[INFO] [stdout] 53 | |             r#"
[INFO] [stdout] 54 | |             UPDATE password_reset_tokens
[INFO] [stdout] 55 | |             SET used = TRUE
[INFO] [stdout] ...  |
[INFO] [stdout] 58 | |             token
[INFO] [stdout] 59 | |         )
[INFO] [stdout]    | |_________^
[INFO] [stdout]    |
[INFO] [stdout]    = note: this error originates in the macro `$crate::sqlx_macros::expand_query` which comes from the expansion of the macro `sqlx::query` (in Nightly builds, run with -Z macro-backtrace for more info)
[INFO] [stdout] 
[INFO] [stdout] 
[INFO] [stdout] warning: unused import: `models::disposal_request::DisposalRequest`
[INFO] [stdout]  --> src/repositories/user_dashboard_repository.rs:5:52
[INFO] [stdout]   |
[INFO] [stdout] 5 | use crate::{dto::user_dashboard::UserDashboardDto, models::disposal_request::DisposalRequest};
[INFO] [stdout]   |                                                    ^^^^^^^^^^^^^^^^^^^^^^^^^^^^^^^^^^^^^^^^^
[INFO] [stdout]   |
[INFO] [stdout]   = note: `#[warn(unused_imports)]` (part of `#[warn(unused)]`) on by default
[INFO] [stdout] 
[INFO] [stdout] 
[INFO] [stdout] warning: unused import: `models::disposal_request::DisposalRequest`
[INFO] [stdout]  --> src/repositories/user_dashboard_repository.rs:5:52
[INFO] [stdout]   |
[INFO] [stdout] 5 | use crate::{dto::user_dashboard::UserDashboardDto, models::disposal_request::DisposalRequest};
[INFO] [stdout]   |                                                    ^^^^^^^^^^^^^^^^^^^^^^^^^^^^^^^^^^^^^^^^^
[INFO] [stdout]   |
[INFO] [stdout]   = note: `#[warn(unused_imports)]` (part of `#[warn(unused)]`) on by default
[INFO] [stdout] 
[INFO] [stdout] 
[INFO] [stdout] warning: method call on a diverging inference variable
[INFO] [stdout]   --> src/repositories/dashboard_repository.rs:13:14
[INFO] [stdout]    |
[INFO] [stdout] 13 |             .unwrap_or(0);
[INFO] [stdout]    |              ^^^^^^^^^
[INFO] [stdout]    |
[INFO] [stdout]    = help: consider providing a type annotation
[INFO] [stdout]    = warning: this was previously accepted by the compiler but is being phased out; it will become a hard error in a future release!
[INFO] [stdout]    = note: for more information, see issue #156047 <https://github.com/rust-lang/rust/issues/156047>
[INFO] [stdout]    = note: `#[warn(method_call_on_diverging_infer_var)]` (part of `#[warn(future_incompatible)]`) on by default
[INFO] [stdout] 
[INFO] [stdout] 
[INFO] [stdout] warning: method call on a diverging inference variable
[INFO] [stdout]   --> src/repositories/dashboard_repository.rs:13:14
[INFO] [stdout]    |
[INFO] [stdout] 13 |             .unwrap_or(0);
[INFO] [stdout]    |              ^^^^^^^^^
[INFO] [stdout]    |
[INFO] [stdout]    = help: consider providing a type annotation
[INFO] [stdout]    = warning: this was previously accepted by the compiler but is being phased out; it will become a hard error in a future release!
[INFO] [stdout]    = note: for more information, see issue #156047 <https://github.com/rust-lang/rust/issues/156047>
[INFO] [stdout]    = note: `#[warn(method_call_on_diverging_infer_var)]` (part of `#[warn(future_incompatible)]`) on by default
[INFO] [stdout] 
[INFO] [stdout] 
[INFO] [stdout] error[E0599]: no method named `unwrap_or` found for type `!` in the current scope
[INFO] [stdout]   --> src/repositories/dashboard_repository.rs:13:14
[INFO] [stdout]    |
[INFO] [stdout] 10 |         let total_users: i64 = sqlx::query_scalar!("SELECT COUNT(*) FROM users")
[INFO] [stdout] 11 |             .fetch_one(pool)
[INFO] [stdout] 12 |             .await?
[INFO] [stdout] 13 |             .unwrap_or(0);
[INFO] [stdout]    |              ^^^^^^^^^ method not found in `!`
[INFO] [stdout] 
[INFO] [stdout] 
[INFO] [stdout] warning: method call on a diverging inference variable
[INFO] [stdout]   --> src/repositories/dashboard_repository.rs:19:18
[INFO] [stdout]    |
[INFO] [stdout] 19 |                 .unwrap_or(0);
[INFO] [stdout]    |                  ^^^^^^^^^
[INFO] [stdout]    |
[INFO] [stdout]    = help: consider providing a type annotation
[INFO] [stdout]    = warning: this was previously accepted by the compiler but is being phased out; it will become a hard error in a future release!
[INFO] [stdout]    = note: for more information, see issue #156047 <https://github.com/rust-lang/rust/issues/156047>
[INFO] [stdout] 
[INFO] [stdout] 
[INFO] [stdout] error[E0599]: no method named `unwrap_or` found for type `!` in the current scope
[INFO] [stdout]   --> src/repositories/dashboard_repository.rs:19:18
[INFO] [stdout]    |
[INFO] [stdout] 16 |             sqlx::query_scalar!("SELECT COUNT(*) FROM collection_points")
[INFO] [stdout] 17 |                 .fetch_one(pool)
[INFO] [stdout] 18 |                 .await?
[INFO] [stdout] 19 |                 .unwrap_or(0);
[INFO] [stdout]    |                  ^^^^^^^^^ method not found in `!`
[INFO] [stdout] 
[INFO] [stdout] 
[INFO] [stdout] warning: method call on a diverging inference variable
[INFO] [stdout]   --> src/repositories/dashboard_repository.rs:24:14
[INFO] [stdout]    |
[INFO] [stdout] 24 |             .unwrap_or(0);
[INFO] [stdout]    |              ^^^^^^^^^
[INFO] [stdout]    |
[INFO] [stdout]    = help: consider providing a type annotation
[INFO] [stdout]    = warning: this was previously accepted by the compiler but is being phased out; it will become a hard error in a future release!
[INFO] [stdout]    = note: for more information, see issue #156047 <https://github.com/rust-lang/rust/issues/156047>
[INFO] [stdout] 
[INFO] [stdout] 
[INFO] [stdout] error[E0599]: no method named `unwrap_or` found for type `!` in the current scope
[INFO] [stdout]   --> src/repositories/dashboard_repository.rs:24:14
[INFO] [stdout]    |
[INFO] [stdout] 21 |         let total_waste_types: i64 = sqlx::query_scalar!("SELECT COUNT(*) FROM waste_types")
[INFO] [stdout] 22 |             .fetch_one(pool)
[INFO] [stdout] 23 |             .await?
[INFO] [stdout] 24 |             .unwrap_or(0);
[INFO] [stdout]    |              ^^^^^^^^^ method not found in `!`
[INFO] [stdout] 
[INFO] [stdout] 
[INFO] [stdout] warning: method call on a diverging inference variable
[INFO] [stdout]   --> src/repositories/dashboard_repository.rs:30:18
[INFO] [stdout]    |
[INFO] [stdout] 30 |                 .unwrap_or(0);
[INFO] [stdout]    |                  ^^^^^^^^^
[INFO] [stdout]    |
[INFO] [stdout]    = help: consider providing a type annotation
[INFO] [stdout]    = warning: this was previously accepted by the compiler but is being phased out; it will become a hard error in a future release!
[INFO] [stdout]    = note: for more information, see issue #156047 <https://github.com/rust-lang/rust/issues/156047>
[INFO] [stdout] 
[INFO] [stdout] 
[INFO] [stdout] error[E0599]: no method named `unwrap_or` found for type `!` in the current scope
[INFO] [stdout]   --> src/repositories/dashboard_repository.rs:13:14
[INFO] [stdout]    |
[INFO] [stdout] 10 |         let total_users: i64 = sqlx::query_scalar!("SELECT COUNT(*) FROM users")
[INFO] [stdout] 11 |             .fetch_one(pool)
[INFO] [stdout] 12 |             .await?
[INFO] [stdout] 13 |             .unwrap_or(0);
[INFO] [stdout]    |              ^^^^^^^^^ method not found in `!`
[INFO] [stdout] 
[INFO] [stdout] 
[INFO] [stdout] warning: method call on a diverging inference variable
[INFO] [stdout]   --> src/repositories/dashboard_repository.rs:19:18
[INFO] [stdout]    |
[INFO] [stdout] 19 |                 .unwrap_or(0);
[INFO] [stdout]    |                  ^^^^^^^^^
[INFO] [stdout]    |
[INFO] [stdout]    = help: consider providing a type annotation
[INFO] [stdout]    = warning: this was previously accepted by the compiler but is being phased out; it will become a hard error in a future release!
[INFO] [stdout]    = note: for more information, see issue #156047 <https://github.com/rust-lang/rust/issues/156047>
[INFO] [stdout] 
[INFO] [stdout] 
[INFO] [stdout] error[E0599]: no method named `unwrap_or` found for type `!` in the current scope
[INFO] [stdout]   --> src/repositories/dashboard_repository.rs:30:18
[INFO] [stdout]    |
[INFO] [stdout] 27 |             sqlx::query_scalar!("SELECT COUNT(*) FROM disposal_requests WHERE status = 'Pending'")
[INFO] [stdout] 28 |                 .fetch_one(pool)
[INFO] [stdout] 29 |                 .await?
[INFO] [stdout] 30 |                 .unwrap_or(0);
[INFO] [stdout]    |                  ^^^^^^^^^ method not found in `!`
[INFO] [stdout] 
[INFO] [stdout] 
[INFO] [stdout] warning: method call on a diverging inference variable
[INFO] [stdout]   --> src/repositories/dashboard_repository.rs:36:18
[INFO] [stdout]    |
[INFO] [stdout] 36 |                 .unwrap_or(0);
[INFO] [stdout]    |                  ^^^^^^^^^
[INFO] [stdout]    |
[INFO] [stdout]    = help: consider providing a type annotation
[INFO] [stdout]    = warning: this was previously accepted by the compiler but is being phased out; it will become a hard error in a future release!
[INFO] [stdout]    = note: for more information, see issue #156047 <https://github.com/rust-lang/rust/issues/156047>
[INFO] [stdout] 
[INFO] [stdout] 
[INFO] [stdout] error[E0599]: no method named `unwrap_or` found for type `!` in the current scope
[INFO] [stdout]   --> src/repositories/dashboard_repository.rs:19:18
[INFO] [stdout]    |
[INFO] [stdout] 16 |             sqlx::query_scalar!("SELECT COUNT(*) FROM collection_points")
[INFO] [stdout] 17 |                 .fetch_one(pool)
[INFO] [stdout] 18 |                 .await?
[INFO] [stdout] 19 |                 .unwrap_or(0);
[INFO] [stdout]    |                  ^^^^^^^^^ method not found in `!`
[INFO] [stdout] 
[INFO] [stdout] 
[INFO] [stdout] warning: method call on a diverging inference variable
[INFO] [stdout]   --> src/repositories/dashboard_repository.rs:24:14
[INFO] [stdout]    |
[INFO] [stdout] 24 |             .unwrap_or(0);
[INFO] [stdout]    |              ^^^^^^^^^
[INFO] [stdout]    |
[INFO] [stdout]    = help: consider providing a type annotation
[INFO] [stdout]    = warning: this was previously accepted by the compiler but is being phased out; it will become a hard error in a future release!
[INFO] [stdout]    = note: for more information, see issue #156047 <https://github.com/rust-lang/rust/issues/156047>
[INFO] [stdout] 
[INFO] [stdout] 
[INFO] [stdout] error[E0599]: no method named `unwrap_or` found for type `!` in the current scope
[INFO] [stdout]   --> src/repositories/dashboard_repository.rs:36:18
[INFO] [stdout]    |
[INFO] [stdout] 33 |             sqlx::query_scalar!("SELECT COUNT(*) FROM disposal_requests WHERE status = 'Approved'")
[INFO] [stdout] 34 |                 .fetch_one(pool)
[INFO] [stdout] 35 |                 .await?
[INFO] [stdout] 36 |                 .unwrap_or(0);
[INFO] [stdout]    |                  ^^^^^^^^^ method not found in `!`
[INFO] [stdout] 
[INFO] [stdout] 
[INFO] [stdout] warning: method call on a diverging inference variable
[INFO] [stdout]   --> src/repositories/dashboard_repository.rs:43:10
[INFO] [stdout]    |
[INFO] [stdout] 43 |         .unwrap_or(0);
[INFO] [stdout]    |          ^^^^^^^^^
[INFO] [stdout]    |
[INFO] [stdout]    = help: consider providing a type annotation
[INFO] [stdout]    = warning: this was previously accepted by the compiler but is being phased out; it will become a hard error in a future release!
[INFO] [stdout]    = note: for more information, see issue #156047 <https://github.com/rust-lang/rust/issues/156047>
[INFO] [stdout] 
[INFO] [stdout] 
[INFO] [stdout] error[E0599]: no method named `unwrap_or` found for type `!` in the current scope
[INFO] [stdout]   --> src/repositories/dashboard_repository.rs:43:10
[INFO] [stdout]    |
[INFO] [stdout] 38 |         let completed_requests: i64 = sqlx::query_scalar!(
[INFO] [stdout] 39 |             "SELECT COUNT(*) FROM disposal_requests WHERE status = 'Completed'"
[INFO] [stdout] 40 |         )
[INFO] [stdout] 41 |         .fetch_one(pool)
[INFO] [stdout] 42 |         .await?
[INFO] [stdout] 43 |         .unwrap_or(0);
[INFO] [stdout]    |          ^^^^^^^^^ method not found in `!`
[INFO] [stdout] 
[INFO] [stdout] 
[INFO] [stdout] warning: method call on a diverging inference variable
[INFO] [stdout]   --> src/repositories/dashboard_repository.rs:50:10
[INFO] [stdout]    |
[INFO] [stdout] 50 |         .unwrap_or(0);
[INFO] [stdout]    |          ^^^^^^^^^
[INFO] [stdout]    |
[INFO] [stdout]    = help: consider providing a type annotation
[INFO] [stdout]    = warning: this was previously accepted by the compiler but is being phased out; it will become a hard error in a future release!
[INFO] [stdout]    = note: for more information, see issue #156047 <https://github.com/rust-lang/rust/issues/156047>
[INFO] [stdout] 
[INFO] [stdout] 
[INFO] [stdout] error[E0599]: no method named `unwrap_or` found for type `!` in the current scope
[INFO] [stdout]   --> src/repositories/dashboard_repository.rs:24:14
[INFO] [stdout]    |
[INFO] [stdout] 21 |         let total_waste_types: i64 = sqlx::query_scalar!("SELECT COUNT(*) FROM waste_types")
[INFO] [stdout] 22 |             .fetch_one(pool)
[INFO] [stdout] 23 |             .await?
[INFO] [stdout] 24 |             .unwrap_or(0);
[INFO] [stdout]    |              ^^^^^^^^^ method not found in `!`
[INFO] [stdout] 
[INFO] [stdout] 
[INFO] [stdout] warning: method call on a diverging inference variable
[INFO] [stdout]   --> src/repositories/dashboard_repository.rs:30:18
[INFO] [stdout]    |
[INFO] [stdout] 30 |                 .unwrap_or(0);
[INFO] [stdout]    |                  ^^^^^^^^^
[INFO] [stdout]    |
[INFO] [stdout]    = help: consider providing a type annotation
[INFO] [stdout]    = warning: this was previously accepted by the compiler but is being phased out; it will become a hard error in a future release!
[INFO] [stdout]    = note: for more information, see issue #156047 <https://github.com/rust-lang/rust/issues/156047>
[INFO] [stdout] 
[INFO] [stdout] 
[INFO] [stdout] error[E0599]: no method named `unwrap_or` found for type `!` in the current scope
[INFO] [stdout]   --> src/repositories/dashboard_repository.rs:50:10
[INFO] [stdout]    |
[INFO] [stdout] 45 |         let cancelled_requests: i64 = sqlx::query_scalar!(
[INFO] [stdout] 46 |             "SELECT COUNT(*) FROM disposal_requests WHERE status = 'Cancelled'"
[INFO] [stdout] 47 |         )
[INFO] [stdout] 48 |         .fetch_one(pool)
[INFO] [stdout] 49 |         .await?
[INFO] [stdout] 50 |         .unwrap_or(0);
[INFO] [stdout]    |          ^^^^^^^^^ method not found in `!`
[INFO] [stdout] 
[INFO] [stdout] 
[INFO] [stdout] warning: method call on a diverging inference variable
[INFO] [stdout]    --> src/repositories/disposal_request_repository.rs:258:10
[INFO] [stdout]     |
[INFO] [stdout] 258 |         .into_iter()
[INFO] [stdout]     |          ^^^^^^^^^
[INFO] [stdout]     |
[INFO] [stdout]     = help: consider providing a type annotation
[INFO] [stdout]     = warning: this was previously accepted by the compiler but is being phased out; it will become a hard error in a future release!
[INFO] [stdout]     = note: for more information, see issue #156047 <https://github.com/rust-lang/rust/issues/156047>
[INFO] [stdout] 
[INFO] [stdout] 
[INFO] [stdout] error[E0599]: no method named `unwrap_or` found for type `!` in the current scope
[INFO] [stdout]   --> src/repositories/dashboard_repository.rs:30:18
[INFO] [stdout]    |
[INFO] [stdout] 27 |             sqlx::query_scalar!("SELECT COUNT(*) FROM disposal_requests WHERE status = 'Pending'")
[INFO] [stdout] 28 |                 .fetch_one(pool)
[INFO] [stdout] 29 |                 .await?
[INFO] [stdout] 30 |                 .unwrap_or(0);
[INFO] [stdout]    |                  ^^^^^^^^^ method not found in `!`
[INFO] [stdout] 
[INFO] [stdout] 
[INFO] [stdout] warning: method call on a diverging inference variable
[INFO] [stdout]   --> src/repositories/dashboard_repository.rs:36:18
[INFO] [stdout]    |
[INFO] [stdout] 36 |                 .unwrap_or(0);
[INFO] [stdout]    |                  ^^^^^^^^^
[INFO] [stdout]    |
[INFO] [stdout]    = help: consider providing a type annotation
[INFO] [stdout]    = warning: this was previously accepted by the compiler but is being phased out; it will become a hard error in a future release!
[INFO] [stdout]    = note: for more information, see issue #156047 <https://github.com/rust-lang/rust/issues/156047>
[INFO] [stdout] 
[INFO] [stdout] 
[INFO] [stdout] error[E0599]: no method named `unwrap_or` found for type `!` in the current scope
[INFO] [stdout]   --> src/repositories/dashboard_repository.rs:36:18
[INFO] [stdout]    |
[INFO] [stdout] 33 |             sqlx::query_scalar!("SELECT COUNT(*) FROM disposal_requests WHERE status = 'Approved'")
[INFO] [stdout] 34 |                 .fetch_one(pool)
[INFO] [stdout] 35 |                 .await?
[INFO] [stdout] 36 |                 .unwrap_or(0);
[INFO] [stdout]    |                  ^^^^^^^^^ method not found in `!`
[INFO] [stdout] 
[INFO] [stdout] 
[INFO] [stdout] warning: method call on a diverging inference variable
[INFO] [stdout]   --> src/repositories/dashboard_repository.rs:43:10
[INFO] [stdout]    |
[INFO] [stdout] 43 |         .unwrap_or(0);
[INFO] [stdout]    |          ^^^^^^^^^
[INFO] [stdout]    |
[INFO] [stdout]    = help: consider providing a type annotation
[INFO] [stdout]    = warning: this was previously accepted by the compiler but is being phased out; it will become a hard error in a future release!
[INFO] [stdout]    = note: for more information, see issue #156047 <https://github.com/rust-lang/rust/issues/156047>
[INFO] [stdout] 
[INFO] [stdout] 
[INFO] [stdout] error[E0599]: no method named `unwrap_or` found for type `!` in the current scope
[INFO] [stdout]   --> src/repositories/dashboard_repository.rs:43:10
[INFO] [stdout]    |
[INFO] [stdout] 38 |         let completed_requests: i64 = sqlx::query_scalar!(
[INFO] [stdout] 39 |             "SELECT COUNT(*) FROM disposal_requests WHERE status = 'Completed'"
[INFO] [stdout] 40 |         )
[INFO] [stdout] 41 |         .fetch_one(pool)
[INFO] [stdout] 42 |         .await?
[INFO] [stdout] 43 |         .unwrap_or(0);
[INFO] [stdout]    |          ^^^^^^^^^ method not found in `!`
[INFO] [stdout] 
[INFO] [stdout] 
[INFO] [stdout] warning: method call on a diverging inference variable
[INFO] [stdout]   --> src/repositories/dashboard_repository.rs:50:10
[INFO] [stdout]    |
[INFO] [stdout] 50 |         .unwrap_or(0);
[INFO] [stdout]    |          ^^^^^^^^^
[INFO] [stdout]    |
[INFO] [stdout]    = help: consider providing a type annotation
[INFO] [stdout]    = warning: this was previously accepted by the compiler but is being phased out; it will become a hard error in a future release!
[INFO] [stdout]    = note: for more information, see issue #156047 <https://github.com/rust-lang/rust/issues/156047>
[INFO] [stdout] 
[INFO] [stdout] 
[INFO] [stdout] error[E0599]: `!` is not an iterator
[INFO] [stdout]    --> src/repositories/disposal_request_repository.rs:258:10
[INFO] [stdout]     |
[INFO] [stdout] 257 |     let items = items
[INFO] [stdout] 258 |         .into_iter()
[INFO] [stdout]     |          ^^^^^^^^^ `!` is not an iterator
[INFO] [stdout]     |
[INFO] [stdout]     = note: the following trait bounds were not satisfied:
[INFO] [stdout]             `!: Iterator`
[INFO] [stdout]             which is required by `!: IntoIterator`
[INFO] [stdout]             `&!: Iterator`
[INFO] [stdout]             which is required by `&!: IntoIterator`
[INFO] [stdout]             `&mut !: Iterator`
[INFO] [stdout]             which is required by `&mut !: IntoIterator`
[INFO] [stdout] 
[INFO] [stdout] 
[INFO] [stdout] warning: method call on a diverging inference variable
[INFO] [stdout]   --> src/repositories/user_dashboard_repository.rs:17:10
[INFO] [stdout]    |
[INFO] [stdout] 17 |         .unwrap_or(0);
[INFO] [stdout]    |          ^^^^^^^^^
[INFO] [stdout]    |
[INFO] [stdout]    = help: consider providing a type annotation
[INFO] [stdout]    = warning: this was previously accepted by the compiler but is being phased out; it will become a hard error in a future release!
[INFO] [stdout]    = note: for more information, see issue #156047 <https://github.com/rust-lang/rust/issues/156047>
[INFO] [stdout] 
[INFO] [stdout] 
[INFO] [stdout] error[E0599]: no method named `unwrap_or` found for type `!` in the current scope
[INFO] [stdout]   --> src/repositories/dashboard_repository.rs:50:10
[INFO] [stdout]    |
[INFO] [stdout] 45 |         let cancelled_requests: i64 = sqlx::query_scalar!(
[INFO] [stdout] 46 |             "SELECT COUNT(*) FROM disposal_requests WHERE status = 'Cancelled'"
[INFO] [stdout] 47 |         )
[INFO] [stdout] 48 |         .fetch_one(pool)
[INFO] [stdout] 49 |         .await?
[INFO] [stdout] 50 |         .unwrap_or(0);
[INFO] [stdout]    |          ^^^^^^^^^ method not found in `!`
[INFO] [stdout] 
[INFO] [stdout] 
[INFO] [stdout] error[E0599]: no method named `unwrap_or` found for type `!` in the current scope
[INFO] [stdout]   --> src/repositories/user_dashboard_repository.rs:17:10
[INFO] [stdout]    |
[INFO] [stdout] 11 |         let pending: i64 = sqlx::query_scalar!(
[INFO] [stdout] 12 |             "SELECT COUNT(*) FROM disposal_requests WHERE user_id = $1 AND status = 'Pending'",
[INFO] [stdout] 13 |             user_id
[INFO] [stdout] 14 |         )
[INFO] [stdout] 15 |         .fetch_one(pool)
[INFO] [stdout] 16 |         .await?
[INFO] [stdout] 17 |         .unwrap_or(0);
[INFO] [stdout]    |          ^^^^^^^^^ method not found in `!`
[INFO] [stdout] 
[INFO] [stdout] 
[INFO] [stdout] warning: method call on a diverging inference variable
[INFO] [stdout]   --> src/repositories/user_dashboard_repository.rs:25:10
[INFO] [stdout]    |
[INFO] [stdout] 25 |         .unwrap_or(0);
[INFO] [stdout]    |          ^^^^^^^^^
[INFO] [stdout]    |
[INFO] [stdout]    = help: consider providing a type annotation
[INFO] [stdout]    = warning: this was previously accepted by the compiler but is being phased out; it will become a hard error in a future release!
[INFO] [stdout]    = note: for more information, see issue #156047 <https://github.com/rust-lang/rust/issues/156047>
[INFO] [stdout] 
[INFO] [stdout] 
[INFO] [stdout] warning: method call on a diverging inference variable
[INFO] [stdout]    --> src/repositories/disposal_request_repository.rs:258:10
[INFO] [stdout]     |
[INFO] [stdout] 258 |         .into_iter()
[INFO] [stdout]     |          ^^^^^^^^^
[INFO] [stdout]     |
[INFO] [stdout]     = help: consider providing a type annotation
[INFO] [stdout]     = warning: this was previously accepted by the compiler but is being phased out; it will become a hard error in a future release!
[INFO] [stdout]     = note: for more information, see issue #156047 <https://github.com/rust-lang/rust/issues/156047>
[INFO] [stdout] 
[INFO] [stdout] 
[INFO] [stdout] error[E0599]: no method named `unwrap_or` found for type `!` in the current scope
[INFO] [stdout]   --> src/repositories/user_dashboard_repository.rs:25:10
[INFO] [stdout]    |
[INFO] [stdout] 19 |         let approved: i64 = sqlx::query_scalar!(
[INFO] [stdout] 20 |             "SELECT COUNT(*) FROM disposal_requests WHERE user_id = $1 AND status = 'Approved'",
[INFO] [stdout] 21 |             user_id
[INFO] [stdout] 22 |         )
[INFO] [stdout] 23 |         .fetch_one(pool)
[INFO] [stdout] 24 |         .await?
[INFO] [stdout] 25 |         .unwrap_or(0);
[INFO] [stdout]    |          ^^^^^^^^^ method not found in `!`
[INFO] [stdout] 
[INFO] [stdout] 
[INFO] [stdout] warning: method call on a diverging inference variable
[INFO] [stdout]   --> src/repositories/user_dashboard_repository.rs:33:10
[INFO] [stdout]    |
[INFO] [stdout] 33 |         .unwrap_or(0);
[INFO] [stdout]    |          ^^^^^^^^^
[INFO] [stdout]    |
[INFO] [stdout]    = help: consider providing a type annotation
[INFO] [stdout]    = warning: this was previously accepted by the compiler but is being phased out; it will become a hard error in a future release!
[INFO] [stdout]    = note: for more information, see issue #156047 <https://github.com/rust-lang/rust/issues/156047>
[INFO] [stdout] 
[INFO] [stdout] 
[INFO] [stdout] error[E0599]: `!` is not an iterator
[INFO] [stdout]    --> src/repositories/disposal_request_repository.rs:258:10
[INFO] [stdout]     |
[INFO] [stdout] 257 |     let items = items
[INFO] [stdout] 258 |         .into_iter()
[INFO] [stdout]     |          ^^^^^^^^^ `!` is not an iterator
[INFO] [stdout]     |
[INFO] [stdout]     = note: the following trait bounds were not satisfied:
[INFO] [stdout]             `!: Iterator`
[INFO] [stdout]             which is required by `!: IntoIterator`
[INFO] [stdout]             `&!: Iterator`
[INFO] [stdout]             which is required by `&!: IntoIterator`
[INFO] [stdout]             `&mut !: Iterator`
[INFO] [stdout]             which is required by `&mut !: IntoIterator`
[INFO] [stdout] 
[INFO] [stdout] 
[INFO] [stdout] warning: method call on a diverging inference variable
[INFO] [stdout]   --> src/repositories/user_dashboard_repository.rs:17:10
[INFO] [stdout]    |
[INFO] [stdout] 17 |         .unwrap_or(0);
[INFO] [stdout]    |          ^^^^^^^^^
[INFO] [stdout]    |
[INFO] [stdout]    = help: consider providing a type annotation
[INFO] [stdout]    = warning: this was previously accepted by the compiler but is being phased out; it will become a hard error in a future release!
[INFO] [stdout]    = note: for more information, see issue #156047 <https://github.com/rust-lang/rust/issues/156047>
[INFO] [stdout] 
[INFO] [stdout] 
[INFO] [stdout] error[E0599]: no method named `unwrap_or` found for type `!` in the current scope
[INFO] [stdout]   --> src/repositories/user_dashboard_repository.rs:33:10
[INFO] [stdout]    |
[INFO] [stdout] 27 |         let completed: i64 = sqlx::query_scalar!(
[INFO] [stdout] 28 |             "SELECT COUNT(*) FROM disposal_requests WHERE user_id = $1 AND status = 'Completed'",
[INFO] [stdout] 29 |             user_id
[INFO] [stdout] 30 |         )
[INFO] [stdout] 31 |         .fetch_one(pool)
[INFO] [stdout] 32 |         .await?
[INFO] [stdout] 33 |         .unwrap_or(0);
[INFO] [stdout]    |          ^^^^^^^^^ method not found in `!`
[INFO] [stdout] 
[INFO] [stdout] 
[INFO] [stdout] warning: method call on a diverging inference variable
[INFO] [stdout]   --> src/repositories/user_dashboard_repository.rs:41:10
[INFO] [stdout]    |
[INFO] [stdout] 41 |         .unwrap_or(0);
[INFO] [stdout]    |          ^^^^^^^^^
[INFO] [stdout]    |
[INFO] [stdout]    = help: consider providing a type annotation
[INFO] [stdout]    = warning: this was previously accepted by the compiler but is being phased out; it will become a hard error in a future release!
[INFO] [stdout]    = note: for more information, see issue #156047 <https://github.com/rust-lang/rust/issues/156047>
[INFO] [stdout] 
[INFO] [stdout] 
[INFO] [stdout] error[E0599]: no method named `unwrap_or` found for type `!` in the current scope
[INFO] [stdout]   --> src/repositories/user_dashboard_repository.rs:41:10
[INFO] [stdout]    |
[INFO] [stdout] 35 |         let cancelled: i64 = sqlx::query_scalar!(
[INFO] [stdout] 36 |             "SELECT COUNT(*) FROM disposal_requests WHERE user_id = $1 AND status = 'Cancelled'",
[INFO] [stdout] 37 |             user_id
[INFO] [stdout] 38 |         )
[INFO] [stdout] 39 |         .fetch_one(pool)
[INFO] [stdout] 40 |         .await?
[INFO] [stdout] 41 |         .unwrap_or(0);
[INFO] [stdout]    |          ^^^^^^^^^ method not found in `!`
[INFO] [stdout] 
[INFO] [stdout] 
[INFO] [stdout] error[E0599]: no method named `unwrap_or` found for type `!` in the current scope
[INFO] [stdout]   --> src/repositories/user_dashboard_repository.rs:17:10
[INFO] [stdout]    |
[INFO] [stdout] 11 |         let pending: i64 = sqlx::query_scalar!(
[INFO] [stdout] 12 |             "SELECT COUNT(*) FROM disposal_requests WHERE user_id = $1 AND status = 'Pending'",
[INFO] [stdout] 13 |             user_id
[INFO] [stdout] 14 |         )
[INFO] [stdout] 15 |         .fetch_one(pool)
[INFO] [stdout] 16 |         .await?
[INFO] [stdout] 17 |         .unwrap_or(0);
[INFO] [stdout]    |          ^^^^^^^^^ method not found in `!`
[INFO] [stdout] 
[INFO] [stdout] 
[INFO] [stdout] warning: method call on a diverging inference variable
[INFO] [stdout]   --> src/repositories/user_dashboard_repository.rs:25:10
[INFO] [stdout]    |
[INFO] [stdout] 25 |         .unwrap_or(0);
[INFO] [stdout]    |          ^^^^^^^^^
[INFO] [stdout]    |
[INFO] [stdout]    = help: consider providing a type annotation
[INFO] [stdout]    = warning: this was previously accepted by the compiler but is being phased out; it will become a hard error in a future release!
[INFO] [stdout]    = note: for more information, see issue #156047 <https://github.com/rust-lang/rust/issues/156047>
[INFO] [stdout] 
[INFO] [stdout] 
[INFO] [stdout] error[E0599]: no method named `unwrap_or` found for type `!` in the current scope
[INFO] [stdout]   --> src/repositories/user_dashboard_repository.rs:25:10
[INFO] [stdout]    |
[INFO] [stdout] 19 |         let approved: i64 = sqlx::query_scalar!(
[INFO] [stdout] 20 |             "SELECT COUNT(*) FROM disposal_requests WHERE user_id = $1 AND status = 'Approved'",
[INFO] [stdout] 21 |             user_id
[INFO] [stdout] 22 |         )
[INFO] [stdout] 23 |         .fetch_one(pool)
[INFO] [stdout] 24 |         .await?
[INFO] [stdout] 25 |         .unwrap_or(0);
[INFO] [stdout]    |          ^^^^^^^^^ method not found in `!`
[INFO] [stdout] 
[INFO] [stdout] 
[INFO] [stdout] warning: method call on a diverging inference variable
[INFO] [stdout]   --> src/repositories/user_dashboard_repository.rs:33:10
[INFO] [stdout]    |
[INFO] [stdout] 33 |         .unwrap_or(0);
[INFO] [stdout]    |          ^^^^^^^^^
[INFO] [stdout]    |
[INFO] [stdout]    = help: consider providing a type annotation
[INFO] [stdout]    = warning: this was previously accepted by the compiler but is being phased out; it will become a hard error in a future release!
[INFO] [stdout]    = note: for more information, see issue #156047 <https://github.com/rust-lang/rust/issues/156047>
[INFO] [stdout] 
[INFO] [stdout] 
[INFO] [stdout] error[E0599]: no method named `unwrap_or` found for type `!` in the current scope
[INFO] [stdout]   --> src/repositories/user_dashboard_repository.rs:33:10
[INFO] [stdout]    |
[INFO] [stdout] 27 |         let completed: i64 = sqlx::query_scalar!(
[INFO] [stdout] 28 |             "SELECT COUNT(*) FROM disposal_requests WHERE user_id = $1 AND status = 'Completed'",
[INFO] [stdout] 29 |             user_id
[INFO] [stdout] 30 |         )
[INFO] [stdout] 31 |         .fetch_one(pool)
[INFO] [stdout] 32 |         .await?
[INFO] [stdout] 33 |         .unwrap_or(0);
[INFO] [stdout]    |          ^^^^^^^^^ method not found in `!`
[INFO] [stdout] 
[INFO] [stdout] 
[INFO] [stdout] warning: method call on a diverging inference variable
[INFO] [stdout]   --> src/repositories/user_dashboard_repository.rs:41:10
[INFO] [stdout]    |
[INFO] [stdout] 41 |         .unwrap_or(0);
[INFO] [stdout]    |          ^^^^^^^^^
[INFO] [stdout]    |
[INFO] [stdout]    = help: consider providing a type annotation
[INFO] [stdout]    = warning: this was previously accepted by the compiler but is being phased out; it will become a hard error in a future release!
[INFO] [stdout]    = note: for more information, see issue #156047 <https://github.com/rust-lang/rust/issues/156047>
[INFO] [stdout] 
[INFO] [stdout] 
[INFO] [stdout] error[E0599]: no method named `unwrap_or` found for type `!` in the current scope
[INFO] [stdout]   --> src/repositories/user_dashboard_repository.rs:41:10
[INFO] [stdout]    |
[INFO] [stdout] 35 |         let cancelled: i64 = sqlx::query_scalar!(
[INFO] [stdout] 36 |             "SELECT COUNT(*) FROM disposal_requests WHERE user_id = $1 AND status = 'Cancelled'",
[INFO] [stdout] 37 |             user_id
[INFO] [stdout] 38 |         )
[INFO] [stdout] 39 |         .fetch_one(pool)
[INFO] [stdout] 40 |         .await?
[INFO] [stdout] 41 |         .unwrap_or(0);
[INFO] [stdout]    |          ^^^^^^^^^ method not found in `!`
[INFO] [stdout] 
[INFO] [stdout] 
[INFO] [stdout] For more information about this error, try `rustc --explain E0599`.
[INFO] [stdout] 
[INFO] [stderr] error: could not compile `ecopoint` (bin "ecopoint") due to 48 previous errors; 25 warnings emitted
[INFO] [stderr] warning: build failed, waiting for other jobs to finish...
[INFO] [stdout] For more information about this error, try `rustc --explain E0599`.
[INFO] [stdout] 
[INFO] [stderr] error: could not compile `ecopoint` (bin "ecopoint" test) due to 48 previous errors; 25 warnings emitted
[INFO] [stderr] warning: unused dependency `reqwest`
[INFO] [stderr]   --> Cargo.toml:25:15
[INFO] [stderr]    |
[INFO] [stderr] 25 | [dependencies.reqwest]
[INFO] [stderr]    |               ^^^^^^^^
[INFO] [stderr]    |
[INFO] [stderr]    = note: `cargo::unused_dependencies` is set to `warn` by default
[INFO] [stderr] help: consider removing the dependency on `reqwest`
[INFO] [stderr] warning: unused dependency `tower-cookies`
[INFO] [stderr]   --> Cargo.toml:13:1
[INFO] [stderr]    |
[INFO] [stderr] 13 | tower-cookies = "0.11"
[INFO] [stderr]    | ^^^^^^^^^^^^^^^^^^^^^^
[INFO] [stderr]    |
[INFO] [stderr] help: consider removing the dependency on `tower-cookies`
[INFO] [stderr] warning: `ecopoint` (manifest) generated 2 warnings
[INFO] running `Command { std: "docker" "inspect" "39d8ad3d5392ea15f3c1993783537a00287883b69da1d2973ab1c97a9bfc0f57", kill_on_drop: false }`
[INFO] running `Command { std: "docker" "rm" "-f" "39d8ad3d5392ea15f3c1993783537a00287883b69da1d2973ab1c97a9bfc0f57", kill_on_drop: false }`
[INFO] [stdout] 39d8ad3d5392ea15f3c1993783537a00287883b69da1d2973ab1c97a9bfc0f57
