[INFO] cloning repository https://github.com/peavey2787/code-observatory
[INFO] running `Command { std: "git" "-c" "credential.helper=" "-c" "credential.helper=/workspace/cargo-home/bin/git-credential-null" "clone" "--bare" "https://github.com/peavey2787/code-observatory" "/workspace/cache/git-repos/https%3A%2F%2Fgithub.com%2Fpeavey2787%2Fcode-observatory", kill_on_drop: false }`
[INFO] [stderr] Cloning into bare repository '/workspace/cache/git-repos/https%3A%2F%2Fgithub.com%2Fpeavey2787%2Fcode-observatory'...
[INFO] running `Command { std: "git" "rev-parse" "HEAD", kill_on_drop: false }`
[INFO] [stdout] 9147d3fc935c78ee891aba6db93a6517e0a692e2
[INFO] checking peavey2787/code-observatory against 3154cc1a3e6424e44f438a95007d043ed5ceaaf6 for pr-133502-30
[INFO] running `Command { std: "git" "clone" "/workspace/cache/git-repos/https%3A%2F%2Fgithub.com%2Fpeavey2787%2Fcode-observatory" "/workspace/builds/worker-7-tc2/source", kill_on_drop: false }`
[INFO] [stderr] Cloning into '/workspace/builds/worker-7-tc2/source'...
[INFO] [stderr] done.
[INFO] removed /workspace/builds/worker-7-tc2/source/rust-toolchain.toml
[INFO] started tweaking git repo https://github.com/peavey2787/code-observatory
[INFO] finished tweaking git repo https://github.com/peavey2787/code-observatory
[INFO] tweaked toml for git repo https://github.com/peavey2787/code-observatory written to /workspace/builds/worker-7-tc2/source/Cargo.toml
[INFO] validating manifest of git repo https://github.com/peavey2787/code-observatory on toolchain 3154cc1a3e6424e44f438a95007d043ed5ceaaf6
[INFO] running `Command { std: CARGO_HOME="/workspace/cargo-home" RUSTUP_HOME="/workspace/rustup-home" "/workspace/cargo-home/bin/cargo" "+3154cc1a3e6424e44f438a95007d043ed5ceaaf6" "metadata" "--manifest-path" "Cargo.toml" "--no-deps", kill_on_drop: false }`
[INFO] crate git repo https://github.com/peavey2787/code-observatory already has a lockfile, it will not be regenerated
[INFO] running `Command { std: CARGO_HOME="/workspace/cargo-home" RUSTUP_HOME="/workspace/rustup-home" "/workspace/cargo-home/bin/cargo" "+3154cc1a3e6424e44f438a95007d043ed5ceaaf6" "fetch" "--manifest-path" "Cargo.toml", kill_on_drop: false }`
[INFO] running `Command { std: "docker" "create" "-v" "/var/lib/crater-agent-workspace/builds/worker-7-tc2/source:/opt/rustwide/workdir:ro,Z" "-v" "/var/lib/crater-agent-workspace/builds/worker-7-tc2/target:/opt/rustwide/target:rw,Z" "-v" "/var/lib/crater-agent-workspace/cargo-home:/opt/rustwide/cargo-home:ro,Z" "-v" "/var/lib/crater-agent-workspace/rustup-home:/opt/rustwide/rustup-home:ro,Z" "-m" "1610612736" "--network" "none" "ghcr.io/rust-lang/crates-build-env/linux@sha256:77db811e55d90add9212f6832c23229e3de5f1c1f9905e8cb07319ea15df73ac" "sleep" "infinity", kill_on_drop: false }`
[INFO] [stdout] 6cb61537e4cf0bdbcc149c9899cd4cc3cdf1067f5aaa6c95fdff897b00bb34f8
[INFO] running `Command { std: "docker" "start" "6cb61537e4cf0bdbcc149c9899cd4cc3cdf1067f5aaa6c95fdff897b00bb34f8", kill_on_drop: false }`
[INFO] running `Command { std: "docker" "inspect" "6cb61537e4cf0bdbcc149c9899cd4cc3cdf1067f5aaa6c95fdff897b00bb34f8", kill_on_drop: false }`
[INFO] running `Command { std: "docker" "exec" "-e" "SOURCE_DIR=/opt/rustwide/workdir" "-e" "CARGO_HOME=/opt/rustwide/cargo-home" "-e" "RUSTUP_HOME=/opt/rustwide/rustup-home" "-e" "CARGO_TARGET_DIR=/opt/rustwide/target" "-w" "/opt/rustwide/workdir" "--user" "0:0" "6cb61537e4cf0bdbcc149c9899cd4cc3cdf1067f5aaa6c95fdff897b00bb34f8" "/opt/rustwide/cargo-home/bin/cargo" "+3154cc1a3e6424e44f438a95007d043ed5ceaaf6" "metadata" "--no-deps" "--format-version=1", kill_on_drop: false }`
[INFO] running `Command { std: "docker" "inspect" "6cb61537e4cf0bdbcc149c9899cd4cc3cdf1067f5aaa6c95fdff897b00bb34f8", kill_on_drop: false }`
[INFO] running `Command { std: "docker" "exec" "-e" "SOURCE_DIR=/opt/rustwide/workdir" "-e" "CARGO_HOME=/opt/rustwide/cargo-home" "-e" "RUSTUP_HOME=/opt/rustwide/rustup-home" "-e" "CARGO_TARGET_DIR=/opt/rustwide/target" "-e" "CARGO_INCREMENTAL=0" "-e" "RUST_BACKTRACE=full" "-e" "RUSTFLAGS=--cap-lints=forbid" "-e" "RUSTDOCFLAGS=--cap-lints=forbid" "-w" "/opt/rustwide/workdir" "--user" "0:0" "6cb61537e4cf0bdbcc149c9899cd4cc3cdf1067f5aaa6c95fdff897b00bb34f8" "/opt/rustwide/cargo-home/bin/cargo" "+3154cc1a3e6424e44f438a95007d043ed5ceaaf6" "check" "--frozen" "--all" "--all-targets" "--message-format=json", kill_on_drop: false }`
[INFO] [stderr]    Compiling syn v3.0.3
[INFO] [stderr]     Checking getrandom v0.4.3
[INFO] [stderr]     Checking wayland-backend v0.3.16
[INFO] [stderr]    Compiling zerovec-derive v0.11.3
[INFO] [stderr]     Checking aho-corasick v1.1.4
[INFO] [stderr]     Checking regex-syntax v0.8.11
[INFO] [stderr]    Compiling serde_json v1.0.151
[INFO] [stderr]     Checking sha2 v0.10.9
[INFO] [stderr]     Checking uuid v1.24.0
[INFO] [stderr]    Compiling bytemuck_derive v1.11.0
[INFO] [stderr]    Compiling tree-sitter-python v0.23.6
[INFO] [stderr]    Compiling tree-sitter-rust v0.24.2
[INFO] [stderr]    Compiling tree-sitter-typescript v0.23.2
[INFO] [stderr]    Compiling tree-sitter-c-sharp v0.23.5
[INFO] [stderr]    Compiling tree-sitter-cpp v0.23.4
[INFO] [stderr]     Checking wayland-client v0.31.15
[INFO] [stderr]    Compiling tree-sitter-go v0.23.4
[INFO] [stderr]    Compiling tree-sitter-javascript v0.23.1
[INFO] [stderr]     Checking zerovec v0.11.6
[INFO] [stderr]     Checking bytemuck v1.25.2
[INFO] [stderr]    Compiling tree-sitter v0.25.10
[INFO] [stderr]     Checking tracing v0.1.44
[INFO] [stderr]     Checking regex-automata v0.4.16
[INFO] [stderr]     Checking potential_utf v0.1.5
[INFO] [stderr]     Checking wayland-protocols v0.32.13
[INFO] [stderr]    Compiling toml_edit v0.25.13+spec-1.1.0
[INFO] [stderr]     Checking regex v1.13.1
[INFO] [stderr]     Checking bstr v1.13.0
[INFO] [stderr]    Compiling blake3 v1.8.5
[INFO] [stderr]     Checking globset v0.4.19
[INFO] [stderr]    Compiling proc-macro-crate v3.5.0
[INFO] [stderr]     Checking wayland-csd-frame v0.3.0
[INFO] [stderr]     Checking wayland-cursor v0.31.14
[INFO] [stderr]     Checking ahash v0.8.12
[INFO] [stderr]     Checking parking_lot_core v0.9.12
[INFO] [stderr]     Checking async-channel v2.5.0
[INFO] [stderr]     Checking either v1.17.0
[INFO] [stderr]    Compiling serde_derive v1.0.229
[INFO] [stderr]    Compiling displaydoc v0.2.7
[INFO] [stderr]    Compiling thiserror-impl v2.0.19
[INFO] [stderr]     Checking parking_lot v0.12.5
[INFO] [stderr]     Checking rayon v1.12.0
[INFO] [stderr]     Checking syn v2.0.119
[INFO] [stderr]     Checking calloop v0.13.0
[INFO] [stderr]     Checking tinystr v0.8.3
[INFO] [stderr]     Checking zerotrie v0.2.4
[INFO] [stderr]     Checking icu_locale_core v2.2.0
[INFO] [stderr]     Checking icu_collections v2.2.0
[INFO] [stderr]     Checking x11-dl v2.21.0
[INFO] [stderr]     Checking async-io v2.6.0
[INFO] [stderr]     Checking ignore v0.4.31
[INFO] [stderr]     Checking thiserror v2.0.19
[INFO] [stderr]     Checking emath v0.31.1
[INFO] [stderr]     Checking icu_provider v2.2.0
[INFO] [stderr]     Checking fs2 v0.4.3
[INFO] [stderr]    Compiling inotify-sys v0.1.8
[INFO] [stderr]     Checking x11rb v0.13.2
[INFO] [stderr]     Checking ecolor v0.31.1
[INFO] [stderr]     Checking icu_properties v2.2.0
[INFO] [stderr]     Checking icu_normalizer v2.2.0
[INFO] [stderr]     Checking calloop-wayland-source v0.3.0
[INFO] [stderr]     Checking blocking v1.6.2
[INFO] [stderr]    Compiling winit v0.30.13
[INFO] [stderr]     Checking calloop v0.14.4
[INFO] [stderr]     Checking epaint v0.31.1
[INFO] [stderr]     Checking calloop-wayland-source v0.4.1
[INFO] [stderr]     Checking serde v1.0.229
[INFO] [stderr]     Checking async-signal v0.2.14
[INFO] [stderr]     Checking wayland-protocols-wlr v0.3.12
[INFO] [stderr]     Checking wayland-protocols-misc v0.3.12
[INFO] [stderr]     Checking wayland-protocols-experimental v20250721.0.1
[INFO] [stderr]    Compiling zvariant_utils v3.5.0
[INFO] [stderr]    Compiling enumflags2 v0.7.12
[INFO] [stderr]     Checking chrono v0.4.45
[INFO] [stderr]     Checking toml_datetime v0.6.11
[INFO] [stderr]     Checking serde_spanned v0.6.9
[INFO] [stderr]     Checking idna_adapter v1.2.2
[INFO] [stderr]     Checking wayland-protocols-plasma v0.3.12
[INFO] [stderr]     Checking idna v1.1.0
[INFO] [stderr]     Checking toml_edit v0.22.27
[INFO] [stderr]     Checking tempfile v3.27.0
[INFO] [stderr]    Compiling zvariant_derive v5.13.1
[INFO] [stderr]     Checking image v0.25.10
[INFO] [stderr]     Checking egui v0.31.1
[INFO] [stderr]     Checking url v2.5.8
[INFO] [stderr]     Checking smithay-client-toolkit v0.19.2
[INFO] [stderr]     Checking smithay-client-toolkit v0.20.0
[INFO] [stderr]     Checking observatory-domain v0.1.0 (/opt/rustwide/workdir/crates/observatory-domain)
[INFO] [stderr]    Compiling zvariant v5.13.1
[INFO] [stderr]     Checking toml v0.8.23
[INFO] [stderr]     Checking async-process v2.5.0
[INFO] [stderr]     Checking inotify v0.11.4
[INFO] [stderr]     Checking glutin_glx_sys v0.6.1
[INFO] [stderr]    Compiling async-trait v0.1.91
[INFO] [stderr]    Compiling serde_repr v0.1.21
[INFO] [stderr]     Checking async-broadcast v0.7.2
[INFO] [stderr]    Compiling glutin-winit v0.5.0
[INFO] [stderr]     Checking observatory-project-state v0.1.0 (/opt/rustwide/workdir/crates/observatory-project-state)
[INFO] [stderr]     Checking observatory-languages v0.1.0 (/opt/rustwide/workdir/crates/observatory-languages)
[INFO] [stderr]    Compiling futures-macro v0.3.33
[INFO] [stderr]     Checking mio v1.2.2
[INFO] [stderr]     Checking notify-types v2.1.0
[INFO] [stderr]     Checking glutin v0.32.3
[INFO] [stderr]     Checking notify v8.2.0
[INFO] [stderr]     Checking observatory-config v0.1.0 (/opt/rustwide/workdir/crates/observatory-config)
[INFO] [stderr]     Checking futures-util v0.3.33
[INFO] [stderr]     Checking smithay-clipboard v0.7.3
[INFO] [stderr]     Checking arboard v3.6.1
[INFO] [stderr]     Checking webbrowser v1.2.2
[INFO] [stderr]     Checking observatory-git v0.1.0 (/opt/rustwide/workdir/crates/observatory-git)
[INFO] [stderr]    Compiling zbus_names v4.3.4
[INFO] [stderr]     Checking observatory-guard v0.1.0 (/opt/rustwide/workdir/crates/observatory-guard)
[INFO] [stderr]     Checking observatory-analysis v0.1.0 (/opt/rustwide/workdir/crates/observatory-analysis)
[INFO] [stderr]     Checking rand v0.9.5
[INFO] [stderr]     Checking async-fs v2.2.0
[INFO] [stderr]     Checking async-net v2.0.0
[INFO] [stderr]     Checking futures-channel v0.3.33
[INFO] [stderr]     Checking crossbeam-channel v0.5.16
[INFO] [stderr]    Compiling rfd v0.15.4
[INFO] [stderr]     Checking egui_glow v0.31.1
[INFO] [stderr]     Checking observatory-headless v0.1.0 (/opt/rustwide/workdir/examples/headless-scan)
[INFO] [stderr]    Compiling zbus_macros v5.18.0
[INFO] [stderr]     Checking observatory-engine v0.1.0 (/opt/rustwide/workdir/crates/observatory-engine)
[INFO] [stderr]     Checking egui-winit v0.31.1
[INFO] [stderr]     Checking eframe v0.31.1
[INFO] [stderr]     Checking zbus v5.18.0
[INFO] [stderr]     Checking ashpd v0.11.1
[INFO] [stderr]     Checking code-observatory-app v0.1.0 (/opt/rustwide/workdir/crates/observatory-app)
[INFO] [stdout] error[E0433]: cannot find module or crate `chrono` in this scope
[INFO] [stdout]    --> crates/observatory-app/src/app/observe/support/topology_tests.rs:111:22
[INFO] [stdout]     |
[INFO] [stdout] 111 |         captured_at: chrono::Utc::now(),
[INFO] [stdout]     |                      ^^^^^^ use of unresolved module or unlinked crate `chrono`
[INFO] [stdout]     |
[INFO] [stdout]     = help: if you wanted to use a crate named `chrono`, use `cargo add chrono` to add it to your `Cargo.toml`
[INFO] [stdout] 
[INFO] [stdout] 
[INFO] [stdout] error[E0061]: this method takes 1 argument but 2 arguments were supplied
[INFO] [stdout]    --> crates/observatory-app/src/app/observe/support/model_tests.rs:105:24
[INFO] [stdout]     |
[INFO] [stdout] 105 |     let first = popout.projected_graph(&graph, true);
[INFO] [stdout]     |                        ^^^^^^^^^^^^^^^         ---- unexpected argument #2 of type `bool`
[INFO] [stdout]     |
[INFO] [stdout] note: method defined here
[INFO] [stdout]    --> crates/observatory-app/src/app/observe/support/popout_state.rs:63:12
[INFO] [stdout]     |
[INFO] [stdout]  63 |     pub fn projected_graph(
[INFO] [stdout]     |            ^^^^^^^^^^^^^^^
[INFO] [stdout] help: remove the extra argument
[INFO] [stdout]     |
[INFO] [stdout] 105 -     let first = popout.projected_graph(&graph, true);
[INFO] [stdout] 105 +     let first = popout.projected_graph(&graph);
[INFO] [stdout]     |
[INFO] [stdout] 
[INFO] [stdout] 
[INFO] [stdout] error[E0061]: this method takes 1 argument but 2 arguments were supplied
[INFO] [stdout]    --> crates/observatory-app/src/app/observe/support/model_tests.rs:106:25
[INFO] [stdout]     |
[INFO] [stdout] 106 |     let second = popout.projected_graph(&graph, true);
[INFO] [stdout]     |                         ^^^^^^^^^^^^^^^         ---- unexpected argument #2 of type `bool`
[INFO] [stdout]     |
[INFO] [stdout] note: method defined here
[INFO] [stdout]    --> crates/observatory-app/src/app/observe/support/popout_state.rs:63:12
[INFO] [stdout]     |
[INFO] [stdout]  63 |     pub fn projected_graph(
[INFO] [stdout]     |            ^^^^^^^^^^^^^^^
[INFO] [stdout] help: remove the extra argument
[INFO] [stdout]     |
[INFO] [stdout] 106 -     let second = popout.projected_graph(&graph, true);
[INFO] [stdout] 106 +     let second = popout.projected_graph(&graph);
[INFO] [stdout]     |
[INFO] [stdout] 
[INFO] [stdout] 
[INFO] [stdout] Some errors have detailed explanations: E0061, E0433.
[INFO] [stdout] 
[INFO] [stdout] For more information about an error, try `rustc --explain E0061`.
[INFO] [stdout] 
[INFO] [stderr] error: could not compile `code-observatory-app` (bin "code-observatory" test) due to 3 previous errors
[INFO] [stderr] warning: unused dependency `uuid`
[INFO] [stderr]   --> crates/observatory-domain/Cargo.toml:11:1
[INFO] [stderr]    |
[INFO] [stderr] 11 | uuid.workspace = true
[INFO] [stderr]    | ^^^^
[INFO] [stderr]    |
[INFO] [stderr]    = note: `cargo::unused_dependencies` is set to `warn` by default
[INFO] [stderr] help: consider removing the dependency on `uuid`
[INFO] [stderr] warning: `observatory-domain` (manifest) generated 1 warning
[INFO] running `Command { std: "docker" "inspect" "6cb61537e4cf0bdbcc149c9899cd4cc3cdf1067f5aaa6c95fdff897b00bb34f8", kill_on_drop: false }`
[INFO] running `Command { std: "docker" "rm" "-f" "6cb61537e4cf0bdbcc149c9899cd4cc3cdf1067f5aaa6c95fdff897b00bb34f8", kill_on_drop: false }`
[INFO] [stdout] 6cb61537e4cf0bdbcc149c9899cd4cc3cdf1067f5aaa6c95fdff897b00bb34f8
