[INFO] cloning repository https://github.com/paulusminus/console-logger-wasi
[INFO] running `Command { std: "git" "-c" "credential.helper=" "-c" "credential.helper=/workspace/cargo-home/bin/git-credential-null" "clone" "--bare" "https://github.com/paulusminus/console-logger-wasi" "/workspace/cache/git-repos/https%3A%2F%2Fgithub.com%2Fpaulusminus%2Fconsole-logger-wasi", kill_on_drop: false }`
[INFO] [stderr] Cloning into bare repository '/workspace/cache/git-repos/https%3A%2F%2Fgithub.com%2Fpaulusminus%2Fconsole-logger-wasi'...
[INFO] running `Command { std: "git" "rev-parse" "HEAD", kill_on_drop: false }`
[INFO] [stdout] caf52c1effbd9aff725e69bfeadab95db56aa826
[INFO] checking paulusminus/console-logger-wasi against 3154cc1a3e6424e44f438a95007d043ed5ceaaf6 for pr-133502-30
[INFO] running `Command { std: "git" "clone" "/workspace/cache/git-repos/https%3A%2F%2Fgithub.com%2Fpaulusminus%2Fconsole-logger-wasi" "/workspace/builds/worker-2-tc2/source", kill_on_drop: false }`
[INFO] [stderr] Cloning into '/workspace/builds/worker-2-tc2/source'...
[INFO] [stderr] done.
[INFO] removed /workspace/builds/worker-2-tc2/source/.cargo/config.toml
[INFO] started tweaking git repo https://github.com/paulusminus/console-logger-wasi
[INFO] finished tweaking git repo https://github.com/paulusminus/console-logger-wasi
[INFO] tweaked toml for git repo https://github.com/paulusminus/console-logger-wasi written to /workspace/builds/worker-2-tc2/source/Cargo.toml
[INFO] validating manifest of git repo https://github.com/paulusminus/console-logger-wasi on toolchain 3154cc1a3e6424e44f438a95007d043ed5ceaaf6
[INFO] running `Command { std: CARGO_HOME="/workspace/cargo-home" RUSTUP_HOME="/workspace/rustup-home" "/workspace/cargo-home/bin/cargo" "+3154cc1a3e6424e44f438a95007d043ed5ceaaf6" "metadata" "--manifest-path" "Cargo.toml" "--no-deps", kill_on_drop: false }`
[INFO] crate git repo https://github.com/paulusminus/console-logger-wasi already has a lockfile, it will not be regenerated
[INFO] running `Command { std: CARGO_HOME="/workspace/cargo-home" RUSTUP_HOME="/workspace/rustup-home" "/workspace/cargo-home/bin/cargo" "+3154cc1a3e6424e44f438a95007d043ed5ceaaf6" "fetch" "--manifest-path" "Cargo.toml", kill_on_drop: false }`
[INFO] running `Command { std: "docker" "create" "-v" "/var/lib/crater-agent-workspace/builds/worker-2-tc2/source:/opt/rustwide/workdir:ro,Z" "-v" "/var/lib/crater-agent-workspace/builds/worker-2-tc2/target:/opt/rustwide/target:rw,Z" "-v" "/var/lib/crater-agent-workspace/cargo-home:/opt/rustwide/cargo-home:ro,Z" "-v" "/var/lib/crater-agent-workspace/rustup-home:/opt/rustwide/rustup-home:ro,Z" "-m" "1610612736" "--network" "none" "ghcr.io/rust-lang/crates-build-env/linux@sha256:77db811e55d90add9212f6832c23229e3de5f1c1f9905e8cb07319ea15df73ac" "sleep" "infinity", kill_on_drop: false }`
[INFO] [stdout] 36186f238109f4f0ff92e89d7e3546c959b816cf5817fe856bea7e4ca5641ac3
[INFO] running `Command { std: "docker" "start" "36186f238109f4f0ff92e89d7e3546c959b816cf5817fe856bea7e4ca5641ac3", kill_on_drop: false }`
[INFO] running `Command { std: "docker" "inspect" "36186f238109f4f0ff92e89d7e3546c959b816cf5817fe856bea7e4ca5641ac3", kill_on_drop: false }`
[INFO] running `Command { std: "docker" "exec" "-e" "SOURCE_DIR=/opt/rustwide/workdir" "-e" "CARGO_HOME=/opt/rustwide/cargo-home" "-e" "RUSTUP_HOME=/opt/rustwide/rustup-home" "-e" "CARGO_TARGET_DIR=/opt/rustwide/target" "-w" "/opt/rustwide/workdir" "--user" "0:0" "36186f238109f4f0ff92e89d7e3546c959b816cf5817fe856bea7e4ca5641ac3" "/opt/rustwide/cargo-home/bin/cargo" "+3154cc1a3e6424e44f438a95007d043ed5ceaaf6" "metadata" "--no-deps" "--format-version=1", kill_on_drop: false }`
[INFO] running `Command { std: "docker" "inspect" "36186f238109f4f0ff92e89d7e3546c959b816cf5817fe856bea7e4ca5641ac3", kill_on_drop: false }`
[INFO] running `Command { std: "docker" "exec" "-e" "SOURCE_DIR=/opt/rustwide/workdir" "-e" "CARGO_HOME=/opt/rustwide/cargo-home" "-e" "RUSTUP_HOME=/opt/rustwide/rustup-home" "-e" "CARGO_TARGET_DIR=/opt/rustwide/target" "-e" "CARGO_INCREMENTAL=0" "-e" "RUST_BACKTRACE=full" "-e" "RUSTFLAGS=--cap-lints=forbid" "-e" "RUSTDOCFLAGS=--cap-lints=forbid" "-w" "/opt/rustwide/workdir" "--user" "0:0" "36186f238109f4f0ff92e89d7e3546c959b816cf5817fe856bea7e4ca5641ac3" "/opt/rustwide/cargo-home/bin/cargo" "+3154cc1a3e6424e44f438a95007d043ed5ceaaf6" "check" "--frozen" "--all" "--all-targets" "--message-format=json", kill_on_drop: false }`
[INFO] [stderr]    Compiling unicode-ident v1.0.26
[INFO] [stderr]    Compiling zmij v1.0.23
[INFO] [stderr]    Compiling wasmparser v0.259.0
[INFO] [stderr]     Checking futures-core v0.3.34
[INFO] [stderr]    Compiling wit-bindgen-rust v0.62.0
[INFO] [stderr]     Checking futures-sink v0.3.34
[INFO] [stderr]    Compiling wit-bindgen-rust-macro v0.62.0
[INFO] [stderr]     Checking futures-task v0.3.34
[INFO] [stderr]     Checking slab v0.4.12
[INFO] [stderr]    Compiling proc-macro2 v1.0.107
[INFO] [stderr]     Checking futures-channel v0.3.34
[INFO] [stderr]    Compiling wit-bindgen v0.62.0
[INFO] [stderr]     Checking futures-io v0.3.34
[INFO] [stderr]     Checking bitflags v2.13.2
[INFO] [stderr]     Checking humantime v2.4.0
[INFO] [stderr]     Checking futures-util v0.3.34
[INFO] [stderr]    Compiling serde_json v1.0.151
[INFO] [stderr]    Compiling quote v1.0.47
[INFO] [stderr]    Compiling syn v3.0.6
[INFO] [stderr]     Checking futures v0.3.34
[INFO] [stderr]    Compiling prettyplease v0.3.0
[INFO] [stderr]    Compiling macro-string v0.3.0
[INFO] [stderr]    Compiling serde_derive v1.0.229
[INFO] [stderr]    Compiling wit-parser v0.259.0
[INFO] [stderr]    Compiling wasm-encoder v0.259.0
[INFO] [stderr]    Compiling wasm-metadata v0.259.0
[INFO] [stderr]    Compiling wit-bindgen-core v0.62.0
[INFO] [stderr]    Compiling wit-component v0.259.0
[INFO] [stderr]     Checking console-logger-wasi v0.1.2 (/opt/rustwide/workdir)
[INFO] [stdout] error: failed to resolve directory while parsing WIT for path [/opt/rustwide/workdir/wit]
[INFO] [stdout]        
[INFO] [stdout]        Caused by:
[INFO] [stdout]          package 'wasi:clocks@0.3.0' not found. known packages:
[INFO] [stdout]            pm:console-logger@0.1.0
[INFO] [stdout]   --> src/lib.rs:14:5
[INFO] [stdout]    |
[INFO] [stdout] 14 | /     wit_bindgen::generate!({
[INFO] [stdout] 15 | |         world: "exports",
[INFO] [stdout] 16 | |         generate_all,
[INFO] [stdout] 17 | |     });
[INFO] [stdout]    | |______^
[INFO] [stdout]    |
[INFO] [stdout]    = note: this error originates in the macro `wit_bindgen::generate` (in Nightly builds, run with -Z macro-backtrace for more info)
[INFO] [stdout] 
[INFO] [stdout] 
[INFO] [stdout] error[E0433]: cannot find `exports` in `bindings`
[INFO] [stdout]  --> src/lib.rs:5:15
[INFO] [stdout]   |
[INFO] [stdout] 5 | use bindings::exports::wasi::logging::logging::Level;
[INFO] [stdout]   |               ^^^^^^^ could not find `exports` in `bindings`
[INFO] [stdout] 
[INFO] [stdout] 
[INFO] [stdout] error[E0433]: cannot find `wasi` in `bindings`
[INFO] [stdout]  --> src/lib.rs:6:15
[INFO] [stdout]   |
[INFO] [stdout] 6 | use bindings::wasi::cli::stdout;
[INFO] [stdout]   |               ^^^^ could not find `wasi` in `bindings`
[INFO] [stdout] 
[INFO] [stdout] 
[INFO] [stdout] error[E0433]: cannot find `wasi` in `bindings`
[INFO] [stdout]  --> src/lib.rs:7:15
[INFO] [stdout]   |
[INFO] [stdout] 7 | use bindings::wasi::clocks::system_clock::now;
[INFO] [stdout]   |               ^^^^ could not find `wasi` in `bindings`
[INFO] [stdout] 
[INFO] [stdout] 
[INFO] [stdout] error[E0433]: cannot find `wasi` in `bindings`
[INFO] [stdout]   --> src/lib.rs:10:22
[INFO] [stdout]    |
[INFO] [stdout] 10 | use crate::bindings::wasi::cli::stderr;
[INFO] [stdout]    |                      ^^^^ could not find `wasi` in `bindings`
[INFO] [stdout] 
[INFO] [stdout] 
[INFO] [stdout] error: cannot find macro `export` in this scope
[INFO] [stdout]   --> src/lib.rs:19:5
[INFO] [stdout]    |
[INFO] [stdout] 19 |     export!(Component);
[INFO] [stdout]    |     ^^^^^^
[INFO] [stdout] 
[INFO] [stdout] 
[INFO] [stdout] warning: unused import: `super::Component`
[INFO] [stdout]   --> src/lib.rs:18:9
[INFO] [stdout]    |
[INFO] [stdout] 18 |     use super::Component;
[INFO] [stdout]    |         ^^^^^^^^^^^^^^^^
[INFO] [stdout]    |
[INFO] [stdout]    = note: `#[warn(unused_imports)]` (part of `#[warn(unused)]`) on by default
[INFO] [stdout] 
[INFO] [stdout] 
[INFO] [stdout] For more information about this error, try `rustc --explain E0433`.
[INFO] [stdout] 
[INFO] [stderr] error: could not compile `console-logger-wasi` (lib) due to 6 previous errors; 1 warning emitted
[INFO] [stderr] warning: build failed, waiting for other jobs to finish...
[INFO] [stdout] error: failed to resolve directory while parsing WIT for path [/opt/rustwide/workdir/wit]
[INFO] [stdout]        
[INFO] [stdout]        Caused by:
[INFO] [stdout]          package 'wasi:clocks@0.3.0' not found. known packages:
[INFO] [stdout]            pm:console-logger@0.1.0
[INFO] [stdout]   --> src/lib.rs:14:5
[INFO] [stdout]    |
[INFO] [stdout] 14 | /     wit_bindgen::generate!({
[INFO] [stdout] 15 | |         world: "exports",
[INFO] [stdout] 16 | |         generate_all,
[INFO] [stdout] 17 | |     });
[INFO] [stdout]    | |______^
[INFO] [stdout]    |
[INFO] [stdout]    = note: this error originates in the macro `wit_bindgen::generate` (in Nightly builds, run with -Z macro-backtrace for more info)
[INFO] [stdout] 
[INFO] [stdout] 
[INFO] [stdout] error[E0433]: cannot find `exports` in `bindings`
[INFO] [stdout]  --> src/lib.rs:5:15
[INFO] [stdout]   |
[INFO] [stdout] 5 | use bindings::exports::wasi::logging::logging::Level;
[INFO] [stdout]   |               ^^^^^^^ could not find `exports` in `bindings`
[INFO] [stdout] 
[INFO] [stdout] 
[INFO] [stdout] error[E0433]: cannot find `wasi` in `bindings`
[INFO] [stdout]  --> src/lib.rs:6:15
[INFO] [stdout]   |
[INFO] [stdout] 6 | use bindings::wasi::cli::stdout;
[INFO] [stdout]   |               ^^^^ could not find `wasi` in `bindings`
[INFO] [stdout] 
[INFO] [stdout] 
[INFO] [stdout] error[E0433]: cannot find `wasi` in `bindings`
[INFO] [stdout]  --> src/lib.rs:7:15
[INFO] [stdout]   |
[INFO] [stdout] 7 | use bindings::wasi::clocks::system_clock::now;
[INFO] [stdout]   |               ^^^^ could not find `wasi` in `bindings`
[INFO] [stdout] 
[INFO] [stdout] 
[INFO] [stdout] error[E0433]: cannot find `wasi` in `bindings`
[INFO] [stdout]   --> src/lib.rs:10:22
[INFO] [stdout]    |
[INFO] [stdout] 10 | use crate::bindings::wasi::cli::stderr;
[INFO] [stdout]    |                      ^^^^ could not find `wasi` in `bindings`
[INFO] [stdout] 
[INFO] [stdout] 
[INFO] [stdout] error: cannot find macro `export` in this scope
[INFO] [stdout]   --> src/lib.rs:19:5
[INFO] [stdout]    |
[INFO] [stdout] 19 |     export!(Component);
[INFO] [stdout]    |     ^^^^^^
[INFO] [stdout] 
[INFO] [stdout] 
[INFO] [stdout] warning: unused import: `super::Component`
[INFO] [stdout]   --> src/lib.rs:18:9
[INFO] [stdout]    |
[INFO] [stdout] 18 |     use super::Component;
[INFO] [stdout]    |         ^^^^^^^^^^^^^^^^
[INFO] [stdout]    |
[INFO] [stdout]    = note: `#[warn(unused_imports)]` (part of `#[warn(unused)]`) on by default
[INFO] [stdout] 
[INFO] [stdout] 
[INFO] [stdout] For more information about this error, try `rustc --explain E0433`.
[INFO] [stdout] 
[INFO] [stderr] error: could not compile `console-logger-wasi` (lib test) due to 6 previous errors; 1 warning emitted
[INFO] running `Command { std: "docker" "inspect" "36186f238109f4f0ff92e89d7e3546c959b816cf5817fe856bea7e4ca5641ac3", kill_on_drop: false }`
[INFO] running `Command { std: "docker" "rm" "-f" "36186f238109f4f0ff92e89d7e3546c959b816cf5817fe856bea7e4ca5641ac3", kill_on_drop: false }`
[INFO] [stdout] 36186f238109f4f0ff92e89d7e3546c959b816cf5817fe856bea7e4ca5641ac3
