[INFO] cloning repository https://github.com/parrty/voxtype-win
[INFO] running `Command { std: "git" "-c" "credential.helper=" "-c" "credential.helper=/workspace/cargo-home/bin/git-credential-null" "clone" "--bare" "https://github.com/parrty/voxtype-win" "/workspace/cache/git-repos/https%3A%2F%2Fgithub.com%2Fparrty%2Fvoxtype-win", kill_on_drop: false }`
[INFO] [stderr] Cloning into bare repository '/workspace/cache/git-repos/https%3A%2F%2Fgithub.com%2Fparrty%2Fvoxtype-win'...
[INFO] running `Command { std: "git" "rev-parse" "HEAD", kill_on_drop: false }`
[INFO] [stdout] 49166605fdbb61345bc76c8e60bac70b689262d8
[INFO] checking parrty/voxtype-win against 3154cc1a3e6424e44f438a95007d043ed5ceaaf6+rustflags=-Znext-solver=coherence for pr-133502-30
[INFO] running `Command { std: "git" "clone" "/workspace/cache/git-repos/https%3A%2F%2Fgithub.com%2Fparrty%2Fvoxtype-win" "/workspace/builds/worker-2-tc1/source", kill_on_drop: false }`
[INFO] [stderr] Cloning into '/workspace/builds/worker-2-tc1/source'...
[INFO] [stderr] done.
[INFO] started tweaking git repo https://github.com/parrty/voxtype-win
[INFO] finished tweaking git repo https://github.com/parrty/voxtype-win
[INFO] tweaked toml for git repo https://github.com/parrty/voxtype-win written to /workspace/builds/worker-2-tc1/source/Cargo.toml
[INFO] validating manifest of git repo https://github.com/parrty/voxtype-win on toolchain 3154cc1a3e6424e44f438a95007d043ed5ceaaf6
[INFO] running `Command { std: CARGO_HOME="/workspace/cargo-home" RUSTUP_HOME="/workspace/rustup-home" "/workspace/cargo-home/bin/cargo" "+3154cc1a3e6424e44f438a95007d043ed5ceaaf6" "metadata" "--manifest-path" "Cargo.toml" "--no-deps", kill_on_drop: false }`
[INFO] crate git repo https://github.com/parrty/voxtype-win already has a lockfile, it will not be regenerated
[INFO] running `Command { std: CARGO_HOME="/workspace/cargo-home" RUSTUP_HOME="/workspace/rustup-home" "/workspace/cargo-home/bin/cargo" "+3154cc1a3e6424e44f438a95007d043ed5ceaaf6" "fetch" "--manifest-path" "Cargo.toml", kill_on_drop: false }`
[INFO] running `Command { std: "docker" "create" "-v" "/var/lib/crater-agent-workspace/builds/worker-2-tc1/source:/opt/rustwide/workdir:ro,Z" "-v" "/var/lib/crater-agent-workspace/builds/worker-2-tc1/target:/opt/rustwide/target:rw,Z" "-v" "/var/lib/crater-agent-workspace/cargo-home:/opt/rustwide/cargo-home:ro,Z" "-v" "/var/lib/crater-agent-workspace/rustup-home:/opt/rustwide/rustup-home:ro,Z" "-m" "1610612736" "--network" "none" "ghcr.io/rust-lang/crates-build-env/linux@sha256:77db811e55d90add9212f6832c23229e3de5f1c1f9905e8cb07319ea15df73ac" "sleep" "infinity", kill_on_drop: false }`
[INFO] [stdout] 7dcf7dc94ce00596a39760a11c1acf06b27fa9bf34fe5debc076e94b99ef4319
[INFO] running `Command { std: "docker" "start" "7dcf7dc94ce00596a39760a11c1acf06b27fa9bf34fe5debc076e94b99ef4319", kill_on_drop: false }`
[INFO] running `Command { std: "docker" "inspect" "7dcf7dc94ce00596a39760a11c1acf06b27fa9bf34fe5debc076e94b99ef4319", kill_on_drop: false }`
[INFO] running `Command { std: "docker" "exec" "-e" "SOURCE_DIR=/opt/rustwide/workdir" "-e" "CARGO_HOME=/opt/rustwide/cargo-home" "-e" "RUSTUP_HOME=/opt/rustwide/rustup-home" "-e" "CARGO_TARGET_DIR=/opt/rustwide/target" "-w" "/opt/rustwide/workdir" "--user" "0:0" "7dcf7dc94ce00596a39760a11c1acf06b27fa9bf34fe5debc076e94b99ef4319" "/opt/rustwide/cargo-home/bin/cargo" "+3154cc1a3e6424e44f438a95007d043ed5ceaaf6" "metadata" "--no-deps" "--format-version=1", kill_on_drop: false }`
[INFO] running `Command { std: "docker" "inspect" "7dcf7dc94ce00596a39760a11c1acf06b27fa9bf34fe5debc076e94b99ef4319", kill_on_drop: false }`
[INFO] running `Command { std: "docker" "exec" "-e" "SOURCE_DIR=/opt/rustwide/workdir" "-e" "CARGO_HOME=/opt/rustwide/cargo-home" "-e" "RUSTUP_HOME=/opt/rustwide/rustup-home" "-e" "CARGO_TARGET_DIR=/opt/rustwide/target" "-e" "CARGO_INCREMENTAL=0" "-e" "RUST_BACKTRACE=full" "-e" "RUSTFLAGS=--cap-lints=forbid -Znext-solver=coherence" "-e" "RUSTDOCFLAGS=--cap-lints=forbid" "-w" "/opt/rustwide/workdir" "--user" "0:0" "7dcf7dc94ce00596a39760a11c1acf06b27fa9bf34fe5debc076e94b99ef4319" "/opt/rustwide/cargo-home/bin/cargo" "+3154cc1a3e6424e44f438a95007d043ed5ceaaf6" "check" "--frozen" "--all" "--all-targets" "--message-format=json", kill_on_drop: false }`
[INFO] [stderr]     Checking smallvec v1.16.0
[INFO] [stderr]    Compiling syn v3.0.5
[INFO] [stderr]    Compiling syn v2.0.119
[INFO] [stderr]     Checking rustix v1.1.4
[INFO] [stderr]    Compiling indexmap v2.14.1
[INFO] [stderr]    Compiling wayland-backend v0.3.17
[INFO] [stderr]     Checking getrandom v0.2.17
[INFO] [stderr]     Checking futures-sink v0.3.34
[INFO] [stderr]    Compiling serde_core v1.0.229
[INFO] [stderr]     Checking futures-task v0.3.34
[INFO] [stderr]     Checking crypto-common v0.1.7
[INFO] [stderr]     Checking block-buffer v0.10.4
[INFO] [stderr]     Checking rand_core v0.6.4
[INFO] [stderr]     Checking ppv-lite86 v0.2.21
[INFO] [stderr]    Compiling nix v0.29.0
[INFO] [stderr]     Checking litemap v0.8.3
[INFO] [stderr]     Checking writeable v0.6.4
[INFO] [stderr]     Checking digest v0.10.7
[INFO] [stderr]     Checking rand_chacha v0.3.1
[INFO] [stderr]     Checking blocking v1.7.0
[INFO] [stderr]    Compiling icu_properties_data v2.3.0
[INFO] [stderr]    Compiling icu_normalizer_data v2.3.0
[INFO] [stderr]     Checking sha1 v0.10.7
[INFO] [stderr]     Checking rand v0.8.8
[INFO] [stderr]    Compiling toml_edit v0.25.13+spec-1.1.0
[INFO] [stderr]     Checking async-fs v2.2.0
[INFO] [stderr]     Checking ordered-stream v0.2.0
[INFO] [stderr]     Checking xdg-home v1.3.0
[INFO] [stderr]     Checking rustix v0.38.44
[INFO] [stderr]    Compiling proc-macro-crate v3.5.0
[INFO] [stderr]     Checking getrandom v0.3.4
[INFO] [stderr]     Checking memmap2 v0.9.11
[INFO] [stderr]     Checking errno v0.3.14
[INFO] [stderr]     Checking ahash v0.8.12
[INFO] [stderr]    Compiling ring v0.17.14
[INFO] [stderr]     Checking signal-hook-registry v1.4.8
[INFO] [stderr]    Compiling crc32fast v1.5.1
[INFO] [stderr]     Checking x11-dl v2.21.0
[INFO] [stderr]     Checking parking_lot_core v0.9.12
[INFO] [stderr]     Checking http v1.5.0
[INFO] [stderr]     Checking form_urlencoded v1.2.2
[INFO] [stderr]    Compiling windows_x86_64_gnu v0.52.6
[INFO] [stderr]     Checking zeroize v1.9.0
[INFO] [stderr]     Checking rustls-pki-types v1.15.1
[INFO] [stderr]     Checking http-body v1.1.0
[INFO] [stderr]     Checking parking_lot v0.12.5
[INFO] [stderr]     Checking miniz_oxide v0.9.1
[INFO] [stderr]     Checking immutable-chunkmap v2.1.3
[INFO] [stderr]     Checking polling v3.11.0
[INFO] [stderr]     Checking async-io v2.6.0
[INFO] [stderr]     Checking gethostname v1.1.0
[INFO] [stderr]     Checking x11rb v0.13.2
[INFO] [stderr]    Compiling winit v0.30.13
[INFO] [stderr]     Checking wayland-client v0.31.15
[INFO] [stderr]     Checking wayland-csd-frame v0.3.0
[INFO] [stderr]    Compiling zvariant_utils v2.1.0
[INFO] [stderr]    Compiling synstructure v0.13.2
[INFO] [stderr]    Compiling httparse v1.10.1
[INFO] [stderr]     Checking untrusted v0.9.0
[INFO] [stderr]     Checking accesskit_consumer v0.24.3
[INFO] [stderr]     Checking flate2 v1.1.10
[INFO] [stderr]     Checking miniz_oxide v0.8.9
[INFO] [stderr]     Checking fdeflate v0.3.7
[INFO] [stderr]    Compiling glutin_glx_sys v0.6.1
[INFO] [stderr]    Compiling glutin_egl_sys v0.7.1
[INFO] [stderr]     Checking xkbcommon-dl v0.4.2
[INFO] [stderr]    Compiling rustls v0.23.43
[INFO] [stderr]     Checking moxcms v0.8.1
[INFO] [stderr]     Checking png v0.18.1
[INFO] [stderr]    Compiling serde_derive v1.0.229
[INFO] [stderr]    Compiling futures-macro v0.3.34
[INFO] [stderr]    Compiling bytemuck_derive v1.12.0
[INFO] [stderr]    Compiling zerovec-derive v0.11.6
[INFO] [stderr]    Compiling displaydoc v0.2.7
[INFO] [stderr]    Compiling enumflags2_derive v0.7.12
[INFO] [stderr]    Compiling tracing-attributes v0.1.31
[INFO] [stderr]    Compiling zvariant_derive v4.2.0
[INFO] [stderr]    Compiling zerofrom-derive v0.1.7
[INFO] [stderr]    Compiling yoke-derive v0.8.2
[INFO] [stderr]     Checking futures-util v0.3.34
[INFO] [stderr]     Checking bytemuck v1.25.2
[INFO] [stderr]     Checking wayland-protocols v0.32.13
[INFO] [stderr]    Compiling thiserror-impl v1.0.69
[INFO] [stderr]     Checking tracing v0.1.44
[INFO] [stderr]     Checking zerofrom v0.1.8
[INFO] [stderr]    Compiling zbus_macros v4.4.0
[INFO] [stderr]    Compiling async-trait v0.1.92
[INFO] [stderr]     Checking yoke v0.8.3
[INFO] [stderr]     Checking zerovec v0.11.8
[INFO] [stderr]     Checking thiserror v1.0.69
[INFO] [stderr]     Checking zerotrie v0.2.5
[INFO] [stderr]     Checking tinystr v0.8.4
[INFO] [stderr]     Checking icu_locale_core v2.3.0
[INFO] [stderr]     Checking potential_utf v0.1.6
[INFO] [stderr]     Checking icu_collections v2.3.0
[INFO] [stderr]    Compiling serde_repr v0.1.21
[INFO] [stderr]     Checking wayland-cursor v0.31.14
[INFO] [stderr]     Checking calloop v0.13.0
[INFO] [stderr]    Compiling tokio-macros v2.7.2
[INFO] [stderr]     Checking serde v1.0.229
[INFO] [stderr]     Checking icu_provider v2.3.1
[INFO] [stderr]     Checking calloop-wayland-source v0.3.0
[INFO] [stderr]     Checking tiny-skia-path v0.11.4
[INFO] [stderr]     Checking emath v0.29.1
[INFO] [stderr]     Checking tokio v1.53.1
[INFO] [stderr]     Checking icu_normalizer v2.3.0
[INFO] [stderr]     Checking enumflags2 v0.7.12
[INFO] [stderr]     Checking zvariant v4.2.0
[INFO] [stderr]     Checking quick-xml v0.30.0
[INFO] [stderr]     Checking icu_properties v2.3.0
[INFO] [stderr]     Checking tiny-skia v0.11.4
[INFO] [stderr]     Checking ecolor v0.29.1
[INFO] [stderr]     Checking calloop v0.14.4
[INFO] [stderr]     Checking idna_adapter v1.2.2
[INFO] [stderr]     Checking idna v1.1.0
[INFO] [stderr]     Checking url v2.5.8
[INFO] [stderr]    Compiling thiserror-impl v2.0.20
[INFO] [stderr]     Checking calloop-wayland-source v0.4.1
[INFO] [stderr]     Checking epaint v0.29.1
[INFO] [stderr]     Checking rustls-webpki v0.103.15
[INFO] [stderr]     Checking zbus_names v3.0.0
[INFO] [stderr]     Checking windows-targets v0.52.6
[INFO] [stderr]     Checking futures-channel v0.3.34
[INFO] [stderr]    Compiling glutin v0.32.3
[INFO] [stderr]     Checking zbus_xml v4.0.0
[INFO] [stderr]     Checking zbus v4.4.0
[INFO] [stderr]     Checking thiserror v2.0.20
[INFO] [stderr]    Compiling alsa-sys v0.3.1
[INFO] [stderr]     Checking image v0.25.10
[INFO] [stderr]     Checking wayland-protocols-wlr v0.3.12
[INFO] [stderr]     Checking wayland-protocols-plasma v0.3.12
[INFO] [stderr]     Checking zbus-lockstep v0.4.4
[INFO] [stderr]     Checking wayland-protocols-experimental v20250721.0.1
[INFO] [stderr]     Checking wayland-protocols-misc v0.3.12
[INFO] [stderr]     Checking hyper v1.11.1
[INFO] [stderr]     Checking smithay-client-toolkit v0.19.2
[INFO] [stderr]     Checking smithay-client-toolkit v0.20.0
[INFO] [stderr]    Compiling zbus-lockstep-macros v0.4.4
[INFO] [stderr]     Checking egui v0.29.1
[INFO] [stderr]     Checking windows-result v0.2.0
[INFO] [stderr]    Compiling glutin-winit v0.5.0
[INFO] [stderr]     Checking sync_wrapper v1.0.2
[INFO] [stderr]     Checking ipnet v2.12.1
[INFO] [stderr]     Checking regex-syntax v0.8.11
[INFO] [stderr]     Checking tower-layer v0.3.3
[INFO] [stderr]     Checking tower v0.5.3
[INFO] [stderr]     Checking sctk-adwaita v0.10.1
[INFO] [stderr]     Checking smithay-clipboard v0.7.3
[INFO] [stderr]     Checking hyper-util v0.1.20
[INFO] [stderr]     Checking windows-strings v0.1.0
[INFO] [stderr]     Checking arboard v3.6.1
[INFO] [stderr]     Checking tokio-rustls v0.26.5
[INFO] [stderr]     Checking regex-automata v0.4.18
[INFO] [stderr]     Checking webbrowser v1.2.4
[INFO] [stderr]     Checking toml_datetime v0.6.3
[INFO] [stderr]     Checking serde_spanned v0.6.9
[INFO] [stderr]    Compiling windows-interface v0.58.0
[INFO] [stderr]    Compiling windows-implement v0.58.0
[INFO] [stderr]     Checking webpki-roots v1.0.9
[INFO] [stderr]     Checking winnow v0.5.40
[INFO] [stderr]    Compiling cpal v0.15.3
[INFO] [stderr]     Checking option-ext v0.2.0
[INFO] [stderr]    Compiling anyhow v1.0.104
[INFO] [stderr]     Checking dirs-sys v0.4.1
[INFO] [stderr]     Checking windows-core v0.58.0
[INFO] [stderr]    Compiling serde_json v1.0.151
[INFO] [stderr]     Checking serde_urlencoded v0.7.1
[INFO] [stderr]     Checking hyper-rustls v0.27.9
[INFO] [stderr]     Checking alsa v0.9.1
[INFO] [stderr]     Checking tower-http v0.6.11
[INFO] [stderr]     Checking http-body-util v0.1.5
[INFO] [stderr]     Checking egui_glow v0.29.1
[INFO] [stderr]     Checking tracing-log v0.2.0
[INFO] [stderr]     Checking nu-ansi-term v0.50.3
[INFO] [stderr]     Checking dasp_sample v0.11.0
[INFO] [stderr]     Checking reqwest v0.12.28
[INFO] [stderr]     Checking matchers v0.2.0
[INFO] [stderr]     Checking tracing-subscriber v0.3.23
[INFO] [stderr]     Checking windows v0.58.0
[INFO] [stderr]     Checking atspi-common v0.6.0
[INFO] [stderr]     Checking dirs v5.0.1
[INFO] [stderr]     Checking crossbeam-channel v0.5.16
[INFO] [stderr]     Checking toml_edit v0.20.2
[INFO] [stderr]     Checking hound v3.5.1
[INFO] [stderr]     Checking toml v0.8.2
[INFO] [stderr]     Checking atspi-proxies v0.6.0
[INFO] [stderr]     Checking accesskit_atspi_common v0.9.3
[INFO] [stderr]     Checking atspi-connection v0.6.0
[INFO] [stderr]     Checking atspi v0.22.0
[INFO] [stderr]     Checking accesskit_unix v0.12.3
[INFO] [stderr]     Checking accesskit_winit v0.22.4
[INFO] [stderr]     Checking egui-winit v0.29.1
[INFO] [stderr]     Checking eframe v0.29.1
[INFO] [stderr]     Checking voxtype-win v0.1.0 (/opt/rustwide/workdir)
[INFO] [stdout] error[E0433]: cannot find `Win32` in `windows`
[INFO] [stdout]  --> src/autostart.rs:5:14
[INFO] [stdout]   |
[INFO] [stdout] 5 | use windows::Win32::Foundation::ERROR_SUCCESS;
[INFO] [stdout]   |              ^^^^^ could not find `Win32` in `windows`
[INFO] [stdout] 
[INFO] [stdout] 
[INFO] [stdout] error[E0433]: cannot find `Win32` in `windows`
[INFO] [stdout]  --> src/autostart.rs:6:14
[INFO] [stdout]   |
[INFO] [stdout] 6 | use windows::Win32::System::Registry::{
[INFO] [stdout]   |              ^^^^^ could not find `Win32` in `windows`
[INFO] [stdout] 
[INFO] [stdout] 
[INFO] [stdout] error[E0433]: cannot find `Win32` in `windows`
[INFO] [stdout]    --> src/config.rs:213:18
[INFO] [stdout]     |
[INFO] [stdout] 213 |     use windows::Win32::UI::Input::KeyboardAndMouse::*;
[INFO] [stdout]     |                  ^^^^^ could not find `Win32` in `windows`
[INFO] [stdout] 
[INFO] [stdout] 
[INFO] [stdout] error[E0433]: cannot find `Win32` in `windows`
[INFO] [stdout]    --> src/config.rs:242:18
[INFO] [stdout]     |
[INFO] [stdout] 242 |     use windows::Win32::UI::Input::KeyboardAndMouse::*;
[INFO] [stdout]     |                  ^^^^^ could not find `Win32` in `windows`
[INFO] [stdout] 
[INFO] [stdout] 
[INFO] [stdout] error[E0433]: cannot find `Win32` in `windows`
[INFO] [stdout]  --> src/hotkey/mod.rs:9:14
[INFO] [stdout]   |
[INFO] [stdout] 9 | use windows::Win32::Foundation::{LPARAM, LRESULT, WPARAM};
[INFO] [stdout]   |              ^^^^^ could not find `Win32` in `windows`
[INFO] [stdout] 
[INFO] [stdout] 
[INFO] [stdout] error[E0433]: cannot find `Win32` in `windows`
[INFO] [stdout]   --> src/hotkey/mod.rs:10:14
[INFO] [stdout]    |
[INFO] [stdout] 10 | use windows::Win32::UI::Input::KeyboardAndMouse::VIRTUAL_KEY;
[INFO] [stdout]    |              ^^^^^ could not find `Win32` in `windows`
[INFO] [stdout] 
[INFO] [stdout] 
[INFO] [stdout] error[E0433]: cannot find `Win32` in `windows`
[INFO] [stdout]   --> src/hotkey/mod.rs:11:14
[INFO] [stdout]    |
[INFO] [stdout] 11 | use windows::Win32::UI::WindowsAndMessaging::{
[INFO] [stdout]    |              ^^^^^ could not find `Win32` in `windows`
[INFO] [stdout] 
[INFO] [stdout] 
[INFO] [stdout] error[E0433]: cannot find `Win32` in `windows`
[INFO] [stdout]  --> src/icon.rs:4:14
[INFO] [stdout]   |
[INFO] [stdout] 4 | use windows::Win32::Graphics::Gdi::{
[INFO] [stdout]   |              ^^^^^ could not find `Win32` in `windows`
[INFO] [stdout] 
[INFO] [stdout] 
[INFO] [stdout] error[E0433]: cannot find `Win32` in `windows`
[INFO] [stdout]  --> src/icon.rs:8:14
[INFO] [stdout]   |
[INFO] [stdout] 8 | use windows::Win32::Foundation::TRUE;
[INFO] [stdout]   |              ^^^^^ could not find `Win32` in `windows`
[INFO] [stdout] 
[INFO] [stdout] 
[INFO] [stdout] error[E0433]: cannot find `Win32` in `windows`
[INFO] [stdout]  --> src/icon.rs:9:14
[INFO] [stdout]   |
[INFO] [stdout] 9 | use windows::Win32::UI::WindowsAndMessaging::{CreateIconIndirect, DestroyIcon, HICON, ICONINFO};
[INFO] [stdout]   |              ^^^^^ could not find `Win32` in `windows`
[INFO] [stdout] 
[INFO] [stdout] 
[INFO] [stdout] error[E0432]: unresolved import `windows::core`
[INFO] [stdout]  --> src/autostart.rs:4:14
[INFO] [stdout]   |
[INFO] [stdout] 4 | use windows::core::PCWSTR;
[INFO] [stdout]   |              ^^^^ could not find `core` in `windows`
[INFO] [stdout] 
[INFO] [stdout] 
[INFO] [stdout] error[E0433]: cannot find `Win32` in `windows`
[INFO] [stdout]  --> src/output/mod.rs:6:14
[INFO] [stdout]   |
[INFO] [stdout] 6 | use windows::Win32::Foundation::{HWND, RECT};
[INFO] [stdout]   |              ^^^^^ could not find `Win32` in `windows`
[INFO] [stdout] 
[INFO] [stdout] 
[INFO] [stdout] error[E0433]: cannot find `Win32` in `windows`
[INFO] [stdout]  --> src/output/mod.rs:7:14
[INFO] [stdout]   |
[INFO] [stdout] 7 | use windows::Win32::Graphics::Gdi::{
[INFO] [stdout]   |              ^^^^^ could not find `Win32` in `windows`
[INFO] [stdout] 
[INFO] [stdout] 
[INFO] [stdout] error[E0433]: cannot find `Win32` in `windows`
[INFO] [stdout]   --> src/output/mod.rs:10:14
[INFO] [stdout]    |
[INFO] [stdout] 10 | use windows::Win32::UI::Input::KeyboardAndMouse::{
[INFO] [stdout]    |              ^^^^^ could not find `Win32` in `windows`
[INFO] [stdout] 
[INFO] [stdout] 
[INFO] [stdout] error[E0433]: cannot find `Win32` in `windows`
[INFO] [stdout]   --> src/output/mod.rs:14:14
[INFO] [stdout]    |
[INFO] [stdout] 14 | use windows::Win32::UI::WindowsAndMessaging::{
[INFO] [stdout]    |              ^^^^^ could not find `Win32` in `windows`
[INFO] [stdout] 
[INFO] [stdout] 
[INFO] [stdout] error[E0432]: unresolved import `windows::core`
[INFO] [stdout]  --> src/output/mod.rs:5:14
[INFO] [stdout]   |
[INFO] [stdout] 5 | use windows::core::PCWSTR;
[INFO] [stdout]   |              ^^^^ could not find `core` in `windows`
[INFO] [stdout] 
[INFO] [stdout] 
[INFO] [stdout] error[E0433]: cannot find `Win32` in `windows`
[INFO] [stdout]   --> src/tray_win.rs:14:14
[INFO] [stdout]    |
[INFO] [stdout] 14 | use windows::Win32::Foundation::{HWND, LPARAM, LRESULT, POINT, WPARAM};
[INFO] [stdout]    |              ^^^^^ could not find `Win32` in `windows`
[INFO] [stdout] 
[INFO] [stdout] 
[INFO] [stdout] error[E0433]: cannot find `Win32` in `windows`
[INFO] [stdout]   --> src/tray_win.rs:15:14
[INFO] [stdout]    |
[INFO] [stdout] 15 | use windows::Win32::Graphics::Gdi::HBRUSH;
[INFO] [stdout]    |              ^^^^^ could not find `Win32` in `windows`
[INFO] [stdout] 
[INFO] [stdout] 
[INFO] [stdout] error[E0433]: cannot find `Win32` in `windows`
[INFO] [stdout]   --> src/tray_win.rs:16:14
[INFO] [stdout]    |
[INFO] [stdout] 16 | use windows::Win32::System::LibraryLoader::GetModuleHandleW;
[INFO] [stdout]    |              ^^^^^ could not find `Win32` in `windows`
[INFO] [stdout] 
[INFO] [stdout] 
[INFO] [stdout] error[E0433]: cannot find `Win32` in `windows`
[INFO] [stdout]   --> src/tray_win.rs:17:14
[INFO] [stdout]    |
[INFO] [stdout] 17 | use windows::Win32::UI::Shell::{
[INFO] [stdout]    |              ^^^^^ could not find `Win32` in `windows`
[INFO] [stdout] 
[INFO] [stdout] 
[INFO] [stdout] error[E0433]: cannot find `Win32` in `windows`
[INFO] [stdout]   --> src/tray_win.rs:20:14
[INFO] [stdout]    |
[INFO] [stdout] 20 | use windows::Win32::UI::WindowsAndMessaging::{
[INFO] [stdout]    |              ^^^^^ could not find `Win32` in `windows`
[INFO] [stdout] 
[INFO] [stdout] 
[INFO] [stdout] error[E0432]: unresolved import `windows::core`
[INFO] [stdout]   --> src/tray_win.rs:13:14
[INFO] [stdout]    |
[INFO] [stdout] 13 | use windows::core::PCWSTR;
[INFO] [stdout]    |              ^^^^ could not find `core` in `windows`
[INFO] [stdout] 
[INFO] [stdout] 
[INFO] [stdout] error[E0433]: cannot find `Win32` in `windows`
[INFO] [stdout]  --> src/autostart.rs:5:14
[INFO] [stdout]   |
[INFO] [stdout] 5 | use windows::Win32::Foundation::ERROR_SUCCESS;
[INFO] [stdout]   |              ^^^^^ could not find `Win32` in `windows`
[INFO] [stdout] 
[INFO] [stdout] 
[INFO] [stdout] error[E0433]: cannot find `Win32` in `windows`
[INFO] [stdout]  --> src/autostart.rs:6:14
[INFO] [stdout]   |
[INFO] [stdout] 6 | use windows::Win32::System::Registry::{
[INFO] [stdout]   |              ^^^^^ could not find `Win32` in `windows`
[INFO] [stdout] 
[INFO] [stdout] 
[INFO] [stdout] error[E0433]: cannot find `Win32` in `windows`
[INFO] [stdout]    --> src/config.rs:213:18
[INFO] [stdout]     |
[INFO] [stdout] 213 |     use windows::Win32::UI::Input::KeyboardAndMouse::*;
[INFO] [stdout]     |                  ^^^^^ could not find `Win32` in `windows`
[INFO] [stdout] 
[INFO] [stdout] 
[INFO] [stdout] error[E0433]: cannot find `Win32` in `windows`
[INFO] [stdout]    --> src/config.rs:242:18
[INFO] [stdout]     |
[INFO] [stdout] 242 |     use windows::Win32::UI::Input::KeyboardAndMouse::*;
[INFO] [stdout]     |                  ^^^^^ could not find `Win32` in `windows`
[INFO] [stdout] 
[INFO] [stdout] 
[INFO] [stdout] error[E0433]: cannot find `Win32` in `windows`
[INFO] [stdout]  --> src/hotkey/mod.rs:9:14
[INFO] [stdout]   |
[INFO] [stdout] 9 | use windows::Win32::Foundation::{LPARAM, LRESULT, WPARAM};
[INFO] [stdout]   |              ^^^^^ could not find `Win32` in `windows`
[INFO] [stdout] 
[INFO] [stdout] 
[INFO] [stdout] error[E0433]: cannot find `Win32` in `windows`
[INFO] [stdout]   --> src/hotkey/mod.rs:10:14
[INFO] [stdout]    |
[INFO] [stdout] 10 | use windows::Win32::UI::Input::KeyboardAndMouse::VIRTUAL_KEY;
[INFO] [stdout]    |              ^^^^^ could not find `Win32` in `windows`
[INFO] [stdout] 
[INFO] [stdout] 
[INFO] [stdout] error[E0433]: cannot find `Win32` in `windows`
[INFO] [stdout]   --> src/hotkey/mod.rs:11:14
[INFO] [stdout]    |
[INFO] [stdout] 11 | use windows::Win32::UI::WindowsAndMessaging::{
[INFO] [stdout]    |              ^^^^^ could not find `Win32` in `windows`
[INFO] [stdout] 
[INFO] [stdout] 
[INFO] [stdout] error[E0433]: cannot find `Win32` in `windows`
[INFO] [stdout]  --> src/icon.rs:4:14
[INFO] [stdout]   |
[INFO] [stdout] 4 | use windows::Win32::Graphics::Gdi::{
[INFO] [stdout]   |              ^^^^^ could not find `Win32` in `windows`
[INFO] [stdout] 
[INFO] [stdout] 
[INFO] [stdout] error[E0433]: cannot find `Win32` in `windows`
[INFO] [stdout]  --> src/icon.rs:8:14
[INFO] [stdout]   |
[INFO] [stdout] 8 | use windows::Win32::Foundation::TRUE;
[INFO] [stdout]   |              ^^^^^ could not find `Win32` in `windows`
[INFO] [stdout] 
[INFO] [stdout] 
[INFO] [stdout] error[E0433]: cannot find `Win32` in `windows`
[INFO] [stdout]  --> src/icon.rs:9:14
[INFO] [stdout]   |
[INFO] [stdout] 9 | use windows::Win32::UI::WindowsAndMessaging::{CreateIconIndirect, DestroyIcon, HICON, ICONINFO};
[INFO] [stdout]   |              ^^^^^ could not find `Win32` in `windows`
[INFO] [stdout] 
[INFO] [stdout] 
[INFO] [stdout] error[E0432]: unresolved import `windows::core`
[INFO] [stdout]  --> src/autostart.rs:4:14
[INFO] [stdout]   |
[INFO] [stdout] 4 | use windows::core::PCWSTR;
[INFO] [stdout]   |              ^^^^ could not find `core` in `windows`
[INFO] [stdout] 
[INFO] [stdout] 
[INFO] [stdout] error[E0433]: cannot find `Win32` in `windows`
[INFO] [stdout]  --> src/output/mod.rs:6:14
[INFO] [stdout]   |
[INFO] [stdout] 6 | use windows::Win32::Foundation::{HWND, RECT};
[INFO] [stdout]   |              ^^^^^ could not find `Win32` in `windows`
[INFO] [stdout] 
[INFO] [stdout] 
[INFO] [stdout] error[E0433]: cannot find `Win32` in `windows`
[INFO] [stdout]  --> src/output/mod.rs:7:14
[INFO] [stdout]   |
[INFO] [stdout] 7 | use windows::Win32::Graphics::Gdi::{
[INFO] [stdout]   |              ^^^^^ could not find `Win32` in `windows`
[INFO] [stdout] 
[INFO] [stdout] 
[INFO] [stdout] error[E0433]: cannot find `Win32` in `windows`
[INFO] [stdout]   --> src/output/mod.rs:10:14
[INFO] [stdout]    |
[INFO] [stdout] 10 | use windows::Win32::UI::Input::KeyboardAndMouse::{
[INFO] [stdout]    |              ^^^^^ could not find `Win32` in `windows`
[INFO] [stdout] 
[INFO] [stdout] 
[INFO] [stdout] error[E0433]: cannot find `Win32` in `windows`
[INFO] [stdout]   --> src/output/mod.rs:14:14
[INFO] [stdout]    |
[INFO] [stdout] 14 | use windows::Win32::UI::WindowsAndMessaging::{
[INFO] [stdout]    |              ^^^^^ could not find `Win32` in `windows`
[INFO] [stdout] 
[INFO] [stdout] 
[INFO] [stdout] error[E0432]: unresolved import `windows::core`
[INFO] [stdout]  --> src/output/mod.rs:5:14
[INFO] [stdout]   |
[INFO] [stdout] 5 | use windows::core::PCWSTR;
[INFO] [stdout]   |              ^^^^ could not find `core` in `windows`
[INFO] [stdout] 
[INFO] [stdout] 
[INFO] [stdout] error[E0433]: cannot find `Win32` in `windows`
[INFO] [stdout]   --> src/tray_win.rs:14:14
[INFO] [stdout]    |
[INFO] [stdout] 14 | use windows::Win32::Foundation::{HWND, LPARAM, LRESULT, POINT, WPARAM};
[INFO] [stdout]    |              ^^^^^ could not find `Win32` in `windows`
[INFO] [stdout] 
[INFO] [stdout] 
[INFO] [stdout] error[E0433]: cannot find `Win32` in `windows`
[INFO] [stdout]   --> src/tray_win.rs:15:14
[INFO] [stdout]    |
[INFO] [stdout] 15 | use windows::Win32::Graphics::Gdi::HBRUSH;
[INFO] [stdout]    |              ^^^^^ could not find `Win32` in `windows`
[INFO] [stdout] 
[INFO] [stdout] 
[INFO] [stdout] error[E0433]: cannot find `Win32` in `windows`
[INFO] [stdout]   --> src/tray_win.rs:16:14
[INFO] [stdout]    |
[INFO] [stdout] 16 | use windows::Win32::System::LibraryLoader::GetModuleHandleW;
[INFO] [stdout]    |              ^^^^^ could not find `Win32` in `windows`
[INFO] [stdout] 
[INFO] [stdout] 
[INFO] [stdout] error[E0433]: cannot find `Win32` in `windows`
[INFO] [stdout]   --> src/tray_win.rs:17:14
[INFO] [stdout]    |
[INFO] [stdout] 17 | use windows::Win32::UI::Shell::{
[INFO] [stdout]    |              ^^^^^ could not find `Win32` in `windows`
[INFO] [stdout] 
[INFO] [stdout] 
[INFO] [stdout] error[E0433]: cannot find `Win32` in `windows`
[INFO] [stdout]   --> src/tray_win.rs:20:14
[INFO] [stdout]    |
[INFO] [stdout] 20 | use windows::Win32::UI::WindowsAndMessaging::{
[INFO] [stdout]    |              ^^^^^ could not find `Win32` in `windows`
[INFO] [stdout] 
[INFO] [stdout] 
[INFO] [stdout] error[E0432]: unresolved import `windows::core`
[INFO] [stdout]   --> src/tray_win.rs:13:14
[INFO] [stdout]    |
[INFO] [stdout] 13 | use windows::core::PCWSTR;
[INFO] [stdout]    |              ^^^^ could not find `core` in `windows`
[INFO] [stdout] 
[INFO] [stdout] 
[INFO] [stdout] error[E0408]: variable `WM_SYSKEYDOWN` is not bound in all patterns
[INFO] [stdout]    --> src/hotkey/mod.rs:104:41
[INFO] [stdout]     |
[INFO] [stdout] 104 |             let is_down = matches!(msg, WM_KEYDOWN | WM_SYSKEYDOWN);
[INFO] [stdout]     |                                         ^^^^^^^^^^   ------------- variable not in all patterns
[INFO] [stdout]     |                                         |
[INFO] [stdout]     |                                         pattern doesn't bind `WM_SYSKEYDOWN`
[INFO] [stdout]     |
[INFO] [stdout] help: if you meant to match on a unit struct, unit variant or a `const` item, consider making the path in the pattern qualified: `path::to::ModOrType::WM_SYSKEYDOWN`
[INFO] [stdout]    --> src/hotkey/mod.rs:104:54
[INFO] [stdout]     |
[INFO] [stdout] 104 |             let is_down = matches!(msg, WM_KEYDOWN | WM_SYSKEYDOWN);
[INFO] [stdout]     |                                                      ^^^^^^^^^^^^^
[INFO] [stdout] 
[INFO] [stdout] 
[INFO] [stdout] error[E0408]: variable `WM_KEYDOWN` is not bound in all patterns
[INFO] [stdout]    --> src/hotkey/mod.rs:104:54
[INFO] [stdout]     |
[INFO] [stdout] 104 |             let is_down = matches!(msg, WM_KEYDOWN | WM_SYSKEYDOWN);
[INFO] [stdout]     |                                         ----------   ^^^^^^^^^^^^^ pattern doesn't bind `WM_KEYDOWN`
[INFO] [stdout]     |                                         |
[INFO] [stdout]     |                                         variable not in all patterns
[INFO] [stdout]     |
[INFO] [stdout] help: if you meant to match on a unit struct, unit variant or a `const` item, consider making the path in the pattern qualified: `path::to::ModOrType::WM_KEYDOWN`
[INFO] [stdout]    --> src/hotkey/mod.rs:104:41
[INFO] [stdout]     |
[INFO] [stdout] 104 |             let is_down = matches!(msg, WM_KEYDOWN | WM_SYSKEYDOWN);
[INFO] [stdout]     |                                         ^^^^^^^^^^
[INFO] [stdout] 
[INFO] [stdout] 
[INFO] [stdout] error[E0408]: variable `WM_SYSKEYUP` is not bound in all patterns
[INFO] [stdout]    --> src/hotkey/mod.rs:105:39
[INFO] [stdout]     |
[INFO] [stdout] 105 |             let is_up = matches!(msg, WM_KEYUP | WM_SYSKEYUP);
[INFO] [stdout]     |                                       ^^^^^^^^   ----------- variable not in all patterns
[INFO] [stdout]     |                                       |
[INFO] [stdout]     |                                       pattern doesn't bind `WM_SYSKEYUP`
[INFO] [stdout]     |
[INFO] [stdout] help: if you meant to match on a unit struct, unit variant or a `const` item, consider making the path in the pattern qualified: `path::to::ModOrType::WM_SYSKEYUP`
[INFO] [stdout]    --> src/hotkey/mod.rs:105:50
[INFO] [stdout]     |
[INFO] [stdout] 105 |             let is_up = matches!(msg, WM_KEYUP | WM_SYSKEYUP);
[INFO] [stdout]     |                                                  ^^^^^^^^^^^
[INFO] [stdout] 
[INFO] [stdout] 
[INFO] [stdout] error[E0408]: variable `WM_KEYUP` is not bound in all patterns
[INFO] [stdout]    --> src/hotkey/mod.rs:105:50
[INFO] [stdout]     |
[INFO] [stdout] 105 |             let is_up = matches!(msg, WM_KEYUP | WM_SYSKEYUP);
[INFO] [stdout]     |                                       --------   ^^^^^^^^^^^ pattern doesn't bind `WM_KEYUP`
[INFO] [stdout]     |                                       |
[INFO] [stdout]     |                                       variable not in all patterns
[INFO] [stdout]     |
[INFO] [stdout] help: if you meant to match on a unit struct, unit variant or a `const` item, consider making the path in the pattern qualified: `path::to::ModOrType::WM_KEYUP`
[INFO] [stdout]    --> src/hotkey/mod.rs:105:39
[INFO] [stdout]     |
[INFO] [stdout] 105 |             let is_up = matches!(msg, WM_KEYUP | WM_SYSKEYUP);
[INFO] [stdout]     |                                       ^^^^^^^^
[INFO] [stdout] 
[INFO] [stdout] 
[INFO] [stdout] error[E0425]: cannot find value `VK_PAUSE` in this scope
[INFO] [stdout]    --> src/config.rs:216:30
[INFO] [stdout]     |
[INFO] [stdout] 216 |         "pause" | "break" => VK_PAUSE.0,
[INFO] [stdout]     |                              ^^^^^^^^ not found in this scope
[INFO] [stdout] 
[INFO] [stdout] 
[INFO] [stdout] error[E0425]: cannot find value `VK_SCROLL` in this scope
[INFO] [stdout]    --> src/config.rs:217:52
[INFO] [stdout]     |
[INFO] [stdout] 217 |         "scroll" | "scrolllock" | "scroll_lock" => VK_SCROLL.0,
[INFO] [stdout]     |                                                    ^^^^^^^^^ not found in this scope
[INFO] [stdout] 
[INFO] [stdout] 
[INFO] [stdout] error[E0425]: cannot find value `VK_ESCAPE` in this scope
[INFO] [stdout]    --> src/config.rs:218:29
[INFO] [stdout]     |
[INFO] [stdout] 218 |         "escape" | "esc" => VK_ESCAPE.0,
[INFO] [stdout]     |                             ^^^^^^^^^ not found in this scope
[INFO] [stdout] 
[INFO] [stdout] 
[INFO] [stdout] error[E0425]: cannot find value `VK_RCONTROL` in this scope
[INFO] [stdout]    --> src/config.rs:219:65
[INFO] [stdout]     |
[INFO] [stdout] 219 |         "rcontrol" | "rctrl" | "rightcontrol" | "right_ctrl" => VK_RCONTROL.0,
[INFO] [stdout]     |                                                                 ^^^^^^^^^^^ not found in this scope
[INFO] [stdout] 
[INFO] [stdout] 
[INFO] [stdout] error[E0425]: cannot find value `VK_LCONTROL` in this scope
[INFO] [stdout]    --> src/config.rs:220:63
[INFO] [stdout]     |
[INFO] [stdout] 220 |         "lcontrol" | "lctrl" | "leftcontrol" | "left_ctrl" => VK_LCONTROL.0,
[INFO] [stdout]     |                                                               ^^^^^^^^^^^ not found in this scope
[INFO] [stdout] 
[INFO] [stdout] 
[INFO] [stdout] error[E0425]: cannot find value `VK_RSHIFT` in this scope
[INFO] [stdout]    --> src/config.rs:221:52
[INFO] [stdout]     |
[INFO] [stdout] 221 |         "rshift" | "rightshift" | "right_shift" => VK_RSHIFT.0,
[INFO] [stdout]     |                                                    ^^^^^^^^^ not found in this scope
[INFO] [stdout] 
[INFO] [stdout] 
[INFO] [stdout] error[E0425]: cannot find value `VK_LSHIFT` in this scope
[INFO] [stdout]    --> src/config.rs:222:50
[INFO] [stdout]     |
[INFO] [stdout] 222 |         "lshift" | "leftshift" | "left_shift" => VK_LSHIFT.0,
[INFO] [stdout]     |                                                  ^^^^^^^^^ not found in this scope
[INFO] [stdout] 
[INFO] [stdout] 
[INFO] [stdout] error[E0425]: cannot find value `VK_RMENU` in this scope
[INFO] [stdout]    --> src/config.rs:223:56
[INFO] [stdout]     |
[INFO] [stdout] 223 |         "rmenu" | "ralt" | "rightalt" | "right_alt" => VK_RMENU.0,
[INFO] [stdout]     |                                                        ^^^^^^^^ not found in this scope
[INFO] [stdout] 
[INFO] [stdout] 
[INFO] [stdout] error[E0425]: cannot find value `VK_LMENU` in this scope
[INFO] [stdout]    --> src/config.rs:224:54
[INFO] [stdout]     |
[INFO] [stdout] 224 |         "lmenu" | "lalt" | "leftalt" | "left_alt" => VK_LMENU.0,
[INFO] [stdout]     |                                                      ^^^^^^^^ not found in this scope
[INFO] [stdout] 
[INFO] [stdout] 
[INFO] [stdout] error[E0425]: cannot find value `VK_F8` in this scope
[INFO] [stdout]    --> src/config.rs:225:17
[INFO] [stdout]     |
[INFO] [stdout] 225 |         "f8" => VK_F8.0,
[INFO] [stdout]     |                 ^^^^^ not found in this scope
[INFO] [stdout] 
[INFO] [stdout] 
[INFO] [stdout] error[E0425]: cannot find value `VK_F9` in this scope
[INFO] [stdout]    --> src/config.rs:226:17
[INFO] [stdout]     |
[INFO] [stdout] 226 |         "f9" => VK_F9.0,
[INFO] [stdout]     |                 ^^^^^ not found in this scope
[INFO] [stdout] 
[INFO] [stdout] 
[INFO] [stdout] error[E0425]: cannot find value `VK_F10` in this scope
[INFO] [stdout]    --> src/config.rs:227:18
[INFO] [stdout]     |
[INFO] [stdout] 227 |         "f10" => VK_F10.0,
[INFO] [stdout]     |                  ^^^^^^ not found in this scope
[INFO] [stdout] 
[INFO] [stdout] 
[INFO] [stdout] error[E0425]: cannot find value `VK_F11` in this scope
[INFO] [stdout]    --> src/config.rs:228:18
[INFO] [stdout]     |
[INFO] [stdout] 228 |         "f11" => VK_F11.0,
[INFO] [stdout]     |                  ^^^^^^ not found in this scope
[INFO] [stdout] 
[INFO] [stdout] 
[INFO] [stdout] error[E0425]: cannot find value `VK_F12` in this scope
[INFO] [stdout]    --> src/config.rs:229:18
[INFO] [stdout]     |
[INFO] [stdout] 229 |         "f12" => VK_F12.0,
[INFO] [stdout]     |                  ^^^^^^ not found in this scope
[INFO] [stdout] 
[INFO] [stdout] 
[INFO] [stdout] error[E0425]: cannot find value `VK_CAPITAL` in this scope
[INFO] [stdout]    --> src/config.rs:230:46
[INFO] [stdout]     |
[INFO] [stdout] 230 |         "caps" | "capslock" | "caps_lock" => VK_CAPITAL.0,
[INFO] [stdout]     |                                              ^^^^^^^^^^ not found in this scope
[INFO] [stdout] 
[INFO] [stdout] 
[INFO] [stdout] error[E0425]: cannot find value `VK_INSERT` in this scope
[INFO] [stdout]    --> src/config.rs:231:29
[INFO] [stdout]     |
[INFO] [stdout] 231 |         "insert" | "ins" => VK_INSERT.0,
[INFO] [stdout]     |                             ^^^^^^^^^ not found in this scope
[INFO] [stdout] 
[INFO] [stdout] 
[INFO] [stdout] error[E0425]: cannot find value `VK_HOME` in this scope
[INFO] [stdout]    --> src/config.rs:232:19
[INFO] [stdout]     |
[INFO] [stdout] 232 |         "home" => VK_HOME.0,
[INFO] [stdout]     |                   ^^^^^^^ not found in this scope
[INFO] [stdout] 
[INFO] [stdout] 
[INFO] [stdout] error[E0425]: cannot find value `VK_END` in this scope
[INFO] [stdout]    --> src/config.rs:233:18
[INFO] [stdout]     |
[INFO] [stdout] 233 |         "end" => VK_END.0,
[INFO] [stdout]     |                  ^^^^^^ not found in this scope
[INFO] [stdout] 
[INFO] [stdout] 
[INFO] [stdout] error[E0425]: cannot find value `VK_PRIOR` in this scope
[INFO] [stdout]    --> src/config.rs:234:30
[INFO] [stdout]     |
[INFO] [stdout] 234 |         "pageup" | "pgup" => VK_PRIOR.0,
[INFO] [stdout]     |                              ^^^^^^^^ not found in this scope
[INFO] [stdout] 
[INFO] [stdout] 
[INFO] [stdout] error[E0425]: cannot find value `VK_NEXT` in this scope
[INFO] [stdout]    --> src/config.rs:235:32
[INFO] [stdout]     |
[INFO] [stdout] 235 |         "pagedown" | "pgdn" => VK_NEXT.0,
[INFO] [stdout]     |                                ^^^^^^^ not found in this scope
[INFO] [stdout] 
[INFO] [stdout] 
[INFO] [stdout] error[E0408]: variable `WM_SYSKEYDOWN` is not bound in all patterns
[INFO] [stdout]    --> src/hotkey/mod.rs:104:41
[INFO] [stdout]     |
[INFO] [stdout] 104 |             let is_down = matches!(msg, WM_KEYDOWN | WM_SYSKEYDOWN);
[INFO] [stdout]     |                                         ^^^^^^^^^^   ------------- variable not in all patterns
[INFO] [stdout]     |                                         |
[INFO] [stdout]     |                                         pattern doesn't bind `WM_SYSKEYDOWN`
[INFO] [stdout]     |
[INFO] [stdout] help: if you meant to match on a unit struct, unit variant or a `const` item, consider making the path in the pattern qualified: `path::to::ModOrType::WM_SYSKEYDOWN`
[INFO] [stdout]    --> src/hotkey/mod.rs:104:54
[INFO] [stdout]     |
[INFO] [stdout] 104 |             let is_down = matches!(msg, WM_KEYDOWN | WM_SYSKEYDOWN);
[INFO] [stdout]     |                                                      ^^^^^^^^^^^^^
[INFO] [stdout] 
[INFO] [stdout] 
[INFO] [stdout] error[E0425]: cannot find value `VK_PAUSE` in this scope
[INFO] [stdout]    --> src/config.rs:244:14
[INFO] [stdout]     |
[INFO] [stdout] 244 |     if vk == VK_PAUSE.0 as i32 {
[INFO] [stdout]     |              ^^^^^^^^ not found in this scope
[INFO] [stdout] 
[INFO] [stdout] 
[INFO] [stdout] error[E0425]: cannot find value `VK_SCROLL` in this scope
[INFO] [stdout]    --> src/config.rs:246:21
[INFO] [stdout]     |
[INFO] [stdout] 246 |     } else if vk == VK_SCROLL.0 as i32 {
[INFO] [stdout]     |                     ^^^^^^^^^ not found in this scope
[INFO] [stdout] 
[INFO] [stdout] 
[INFO] [stdout] error[E0425]: cannot find value `VK_ESCAPE` in this scope
[INFO] [stdout]    --> src/config.rs:248:21
[INFO] [stdout]     |
[INFO] [stdout] 248 |     } else if vk == VK_ESCAPE.0 as i32 {
[INFO] [stdout]     |                     ^^^^^^^^^ not found in this scope
[INFO] [stdout] 
[INFO] [stdout] 
[INFO] [stdout] error[E0425]: cannot find value `VK_RCONTROL` in this scope
[INFO] [stdout]    --> src/config.rs:250:21
[INFO] [stdout]     |
[INFO] [stdout] 250 |     } else if vk == VK_RCONTROL.0 as i32 {
[INFO] [stdout]     |                     ^^^^^^^^^^^ not found in this scope
[INFO] [stdout] 
[INFO] [stdout] 
[INFO] [stdout] error[E0425]: cannot find value `VK_LCONTROL` in this scope
[INFO] [stdout]    --> src/config.rs:252:21
[INFO] [stdout]     |
[INFO] [stdout] 252 |     } else if vk == VK_LCONTROL.0 as i32 {
[INFO] [stdout]     |                     ^^^^^^^^^^^ not found in this scope
[INFO] [stdout] 
[INFO] [stdout] 
[INFO] [stdout] error[E0408]: variable `WM_KEYDOWN` is not bound in all patterns
[INFO] [stdout]    --> src/hotkey/mod.rs:104:54
[INFO] [stdout]     |
[INFO] [stdout] 104 |             let is_down = matches!(msg, WM_KEYDOWN | WM_SYSKEYDOWN);
[INFO] [stdout]     |                                         ----------   ^^^^^^^^^^^^^ pattern doesn't bind `WM_KEYDOWN`
[INFO] [stdout]     |                                         |
[INFO] [stdout]     |                                         variable not in all patterns
[INFO] [stdout]     |
[INFO] [stdout] help: if you meant to match on a unit struct, unit variant or a `const` item, consider making the path in the pattern qualified: `path::to::ModOrType::WM_KEYDOWN`
[INFO] [stdout]    --> src/hotkey/mod.rs:104:41
[INFO] [stdout]     |
[INFO] [stdout] 104 |             let is_down = matches!(msg, WM_KEYDOWN | WM_SYSKEYDOWN);
[INFO] [stdout]     |                                         ^^^^^^^^^^
[INFO] [stdout] 
[INFO] [stdout] 
[INFO] [stdout] error[E0425]: cannot find value `VK_RSHIFT` in this scope
[INFO] [stdout]    --> src/config.rs:254:21
[INFO] [stdout]     |
[INFO] [stdout] 254 |     } else if vk == VK_RSHIFT.0 as i32 {
[INFO] [stdout]     |                     ^^^^^^^^^ not found in this scope
[INFO] [stdout] 
[INFO] [stdout] 
[INFO] [stdout] error[E0425]: cannot find value `VK_LSHIFT` in this scope
[INFO] [stdout]    --> src/config.rs:256:21
[INFO] [stdout]     |
[INFO] [stdout] 256 |     } else if vk == VK_LSHIFT.0 as i32 {
[INFO] [stdout]     |                     ^^^^^^^^^ not found in this scope
[INFO] [stdout] 
[INFO] [stdout] 
[INFO] [stdout] error[E0425]: cannot find value `VK_F8` in this scope
[INFO] [stdout]    --> src/config.rs:258:21
[INFO] [stdout]     |
[INFO] [stdout] 258 |     } else if vk == VK_F8.0 as i32 {
[INFO] [stdout]     |                     ^^^^^ not found in this scope
[INFO] [stdout] 
[INFO] [stdout] 
[INFO] [stdout] error[E0408]: variable `WM_SYSKEYUP` is not bound in all patterns
[INFO] [stdout]    --> src/hotkey/mod.rs:105:39
[INFO] [stdout]     |
[INFO] [stdout] 105 |             let is_up = matches!(msg, WM_KEYUP | WM_SYSKEYUP);
[INFO] [stdout]     |                                       ^^^^^^^^   ----------- variable not in all patterns
[INFO] [stdout]     |                                       |
[INFO] [stdout]     |                                       pattern doesn't bind `WM_SYSKEYUP`
[INFO] [stdout]     |
[INFO] [stdout] help: if you meant to match on a unit struct, unit variant or a `const` item, consider making the path in the pattern qualified: `path::to::ModOrType::WM_SYSKEYUP`
[INFO] [stdout]    --> src/hotkey/mod.rs:105:50
[INFO] [stdout]     |
[INFO] [stdout] 105 |             let is_up = matches!(msg, WM_KEYUP | WM_SYSKEYUP);
[INFO] [stdout]     |                                                  ^^^^^^^^^^^
[INFO] [stdout] 
[INFO] [stdout] 
[INFO] [stdout] error[E0425]: cannot find value `VK_F9` in this scope
[INFO] [stdout]    --> src/config.rs:260:21
[INFO] [stdout]     |
[INFO] [stdout] 260 |     } else if vk == VK_F9.0 as i32 {
[INFO] [stdout]     |                     ^^^^^ not found in this scope
[INFO] [stdout] 
[INFO] [stdout] 
[INFO] [stdout] error[E0425]: cannot find value `VK_F10` in this scope
[INFO] [stdout]    --> src/config.rs:262:21
[INFO] [stdout]     |
[INFO] [stdout] 262 |     } else if vk == VK_F10.0 as i32 {
[INFO] [stdout]     |                     ^^^^^^ not found in this scope
[INFO] [stdout] 
[INFO] [stdout] 
[INFO] [stdout] error[E0425]: cannot find value `VK_F11` in this scope
[INFO] [stdout]    --> src/config.rs:264:21
[INFO] [stdout]     |
[INFO] [stdout] 264 |     } else if vk == VK_F11.0 as i32 {
[INFO] [stdout]     |                     ^^^^^^ not found in this scope
[INFO] [stdout] 
[INFO] [stdout] 
[INFO] [stdout] error[E0408]: variable `WM_KEYUP` is not bound in all patterns
[INFO] [stdout]    --> src/hotkey/mod.rs:105:50
[INFO] [stdout]     |
[INFO] [stdout] 105 |             let is_up = matches!(msg, WM_KEYUP | WM_SYSKEYUP);
[INFO] [stdout]     |                                       --------   ^^^^^^^^^^^ pattern doesn't bind `WM_KEYUP`
[INFO] [stdout]     |                                       |
[INFO] [stdout]     |                                       variable not in all patterns
[INFO] [stdout]     |
[INFO] [stdout] help: if you meant to match on a unit struct, unit variant or a `const` item, consider making the path in the pattern qualified: `path::to::ModOrType::WM_KEYUP`
[INFO] [stdout]    --> src/hotkey/mod.rs:105:39
[INFO] [stdout]     |
[INFO] [stdout] 105 |             let is_up = matches!(msg, WM_KEYUP | WM_SYSKEYUP);
[INFO] [stdout]     |                                       ^^^^^^^^
[INFO] [stdout] 
[INFO] [stdout] 
[INFO] [stdout] error[E0425]: cannot find value `VK_F12` in this scope
[INFO] [stdout]    --> src/config.rs:266:21
[INFO] [stdout]     |
[INFO] [stdout] 266 |     } else if vk == VK_F12.0 as i32 {
[INFO] [stdout]     |                     ^^^^^^ not found in this scope
[INFO] [stdout] 
[INFO] [stdout] 
[INFO] [stdout] error[E0425]: cannot find value `VK_INSERT` in this scope
[INFO] [stdout]    --> src/config.rs:268:21
[INFO] [stdout]     |
[INFO] [stdout] 268 |     } else if vk == VK_INSERT.0 as i32 {
[INFO] [stdout]     |                     ^^^^^^^^^ not found in this scope
[INFO] [stdout] 
[INFO] [stdout] 
[INFO] [stdout] error[E0425]: cannot find value `VK_PAUSE` in this scope
[INFO] [stdout]    --> src/config.rs:216:30
[INFO] [stdout]     |
[INFO] [stdout] 216 |         "pause" | "break" => VK_PAUSE.0,
[INFO] [stdout]     |                              ^^^^^^^^ not found in this scope
[INFO] [stdout] 
[INFO] [stdout] 
[INFO] [stdout] error[E0425]: cannot find value `VK_SCROLL` in this scope
[INFO] [stdout]    --> src/config.rs:217:52
[INFO] [stdout]     |
[INFO] [stdout] 217 |         "scroll" | "scrolllock" | "scroll_lock" => VK_SCROLL.0,
[INFO] [stdout]     |                                                    ^^^^^^^^^ not found in this scope
[INFO] [stdout] 
[INFO] [stdout] 
[INFO] [stdout] error[E0425]: cannot find value `VK_ESCAPE` in this scope
[INFO] [stdout]    --> src/config.rs:218:29
[INFO] [stdout]     |
[INFO] [stdout] 218 |         "escape" | "esc" => VK_ESCAPE.0,
[INFO] [stdout]     |                             ^^^^^^^^^ not found in this scope
[INFO] [stdout] 
[INFO] [stdout] 
[INFO] [stdout] error[E0425]: cannot find value `VK_RCONTROL` in this scope
[INFO] [stdout]    --> src/config.rs:219:65
[INFO] [stdout]     |
[INFO] [stdout] 219 |         "rcontrol" | "rctrl" | "rightcontrol" | "right_ctrl" => VK_RCONTROL.0,
[INFO] [stdout]     |                                                                 ^^^^^^^^^^^ not found in this scope
[INFO] [stdout] 
[INFO] [stdout] 
[INFO] [stdout] error[E0425]: cannot find value `VK_LCONTROL` in this scope
[INFO] [stdout]    --> src/config.rs:220:63
[INFO] [stdout]     |
[INFO] [stdout] 220 |         "lcontrol" | "lctrl" | "leftcontrol" | "left_ctrl" => VK_LCONTROL.0,
[INFO] [stdout]     |                                                               ^^^^^^^^^^^ not found in this scope
[INFO] [stdout] 
[INFO] [stdout] 
[INFO] [stdout] error[E0425]: cannot find value `VK_RSHIFT` in this scope
[INFO] [stdout]    --> src/config.rs:221:52
[INFO] [stdout]     |
[INFO] [stdout] 221 |         "rshift" | "rightshift" | "right_shift" => VK_RSHIFT.0,
[INFO] [stdout]     |                                                    ^^^^^^^^^ not found in this scope
[INFO] [stdout] 
[INFO] [stdout] 
[INFO] [stdout] error[E0425]: cannot find value `VK_LSHIFT` in this scope
[INFO] [stdout]    --> src/config.rs:222:50
[INFO] [stdout]     |
[INFO] [stdout] 222 |         "lshift" | "leftshift" | "left_shift" => VK_LSHIFT.0,
[INFO] [stdout]     |                                                  ^^^^^^^^^ not found in this scope
[INFO] [stdout] 
[INFO] [stdout] 
[INFO] [stdout] error[E0425]: cannot find value `VK_RMENU` in this scope
[INFO] [stdout]    --> src/config.rs:223:56
[INFO] [stdout]     |
[INFO] [stdout] 223 |         "rmenu" | "ralt" | "rightalt" | "right_alt" => VK_RMENU.0,
[INFO] [stdout]     |                                                        ^^^^^^^^ not found in this scope
[INFO] [stdout] 
[INFO] [stdout] 
[INFO] [stdout] error[E0425]: cannot find value `VK_LMENU` in this scope
[INFO] [stdout]    --> src/config.rs:224:54
[INFO] [stdout]     |
[INFO] [stdout] 224 |         "lmenu" | "lalt" | "leftalt" | "left_alt" => VK_LMENU.0,
[INFO] [stdout]     |                                                      ^^^^^^^^ not found in this scope
[INFO] [stdout] 
[INFO] [stdout] 
[INFO] [stdout] error[E0425]: cannot find value `VK_F8` in this scope
[INFO] [stdout]    --> src/config.rs:225:17
[INFO] [stdout]     |
[INFO] [stdout] 225 |         "f8" => VK_F8.0,
[INFO] [stdout]     |                 ^^^^^ not found in this scope
[INFO] [stdout] 
[INFO] [stdout] 
[INFO] [stdout] error[E0425]: cannot find value `VK_F9` in this scope
[INFO] [stdout]    --> src/config.rs:226:17
[INFO] [stdout]     |
[INFO] [stdout] 226 |         "f9" => VK_F9.0,
[INFO] [stdout]     |                 ^^^^^ not found in this scope
[INFO] [stdout] 
[INFO] [stdout] 
[INFO] [stdout] error[E0425]: cannot find value `VK_F10` in this scope
[INFO] [stdout]    --> src/config.rs:227:18
[INFO] [stdout]     |
[INFO] [stdout] 227 |         "f10" => VK_F10.0,
[INFO] [stdout]     |                  ^^^^^^ not found in this scope
[INFO] [stdout] 
[INFO] [stdout] 
[INFO] [stdout] error[E0425]: cannot find value `VK_F11` in this scope
[INFO] [stdout]    --> src/config.rs:228:18
[INFO] [stdout]     |
[INFO] [stdout] 228 |         "f11" => VK_F11.0,
[INFO] [stdout]     |                  ^^^^^^ not found in this scope
[INFO] [stdout] 
[INFO] [stdout] 
[INFO] [stdout] error[E0425]: cannot find value `VK_F12` in this scope
[INFO] [stdout]    --> src/config.rs:229:18
[INFO] [stdout]     |
[INFO] [stdout] 229 |         "f12" => VK_F12.0,
[INFO] [stdout]     |                  ^^^^^^ not found in this scope
[INFO] [stdout] 
[INFO] [stdout] 
[INFO] [stdout] error[E0425]: cannot find value `VK_CAPITAL` in this scope
[INFO] [stdout]    --> src/config.rs:230:46
[INFO] [stdout]     |
[INFO] [stdout] 230 |         "caps" | "capslock" | "caps_lock" => VK_CAPITAL.0,
[INFO] [stdout]     |                                              ^^^^^^^^^^ not found in this scope
[INFO] [stdout] 
[INFO] [stdout] 
[INFO] [stdout] error[E0425]: cannot find value `VK_INSERT` in this scope
[INFO] [stdout]    --> src/config.rs:231:29
[INFO] [stdout]     |
[INFO] [stdout] 231 |         "insert" | "ins" => VK_INSERT.0,
[INFO] [stdout]     |                             ^^^^^^^^^ not found in this scope
[INFO] [stdout] 
[INFO] [stdout] 
[INFO] [stdout] error[E0425]: cannot find value `VK_HOME` in this scope
[INFO] [stdout]    --> src/config.rs:232:19
[INFO] [stdout]     |
[INFO] [stdout] 232 |         "home" => VK_HOME.0,
[INFO] [stdout]     |                   ^^^^^^^ not found in this scope
[INFO] [stdout] 
[INFO] [stdout] 
[INFO] [stdout] error[E0425]: cannot find value `VK_END` in this scope
[INFO] [stdout]    --> src/config.rs:233:18
[INFO] [stdout]     |
[INFO] [stdout] 233 |         "end" => VK_END.0,
[INFO] [stdout]     |                  ^^^^^^ not found in this scope
[INFO] [stdout] 
[INFO] [stdout] 
[INFO] [stdout] error[E0425]: cannot find value `VK_PRIOR` in this scope
[INFO] [stdout]    --> src/config.rs:234:30
[INFO] [stdout]     |
[INFO] [stdout] 234 |         "pageup" | "pgup" => VK_PRIOR.0,
[INFO] [stdout]     |                              ^^^^^^^^ not found in this scope
[INFO] [stdout] 
[INFO] [stdout] 
[INFO] [stdout] error[E0425]: cannot find value `VK_NEXT` in this scope
[INFO] [stdout]    --> src/config.rs:235:32
[INFO] [stdout]     |
[INFO] [stdout] 235 |         "pagedown" | "pgdn" => VK_NEXT.0,
[INFO] [stdout]     |                                ^^^^^^^ not found in this scope
[INFO] [stdout] 
[INFO] [stdout] 
[INFO] [stdout] error[E0425]: cannot find value `VK_PAUSE` in this scope
[INFO] [stdout]    --> src/config.rs:244:14
[INFO] [stdout]     |
[INFO] [stdout] 244 |     if vk == VK_PAUSE.0 as i32 {
[INFO] [stdout]     |              ^^^^^^^^ not found in this scope
[INFO] [stdout] 
[INFO] [stdout] 
[INFO] [stdout] error[E0425]: cannot find value `VK_SCROLL` in this scope
[INFO] [stdout]    --> src/config.rs:246:21
[INFO] [stdout]     |
[INFO] [stdout] 246 |     } else if vk == VK_SCROLL.0 as i32 {
[INFO] [stdout]     |                     ^^^^^^^^^ not found in this scope
[INFO] [stdout] 
[INFO] [stdout] 
[INFO] [stdout] error[E0425]: cannot find value `VK_ESCAPE` in this scope
[INFO] [stdout]    --> src/config.rs:248:21
[INFO] [stdout]     |
[INFO] [stdout] 248 |     } else if vk == VK_ESCAPE.0 as i32 {
[INFO] [stdout]     |                     ^^^^^^^^^ not found in this scope
[INFO] [stdout] 
[INFO] [stdout] 
[INFO] [stdout] error[E0425]: cannot find value `VK_RCONTROL` in this scope
[INFO] [stdout]    --> src/config.rs:250:21
[INFO] [stdout]     |
[INFO] [stdout] 250 |     } else if vk == VK_RCONTROL.0 as i32 {
[INFO] [stdout]     |                     ^^^^^^^^^^^ not found in this scope
[INFO] [stdout] 
[INFO] [stdout] 
[INFO] [stdout] error[E0425]: cannot find value `VK_LCONTROL` in this scope
[INFO] [stdout]    --> src/config.rs:252:21
[INFO] [stdout]     |
[INFO] [stdout] 252 |     } else if vk == VK_LCONTROL.0 as i32 {
[INFO] [stdout]     |                     ^^^^^^^^^^^ not found in this scope
[INFO] [stdout] 
[INFO] [stdout] 
[INFO] [stdout] error[E0425]: cannot find value `VK_RSHIFT` in this scope
[INFO] [stdout]    --> src/config.rs:254:21
[INFO] [stdout]     |
[INFO] [stdout] 254 |     } else if vk == VK_RSHIFT.0 as i32 {
[INFO] [stdout]     |                     ^^^^^^^^^ not found in this scope
[INFO] [stdout] 
[INFO] [stdout] 
[INFO] [stdout] error[E0425]: cannot find value `VK_LSHIFT` in this scope
[INFO] [stdout]    --> src/config.rs:256:21
[INFO] [stdout]     |
[INFO] [stdout] 256 |     } else if vk == VK_LSHIFT.0 as i32 {
[INFO] [stdout]     |                     ^^^^^^^^^ not found in this scope
[INFO] [stdout] 
[INFO] [stdout] 
[INFO] [stdout] error[E0425]: cannot find value `VK_F8` in this scope
[INFO] [stdout]    --> src/config.rs:258:21
[INFO] [stdout]     |
[INFO] [stdout] 258 |     } else if vk == VK_F8.0 as i32 {
[INFO] [stdout]     |                     ^^^^^ not found in this scope
[INFO] [stdout] 
[INFO] [stdout] 
[INFO] [stdout] error[E0425]: cannot find value `VK_F9` in this scope
[INFO] [stdout]    --> src/config.rs:260:21
[INFO] [stdout]     |
[INFO] [stdout] 260 |     } else if vk == VK_F9.0 as i32 {
[INFO] [stdout]     |                     ^^^^^ not found in this scope
[INFO] [stdout] 
[INFO] [stdout] 
[INFO] [stdout] error[E0425]: cannot find value `VK_F10` in this scope
[INFO] [stdout]    --> src/config.rs:262:21
[INFO] [stdout]     |
[INFO] [stdout] 262 |     } else if vk == VK_F10.0 as i32 {
[INFO] [stdout]     |                     ^^^^^^ not found in this scope
[INFO] [stdout] 
[INFO] [stdout] 
[INFO] [stdout] error[E0425]: cannot find value `VK_F11` in this scope
[INFO] [stdout]    --> src/config.rs:264:21
[INFO] [stdout]     |
[INFO] [stdout] 264 |     } else if vk == VK_F11.0 as i32 {
[INFO] [stdout]     |                     ^^^^^^ not found in this scope
[INFO] [stdout] 
[INFO] [stdout] 
[INFO] [stdout] error[E0425]: cannot find value `VK_F12` in this scope
[INFO] [stdout]    --> src/config.rs:266:21
[INFO] [stdout]     |
[INFO] [stdout] 266 |     } else if vk == VK_F12.0 as i32 {
[INFO] [stdout]     |                     ^^^^^^ not found in this scope
[INFO] [stdout] 
[INFO] [stdout] 
[INFO] [stdout] error[E0425]: cannot find value `VK_INSERT` in this scope
[INFO] [stdout]    --> src/config.rs:268:21
[INFO] [stdout]     |
[INFO] [stdout] 268 |     } else if vk == VK_INSERT.0 as i32 {
[INFO] [stdout]     |                     ^^^^^^^^^ not found in this scope
[INFO] [stdout] 
[INFO] [stdout] 
[INFO] [stdout] warning: unused variable: `cmd`
[INFO] [stdout]  --> src/process_win.rs:9:21
[INFO] [stdout]   |
[INFO] [stdout] 9 | pub fn hide_console(cmd: &mut Command) {
[INFO] [stdout]   |                     ^^^ help: if this is intentional, prefix it with an underscore: `_cmd`
[INFO] [stdout]   |
[INFO] [stdout]   = note: `#[warn(unused_variables)]` (part of `#[warn(unused)]`) on by default
[INFO] [stdout] 
[INFO] [stdout] 
[INFO] [stdout] Some errors have detailed explanations: E0408, E0425, E0432, E0433.
[INFO] [stdout] 
[INFO] [stdout] For more information about an error, try `rustc --explain E0408`.
[INFO] [stdout] 
[INFO] [stderr] error: could not compile `voxtype-win` (bin "voxtype-win" test) due to 59 previous errors; 1 warning emitted
[INFO] [stderr] warning: build failed, waiting for other jobs to finish...
[INFO] [stdout] warning: unused variable: `cmd`
[INFO] [stdout]  --> src/process_win.rs:9:21
[INFO] [stdout]   |
[INFO] [stdout] 9 | pub fn hide_console(cmd: &mut Command) {
[INFO] [stdout]   |                     ^^^ help: if this is intentional, prefix it with an underscore: `_cmd`
[INFO] [stdout]   |
[INFO] [stdout]   = note: `#[warn(unused_variables)]` (part of `#[warn(unused)]`) on by default
[INFO] [stdout] 
[INFO] [stdout] 
[INFO] [stdout] Some errors have detailed explanations: E0408, E0425, E0432, E0433.
[INFO] [stdout] 
[INFO] [stdout] For more information about an error, try `rustc --explain E0408`.
[INFO] [stdout] 
[INFO] [stderr] error: could not compile `voxtype-win` (bin "voxtype-win") due to 59 previous errors; 1 warning emitted
[INFO] running `Command { std: "docker" "inspect" "7dcf7dc94ce00596a39760a11c1acf06b27fa9bf34fe5debc076e94b99ef4319", kill_on_drop: false }`
[INFO] running `Command { std: "docker" "rm" "-f" "7dcf7dc94ce00596a39760a11c1acf06b27fa9bf34fe5debc076e94b99ef4319", kill_on_drop: false }`
[INFO] [stdout] 7dcf7dc94ce00596a39760a11c1acf06b27fa9bf34fe5debc076e94b99ef4319
