[INFO] cloning repository https://github.com/pandamelive/torrentrscleaner
[INFO] running `Command { std: "git" "-c" "credential.helper=" "-c" "credential.helper=/workspace/cargo-home/bin/git-credential-null" "clone" "--bare" "https://github.com/pandamelive/torrentrscleaner" "/workspace/cache/git-repos/https%3A%2F%2Fgithub.com%2Fpandamelive%2Ftorrentrscleaner", kill_on_drop: false }`
[INFO] [stderr] Cloning into bare repository '/workspace/cache/git-repos/https%3A%2F%2Fgithub.com%2Fpandamelive%2Ftorrentrscleaner'...
[INFO] running `Command { std: "git" "rev-parse" "HEAD", kill_on_drop: false }`
[INFO] [stdout] 45a3a24e458ad32efaca2b3c32263dd0f9369676
[INFO] checking pandamelive/torrentrscleaner against 3154cc1a3e6424e44f438a95007d043ed5ceaaf6+rustflags=-Znext-solver=coherence for pr-133502-30
[INFO] running `Command { std: "git" "clone" "/workspace/cache/git-repos/https%3A%2F%2Fgithub.com%2Fpandamelive%2Ftorrentrscleaner" "/workspace/builds/worker-6-tc1/source", kill_on_drop: false }`
[INFO] [stderr] Cloning into '/workspace/builds/worker-6-tc1/source'...
[INFO] [stderr] done.
[INFO] started tweaking git repo https://github.com/pandamelive/torrentrscleaner
[INFO] finished tweaking git repo https://github.com/pandamelive/torrentrscleaner
[INFO] tweaked toml for git repo https://github.com/pandamelive/torrentrscleaner written to /workspace/builds/worker-6-tc1/source/Cargo.toml
[INFO] validating manifest of git repo https://github.com/pandamelive/torrentrscleaner on toolchain 3154cc1a3e6424e44f438a95007d043ed5ceaaf6
[INFO] running `Command { std: CARGO_HOME="/workspace/cargo-home" RUSTUP_HOME="/workspace/rustup-home" "/workspace/cargo-home/bin/cargo" "+3154cc1a3e6424e44f438a95007d043ed5ceaaf6" "metadata" "--manifest-path" "Cargo.toml" "--no-deps", kill_on_drop: false }`
[INFO] crate git repo https://github.com/pandamelive/torrentrscleaner already has a lockfile, it will not be regenerated
[INFO] running `Command { std: CARGO_HOME="/workspace/cargo-home" RUSTUP_HOME="/workspace/rustup-home" "/workspace/cargo-home/bin/cargo" "+3154cc1a3e6424e44f438a95007d043ed5ceaaf6" "fetch" "--manifest-path" "Cargo.toml", kill_on_drop: false }`
[INFO] [stderr]     Updating crates.io index
[INFO] [stderr]     Blocking waiting for file lock on package cache
[INFO] [stderr]  Downloading crates ...
[INFO] [stderr]   Downloaded typed-builder v0.18.2
[INFO] [stderr]   Downloaded zerovec-derive v0.11.5
[INFO] [stderr]   Downloaded qbit-rs v0.6.0
[INFO] [stderr]   Downloaded ordered-float v2.10.1
[INFO] [stderr]   Downloaded mod_use v0.2.3
[INFO] [stderr]   Downloaded serde-value v0.7.0
[INFO] [stderr]   Downloaded cyper-core v0.8.0
[INFO] [stderr]   Downloaded typed-builder-macro v0.18.2
[INFO] [stderr]   Downloaded compio-tls v0.9.1
[INFO] [stderr]   Downloaded uuid v1.24.1
[INFO] [stderr]   Downloaded compio v0.18.0
[INFO] [stderr]   Downloaded compio-ws v0.3.1
[INFO] [stderr]   Downloaded compio-buf v0.8.3
[INFO] [stderr]   Downloaded compio-log v0.1.0
[INFO] [stderr]   Downloaded thin-cell v0.1.2
[INFO] [stderr]   Downloaded compio-io v0.9.1
[INFO] [stderr]   Downloaded synchrony v0.1.9
[INFO] [stderr]   Downloaded cyper v0.8.3
[INFO] [stderr]   Downloaded compio-runtime v0.11.0
[INFO] [stderr]   Downloaded compio-fs v0.11.0
[INFO] [stderr]   Downloaded compio-net v0.11.1
[INFO] [stderr]   Downloaded compio-quic v0.7.2
[INFO] [stderr]   Downloaded compio-driver v0.11.4
[INFO] [stderr]   Downloaded redb v2.6.3
[INFO] running `Command { std: "docker" "create" "-v" "/var/lib/crater-agent-workspace/builds/worker-6-tc1/source:/opt/rustwide/workdir:ro,Z" "-v" "/var/lib/crater-agent-workspace/builds/worker-6-tc1/target:/opt/rustwide/target:rw,Z" "-v" "/var/lib/crater-agent-workspace/cargo-home:/opt/rustwide/cargo-home:ro,Z" "-v" "/var/lib/crater-agent-workspace/rustup-home:/opt/rustwide/rustup-home:ro,Z" "-m" "1610612736" "--network" "none" "ghcr.io/rust-lang/crates-build-env/linux@sha256:77db811e55d90add9212f6832c23229e3de5f1c1f9905e8cb07319ea15df73ac" "sleep" "infinity", kill_on_drop: false }`
[INFO] [stdout] 0197ac8c2ff81bcfd9678bfa1c588f5786c646401b74df446aeca157fcbdf296
[INFO] running `Command { std: "docker" "start" "0197ac8c2ff81bcfd9678bfa1c588f5786c646401b74df446aeca157fcbdf296", kill_on_drop: false }`
[INFO] running `Command { std: "docker" "inspect" "0197ac8c2ff81bcfd9678bfa1c588f5786c646401b74df446aeca157fcbdf296", kill_on_drop: false }`
[INFO] running `Command { std: "docker" "exec" "-e" "SOURCE_DIR=/opt/rustwide/workdir" "-e" "CARGO_HOME=/opt/rustwide/cargo-home" "-e" "RUSTUP_HOME=/opt/rustwide/rustup-home" "-e" "CARGO_TARGET_DIR=/opt/rustwide/target" "-w" "/opt/rustwide/workdir" "--user" "0:0" "0197ac8c2ff81bcfd9678bfa1c588f5786c646401b74df446aeca157fcbdf296" "/opt/rustwide/cargo-home/bin/cargo" "+3154cc1a3e6424e44f438a95007d043ed5ceaaf6" "metadata" "--no-deps" "--format-version=1", kill_on_drop: false }`
[INFO] running `Command { std: "docker" "inspect" "0197ac8c2ff81bcfd9678bfa1c588f5786c646401b74df446aeca157fcbdf296", kill_on_drop: false }`
[INFO] running `Command { std: "docker" "exec" "-e" "SOURCE_DIR=/opt/rustwide/workdir" "-e" "CARGO_HOME=/opt/rustwide/cargo-home" "-e" "RUSTUP_HOME=/opt/rustwide/rustup-home" "-e" "CARGO_TARGET_DIR=/opt/rustwide/target" "-e" "CARGO_INCREMENTAL=0" "-e" "RUST_BACKTRACE=full" "-e" "RUSTFLAGS=--cap-lints=forbid -Znext-solver=coherence" "-e" "RUSTDOCFLAGS=--cap-lints=forbid" "-w" "/opt/rustwide/workdir" "--user" "0:0" "0197ac8c2ff81bcfd9678bfa1c588f5786c646401b74df446aeca157fcbdf296" "/opt/rustwide/cargo-home/bin/cargo" "+3154cc1a3e6424e44f438a95007d043ed5ceaaf6" "check" "--frozen" "--all" "--all-targets" "--message-format=json", kill_on_drop: false }`
[INFO] [stderr]    Compiling serde_core v1.0.229
[INFO] [stderr]    Compiling syn v2.0.119
[INFO] [stderr]    Compiling syn v3.0.3
[INFO] [stderr]     Checking tracing-core v0.1.36
[INFO] [stderr]     Checking smallvec v1.15.2
[INFO] [stderr]    Compiling cmake v0.1.58
[INFO] [stderr]    Compiling serde v1.0.229
[INFO] [stderr]    Compiling aws-lc-rs v1.18.0
[INFO] [stderr]     Checking futures-task v0.3.34
[INFO] [stderr]     Checking slab v0.4.12
[INFO] [stderr]    Compiling rustls v0.23.43
[INFO] [stderr]    Compiling num-traits v0.2.19
[INFO] [stderr]     Checking futures-channel v0.3.34
[INFO] [stderr]     Checking futures-util v0.3.34
[INFO] [stderr]    Compiling serde_json v1.0.151
[INFO] [stderr]    Compiling aws-lc-sys v0.44.0
[INFO] [stderr]    Compiling cpufeatures v0.3.0
[INFO] [stderr]     Checking bitflags v2.13.1
[INFO] [stderr]     Checking rustls-native-certs v0.8.4
[INFO] [stderr]    Compiling sha2 v0.11.0
[INFO] [stderr]     Checking mime_guess v2.0.5
[INFO] [stderr]     Checking regex-syntax v0.8.11
[INFO] [stderr]    Compiling rust-embed-utils v8.12.0
[INFO] [stderr]     Checking ordered-float v2.10.1
[INFO] [stderr]     Checking lazy_static v1.5.0
[INFO] [stderr]    Compiling redb v2.6.3
[INFO] [stderr]     Checking sharded-slab v0.1.7
[INFO] [stderr]     Checking tracing-log v0.2.0
[INFO] [stderr]     Checking regex-automata v0.4.18
[INFO] [stderr]     Checking thread_local v1.1.10
[INFO] [stderr]     Checking http-range-header v0.4.2
[INFO] [stderr]     Checking iana-time-zone v0.1.65
[INFO] [stderr]     Checking mod_use v0.2.3
[INFO] [stderr]     Checking tap v1.0.1
[INFO] [stderr]     Checking matchit v0.7.3
[INFO] [stderr]     Checking nu-ansi-term v0.50.3
[INFO] [stderr]     Checking serde_path_to_error v0.1.20
[INFO] [stderr]     Checking uuid v1.24.1
[INFO] [stderr]     Checking matchers v0.2.0
[INFO] [stderr]    Compiling synstructure v0.13.2
[INFO] [stderr]    Compiling darling_core v0.20.11
[INFO] [stderr]    Compiling zerovec-derive v0.11.5
[INFO] [stderr]    Compiling displaydoc v0.2.7
[INFO] [stderr]    Compiling tokio-macros v2.7.2
[INFO] [stderr]    Compiling serde_derive v1.0.229
[INFO] [stderr]    Compiling async-trait v0.1.92
[INFO] [stderr]    Compiling zerofrom-derive v0.1.7
[INFO] [stderr]    Compiling yoke-derive v0.8.2
[INFO] [stderr]     Checking tokio v1.53.1
[INFO] [stderr]    Compiling tracing-attributes v0.1.31
[INFO] [stderr]    Compiling thiserror-impl v1.0.69
[INFO] [stderr]     Checking zerofrom v0.1.8
[INFO] [stderr]    Compiling typed-builder-macro v0.18.2
[INFO] [stderr]     Checking yoke v0.8.3
[INFO] [stderr]    Compiling darling_macro v0.20.11
[INFO] [stderr]     Checking zerovec v0.11.8
[INFO] [stderr]     Checking zerotrie v0.2.5
[INFO] [stderr]    Compiling darling v0.20.11
[INFO] [stderr]    Compiling serde_with_macros v2.3.3
[INFO] [stderr]     Checking tracing v0.1.44
[INFO] [stderr]     Checking thiserror v1.0.69
[INFO] [stderr]     Checking tinystr v0.8.4
[INFO] [stderr]     Checking potential_utf v0.1.6
[INFO] [stderr]     Checking axum-core v0.4.5
[INFO] [stderr]     Checking icu_collections v2.3.0
[INFO] [stderr]     Checking icu_locale_core v2.3.0
[INFO] [stderr]     Checking typed-builder v0.18.2
[INFO] [stderr]    Compiling rust-embed-impl v8.12.0
[INFO] [stderr]    Compiling serde_repr v0.1.21
[INFO] [stderr]     Checking tracing-subscriber v0.3.23
[INFO] [stderr]     Checking rust-embed v8.12.0
[INFO] [stderr]     Checking icu_provider v2.3.0
[INFO] [stderr]     Checking icu_properties v2.3.0
[INFO] [stderr]     Checking icu_normalizer v2.3.0
[INFO] [stderr]     Checking serde_urlencoded v0.7.1
[INFO] [stderr]     Checking serde_with v2.3.3
[INFO] [stderr]     Checking serde-value v0.7.0
[INFO] [stderr]     Checking chrono v0.4.45
[INFO] [stderr]     Checking hyper v1.11.0
[INFO] [stderr]     Checking tower v0.5.3
[INFO] [stderr]     Checking idna_adapter v1.2.2
[INFO] [stderr]     Checking idna v1.1.0
[INFO] [stderr]     Checking tokio-util v0.7.19
[INFO] [stderr]     Checking url v2.5.8
[INFO] [stderr]     Checking hyper-util v0.1.20
[INFO] [stderr]     Checking tower-http v0.5.2
[INFO] [stderr]     Checking tower-http v0.6.11
[INFO] [stderr]     Checking axum v0.7.9
[INFO] [stderr]     Checking rustls-webpki v0.103.14
[INFO] [stderr]     Checking tokio-rustls v0.26.4
[INFO] [stderr]     Checking rustls-platform-verifier v0.7.0
[INFO] [stderr]     Checking hyper-rustls v0.27.9
[INFO] [stderr]     Checking reqwest v0.13.4
[INFO] [stderr]     Checking qbit-rs v0.6.0
[INFO] [stderr]     Checking torrent-rs-cleaner v0.1.0 (/opt/rustwide/workdir)
[INFO] [stdout] error[E0432]: unresolved import `qbit_rs::QbitClient`
[INFO] [stdout]  --> src/downloader/qb_impl.rs:3:5
[INFO] [stdout]   |
[INFO] [stdout] 3 | use qbit_rs::QbitClient;
[INFO] [stdout]   |     ^^^^^^^^^----------
[INFO] [stdout]   |              |
[INFO] [stdout]   |              no `QbitClient` in the root
[INFO] [stdout] 
[INFO] [stdout] 
[INFO] [stdout] error[E0433]: cannot find `Server` in `hyper`
[INFO] [stdout]   --> src/main.rs:49:12
[INFO] [stdout]    |
[INFO] [stdout] 49 |     hyper::Server::bind(&addr)
[INFO] [stdout]    |            ^^^^^^ could not find `Server` in `hyper`
[INFO] [stdout] 
[INFO] [stdout] 
[INFO] [stdout] error[E0432]: unresolved import `qbit_rs::QbitClient`
[INFO] [stdout]  --> src/downloader/qb_impl.rs:3:5
[INFO] [stdout]   |
[INFO] [stdout] 3 | use qbit_rs::QbitClient;
[INFO] [stdout]   |     ^^^^^^^^^----------
[INFO] [stdout]   |              |
[INFO] [stdout]   |              no `QbitClient` in the root
[INFO] [stdout] 
[INFO] [stdout] 
[INFO] [stdout] error[E0433]: cannot find `Server` in `hyper`
[INFO] [stdout]   --> src/main.rs:49:12
[INFO] [stdout]    |
[INFO] [stdout] 49 |     hyper::Server::bind(&addr)
[INFO] [stdout]    |            ^^^^^^ could not find `Server` in `hyper`
[INFO] [stdout] 
[INFO] [stdout] 
[INFO] [stdout] error[E0308]: mismatched types
[INFO] [stdout]     --> src/repo/log_repo.rs:27:43
[INFO] [stdout]      |
[INFO] [stdout]   27 |             res.push(serde_json::from_str(v)?);
[INFO] [stdout]      |                      -------------------- ^ expected `&str`, found `AccessGuard<'_, &str>`
[INFO] [stdout]      |                      |
[INFO] [stdout]      |                      arguments to this function are incorrect
[INFO] [stdout]      |
[INFO] [stdout]      = note: expected reference `&str`
[INFO] [stdout]                    found struct `AccessGuard<'_, &str>`
[INFO] [stdout] note: function defined here
[INFO] [stdout]     --> /opt/rustwide/cargo-home/registry/src/index.crates.io-1949cf8c6b5b557f/serde_json-1.0.151/src/de.rs:2709:8
[INFO] [stdout]      |
[INFO] [stdout] 2709 | pub fn from_str<'a, T>(s: &'a str) -> Result<T>
[INFO] [stdout]      |        ^^^^^^^^
[INFO] [stdout] 
[INFO] [stdout] 
[INFO] [stdout] error[E0308]: mismatched types
[INFO] [stdout]     --> src/repo/log_repo.rs:27:43
[INFO] [stdout]      |
[INFO] [stdout]   27 |             res.push(serde_json::from_str(v)?);
[INFO] [stdout]      |                      -------------------- ^ expected `&str`, found `AccessGuard<'_, &str>`
[INFO] [stdout]      |                      |
[INFO] [stdout]      |                      arguments to this function are incorrect
[INFO] [stdout]      |
[INFO] [stdout]      = note: expected reference `&str`
[INFO] [stdout]                    found struct `AccessGuard<'_, &str>`
[INFO] [stdout] note: function defined here
[INFO] [stdout]     --> /opt/rustwide/cargo-home/registry/src/index.crates.io-1949cf8c6b5b557f/serde_json-1.0.151/src/de.rs:2709:8
[INFO] [stdout]      |
[INFO] [stdout] 2709 | pub fn from_str<'a, T>(s: &'a str) -> Result<T>
[INFO] [stdout]      |        ^^^^^^^^
[INFO] [stdout] 
[INFO] [stdout] 
[INFO] [stdout] error[E0599]: no method named `append_scan_log` found for struct `AppRepo` in the current scope
[INFO] [stdout]   --> src/scan_worker/batch_log.rs:22:23
[INFO] [stdout]    |
[INFO] [stdout] 22 |             self.repo.append_scan_log(sid, &log)?;
[INFO] [stdout]    |                       ^^^^^^^^^^^^^^^ method not found in `AppRepo`
[INFO] [stdout]    |
[INFO] [stdout]   ::: src/repo/mod.rs:14:1
[INFO] [stdout]    |
[INFO] [stdout] 14 | pub struct AppRepo {
[INFO] [stdout]    | ------------------ method `append_scan_log` not found for this struct
[INFO] [stdout] 
[INFO] [stdout] 
[INFO] [stdout] error[E0599]: no method named `append_scan_log` found for struct `AppRepo` in the current scope
[INFO] [stdout]   --> src/scan_worker/batch_log.rs:22:23
[INFO] [stdout]    |
[INFO] [stdout] 22 |             self.repo.append_scan_log(sid, &log)?;
[INFO] [stdout]    |                       ^^^^^^^^^^^^^^^ method not found in `AppRepo`
[INFO] [stdout]    |
[INFO] [stdout]   ::: src/repo/mod.rs:14:1
[INFO] [stdout]    |
[INFO] [stdout] 14 | pub struct AppRepo {
[INFO] [stdout]    | ------------------ method `append_scan_log` not found for this struct
[INFO] [stdout] 
[INFO] [stdout] 
[INFO] [stdout] warning: unused import: `redb::ReadableTable`
[INFO] [stdout]  --> src/repo/config_repo.rs:4:5
[INFO] [stdout]   |
[INFO] [stdout] 4 | use redb::ReadableTable;
[INFO] [stdout]   |     ^^^^^^^^^^^^^^^^^^^
[INFO] [stdout]   |
[INFO] [stdout]   = note: `#[warn(unused_imports)]` (part of `#[warn(unused)]`) on by default
[INFO] [stdout] 
[INFO] [stdout] 
[INFO] [stdout] warning: unused import: `redb::ReadableTable`
[INFO] [stdout]  --> src/repo/rule_repo.rs:4:5
[INFO] [stdout]   |
[INFO] [stdout] 4 | use redb::ReadableTable;
[INFO] [stdout]   |     ^^^^^^^^^^^^^^^^^^^
[INFO] [stdout] 
[INFO] [stdout] 
[INFO] [stdout] warning: unused import: `redb::ReadableTable`
[INFO] [stdout]  --> src/repo/config_repo.rs:4:5
[INFO] [stdout]   |
[INFO] [stdout] 4 | use redb::ReadableTable;
[INFO] [stdout]   |     ^^^^^^^^^^^^^^^^^^^
[INFO] [stdout]   |
[INFO] [stdout]   = note: `#[warn(unused_imports)]` (part of `#[warn(unused)]`) on by default
[INFO] [stdout] 
[INFO] [stdout] 
[INFO] [stdout] warning: unused import: `redb::ReadableTable`
[INFO] [stdout]  --> src/repo/rule_repo.rs:4:5
[INFO] [stdout]   |
[INFO] [stdout] 4 | use redb::ReadableTable;
[INFO] [stdout]   |     ^^^^^^^^^^^^^^^^^^^
[INFO] [stdout] 
[INFO] [stdout] 
[INFO] [stdout] warning: value assigned to `predicates` is never read
[INFO] [stdout]   --> src/scan_worker/worker_runtime.rs:20:30
[INFO] [stdout]    |
[INFO] [stdout] 20 |         let mut predicates = Vec::new();
[INFO] [stdout]    |                              ^^^^^^^^^^ this value is reassigned later and never used
[INFO] [stdout] ...
[INFO] [stdout] 31 |                     predicates = compile_rules(&rules);
[INFO] [stdout]    |                     ---------- `predicates` is overwritten here before the previous value is read
[INFO] [stdout]    |
[INFO] [stdout]    = note: `#[warn(unused_assignments)]` (part of `#[warn(unused)]`) on by default
[INFO] [stdout] 
[INFO] [stdout] 
[INFO] [stdout] warning: value assigned to `scan_running` is never read
[INFO] [stdout]   --> src/scan_worker/worker_runtime.rs:38:21
[INFO] [stdout]    |
[INFO] [stdout] 38 |                     scan_running = true;
[INFO] [stdout]    |                     ^^^^^^^^^^^^^^^^^^^ this value is reassigned later and never used
[INFO] [stdout] ...
[INFO] [stdout] 95 |                     scan_running = false;
[INFO] [stdout]    |                     -------------------- `scan_running` is overwritten here before the previous value is read
[INFO] [stdout] 
[INFO] [stdout] 
[INFO] [stdout] Some errors have detailed explanations: E0308, E0432, E0433, E0599.
[INFO] [stdout] 
[INFO] [stdout] For more information about an error, try `rustc --explain E0308`.
[INFO] [stdout] 
[INFO] [stdout] warning: value assigned to `predicates` is never read
[INFO] [stdout]   --> src/scan_worker/worker_runtime.rs:20:30
[INFO] [stdout]    |
[INFO] [stdout] 20 |         let mut predicates = Vec::new();
[INFO] [stdout]    |                              ^^^^^^^^^^ this value is reassigned later and never used
[INFO] [stdout] ...
[INFO] [stdout] 31 |                     predicates = compile_rules(&rules);
[INFO] [stdout]    |                     ---------- `predicates` is overwritten here before the previous value is read
[INFO] [stdout]    |
[INFO] [stdout]    = note: `#[warn(unused_assignments)]` (part of `#[warn(unused)]`) on by default
[INFO] [stdout] 
[INFO] [stdout] 
[INFO] [stdout] warning: value assigned to `scan_running` is never read
[INFO] [stdout]   --> src/scan_worker/worker_runtime.rs:38:21
[INFO] [stdout]    |
[INFO] [stdout] 38 |                     scan_running = true;
[INFO] [stdout]    |                     ^^^^^^^^^^^^^^^^^^^ this value is reassigned later and never used
[INFO] [stdout] ...
[INFO] [stdout] 95 |                     scan_running = false;
[INFO] [stdout]    |                     -------------------- `scan_running` is overwritten here before the previous value is read
[INFO] [stdout] 
[INFO] [stdout] 
[INFO] [stderr] error: could not compile `torrent-rs-cleaner` (bin "torrent-rs-cleaner" test) due to 4 previous errors; 4 warnings emitted
[INFO] [stderr] warning: build failed, waiting for other jobs to finish...
[INFO] [stdout] Some errors have detailed explanations: E0308, E0432, E0433, E0599.
[INFO] [stdout] 
[INFO] [stdout] For more information about an error, try `rustc --explain E0308`.
[INFO] [stdout] 
[INFO] [stderr] error: could not compile `torrent-rs-cleaner` (bin "torrent-rs-cleaner") due to 4 previous errors; 4 warnings emitted
[INFO] [stderr] warning: unused dependency `rust-embed`
[INFO] [stderr]  --> Cargo.toml:8:1
[INFO] [stderr]   |
[INFO] [stderr] 8 | rust-embed = "8.0"
[INFO] [stderr]   | ^^^^^^^^^^^^^^^^^^
[INFO] [stderr]   |
[INFO] [stderr]   = note: `cargo::unused_dependencies` is set to `warn` by default
[INFO] [stderr] help: consider removing the dependency on `rust-embed`
[INFO] [stderr] warning: unused dependency `tower-http`
[INFO] [stderr]   --> Cargo.toml:25:15
[INFO] [stderr]    |
[INFO] [stderr] 25 | [dependencies.tower-http]
[INFO] [stderr]    |               ^^^^^^^^^^^
[INFO] [stderr]    |
[INFO] [stderr] help: consider removing the dependency on `tower-http`
[INFO] [stderr] warning: `torrent-rs-cleaner` (manifest) generated 2 warnings
[INFO] running `Command { std: "docker" "inspect" "0197ac8c2ff81bcfd9678bfa1c588f5786c646401b74df446aeca157fcbdf296", kill_on_drop: false }`
[INFO] running `Command { std: "docker" "rm" "-f" "0197ac8c2ff81bcfd9678bfa1c588f5786c646401b74df446aeca157fcbdf296", kill_on_drop: false }`
[INFO] [stdout] 0197ac8c2ff81bcfd9678bfa1c588f5786c646401b74df446aeca157fcbdf296
