[INFO] cloning repository https://github.com/pakistanaccount0/game-max
[INFO] running `Command { std: "git" "-c" "credential.helper=" "-c" "credential.helper=/workspace/cargo-home/bin/git-credential-null" "clone" "--bare" "https://github.com/pakistanaccount0/game-max" "/workspace/cache/git-repos/https%3A%2F%2Fgithub.com%2Fpakistanaccount0%2Fgame-max", kill_on_drop: false }`
[INFO] [stderr] Cloning into bare repository '/workspace/cache/git-repos/https%3A%2F%2Fgithub.com%2Fpakistanaccount0%2Fgame-max'...
[INFO] running `Command { std: "git" "rev-parse" "HEAD", kill_on_drop: false }`
[INFO] [stdout] 360a0928ce5fd37727f358a510a371df33260868
[INFO] checking pakistanaccount0/game-max against 3154cc1a3e6424e44f438a95007d043ed5ceaaf6+rustflags=-Znext-solver=coherence for pr-133502-30
[INFO] running `Command { std: "git" "clone" "/workspace/cache/git-repos/https%3A%2F%2Fgithub.com%2Fpakistanaccount0%2Fgame-max" "/workspace/builds/worker-0-tc1/source", kill_on_drop: false }`
[INFO] [stderr] Cloning into '/workspace/builds/worker-0-tc1/source'...
[INFO] [stderr] done.
[INFO] started tweaking git repo https://github.com/pakistanaccount0/game-max
[INFO] finished tweaking git repo https://github.com/pakistanaccount0/game-max
[INFO] tweaked toml for git repo https://github.com/pakistanaccount0/game-max written to /workspace/builds/worker-0-tc1/source/Cargo.toml
[INFO] validating manifest of git repo https://github.com/pakistanaccount0/game-max on toolchain 3154cc1a3e6424e44f438a95007d043ed5ceaaf6
[INFO] running `Command { std: CARGO_HOME="/workspace/cargo-home" RUSTUP_HOME="/workspace/rustup-home" "/workspace/cargo-home/bin/cargo" "+3154cc1a3e6424e44f438a95007d043ed5ceaaf6" "metadata" "--manifest-path" "Cargo.toml" "--no-deps", kill_on_drop: false }`
[INFO] crate git repo https://github.com/pakistanaccount0/game-max already has a lockfile, it will not be regenerated
[INFO] running `Command { std: CARGO_HOME="/workspace/cargo-home" RUSTUP_HOME="/workspace/rustup-home" "/workspace/cargo-home/bin/cargo" "+3154cc1a3e6424e44f438a95007d043ed5ceaaf6" "fetch" "--manifest-path" "Cargo.toml", kill_on_drop: false }`
[INFO] running `Command { std: "docker" "create" "-v" "/var/lib/crater-agent-workspace/builds/worker-0-tc1/source:/opt/rustwide/workdir:ro,Z" "-v" "/var/lib/crater-agent-workspace/builds/worker-0-tc1/target:/opt/rustwide/target:rw,Z" "-v" "/var/lib/crater-agent-workspace/cargo-home:/opt/rustwide/cargo-home:ro,Z" "-v" "/var/lib/crater-agent-workspace/rustup-home:/opt/rustwide/rustup-home:ro,Z" "-m" "1610612736" "--network" "none" "ghcr.io/rust-lang/crates-build-env/linux@sha256:77db811e55d90add9212f6832c23229e3de5f1c1f9905e8cb07319ea15df73ac" "sleep" "infinity", kill_on_drop: false }`
[INFO] [stdout] 5b0a322be062a4ae7b9847fd4fc269e95861219bcababea4acb78b8fcd2b73eb
[INFO] running `Command { std: "docker" "start" "5b0a322be062a4ae7b9847fd4fc269e95861219bcababea4acb78b8fcd2b73eb", kill_on_drop: false }`
[INFO] running `Command { std: "docker" "inspect" "5b0a322be062a4ae7b9847fd4fc269e95861219bcababea4acb78b8fcd2b73eb", kill_on_drop: false }`
[INFO] running `Command { std: "docker" "exec" "-e" "SOURCE_DIR=/opt/rustwide/workdir" "-e" "CARGO_HOME=/opt/rustwide/cargo-home" "-e" "RUSTUP_HOME=/opt/rustwide/rustup-home" "-e" "CARGO_TARGET_DIR=/opt/rustwide/target" "-w" "/opt/rustwide/workdir" "--user" "0:0" "5b0a322be062a4ae7b9847fd4fc269e95861219bcababea4acb78b8fcd2b73eb" "/opt/rustwide/cargo-home/bin/cargo" "+3154cc1a3e6424e44f438a95007d043ed5ceaaf6" "metadata" "--no-deps" "--format-version=1", kill_on_drop: false }`
[INFO] running `Command { std: "docker" "inspect" "5b0a322be062a4ae7b9847fd4fc269e95861219bcababea4acb78b8fcd2b73eb", kill_on_drop: false }`
[INFO] running `Command { std: "docker" "exec" "-e" "SOURCE_DIR=/opt/rustwide/workdir" "-e" "CARGO_HOME=/opt/rustwide/cargo-home" "-e" "RUSTUP_HOME=/opt/rustwide/rustup-home" "-e" "CARGO_TARGET_DIR=/opt/rustwide/target" "-e" "CARGO_INCREMENTAL=0" "-e" "RUST_BACKTRACE=full" "-e" "RUSTFLAGS=--cap-lints=forbid -Znext-solver=coherence" "-e" "RUSTDOCFLAGS=--cap-lints=forbid" "-w" "/opt/rustwide/workdir" "--user" "0:0" "5b0a322be062a4ae7b9847fd4fc269e95861219bcababea4acb78b8fcd2b73eb" "/opt/rustwide/cargo-home/bin/cargo" "+3154cc1a3e6424e44f438a95007d043ed5ceaaf6" "check" "--frozen" "--all" "--all-targets" "--message-format=json", kill_on_drop: false }`
[INFO] [stderr]    Compiling syn v2.0.119
[INFO] [stderr]    Compiling thiserror-impl v1.0.69
[INFO] [stderr]     Checking thiserror v1.0.69
[INFO] [stderr]     Checking three_d_max_compiler v0.1.0 (/opt/rustwide/workdir)
[INFO] [stdout] error[E0432]: unresolved import `analyzer::EvaluatedGameMaxScene`
[INFO] [stdout]   --> src/lib.rs:11:30
[INFO] [stdout]    |
[INFO] [stdout] 11 | pub use analyzer::{Analyzer, EvaluatedGameMaxScene};
[INFO] [stdout]    |                              ^^^^^^^^^^^^^^^^^^^^^ no `EvaluatedGameMaxScene` in `analyzer`
[INFO] [stdout]    |
[INFO] [stdout] help: a similar name exists in the module
[INFO] [stdout]    |
[INFO] [stdout] 11 - pub use analyzer::{Analyzer, EvaluatedGameMaxScene};
[INFO] [stdout] 11 + pub use analyzer::{Analyzer, EvaluatedScene};
[INFO] [stdout]    |
[INFO] [stdout] 
[INFO] [stdout] 
[INFO] [stdout] error[E0432]: unresolved import `ast::GameMaxProgramAST`
[INFO] [stdout]   --> src/lib.rs:12:9
[INFO] [stdout]    |
[INFO] [stdout] 12 | pub use ast::GameMaxProgramAST;
[INFO] [stdout]    |         ^^^^^-----------------
[INFO] [stdout]    |              |
[INFO] [stdout]    |              no `GameMaxProgramAST` in `ast`
[INFO] [stdout] 
[INFO] [stdout] 
[INFO] [stdout] error[E0432]: unresolved import `analyzer::EvaluatedGameMaxScene`
[INFO] [stdout]   --> src/lib.rs:11:30
[INFO] [stdout]    |
[INFO] [stdout] 11 | pub use analyzer::{Analyzer, EvaluatedGameMaxScene};
[INFO] [stdout]    |                              ^^^^^^^^^^^^^^^^^^^^^ no `EvaluatedGameMaxScene` in `analyzer`
[INFO] [stdout]    |
[INFO] [stdout] help: a similar name exists in the module
[INFO] [stdout]    |
[INFO] [stdout] 11 - pub use analyzer::{Analyzer, EvaluatedGameMaxScene};
[INFO] [stdout] 11 + pub use analyzer::{Analyzer, EvaluatedScene};
[INFO] [stdout]    |
[INFO] [stdout] 
[INFO] [stdout] 
[INFO] [stdout] error[E0432]: unresolved import `ast::GameMaxProgramAST`
[INFO] [stdout]   --> src/lib.rs:12:9
[INFO] [stdout]    |
[INFO] [stdout] 12 | pub use ast::GameMaxProgramAST;
[INFO] [stdout]    |         ^^^^^-----------------
[INFO] [stdout]    |              |
[INFO] [stdout]    |              no `GameMaxProgramAST` in `ast`
[INFO] [stdout] 
[INFO] [stdout] 
[INFO] [stdout] warning: unexpected `cfg` condition value: `viewer`
[INFO] [stdout]  --> src/lib.rs:8:7
[INFO] [stdout]   |
[INFO] [stdout] 8 | #[cfg(feature = "viewer")]
[INFO] [stdout]   |       ^^^^^^^^^^^^^^^^^^ help: remove the condition
[INFO] [stdout]   |
[INFO] [stdout]   = note: no expected values for `feature`
[INFO] [stdout]   = help: consider adding `viewer` as a feature in `Cargo.toml`
[INFO] [stdout]   = note: see <https://doc.rust-lang.org/nightly/rustc/check-cfg/cargo-specifics.html> for more information about checking conditional configuration
[INFO] [stdout]   = note: `#[warn(unexpected_cfgs)]` on by default
[INFO] [stdout] 
[INFO] [stdout] 
[INFO] [stdout] warning: unused import: `Lexer`
[INFO] [stdout]  --> src/parser.rs:3:20
[INFO] [stdout]   |
[INFO] [stdout] 3 | use crate::lexer::{Lexer, Token};
[INFO] [stdout]   |                    ^^^^^
[INFO] [stdout]   |
[INFO] [stdout]   = note: `#[warn(unused_imports)]` (part of `#[warn(unused)]`) on by default
[INFO] [stdout] 
[INFO] [stdout] 
[INFO] [stdout] warning: unexpected `cfg` condition value: `viewer`
[INFO] [stdout]  --> src/lib.rs:8:7
[INFO] [stdout]   |
[INFO] [stdout] 8 | #[cfg(feature = "viewer")]
[INFO] [stdout]   |       ^^^^^^^^^^^^^^^^^^ help: remove the condition
[INFO] [stdout]   |
[INFO] [stdout]   = note: no expected values for `feature`
[INFO] [stdout]   = help: consider adding `viewer` as a feature in `Cargo.toml`
[INFO] [stdout]   = note: see <https://doc.rust-lang.org/nightly/rustc/check-cfg/cargo-specifics.html> for more information about checking conditional configuration
[INFO] [stdout]   = note: `#[warn(unexpected_cfgs)]` on by default
[INFO] [stdout] 
[INFO] [stdout] 
[INFO] [stdout] warning: unused import: `Lexer`
[INFO] [stdout]  --> src/parser.rs:3:20
[INFO] [stdout]   |
[INFO] [stdout] 3 | use crate::lexer::{Lexer, Token};
[INFO] [stdout]   |                    ^^^^^
[INFO] [stdout]   |
[INFO] [stdout]   = note: `#[warn(unused_imports)]` (part of `#[warn(unused)]`) on by default
[INFO] [stdout] 
[INFO] [stdout] 
[INFO] [stdout] error[E0503]: cannot use `self.line` because it was mutably borrowed
[INFO] [stdout]   --> src/parser.rs:78:31
[INFO] [stdout]    |
[INFO] [stdout] 67 |         while let Ok(token) = self.peek() {
[INFO] [stdout]    |                               ---- `*self` is borrowed here
[INFO] [stdout] ...
[INFO] [stdout] 78 |                         line: self.line,
[INFO] [stdout]    |                               ^^^^^^^^^ use of borrowed `*self`
[INFO] [stdout] 79 |                         message: format!("Unexpected token at start of statement: {:?}", token),
[INFO] [stdout]    |                                                                                          ----- borrow later used here
[INFO] [stdout] 
[INFO] [stdout] 
[INFO] [stdout] error[E0503]: cannot use `self.line` because it was mutably borrowed
[INFO] [stdout]   --> src/parser.rs:78:31
[INFO] [stdout]    |
[INFO] [stdout] 67 |         while let Ok(token) = self.peek() {
[INFO] [stdout]    |                               ---- `*self` is borrowed here
[INFO] [stdout] ...
[INFO] [stdout] 78 |                         line: self.line,
[INFO] [stdout]    |                               ^^^^^^^^^ use of borrowed `*self`
[INFO] [stdout] 79 |                         message: format!("Unexpected token at start of statement: {:?}", token),
[INFO] [stdout]    |                                                                                          ----- borrow later used here
[INFO] [stdout] 
[INFO] [stdout] 
[INFO] [stdout] Some errors have detailed explanations: E0432, E0503.
[INFO] [stdout] 
[INFO] [stdout] For more information about an error, try `rustc --explain E0432`.
[INFO] [stdout] 
[INFO] [stdout] Some errors have detailed explanations: E0432, E0503.
[INFO] [stdout] 
[INFO] [stdout] For more information about an error, try `rustc --explain E0432`.
[INFO] [stdout] 
[INFO] [stderr] error: could not compile `three_d_max_compiler` (lib) due to 3 previous errors; 2 warnings emitted
[INFO] [stderr] warning: build failed, waiting for other jobs to finish...
[INFO] [stderr] error: could not compile `three_d_max_compiler` (lib test) due to 3 previous errors; 2 warnings emitted
[INFO] running `Command { std: "docker" "inspect" "5b0a322be062a4ae7b9847fd4fc269e95861219bcababea4acb78b8fcd2b73eb", kill_on_drop: false }`
[INFO] running `Command { std: "docker" "rm" "-f" "5b0a322be062a4ae7b9847fd4fc269e95861219bcababea4acb78b8fcd2b73eb", kill_on_drop: false }`
[INFO] [stdout] 5b0a322be062a4ae7b9847fd4fc269e95861219bcababea4acb78b8fcd2b73eb
