[INFO] cloning repository https://github.com/pachisiav11/openhistory-win
[INFO] running `Command { std: "git" "-c" "credential.helper=" "-c" "credential.helper=/workspace/cargo-home/bin/git-credential-null" "clone" "--bare" "https://github.com/pachisiav11/openhistory-win" "/workspace/cache/git-repos/https%3A%2F%2Fgithub.com%2Fpachisiav11%2Fopenhistory-win", kill_on_drop: false }`
[INFO] [stderr] Cloning into bare repository '/workspace/cache/git-repos/https%3A%2F%2Fgithub.com%2Fpachisiav11%2Fopenhistory-win'...
[INFO] running `Command { std: "git" "rev-parse" "HEAD", kill_on_drop: false }`
[INFO] [stdout] 421810102dd059a6ec7d987eb347ab2f8f6c9376
[INFO] checking pachisiav11/openhistory-win against 3154cc1a3e6424e44f438a95007d043ed5ceaaf6 for pr-133502-30
[INFO] running `Command { std: "git" "clone" "/workspace/cache/git-repos/https%3A%2F%2Fgithub.com%2Fpachisiav11%2Fopenhistory-win" "/workspace/builds/worker-2-tc2/source", kill_on_drop: false }`
[INFO] [stderr] Cloning into '/workspace/builds/worker-2-tc2/source'...
[INFO] [stderr] done.
[INFO] started tweaking git repo https://github.com/pachisiav11/openhistory-win
[INFO] finished tweaking git repo https://github.com/pachisiav11/openhistory-win
[INFO] tweaked toml for git repo https://github.com/pachisiav11/openhistory-win written to /workspace/builds/worker-2-tc2/source/Cargo.toml
[INFO] validating manifest of git repo https://github.com/pachisiav11/openhistory-win on toolchain 3154cc1a3e6424e44f438a95007d043ed5ceaaf6
[INFO] running `Command { std: CARGO_HOME="/workspace/cargo-home" RUSTUP_HOME="/workspace/rustup-home" "/workspace/cargo-home/bin/cargo" "+3154cc1a3e6424e44f438a95007d043ed5ceaaf6" "metadata" "--manifest-path" "Cargo.toml" "--no-deps", kill_on_drop: false }`
[INFO] crate git repo https://github.com/pachisiav11/openhistory-win already has a lockfile, it will not be regenerated
[INFO] running `Command { std: CARGO_HOME="/workspace/cargo-home" RUSTUP_HOME="/workspace/rustup-home" "/workspace/cargo-home/bin/cargo" "+3154cc1a3e6424e44f438a95007d043ed5ceaaf6" "fetch" "--manifest-path" "Cargo.toml", kill_on_drop: false }`
[INFO] [stderr] warning: unused workspace dependency `once_cell`
[INFO] [stderr]   --> Cargo.toml:18:1
[INFO] [stderr]    |
[INFO] [stderr] 18 | once_cell = "1.21.4"
[INFO] [stderr]    | ^^^^^^^^^
[INFO] [stderr]    |
[INFO] [stderr]    = note: `cargo::unused_workspace_dependencies` is set to `warn` by default
[INFO] [stderr] help: consider removing the workspace dependency `once_cell`
[INFO] [stderr] warning: workspace (manifest) generated 1 warning
[INFO] running `Command { std: "docker" "create" "-v" "/var/lib/crater-agent-workspace/builds/worker-2-tc2/source:/opt/rustwide/workdir:ro,Z" "-v" "/var/lib/crater-agent-workspace/builds/worker-2-tc2/target:/opt/rustwide/target:rw,Z" "-v" "/var/lib/crater-agent-workspace/cargo-home:/opt/rustwide/cargo-home:ro,Z" "-v" "/var/lib/crater-agent-workspace/rustup-home:/opt/rustwide/rustup-home:ro,Z" "-m" "1610612736" "--network" "none" "ghcr.io/rust-lang/crates-build-env/linux@sha256:77db811e55d90add9212f6832c23229e3de5f1c1f9905e8cb07319ea15df73ac" "sleep" "infinity", kill_on_drop: false }`
[INFO] [stdout] b5784fb84c4f13aa6f9b0c8d071bbdcbbd50cf7001899b4024551f5cd8bfed9c
[INFO] running `Command { std: "docker" "start" "b5784fb84c4f13aa6f9b0c8d071bbdcbbd50cf7001899b4024551f5cd8bfed9c", kill_on_drop: false }`
[INFO] running `Command { std: "docker" "inspect" "b5784fb84c4f13aa6f9b0c8d071bbdcbbd50cf7001899b4024551f5cd8bfed9c", kill_on_drop: false }`
[INFO] running `Command { std: "docker" "exec" "-e" "SOURCE_DIR=/opt/rustwide/workdir" "-e" "CARGO_HOME=/opt/rustwide/cargo-home" "-e" "RUSTUP_HOME=/opt/rustwide/rustup-home" "-e" "CARGO_TARGET_DIR=/opt/rustwide/target" "-w" "/opt/rustwide/workdir" "--user" "0:0" "b5784fb84c4f13aa6f9b0c8d071bbdcbbd50cf7001899b4024551f5cd8bfed9c" "/opt/rustwide/cargo-home/bin/cargo" "+3154cc1a3e6424e44f438a95007d043ed5ceaaf6" "metadata" "--no-deps" "--format-version=1", kill_on_drop: false }`
[INFO] running `Command { std: "docker" "inspect" "b5784fb84c4f13aa6f9b0c8d071bbdcbbd50cf7001899b4024551f5cd8bfed9c", kill_on_drop: false }`
[INFO] running `Command { std: "docker" "exec" "-e" "SOURCE_DIR=/opt/rustwide/workdir" "-e" "CARGO_HOME=/opt/rustwide/cargo-home" "-e" "RUSTUP_HOME=/opt/rustwide/rustup-home" "-e" "CARGO_TARGET_DIR=/opt/rustwide/target" "-e" "CARGO_INCREMENTAL=0" "-e" "RUST_BACKTRACE=full" "-e" "RUSTFLAGS=--cap-lints=forbid" "-e" "RUSTDOCFLAGS=--cap-lints=forbid" "-w" "/opt/rustwide/workdir" "--user" "0:0" "b5784fb84c4f13aa6f9b0c8d071bbdcbbd50cf7001899b4024551f5cd8bfed9c" "/opt/rustwide/cargo-home/bin/cargo" "+3154cc1a3e6424e44f438a95007d043ed5ceaaf6" "check" "--frozen" "--all" "--all-targets" "--message-format=json", kill_on_drop: false }`
[INFO] [stderr] warning: unused workspace dependency `once_cell`
[INFO] [stderr]   --> Cargo.toml:18:1
[INFO] [stderr]    |
[INFO] [stderr] 18 | once_cell = "1.21.4"
[INFO] [stderr]    | ^^^^^^^^^
[INFO] [stderr]    |
[INFO] [stderr]    = note: `cargo::unused_workspace_dependencies` is set to `warn` by default
[INFO] [stderr] help: consider removing the workspace dependency `once_cell`
[INFO] [stderr] warning: workspace (manifest) generated 1 warning
[INFO] [stderr]    Compiling smallvec v1.15.2
[INFO] [stderr]    Compiling syn v3.0.3
[INFO] [stderr]     Checking bitflags v2.13.1
[INFO] [stderr]    Compiling fastrand v2.5.0
[INFO] [stderr]    Compiling jobserver v0.1.35
[INFO] [stderr]    Compiling getrandom v0.4.3
[INFO] [stderr]     Checking rand_core v0.10.1
[INFO] [stderr]    Compiling num-conv v0.1.0
[INFO] [stderr]    Compiling time-core v0.1.7
[INFO] [stderr]    Compiling phf_generator v0.13.1
[INFO] [stderr]    Compiling darling_core v0.21.3
[INFO] [stderr]     Checking tracing v0.1.44
[INFO] [stderr]    Compiling cfg-expr v0.15.8
[INFO] [stderr]    Compiling cc v1.4.4
[INFO] [stderr]    Compiling phf_codegen v0.13.1
[INFO] [stderr]    Compiling phf_macros v0.13.1
[INFO] [stderr]    Compiling winnow v0.7.15
[INFO] [stderr]    Compiling serde_json v1.0.151
[INFO] [stderr]    Compiling string_cache_codegen v0.6.1
[INFO] [stderr]     Checking uuid v1.24.1
[INFO] [stderr]    Compiling parking_lot_core v0.9.12
[INFO] [stderr]    Compiling icu_properties_data v2.1.2
[INFO] [stderr]    Compiling icu_normalizer_data v2.1.1
[INFO] [stderr]    Compiling parking_lot v0.12.5
[INFO] [stderr]    Compiling phf v0.13.1
[INFO] [stderr]    Compiling web_atoms v0.2.6
[INFO] [stderr]    Compiling string_cache v0.9.0
[INFO] [stderr]    Compiling selectors v0.36.1
[INFO] [stderr]    Compiling num-traits v0.2.19
[INFO] [stderr]    Compiling deranged v0.5.8
[INFO] [stderr]    Compiling cssparser v0.36.0
[INFO] [stderr]    Compiling toml v1.1.4+spec-1.1.0
[INFO] [stderr]    Compiling markup5ever v0.38.0
[INFO] [stderr]    Compiling html5ever v0.38.0
[INFO] [stderr]    Compiling cfb v0.7.3
[INFO] [stderr]    Compiling quick-xml v0.38.4
[INFO] [stderr]    Compiling darling_macro v0.21.3
[INFO] [stderr]    Compiling time v0.3.45
[INFO] [stderr]    Compiling darling v0.21.3
[INFO] [stderr]    Compiling serde_with_macros v3.17.0
[INFO] [stderr]     Checking typenum v1.20.1
[INFO] [stderr]    Compiling infer v0.19.0
[INFO] [stderr]     Checking dirs v6.0.0
[INFO] [stderr]     Checking rustix v1.1.4
[INFO] [stderr]    Compiling dirs-sys v0.5.0
[INFO] [stderr]    Compiling toml v0.9.12+spec-1.1.0
[INFO] [stderr]    Compiling dom_query v0.27.0
[INFO] [stderr]    Compiling embed-resource v3.0.11
[INFO] [stderr]    Compiling serde_with v3.17.0
[INFO] [stderr]    Compiling tauri-winres v0.3.6
[INFO] [stderr]    Compiling cmake v0.1.58
[INFO] [stderr]    Compiling toml_edit v0.25.13+spec-1.1.0
[INFO] [stderr]     Checking generic-array v0.14.7
[INFO] [stderr]    Compiling aws-lc-sys v0.44.0
[INFO] [stderr]     Checking concurrent-queue v2.5.0
[INFO] [stderr]     Checking regex-automata v0.4.18
[INFO] [stderr]    Compiling time-macros v0.2.25
[INFO] [stderr]    Compiling proc-macro-crate v3.5.0
[INFO] [stderr]    Compiling serde_derive v1.0.229
[INFO] [stderr]    Compiling zerovec-derive v0.11.6
[INFO] [stderr]    Compiling displaydoc v0.2.7
[INFO] [stderr]    Compiling thiserror-impl v2.0.20
[INFO] [stderr]    Compiling futures-macro v0.3.34
[INFO] [stderr]    Compiling zerotrie v0.2.5
[INFO] [stderr]    Compiling tokio-macros v2.7.2
[INFO] [stderr]    Compiling zerovec v0.11.8
[INFO] [stderr]     Checking futures-util v0.3.34
[INFO] [stderr]     Checking thiserror v2.0.20
[INFO] [stderr]     Checking tokio v1.53.1
[INFO] [stderr]    Compiling tinystr v0.8.4
[INFO] [stderr]    Compiling potential_utf v0.1.6
[INFO] [stderr]    Compiling icu_collections v2.1.1
[INFO] [stderr]    Compiling icu_locale_core v2.1.1
[INFO] [stderr]    Compiling serde_repr v0.1.21
[INFO] [stderr]     Checking icu_provider v2.1.1
[INFO] [stderr]     Checking icu_properties v2.1.2
[INFO] [stderr]     Checking icu_normalizer v2.1.1
[INFO] [stderr]     Checking crypto-common v0.1.7
[INFO] [stderr]    Compiling serde v1.0.229
[INFO] [stderr]     Checking futures-executor v0.3.34
[INFO] [stderr]    Compiling aws-lc-rs v1.18.0
[INFO] [stderr]     Checking chrono v0.4.45
[INFO] [stderr]     Checking dpi v0.1.2
[INFO] [stderr]    Compiling toml_datetime v0.6.3
[INFO] [stderr]    Compiling serde_spanned v0.6.9
[INFO] [stderr]    Compiling toml_edit v0.20.2
[INFO] [stderr]    Compiling cargo-platform v0.1.9
[INFO] [stderr]    Compiling indexmap v1.9.3
[INFO] [stderr]    Compiling jsonptr v0.6.3
[INFO] [stderr]    Compiling cargo_metadata v0.19.2
[INFO] [stderr]    Compiling json-patch v3.0.1
[INFO] [stderr]    Compiling plist v1.8.0
[INFO] [stderr]    Compiling idna_adapter v1.2.1
[INFO] [stderr]    Compiling idna v1.1.0
[INFO] [stderr]    Compiling toml_edit v0.19.15
[INFO] [stderr]     Checking url v2.5.8
[INFO] [stderr]    Compiling cargo_toml v0.22.3
[INFO] [stderr]    Compiling zvariant_utils v3.3.0
[INFO] [stderr]     Checking oh-core v0.1.0 (/opt/rustwide/workdir/crates/oh-core)
[INFO] [stderr]    Compiling schemars v0.8.22
[INFO] [stderr]    Compiling urlpattern v0.3.0
[INFO] [stderr]    Compiling zvariant_derive v5.9.2
[INFO] [stderr]    Compiling toml v0.8.2
[INFO] [stderr]    Compiling system-deps v6.2.2
[INFO] [stderr]    Compiling proc-macro-crate v2.0.2
[INFO] [stderr]    Compiling tauri-utils v2.9.3
[INFO] [stderr]    Compiling proc-macro-crate v1.3.1
[INFO] [stderr]     Checking zlib-rs v0.6.7
[INFO] [stderr]    Compiling glib-macros v0.18.5
[INFO] [stderr]    Compiling enumflags2 v0.7.12
[INFO] [stderr]    Compiling glib-sys v0.18.1
[INFO] [stderr]    Compiling gobject-sys v0.18.0
[INFO] [stderr]    Compiling gio-sys v0.18.1
[INFO] [stderr]    Compiling gdk-sys v0.18.2
[INFO] [stderr]    Compiling pango-sys v0.18.0
[INFO] [stderr]    Compiling cairo-sys-rs v0.18.2
[INFO] [stderr]    Compiling atk-sys v0.18.2
[INFO] [stderr]    Compiling gdk-pixbuf-sys v0.18.0
[INFO] [stderr]    Compiling gtk-sys v0.18.2
[INFO] [stderr]    Compiling gtk v0.18.2
[INFO] [stderr]    Compiling gtk3-macros v0.18.2
[INFO] [stderr]    Compiling javascriptcore-rs-sys v1.1.1
[INFO] [stderr]    Compiling soup3-sys v0.5.0
[INFO] [stderr]    Compiling webkit2gtk-sys v2.0.2
[INFO] [stderr]    Compiling gdkx11-sys v0.18.2
[INFO] [stderr]     Checking flate2 v1.1.9
[INFO] [stderr]     Checking x11 v2.21.0
[INFO] [stderr]     Checking polling v3.11.0
[INFO] [stderr]    Compiling crc32fast v1.5.0
[INFO] [stderr]     Checking winnow v1.0.4
[INFO] [stderr]     Checking tokio-util v0.7.19
[INFO] [stderr]     Checking toml_parser v1.1.3+spec-1.1.0
[INFO] [stderr]    Compiling zvariant v5.9.2
[INFO] [stderr]     Checking async-io v2.6.0
[INFO] [stderr]     Checking regex v1.13.1
[INFO] [stderr]     Checking glib v0.18.5
[INFO] [stderr]     Checking async-channel v2.5.0
[INFO] [stderr]     Checking crossbeam-channel v0.5.16
[INFO] [stderr]    Compiling png v0.17.16
[INFO] [stderr]     Checking cookie v0.18.2
[INFO] [stderr]    Compiling zbus_names v4.3.1
[INFO] [stderr]     Checking async-signal v0.2.14
[INFO] [stderr]     Checking h2 v0.4.18
[INFO] [stderr]     Checking block-buffer v0.10.4
[INFO] [stderr]     Checking block-padding v0.3.3
[INFO] [stderr]     Checking num-integer v0.1.46
[INFO] [stderr]     Checking semver v1.0.28
[INFO] [stderr]    Compiling rustls v0.23.43
[INFO] [stderr]     Checking keyboard-types v0.7.0
[INFO] [stderr]    Compiling wry v0.55.1
[INFO] [stderr]    Compiling zbus_macros v5.13.2
[INFO] [stderr]     Checking libappindicator-sys v0.9.0
[INFO] [stderr]     Checking dlopen2 v0.8.2
[INFO] [stderr]     Checking blocking v1.6.2
[INFO] [stderr]     Checking inout v0.1.4
[INFO] [stderr]     Checking digest v0.10.7
[INFO] [stderr]     Checking async-process v2.5.0
[INFO] [stderr]     Checking dbus v0.9.12
[INFO] [stderr]    Compiling ico v0.5.0
[INFO] [stderr]     Checking gdkwayland-sys v0.18.2
[INFO] [stderr]     Checking async-executor v1.14.0
[INFO] [stderr]    Compiling async-trait v0.1.92
[INFO] [stderr]     Checking hybrid-array v0.4.14
[INFO] [stderr]    Compiling tauri-build v2.6.3
[INFO] [stderr]    Compiling tauri-plugin v2.6.3
[INFO] [stderr]     Checking hyper v1.11.0
[INFO] [stderr]     Checking zbus v5.13.2
[INFO] [stderr]    Compiling tauri-codegen v2.6.3
[INFO] [stderr]     Checking gio v0.18.4
[INFO] [stderr]     Checking cairo-rs v0.18.5
[INFO] [stderr]     Checking atk v0.18.2
[INFO] [stderr]     Checking javascriptcore-rs v1.1.2
[INFO] [stderr]     Checking hyper-util v0.1.20
[INFO] [stderr]     Checking png v0.18.1
[INFO] [stderr]     Checking cipher v0.4.4
[INFO] [stderr]     Checking tower v0.5.3
[INFO] [stderr]     Checking num-bigint v0.4.8
[INFO] [stderr]     Checking tempfile v3.27.0
[INFO] [stderr]     Checking cpufeatures v0.3.0
[INFO] [stderr]     Checking serialize-to-javascript v0.1.2
[INFO] [stderr]     Checking crypto-common v0.2.2
[INFO] [stderr]     Checking block-buffer v0.12.1
[INFO] [stderr]     Checking hmac v0.12.1
[INFO] [stderr]     Checking num-iter v0.1.46
[INFO] [stderr]     Checking num-complex v0.4.6
[INFO] [stderr]     Checking const-oid v0.10.2
[INFO] [stderr]     Checking hkdf v0.12.4
[INFO] [stderr]     Checking sha2 v0.10.9
[INFO] [stderr]     Checking digest v0.11.3
[INFO] [stderr]     Checking aes v0.8.4
[INFO] [stderr]     Checking cbc v0.1.2
[INFO] [stderr]     Checking getrandom v0.2.17
[INFO] [stderr]    Compiling signal-hook v0.3.18
[INFO] [stderr]     Checking num-rational v0.4.2
[INFO] [stderr]     Checking sha2 v0.11.0
[INFO] [stderr]     Checking tower-http v0.6.11
[INFO] [stderr]     Checking oh-processing v0.1.0 (/opt/rustwide/workdir/crates/oh-processing)
[INFO] [stderr]     Checking num v0.4.3
[INFO] [stderr]     Checking oh-collector v0.1.0 (/opt/rustwide/workdir/crates/oh-collector)
[INFO] [stderr]     Checking keyring-core v1.0.0
[INFO] [stdout] error[E0433]: cannot find `windows` in `os`
[INFO] [stdout]  --> crates/oh-collector/src/win.rs:8:14
[INFO] [stdout]   |
[INFO] [stdout] 8 | use std::os::windows::ffi::OsStringExt;
[INFO] [stdout]   |              ^^^^^^^ could not find `windows` in `os`
[INFO] [stdout]   |
[INFO] [stdout] note: found an item that was configured out
[INFO] [stdout]  --> /rustc/3154cc1a3e6424e44f438a95007d043ed5ceaaf6/library/std/src/os/mod.rs:62:4
[INFO] [stdout]   |
[INFO] [stdout]   = note: the item is gated behind the `windows` feature
[INFO] [stdout] 
[INFO] [stdout] 
[INFO] [stdout] error[E0433]: cannot find module or crate `windows` in this scope
[INFO] [stdout]   --> crates/oh-collector/src/win.rs:11:5
[INFO] [stdout]    |
[INFO] [stdout] 11 | use windows::Win32::Foundation::{CloseHandle, HANDLE, HWND, LPARAM, MAX_PATH, WAIT_TIMEOUT};
[INFO] [stdout]    |     ^^^^^^^ use of unresolved module or unlinked crate `windows`
[INFO] [stdout]    |
[INFO] [stdout]    = help: if you wanted to use a crate named `windows`, use `cargo add windows` to add it to your `Cargo.toml`
[INFO] [stdout] 
[INFO] [stdout] 
[INFO] [stdout] error[E0433]: cannot find module or crate `windows` in this scope
[INFO] [stdout]   --> crates/oh-collector/src/win.rs:12:5
[INFO] [stdout]    |
[INFO] [stdout] 12 | use windows::Win32::Storage::FileSystem::{
[INFO] [stdout]    |     ^^^^^^^ use of unresolved module or unlinked crate `windows`
[INFO] [stdout]    |
[INFO] [stdout]    = help: if you wanted to use a crate named `windows`, use `cargo add windows` to add it to your `Cargo.toml`
[INFO] [stdout] 
[INFO] [stdout] 
[INFO] [stdout] error[E0433]: cannot find module or crate `windows` in this scope
[INFO] [stdout]   --> crates/oh-collector/src/win.rs:15:5
[INFO] [stdout]    |
[INFO] [stdout] 15 | use windows::Win32::System::Threading::{
[INFO] [stdout]    |     ^^^^^^^ use of unresolved module or unlinked crate `windows`
[INFO] [stdout]    |
[INFO] [stdout]    = help: if you wanted to use a crate named `windows`, use `cargo add windows` to add it to your `Cargo.toml`
[INFO] [stdout] 
[INFO] [stdout] 
[INFO] [stdout] error[E0433]: cannot find module or crate `windows` in this scope
[INFO] [stdout]   --> crates/oh-collector/src/win.rs:19:5
[INFO] [stdout]    |
[INFO] [stdout] 19 | use windows::Win32::UI::WindowsAndMessaging::{
[INFO] [stdout]    |     ^^^^^^^ use of unresolved module or unlinked crate `windows`
[INFO] [stdout]    |
[INFO] [stdout]    = help: if you wanted to use a crate named `windows`, use `cargo add windows` to add it to your `Cargo.toml`
[INFO] [stdout] 
[INFO] [stdout] 
[INFO] [stdout] error[E0433]: cannot find module or crate `windows` in this scope
[INFO] [stdout]   --> crates/oh-collector/src/win.rs:23:5
[INFO] [stdout]    |
[INFO] [stdout] 23 | use windows::core::{BOOL, HSTRING, PCWSTR, PWSTR};
[INFO] [stdout]    |     ^^^^^^^ use of unresolved module or unlinked crate `windows`
[INFO] [stdout]    |
[INFO] [stdout]    = help: if you wanted to use a crate named `windows`, use `cargo add windows` to add it to your `Cargo.toml`
[INFO] [stdout] 
[INFO] [stdout] 
[INFO] [stdout] error[E0433]: cannot find module or crate `windows` in this scope
[INFO] [stdout]   --> crates/oh-collector/src/collector.rs:21:5
[INFO] [stdout]    |
[INFO] [stdout] 21 | use windows::Win32::Foundation::{HWND, LPARAM, LRESULT, WPARAM};
[INFO] [stdout]    |     ^^^^^^^ use of unresolved module or unlinked crate `windows`
[INFO] [stdout]    |
[INFO] [stdout]    = help: if you wanted to use a crate named `windows`, use `cargo add windows` to add it to your `Cargo.toml`
[INFO] [stdout] 
[INFO] [stdout] 
[INFO] [stdout] error[E0433]: cannot find module or crate `windows` in this scope
[INFO] [stdout]   --> crates/oh-collector/src/collector.rs:22:5
[INFO] [stdout]    |
[INFO] [stdout] 22 | use windows::Win32::System::LibraryLoader::GetModuleHandleW;
[INFO] [stdout]    |     ^^^^^^^ use of unresolved module or unlinked crate `windows`
[INFO] [stdout]    |
[INFO] [stdout]    = help: if you wanted to use a crate named `windows`, use `cargo add windows` to add it to your `Cargo.toml`
[INFO] [stdout] 
[INFO] [stdout] 
[INFO] [stdout] error[E0433]: cannot find module or crate `windows` in this scope
[INFO] [stdout]   --> crates/oh-collector/src/collector.rs:23:5
[INFO] [stdout]    |
[INFO] [stdout] 23 | use windows::Win32::System::Power::{
[INFO] [stdout]    |     ^^^^^^^ use of unresolved module or unlinked crate `windows`
[INFO] [stdout]    |
[INFO] [stdout]    = help: if you wanted to use a crate named `windows`, use `cargo add windows` to add it to your `Cargo.toml`
[INFO] [stdout] 
[INFO] [stdout] 
[INFO] [stdout] error[E0433]: cannot find module or crate `windows` in this scope
[INFO] [stdout]   --> crates/oh-collector/src/collector.rs:27:5
[INFO] [stdout]    |
[INFO] [stdout] 27 | use windows::Win32::System::RemoteDesktop::{
[INFO] [stdout]    |     ^^^^^^^ use of unresolved module or unlinked crate `windows`
[INFO] [stdout]    |
[INFO] [stdout]    = help: if you wanted to use a crate named `windows`, use `cargo add windows` to add it to your `Cargo.toml`
[INFO] [stdout] 
[INFO] [stdout] 
[INFO] [stdout] error[E0433]: cannot find module or crate `windows` in this scope
[INFO] [stdout]   --> crates/oh-collector/src/collector.rs:30:5
[INFO] [stdout]    |
[INFO] [stdout] 30 | use windows::Win32::System::SystemServices::GUID_CONSOLE_DISPLAY_STATE;
[INFO] [stdout]    |     ^^^^^^^ use of unresolved module or unlinked crate `windows`
[INFO] [stdout]    |
[INFO] [stdout]    = help: if you wanted to use a crate named `windows`, use `cargo add windows` to add it to your `Cargo.toml`
[INFO] [stdout] 
[INFO] [stdout] 
[INFO] [stdout] error[E0433]: cannot find module or crate `windows` in this scope
[INFO] [stdout]   --> crates/oh-collector/src/collector.rs:31:5
[INFO] [stdout]    |
[INFO] [stdout] 31 | use windows::Win32::UI::Accessibility::{HWINEVENTHOOK, SetWinEventHook, UnhookWinEvent};
[INFO] [stdout]    |     ^^^^^^^ use of unresolved module or unlinked crate `windows`
[INFO] [stdout]    |
[INFO] [stdout]    = help: if you wanted to use a crate named `windows`, use `cargo add windows` to add it to your `Cargo.toml`
[INFO] [stdout] 
[INFO] [stdout] 
[INFO] [stdout] error[E0433]: cannot find module or crate `windows` in this scope
[INFO] [stdout]   --> crates/oh-collector/src/collector.rs:32:5
[INFO] [stdout]    |
[INFO] [stdout] 32 | use windows::Win32::UI::WindowsAndMessaging::{
[INFO] [stdout]    |     ^^^^^^^ use of unresolved module or unlinked crate `windows`
[INFO] [stdout]    |
[INFO] [stdout]    = help: if you wanted to use a crate named `windows`, use `cargo add windows` to add it to your `Cargo.toml`
[INFO] [stdout] 
[INFO] [stdout] 
[INFO] [stdout] error[E0433]: cannot find module or crate `windows` in this scope
[INFO] [stdout]   --> crates/oh-collector/src/collector.rs:40:5
[INFO] [stdout]    |
[INFO] [stdout] 40 | use windows::core::{PCWSTR, w};
[INFO] [stdout]    |     ^^^^^^^ use of unresolved module or unlinked crate `windows`
[INFO] [stdout]    |
[INFO] [stdout]    = help: if you wanted to use a crate named `windows`, use `cargo add windows` to add it to your `Cargo.toml`
[INFO] [stdout] 
[INFO] [stdout] 
[INFO] [stdout] error[E0433]: cannot find module or crate `windows` in this scope
[INFO] [stdout]   --> crates/oh-collector/src/uia.rs:15:5
[INFO] [stdout]    |
[INFO] [stdout] 15 | use windows::Win32::Foundation::HWND;
[INFO] [stdout]    |     ^^^^^^^ use of unresolved module or unlinked crate `windows`
[INFO] [stdout]    |
[INFO] [stdout]    = help: if you wanted to use a crate named `windows`, use `cargo add windows` to add it to your `Cargo.toml`
[INFO] [stdout] 
[INFO] [stdout] 
[INFO] [stdout] error[E0433]: cannot find module or crate `windows` in this scope
[INFO] [stdout]   --> crates/oh-collector/src/uia.rs:16:5
[INFO] [stdout]    |
[INFO] [stdout] 16 | use windows::Win32::System::Com::{
[INFO] [stdout]    |     ^^^^^^^ use of unresolved module or unlinked crate `windows`
[INFO] [stdout]    |
[INFO] [stdout]    = help: if you wanted to use a crate named `windows`, use `cargo add windows` to add it to your `Cargo.toml`
[INFO] [stdout] 
[INFO] [stdout] 
[INFO] [stdout] error[E0433]: cannot find module or crate `windows` in this scope
[INFO] [stdout]   --> crates/oh-collector/src/uia.rs:20:5
[INFO] [stdout]    |
[INFO] [stdout] 20 | use windows::Win32::System::Variant::VARIANT;
[INFO] [stdout]    |     ^^^^^^^ use of unresolved module or unlinked crate `windows`
[INFO] [stdout]    |
[INFO] [stdout]    = help: if you wanted to use a crate named `windows`, use `cargo add windows` to add it to your `Cargo.toml`
[INFO] [stdout] 
[INFO] [stdout] 
[INFO] [stdout] error[E0433]: cannot find module or crate `windows` in this scope
[INFO] [stdout]   --> crates/oh-collector/src/uia.rs:21:5
[INFO] [stdout]    |
[INFO] [stdout] 21 | use windows::Win32::UI::Accessibility::{
[INFO] [stdout]    |     ^^^^^^^ use of unresolved module or unlinked crate `windows`
[INFO] [stdout]    |
[INFO] [stdout]    = help: if you wanted to use a crate named `windows`, use `cargo add windows` to add it to your `Cargo.toml`
[INFO] [stdout] 
[INFO] [stdout] 
[INFO] [stdout] error[E0433]: cannot find module or crate `windows` in this scope
[INFO] [stdout]   --> crates/oh-collector/src/uia.rs:35:5
[INFO] [stdout]    |
[INFO] [stdout] 35 | use windows::core::Interface;
[INFO] [stdout]    |     ^^^^^^^ use of unresolved module or unlinked crate `windows`
[INFO] [stdout]    |
[INFO] [stdout]    = help: if you wanted to use a crate named `windows`, use `cargo add windows` to add it to your `Cargo.toml`
[INFO] [stdout] 
[INFO] [stdout] 
[INFO] [stdout] error[E0433]: cannot find module or crate `windows` in this scope
[INFO] [stdout]    --> crates/oh-collector/src/collector.rs:641:13
[INFO] [stdout]     |
[INFO] [stdout] 641 |             windows::Win32::Foundation::HANDLE(window.0),
[INFO] [stdout]     |             ^^^^^^^ use of unresolved module or unlinked crate `windows`
[INFO] [stdout]     |
[INFO] [stdout]     = help: if you wanted to use a crate named `windows`, use `cargo add windows` to add it to your `Cargo.toml`
[INFO] [stdout] 
[INFO] [stdout] 
[INFO] [stdout] error[E0433]: cannot find module or crate `windows` in this scope
[INFO] [stdout]    --> crates/oh-collector/src/collector.rs:643:13
[INFO] [stdout]     |
[INFO] [stdout] 643 |             windows::Win32::UI::WindowsAndMessaging::DEVICE_NOTIFY_WINDOW_HANDLE,
[INFO] [stdout]     |             ^^^^^^^ use of unresolved module or unlinked crate `windows`
[INFO] [stdout]     |
[INFO] [stdout]     = help: if you wanted to use a crate named `windows`, use `cargo add windows` to add it to your `Cargo.toml`
[INFO] [stdout] 
[INFO] [stdout] 
[INFO] [stdout] error[E0433]: cannot find module or crate `windows` in this scope
[INFO] [stdout]    --> crates/oh-collector/src/collector.rs:685:30
[INFO] [stdout]     |
[INFO] [stdout] 685 |     let thread_id = unsafe { windows::Win32::System::Threading::GetCurrentThreadId() };
[INFO] [stdout]     |                              ^^^^^^^ use of unresolved module or unlinked crate `windows`
[INFO] [stdout]     |
[INFO] [stdout]     = help: if you wanted to use a crate named `windows`, use `cargo add windows` to add it to your `Cargo.toml`
[INFO] [stdout] 
[INFO] [stdout] 
[INFO] [stdout] error[E0433]: cannot find module or crate `windows` in this scope
[INFO] [stdout]    --> crates/oh-collector/src/uia.rs:165:21
[INFO] [stdout]     |
[INFO] [stdout] 165 |     pub fn new() -> windows::core::Result<Self> {
[INFO] [stdout]     |                     ^^^^^^^ use of unresolved module or unlinked crate `windows`
[INFO] [stdout]     |
[INFO] [stdout]     = help: if you wanted to use a crate named `windows`, use `cargo add windows` to add it to your `Cargo.toml`
[INFO] [stdout] 
[INFO] [stdout] 
[INFO] [stdout] error[E0433]: cannot find module or crate `windows` in this scope
[INFO] [stdout]    --> crates/oh-collector/src/uia.rs:306:21
[INFO] [stdout]     |
[INFO] [stdout] 306 |         condition: &windows::Win32::UI::Accessibility::IUIAutomationCondition,
[INFO] [stdout]     |                     ^^^^^^^ use of unresolved module or unlinked crate `windows`
[INFO] [stdout]     |
[INFO] [stdout]     = help: if you wanted to use a crate named `windows`, use `cargo add windows` to add it to your `Cargo.toml`
[INFO] [stdout] 
[INFO] [stdout] 
[INFO] [stderr]     Checking bumpalo v3.20.3
[INFO] [stdout] error[E0599]: no associated function or constant named `from_wide` found for struct `OsString` in the current scope
[INFO] [stdout]   --> crates/oh-collector/src/win.rs:40:15
[INFO] [stdout]    |
[INFO] [stdout] 40 |     OsString::from_wide(&buffer[..end])
[INFO] [stdout]    |               ^^^^^^^^^ associated function or constant not found in `OsString`
[INFO] [stdout]    |
[INFO] [stdout] note: if you're trying to build a new `OsString` consider using one of the following associated functions:
[INFO] [stdout]       OsString::new
[INFO] [stdout]       OsString::from_encoded_bytes_unchecked
[INFO] [stdout]       OsString::with_capacity
[INFO] [stdout]   --> /rustc/3154cc1a3e6424e44f438a95007d043ed5ceaaf6/library/std/src/ffi/os_str.rs:134:4
[INFO] [stdout] help: there is an associated function `from_iter` with a similar name
[INFO] [stdout]    |
[INFO] [stdout] 40 -     OsString::from_wide(&buffer[..end])
[INFO] [stdout] 40 +     OsString::from_iter(&buffer[..end])
[INFO] [stdout]    |
[INFO] [stdout] 
[INFO] [stdout] 
[INFO] [stdout] Some errors have detailed explanations: E0433, E0599.
[INFO] [stdout] 
[INFO] [stdout] For more information about an error, try `rustc --explain E0433`.
[INFO] [stdout] 
[INFO] [stderr] error: could not compile `oh-collector` (lib) due to 25 previous errors
[INFO] [stderr] warning: build failed, waiting for other jobs to finish...
[INFO] running `Command { std: "docker" "inspect" "b5784fb84c4f13aa6f9b0c8d071bbdcbbd50cf7001899b4024551f5cd8bfed9c", kill_on_drop: false }`
[INFO] running `Command { std: "docker" "rm" "-f" "b5784fb84c4f13aa6f9b0c8d071bbdcbbd50cf7001899b4024551f5cd8bfed9c", kill_on_drop: false }`
[INFO] [stdout] b5784fb84c4f13aa6f9b0c8d071bbdcbbd50cf7001899b4024551f5cd8bfed9c
