[INFO] cloning repository https://github.com/pablerasAndres/maestroxempresa
[INFO] running `Command { std: "git" "-c" "credential.helper=" "-c" "credential.helper=/workspace/cargo-home/bin/git-credential-null" "clone" "--bare" "https://github.com/pablerasAndres/maestroxempresa" "/workspace/cache/git-repos/https%3A%2F%2Fgithub.com%2FpablerasAndres%2Fmaestroxempresa", kill_on_drop: false }`
[INFO] [stderr] Cloning into bare repository '/workspace/cache/git-repos/https%3A%2F%2Fgithub.com%2FpablerasAndres%2Fmaestroxempresa'...
[INFO] running `Command { std: "git" "rev-parse" "HEAD", kill_on_drop: false }`
[INFO] [stdout] f93e1dce36686382006cbd2db4ff865093f3292e
[INFO] checking pablerasAndres/maestroxempresa against 3154cc1a3e6424e44f438a95007d043ed5ceaaf6+rustflags=-Znext-solver=coherence for pr-133502-30
[INFO] running `Command { std: "git" "clone" "/workspace/cache/git-repos/https%3A%2F%2Fgithub.com%2FpablerasAndres%2Fmaestroxempresa" "/workspace/builds/worker-1-tc1/source", kill_on_drop: false }`
[INFO] [stderr] Cloning into '/workspace/builds/worker-1-tc1/source'...
[INFO] [stderr] done.
[INFO] started tweaking git repo https://github.com/pablerasAndres/maestroxempresa
[INFO] finished tweaking git repo https://github.com/pablerasAndres/maestroxempresa
[INFO] tweaked toml for git repo https://github.com/pablerasAndres/maestroxempresa written to /workspace/builds/worker-1-tc1/source/Cargo.toml
[INFO] validating manifest of git repo https://github.com/pablerasAndres/maestroxempresa on toolchain 3154cc1a3e6424e44f438a95007d043ed5ceaaf6
[INFO] running `Command { std: CARGO_HOME="/workspace/cargo-home" RUSTUP_HOME="/workspace/rustup-home" "/workspace/cargo-home/bin/cargo" "+3154cc1a3e6424e44f438a95007d043ed5ceaaf6" "metadata" "--manifest-path" "Cargo.toml" "--no-deps", kill_on_drop: false }`
[INFO] crate git repo https://github.com/pablerasAndres/maestroxempresa already has a lockfile, it will not be regenerated
[INFO] running `Command { std: CARGO_HOME="/workspace/cargo-home" RUSTUP_HOME="/workspace/rustup-home" "/workspace/cargo-home/bin/cargo" "+3154cc1a3e6424e44f438a95007d043ed5ceaaf6" "fetch" "--manifest-path" "Cargo.toml", kill_on_drop: false }`
[INFO] [stderr]     Updating crates.io index
[INFO] [stderr]  Downloading crates ...
[INFO] [stderr]   Downloaded bcrypt v0.15.1
[INFO] [stderr]   Downloaded native-tls v0.2.18
[INFO] running `Command { std: "docker" "create" "-v" "/var/lib/crater-agent-workspace/builds/worker-1-tc1/source:/opt/rustwide/workdir:ro,Z" "-v" "/var/lib/crater-agent-workspace/builds/worker-1-tc1/target:/opt/rustwide/target:rw,Z" "-v" "/var/lib/crater-agent-workspace/cargo-home:/opt/rustwide/cargo-home:ro,Z" "-v" "/var/lib/crater-agent-workspace/rustup-home:/opt/rustwide/rustup-home:ro,Z" "-m" "1610612736" "--network" "none" "ghcr.io/rust-lang/crates-build-env/linux@sha256:77db811e55d90add9212f6832c23229e3de5f1c1f9905e8cb07319ea15df73ac" "sleep" "infinity", kill_on_drop: false }`
[INFO] [stdout] 409095b97a59f975d71106b8bc2278e7e9822a74674f2a502445071ed6581e14
[INFO] running `Command { std: "docker" "start" "409095b97a59f975d71106b8bc2278e7e9822a74674f2a502445071ed6581e14", kill_on_drop: false }`
[INFO] running `Command { std: "docker" "inspect" "409095b97a59f975d71106b8bc2278e7e9822a74674f2a502445071ed6581e14", kill_on_drop: false }`
[INFO] running `Command { std: "docker" "exec" "-e" "SOURCE_DIR=/opt/rustwide/workdir" "-e" "CARGO_HOME=/opt/rustwide/cargo-home" "-e" "RUSTUP_HOME=/opt/rustwide/rustup-home" "-e" "CARGO_TARGET_DIR=/opt/rustwide/target" "-w" "/opt/rustwide/workdir" "--user" "0:0" "409095b97a59f975d71106b8bc2278e7e9822a74674f2a502445071ed6581e14" "/opt/rustwide/cargo-home/bin/cargo" "+3154cc1a3e6424e44f438a95007d043ed5ceaaf6" "metadata" "--no-deps" "--format-version=1", kill_on_drop: false }`
[INFO] running `Command { std: "docker" "inspect" "409095b97a59f975d71106b8bc2278e7e9822a74674f2a502445071ed6581e14", kill_on_drop: false }`
[INFO] running `Command { std: "docker" "exec" "-e" "SOURCE_DIR=/opt/rustwide/workdir" "-e" "CARGO_HOME=/opt/rustwide/cargo-home" "-e" "RUSTUP_HOME=/opt/rustwide/rustup-home" "-e" "CARGO_TARGET_DIR=/opt/rustwide/target" "-e" "CARGO_INCREMENTAL=0" "-e" "RUST_BACKTRACE=full" "-e" "RUSTFLAGS=--cap-lints=forbid -Znext-solver=coherence" "-e" "RUSTDOCFLAGS=--cap-lints=forbid" "-w" "/opt/rustwide/workdir" "--user" "0:0" "409095b97a59f975d71106b8bc2278e7e9822a74674f2a502445071ed6581e14" "/opt/rustwide/cargo-home/bin/cargo" "+3154cc1a3e6424e44f438a95007d043ed5ceaaf6" "check" "--frozen" "--all" "--all-targets" "--message-format=json", kill_on_drop: false }`
[INFO] [stderr]    Compiling libm v0.2.16
[INFO] [stderr]    Compiling syn v3.0.3
[INFO] [stderr]    Compiling num-traits v0.2.19
[INFO] [stderr]     Checking typenum v1.20.1
[INFO] [stderr]    Compiling cc v1.4.3
[INFO] [stderr]    Compiling const-oid v0.9.6
[INFO] [stderr]    Compiling ahash v0.8.12
[INFO] [stderr]    Compiling smallvec v1.15.2
[INFO] [stderr]    Compiling zerocopy v0.8.56
[INFO] [stderr]    Compiling digest v0.10.7
[INFO] [stderr]    Compiling openssl v0.10.81
[INFO] [stderr]    Compiling openssl-macros v0.1.1
[INFO] [stderr]    Compiling getrandom v0.2.17
[INFO] [stderr]    Compiling num-bigint-dig v0.8.6
[INFO] [stderr]    Compiling base64ct v1.8.3
[INFO] [stderr]    Compiling native-tls v0.2.18
[INFO] [stderr]    Compiling rand_core v0.6.4
[INFO] [stderr]    Compiling pem-rfc7468 v0.7.0
[INFO] [stderr]    Compiling bitflags v2.13.1
[INFO] [stderr]     Checking generic-array v0.14.7
[INFO] [stderr]    Compiling thiserror-impl v1.0.69
[INFO] [stderr]     Checking log v0.4.33
[INFO] [stderr]    Compiling der v0.7.10
[INFO] [stderr]     Checking crypto-common v0.1.7
[INFO] [stderr]     Checking block-buffer v0.10.4
[INFO] [stderr]    Compiling openssl-sys v0.9.117
[INFO] [stderr]    Compiling getrandom v0.3.4
[INFO] [stderr]    Compiling foreign-types-shared v0.1.1
[INFO] [stderr]    Compiling foreign-types v0.3.2
[INFO] [stderr]     Checking futures-util v0.3.34
[INFO] [stderr]     Checking tracing v0.1.44
[INFO] [stderr]    Compiling parking_lot_core v0.9.12
[INFO] [stderr]    Compiling mio v1.2.2
[INFO] [stderr]    Compiling spki v0.7.3
[INFO] [stderr]    Compiling num-integer v0.1.47
[INFO] [stderr]    Compiling spin v0.9.9
[INFO] [stderr]    Compiling form_urlencoded v1.2.2
[INFO] [stderr]    Compiling num-iter v0.1.46
[INFO] [stderr]    Compiling tokio v1.53.1
[INFO] [stderr]    Compiling lazy_static v1.5.0
[INFO] [stderr]    Compiling nom v7.1.3
[INFO] [stderr]    Compiling pkcs8 v0.10.2
[INFO] [stderr]    Compiling parking_lot v0.12.5
[INFO] [stderr]    Compiling openssl-probe v0.2.1
[INFO] [stderr]    Compiling getrandom v0.4.3
[INFO] [stderr]    Compiling rustix v1.1.4
[INFO] [stderr]     Checking rand_chacha v0.3.1
[INFO] [stderr]    Compiling futures-intrusive v0.5.0
[INFO] [stderr]    Compiling pkcs1 v0.7.5
[INFO] [stderr]    Compiling sha2 v0.10.9
[INFO] [stderr]    Compiling atoi v2.0.0
[INFO] [stderr]    Compiling sqlformat v0.2.6
[INFO] [stderr]    Compiling thiserror v1.0.69
[INFO] [stderr]    Compiling signature v2.2.0
[INFO] [stderr]    Compiling ppv-lite86 v0.2.21
[INFO] [stderr]    Compiling hmac v0.12.1
[INFO] [stderr]    Compiling linux-raw-sys v0.12.1
[INFO] [stderr]    Compiling hashbrown v0.14.5
[INFO] [stderr]    Compiling rand v0.8.7
[INFO] [stderr]    Compiling zerovec-derive v0.11.4
[INFO] [stderr]    Compiling displaydoc v0.2.7
[INFO] [stderr]    Compiling serde_derive v1.0.229
[INFO] [stderr]    Compiling tokio-macros v2.7.2
[INFO] [stderr]    Compiling zerotrie v0.2.5
[INFO] [stderr]    Compiling hashlink v0.8.4
[INFO] [stderr]    Compiling zerovec v0.11.7
[INFO] [stderr]    Compiling tinystr v0.8.4
[INFO] [stderr]    Compiling potential_utf v0.1.6
[INFO] [stderr]    Compiling icu_locale_core v2.3.0
[INFO] [stderr]    Compiling icu_collections v2.3.0
[INFO] [stderr]    Compiling tokio-stream v0.1.19
[INFO] [stderr]     Checking icu_provider v2.3.0
[INFO] [stderr]    Compiling rsa v0.9.10
[INFO] [stderr]     Checking icu_normalizer v2.3.0
[INFO] [stderr]    Compiling icu_properties v2.3.0
[INFO] [stderr]     Checking serde v1.0.229
[INFO] [stderr]     Checking idna_adapter v1.2.2
[INFO] [stderr]     Checking idna v1.1.0
[INFO] [stderr]    Compiling either v1.17.0
[INFO] [stderr]    Compiling hkdf v0.12.4
[INFO] [stderr]    Compiling sha1 v0.10.7
[INFO] [stderr]    Compiling md-5 v0.10.6
[INFO] [stderr]    Compiling fastrand v2.5.0
[INFO] [stderr]    Compiling url v2.5.8
[INFO] [stderr]    Compiling whoami v1.6.1
[INFO] [stderr]     Checking indexmap v2.14.0
[INFO] [stderr]    Compiling heck v0.4.1
[INFO] [stderr]    Compiling sqlx-core v0.7.4
[INFO] [stderr]    Compiling tempfile v3.27.0
[INFO] [stderr]    Compiling syn v1.0.109
[INFO] [stderr]     Checking inout v0.1.4
[INFO] [stderr]     Checking hyper v1.11.0
[INFO] [stderr]     Checking cipher v0.4.4
[INFO] [stderr]    Compiling async-trait v0.1.92
[INFO] [stderr]     Checking base64 v0.21.7
[INFO] [stderr]     Checking serde_urlencoded v0.7.1
[INFO] [stderr]     Checking blowfish v0.9.1
[INFO] [stderr]     Checking hyper-util v0.1.20
[INFO] [stderr]     Checking tower v0.5.3
[INFO] [stderr]     Checking tokio-util v0.7.19
[INFO] [stderr]     Checking serde_path_to_error v0.1.20
[INFO] [stderr]     Checking axum-core v0.4.5
[INFO] [stderr]     Checking base64 v0.22.1
[INFO] [stderr]     Checking tower-http v0.5.2
[INFO] [stderr]     Checking bcrypt v0.15.1
[INFO] [stderr]    Compiling sqlx-mysql v0.7.4
[INFO] [stderr]     Checking axum v0.7.9
[INFO] [stderr]    Compiling sqlx-macros-core v0.7.4
[INFO] [stderr]    Compiling sqlx-macros v0.7.4
[INFO] [stderr]     Checking sqlx v0.7.4
[INFO] [stderr]     Checking backend_maestros v0.1.0 (/opt/rustwide/workdir)
[INFO] [stdout] error: error communicating with database: Connection refused (os error 111)
[INFO] [stdout]   --> src/handlers.rs:14:15
[INFO] [stdout]    |
[INFO] [stdout] 14 |       let res = sqlx::query!(
[INFO] [stdout]    |  _______________^
[INFO] [stdout] 15 | |         "INSERT INTO usuarios (email, password, rol) VALUES (?, ?, ?)",
[INFO] [stdout] 16 | |         payload.email,
[INFO] [stdout] 17 | |         password_hash,
[INFO] [stdout] 18 | |         payload.rol
[INFO] [stdout] 19 | |     )
[INFO] [stdout]    | |_____^
[INFO] [stdout]    |
[INFO] [stdout]    = note: this error originates in the macro `$crate::sqlx_macros::expand_query` which comes from the expansion of the macro `sqlx::query` (in Nightly builds, run with -Z macro-backtrace for more info)
[INFO] [stdout] 
[INFO] [stdout] 
[INFO] [stdout] error: error communicating with database: Connection refused (os error 111)
[INFO] [stdout]   --> src/handlers.rs:26:5
[INFO] [stdout]    |
[INFO] [stdout] 26 | /     sqlx::query!(
[INFO] [stdout] 27 | |         "INSERT INTO perfiles (usuario_id, nombre_o_razonsocial, rut, telefono, especialidad, ciudad) VALUES (?, ?, ?, ?, ?, ?)",
[INFO] [stdout] 28 | |         usuario_id,
[INFO] [stdout] 29 | |         payload.nombre_o_razonsocial,
[INFO] [stdout] ...  |
[INFO] [stdout] 33 | |         payload.ciudad
[INFO] [stdout] 34 | |     )
[INFO] [stdout]    | |_____^
[INFO] [stdout]    |
[INFO] [stdout]    = note: this error originates in the macro `$crate::sqlx_macros::expand_query` which comes from the expansion of the macro `sqlx::query` (in Nightly builds, run with -Z macro-backtrace for more info)
[INFO] [stdout] 
[INFO] [stdout] 
[INFO] [stdout] error: error communicating with database: Connection refused (os error 111)
[INFO] [stdout]   --> src/handlers.rs:47:19
[INFO] [stdout]    |
[INFO] [stdout] 47 |       let usuario = sqlx::query!(
[INFO] [stdout]    |  ___________________^
[INFO] [stdout] 48 | |         "SELECT id, email, password, rol FROM usuarios WHERE email = ?",
[INFO] [stdout] 49 | |         payload.email
[INFO] [stdout] 50 | |     )
[INFO] [stdout]    | |_____^
[INFO] [stdout]    |
[INFO] [stdout]    = note: this error originates in the macro `$crate::sqlx_macros::expand_query` which comes from the expansion of the macro `sqlx::query` (in Nightly builds, run with -Z macro-backtrace for more info)
[INFO] [stdout] 
[INFO] [stdout] 
[INFO] [stdout] error: error communicating with database: Connection refused (os error 111)
[INFO] [stdout]   --> src/handlers.rs:75:15
[INFO] [stdout]    |
[INFO] [stdout] 75 |       let res = sqlx::query!(
[INFO] [stdout]    |  _______________^
[INFO] [stdout] 76 | |         "INSERT INTO ofertas_trabajo (empresa_id, titulo, descripcion, ubicacion, presupuesto, es_privada) VALUES (?, ?, ?, ?, ?, ...
[INFO] [stdout] 77 | |         payload.empresa_id,
[INFO] [stdout] 78 | |         payload.titulo,
[INFO] [stdout] ...  |
[INFO] [stdout] 82 | |         es_privada
[INFO] [stdout] 83 | |     )
[INFO] [stdout]    | |_____^
[INFO] [stdout]    |
[INFO] [stdout]    = note: this error originates in the macro `$crate::sqlx_macros::expand_query` which comes from the expansion of the macro `sqlx::query` (in Nightly builds, run with -Z macro-backtrace for more info)
[INFO] [stdout] 
[INFO] [stdout] 
[INFO] [stdout] error: error communicating with database: Connection refused (os error 111)
[INFO] [stdout]   --> src/handlers.rs:95:16
[INFO] [stdout]    |
[INFO] [stdout] 95 |       let rows = sqlx::query!(
[INFO] [stdout]    |  ________________^
[INFO] [stdout] 96 | |         "SELECT id, empresa_id, titulo, descripcion, ubicacion, CAST(presupuesto AS DOUBLE) as presupuesto, es_privada, estado FRO...
[INFO] [stdout] 97 | |     )
[INFO] [stdout]    | |_____^
[INFO] [stdout]    |
[INFO] [stdout]    = note: this error originates in the macro `$crate::sqlx_macros::expand_query` which comes from the expansion of the macro `sqlx::query` (in Nightly builds, run with -Z macro-backtrace for more info)
[INFO] [stdout] 
[INFO] [stdout] 
[INFO] [stdout] error: error communicating with database: Connection refused (os error 111)
[INFO] [stdout]    --> src/handlers.rs:123:18
[INFO] [stdout]     |
[INFO] [stdout] 123 |       let perfil = sqlx::query!(
[INFO] [stdout]     |  __________________^
[INFO] [stdout] 124 | |         "SELECT u.id, u.email, u.rol, p.nombre_o_razonsocial, p.rut, p.telefono, p.especialidad, p.ciudad 
[INFO] [stdout] 125 | |          FROM usuarios u 
[INFO] [stdout] 126 | |          JOIN perfiles p ON u.id = p.usuario_id 
[INFO] [stdout] 127 | |          WHERE u.id = ?",
[INFO] [stdout] 128 | |         id
[INFO] [stdout] 129 | |     )
[INFO] [stdout]     | |_____^
[INFO] [stdout]     |
[INFO] [stdout]     = note: this error originates in the macro `$crate::sqlx_macros::expand_query` which comes from the expansion of the macro `sqlx::query` (in Nightly builds, run with -Z macro-backtrace for more info)
[INFO] [stdout] 
[INFO] [stdout] 
[INFO] [stdout] error: error communicating with database: Connection refused (os error 111)
[INFO] [stdout]    --> src/handlers.rs:154:15
[INFO] [stdout]     |
[INFO] [stdout] 154 |       let res = sqlx::query!(
[INFO] [stdout]     |  _______________^
[INFO] [stdout] 155 | |         "INSERT INTO postulaciones (oferta_id, maestro_id, precio_cotizado, mensaje) VALUES (?, ?, ?, ?)",
[INFO] [stdout] 156 | |         payload.oferta_id,
[INFO] [stdout] 157 | |         payload.maestro_id,
[INFO] [stdout] 158 | |         payload.precio_cotizado,
[INFO] [stdout] 159 | |         payload.mensaje
[INFO] [stdout] 160 | |     )
[INFO] [stdout]     | |_____^
[INFO] [stdout]     |
[INFO] [stdout]     = note: this error originates in the macro `$crate::sqlx_macros::expand_query` which comes from the expansion of the macro `sqlx::query` (in Nightly builds, run with -Z macro-backtrace for more info)
[INFO] [stdout] 
[INFO] [stdout] 
[INFO] [stdout] error: error communicating with database: Connection refused (os error 111)
[INFO] [stdout]   --> src/handlers.rs:14:15
[INFO] [stdout]    |
[INFO] [stdout] 14 |       let res = sqlx::query!(
[INFO] [stdout]    |  _______________^
[INFO] [stdout] 15 | |         "INSERT INTO usuarios (email, password, rol) VALUES (?, ?, ?)",
[INFO] [stdout] 16 | |         payload.email,
[INFO] [stdout] 17 | |         password_hash,
[INFO] [stdout] 18 | |         payload.rol
[INFO] [stdout] 19 | |     )
[INFO] [stdout]    | |_____^
[INFO] [stdout]    |
[INFO] [stdout]    = note: this error originates in the macro `$crate::sqlx_macros::expand_query` which comes from the expansion of the macro `sqlx::query` (in Nightly builds, run with -Z macro-backtrace for more info)
[INFO] [stdout] 
[INFO] [stdout] 
[INFO] [stdout] error: error communicating with database: Connection refused (os error 111)
[INFO] [stdout]   --> src/handlers.rs:26:5
[INFO] [stdout]    |
[INFO] [stdout] 26 | /     sqlx::query!(
[INFO] [stdout] 27 | |         "INSERT INTO perfiles (usuario_id, nombre_o_razonsocial, rut, telefono, especialidad, ciudad) VALUES (?, ?, ?, ?, ?, ?)",
[INFO] [stdout] 28 | |         usuario_id,
[INFO] [stdout] 29 | |         payload.nombre_o_razonsocial,
[INFO] [stdout] ...  |
[INFO] [stdout] 33 | |         payload.ciudad
[INFO] [stdout] 34 | |     )
[INFO] [stdout]    | |_____^
[INFO] [stdout]    |
[INFO] [stdout]    = note: this error originates in the macro `$crate::sqlx_macros::expand_query` which comes from the expansion of the macro `sqlx::query` (in Nightly builds, run with -Z macro-backtrace for more info)
[INFO] [stdout] 
[INFO] [stdout] 
[INFO] [stdout] error: error communicating with database: Connection refused (os error 111)
[INFO] [stdout]   --> src/handlers.rs:47:19
[INFO] [stdout]    |
[INFO] [stdout] 47 |       let usuario = sqlx::query!(
[INFO] [stdout]    |  ___________________^
[INFO] [stdout] 48 | |         "SELECT id, email, password, rol FROM usuarios WHERE email = ?",
[INFO] [stdout] 49 | |         payload.email
[INFO] [stdout] 50 | |     )
[INFO] [stdout]    | |_____^
[INFO] [stdout]    |
[INFO] [stdout]    = note: this error originates in the macro `$crate::sqlx_macros::expand_query` which comes from the expansion of the macro `sqlx::query` (in Nightly builds, run with -Z macro-backtrace for more info)
[INFO] [stdout] 
[INFO] [stdout] 
[INFO] [stdout] error: error communicating with database: Connection refused (os error 111)
[INFO] [stdout]   --> src/handlers.rs:75:15
[INFO] [stdout]    |
[INFO] [stdout] 75 |       let res = sqlx::query!(
[INFO] [stdout]    |  _______________^
[INFO] [stdout] 76 | |         "INSERT INTO ofertas_trabajo (empresa_id, titulo, descripcion, ubicacion, presupuesto, es_privada) VALUES (?, ?, ?, ?, ?, ...
[INFO] [stdout] 77 | |         payload.empresa_id,
[INFO] [stdout] 78 | |         payload.titulo,
[INFO] [stdout] ...  |
[INFO] [stdout] 82 | |         es_privada
[INFO] [stdout] 83 | |     )
[INFO] [stdout]    | |_____^
[INFO] [stdout]    |
[INFO] [stdout]    = note: this error originates in the macro `$crate::sqlx_macros::expand_query` which comes from the expansion of the macro `sqlx::query` (in Nightly builds, run with -Z macro-backtrace for more info)
[INFO] [stdout] 
[INFO] [stdout] 
[INFO] [stdout] error: error communicating with database: Connection refused (os error 111)
[INFO] [stdout]   --> src/handlers.rs:95:16
[INFO] [stdout]    |
[INFO] [stdout] 95 |       let rows = sqlx::query!(
[INFO] [stdout]    |  ________________^
[INFO] [stdout] 96 | |         "SELECT id, empresa_id, titulo, descripcion, ubicacion, CAST(presupuesto AS DOUBLE) as presupuesto, es_privada, estado FRO...
[INFO] [stdout] 97 | |     )
[INFO] [stdout]    | |_____^
[INFO] [stdout]    |
[INFO] [stdout]    = note: this error originates in the macro `$crate::sqlx_macros::expand_query` which comes from the expansion of the macro `sqlx::query` (in Nightly builds, run with -Z macro-backtrace for more info)
[INFO] [stdout] 
[INFO] [stdout] 
[INFO] [stdout] error: error communicating with database: Connection refused (os error 111)
[INFO] [stdout]    --> src/handlers.rs:123:18
[INFO] [stdout]     |
[INFO] [stdout] 123 |       let perfil = sqlx::query!(
[INFO] [stdout]     |  __________________^
[INFO] [stdout] 124 | |         "SELECT u.id, u.email, u.rol, p.nombre_o_razonsocial, p.rut, p.telefono, p.especialidad, p.ciudad 
[INFO] [stdout] 125 | |          FROM usuarios u 
[INFO] [stdout] 126 | |          JOIN perfiles p ON u.id = p.usuario_id 
[INFO] [stdout] 127 | |          WHERE u.id = ?",
[INFO] [stdout] 128 | |         id
[INFO] [stdout] 129 | |     )
[INFO] [stdout]     | |_____^
[INFO] [stdout]     |
[INFO] [stdout]     = note: this error originates in the macro `$crate::sqlx_macros::expand_query` which comes from the expansion of the macro `sqlx::query` (in Nightly builds, run with -Z macro-backtrace for more info)
[INFO] [stdout] 
[INFO] [stdout] 
[INFO] [stdout] error: error communicating with database: Connection refused (os error 111)
[INFO] [stdout]    --> src/handlers.rs:154:15
[INFO] [stdout]     |
[INFO] [stdout] 154 |       let res = sqlx::query!(
[INFO] [stdout]     |  _______________^
[INFO] [stdout] 155 | |         "INSERT INTO postulaciones (oferta_id, maestro_id, precio_cotizado, mensaje) VALUES (?, ?, ?, ?)",
[INFO] [stdout] 156 | |         payload.oferta_id,
[INFO] [stdout] 157 | |         payload.maestro_id,
[INFO] [stdout] 158 | |         payload.precio_cotizado,
[INFO] [stdout] 159 | |         payload.mensaje
[INFO] [stdout] 160 | |     )
[INFO] [stdout]     | |_____^
[INFO] [stdout]     |
[INFO] [stdout]     = note: this error originates in the macro `$crate::sqlx_macros::expand_query` which comes from the expansion of the macro `sqlx::query` (in Nightly builds, run with -Z macro-backtrace for more info)
[INFO] [stdout] 
[INFO] [stdout] 
[INFO] [stderr] error: could not compile `backend_maestros` (bin "backend_maestros" test) due to 7 previous errors
[INFO] [stderr] warning: build failed, waiting for other jobs to finish...
[INFO] [stderr] error: could not compile `backend_maestros` (bin "backend_maestros") due to 7 previous errors
[INFO] running `Command { std: "docker" "inspect" "409095b97a59f975d71106b8bc2278e7e9822a74674f2a502445071ed6581e14", kill_on_drop: false }`
[INFO] running `Command { std: "docker" "rm" "-f" "409095b97a59f975d71106b8bc2278e7e9822a74674f2a502445071ed6581e14", kill_on_drop: false }`
[INFO] [stdout] 409095b97a59f975d71106b8bc2278e7e9822a74674f2a502445071ed6581e14
