[INFO] cloning repository https://github.com/pTSern/md-renderer
[INFO] running `Command { std: "git" "-c" "credential.helper=" "-c" "credential.helper=/workspace/cargo-home/bin/git-credential-null" "clone" "--bare" "https://github.com/pTSern/md-renderer" "/workspace/cache/git-repos/https%3A%2F%2Fgithub.com%2FpTSern%2Fmd-renderer", kill_on_drop: false }`
[INFO] [stderr] Cloning into bare repository '/workspace/cache/git-repos/https%3A%2F%2Fgithub.com%2FpTSern%2Fmd-renderer'...
[INFO] running `Command { std: "git" "rev-parse" "HEAD", kill_on_drop: false }`
[INFO] [stdout] 31a52c4f826a96819346ad464d470a39c8c273d0
[INFO] checking pTSern/md-renderer against 3154cc1a3e6424e44f438a95007d043ed5ceaaf6 for pr-133502-30
[INFO] running `Command { std: "git" "clone" "/workspace/cache/git-repos/https%3A%2F%2Fgithub.com%2FpTSern%2Fmd-renderer" "/workspace/builds/worker-3-tc2/source", kill_on_drop: false }`
[INFO] [stderr] Cloning into '/workspace/builds/worker-3-tc2/source'...
[INFO] [stderr] done.
[INFO] started tweaking git repo https://github.com/pTSern/md-renderer
[INFO] finished tweaking git repo https://github.com/pTSern/md-renderer
[INFO] tweaked toml for git repo https://github.com/pTSern/md-renderer written to /workspace/builds/worker-3-tc2/source/Cargo.toml
[INFO] validating manifest of git repo https://github.com/pTSern/md-renderer on toolchain 3154cc1a3e6424e44f438a95007d043ed5ceaaf6
[INFO] running `Command { std: CARGO_HOME="/workspace/cargo-home" RUSTUP_HOME="/workspace/rustup-home" "/workspace/cargo-home/bin/cargo" "+3154cc1a3e6424e44f438a95007d043ed5ceaaf6" "metadata" "--manifest-path" "Cargo.toml" "--no-deps", kill_on_drop: false }`
[INFO] crate git repo https://github.com/pTSern/md-renderer already has a lockfile, it will not be regenerated
[INFO] running `Command { std: CARGO_HOME="/workspace/cargo-home" RUSTUP_HOME="/workspace/rustup-home" "/workspace/cargo-home/bin/cargo" "+3154cc1a3e6424e44f438a95007d043ed5ceaaf6" "fetch" "--manifest-path" "Cargo.toml", kill_on_drop: false }`
[INFO] running `Command { std: "docker" "create" "-v" "/var/lib/crater-agent-workspace/builds/worker-3-tc2/source:/opt/rustwide/workdir:ro,Z" "-v" "/var/lib/crater-agent-workspace/builds/worker-3-tc2/target:/opt/rustwide/target:rw,Z" "-v" "/var/lib/crater-agent-workspace/cargo-home:/opt/rustwide/cargo-home:ro,Z" "-v" "/var/lib/crater-agent-workspace/rustup-home:/opt/rustwide/rustup-home:ro,Z" "-m" "1610612736" "--network" "none" "ghcr.io/rust-lang/crates-build-env/linux@sha256:77db811e55d90add9212f6832c23229e3de5f1c1f9905e8cb07319ea15df73ac" "sleep" "infinity", kill_on_drop: false }`
[INFO] [stdout] e312e8c79d7d2f43cd3c8bac489da9d92b0ab801c0156ec35b84f198c07943ff
[INFO] running `Command { std: "docker" "start" "e312e8c79d7d2f43cd3c8bac489da9d92b0ab801c0156ec35b84f198c07943ff", kill_on_drop: false }`
[INFO] running `Command { std: "docker" "inspect" "e312e8c79d7d2f43cd3c8bac489da9d92b0ab801c0156ec35b84f198c07943ff", kill_on_drop: false }`
[INFO] running `Command { std: "docker" "exec" "-e" "SOURCE_DIR=/opt/rustwide/workdir" "-e" "CARGO_HOME=/opt/rustwide/cargo-home" "-e" "RUSTUP_HOME=/opt/rustwide/rustup-home" "-e" "CARGO_TARGET_DIR=/opt/rustwide/target" "-w" "/opt/rustwide/workdir" "--user" "0:0" "e312e8c79d7d2f43cd3c8bac489da9d92b0ab801c0156ec35b84f198c07943ff" "/opt/rustwide/cargo-home/bin/cargo" "+3154cc1a3e6424e44f438a95007d043ed5ceaaf6" "metadata" "--no-deps" "--format-version=1", kill_on_drop: false }`
[INFO] running `Command { std: "docker" "inspect" "e312e8c79d7d2f43cd3c8bac489da9d92b0ab801c0156ec35b84f198c07943ff", kill_on_drop: false }`
[INFO] running `Command { std: "docker" "exec" "-e" "SOURCE_DIR=/opt/rustwide/workdir" "-e" "CARGO_HOME=/opt/rustwide/cargo-home" "-e" "RUSTUP_HOME=/opt/rustwide/rustup-home" "-e" "CARGO_TARGET_DIR=/opt/rustwide/target" "-e" "CARGO_INCREMENTAL=0" "-e" "RUST_BACKTRACE=full" "-e" "RUSTFLAGS=--cap-lints=forbid" "-e" "RUSTDOCFLAGS=--cap-lints=forbid" "-w" "/opt/rustwide/workdir" "--user" "0:0" "e312e8c79d7d2f43cd3c8bac489da9d92b0ab801c0156ec35b84f198c07943ff" "/opt/rustwide/cargo-home/bin/cargo" "+3154cc1a3e6424e44f438a95007d043ed5ceaaf6" "check" "--frozen" "--all" "--all-targets" "--message-format=json", kill_on_drop: false }`
[INFO] [stderr]    Compiling serde v1.0.229
[INFO] [stderr]    Compiling smallvec v1.16.0
[INFO] [stderr]    Compiling serde_core v1.0.229
[INFO] [stderr]    Compiling syn v2.0.119
[INFO] [stderr]    Compiling syn v1.0.109
[INFO] [stderr]     Checking futures-core v0.3.34
[INFO] [stderr]    Compiling field-offset v0.3.6
[INFO] [stderr]     Checking futures-util v0.3.34
[INFO] [stderr]     Checking futures-channel v0.3.34
[INFO] [stderr]    Compiling wayland-sys v0.31.11
[INFO] [stderr]    Compiling rustix v1.1.4
[INFO] [stderr]    Compiling cfg-expr v0.15.8
[INFO] [stderr]    Compiling wayland-backend v0.3.17
[INFO] [stderr]    Compiling gtk v0.18.2
[INFO] [stderr]    Compiling proc-macro-error v1.0.4
[INFO] [stderr]    Compiling crossbeam-utils v0.8.23
[INFO] [stderr]     Checking time v0.3.55
[INFO] [stderr]     Checking parking_lot_core v0.9.12
[INFO] [stderr]    Compiling rfd v0.17.2
[INFO] [stderr]    Compiling wry v0.56.1
[INFO] [stderr]     Checking parking_lot v0.12.5
[INFO] [stderr]     Checking crossbeam-channel v0.5.17
[INFO] [stderr]     Checking thiserror v2.0.20
[INFO] [stderr]     Checking dbus v0.9.12
[INFO] [stderr]    Compiling mdviewer v0.1.0 (/opt/rustwide/workdir)
[INFO] [stderr]     Checking pollster v0.4.0
[INFO] [stderr]     Checking serde_json v1.0.151
[INFO] [stderr]     Checking futures-executor v0.3.34
[INFO] [stderr]     Checking cookie v0.18.2
[INFO] [stderr]    Compiling toml_datetime v0.6.3
[INFO] [stderr]    Compiling serde_spanned v0.6.9
[INFO] [stderr]    Compiling toml_edit v0.20.2
[INFO] [stderr]    Compiling toml_edit v0.19.15
[INFO] [stderr]    Compiling synstructure v0.13.2
[INFO] [stderr]    Compiling zerofrom-derive v0.1.7
[INFO] [stderr]    Compiling thiserror-impl v1.0.69
[INFO] [stderr]    Compiling yoke-derive v0.8.2
[INFO] [stderr]    Compiling dlopen2_derive v0.4.3
[INFO] [stderr]     Checking dlopen2 v0.8.2
[INFO] [stderr]     Checking wayland-client v0.31.15
[INFO] [stderr]     Checking zerofrom v0.1.8
[INFO] [stderr]     Checking yoke v0.8.3
[INFO] [stderr]     Checking thiserror v1.0.69
[INFO] [stderr]    Compiling proc-macro-crate v1.3.1
[INFO] [stderr]     Checking zerovec v0.11.8
[INFO] [stderr]     Checking zerotrie v0.2.5
[INFO] [stderr]    Compiling toml v0.8.2
[INFO] [stderr]    Compiling proc-macro-crate v2.0.2
[INFO] [stderr]    Compiling gtk3-macros v0.18.2
[INFO] [stderr]     Checking tinystr v0.8.4
[INFO] [stderr]     Checking potential_utf v0.1.6
[INFO] [stderr]    Compiling system-deps v6.2.2
[INFO] [stderr]     Checking icu_collections v2.3.0
[INFO] [stderr]    Compiling glib-macros v0.18.5
[INFO] [stderr]     Checking icu_locale_core v2.3.0
[INFO] [stderr]     Checking wayland-protocols v0.32.13
[INFO] [stderr]    Compiling glib-sys v0.18.1
[INFO] [stderr]    Compiling gobject-sys v0.18.0
[INFO] [stderr]    Compiling gio-sys v0.18.1
[INFO] [stderr]    Compiling gdk-sys v0.18.2
[INFO] [stderr]    Compiling cairo-sys-rs v0.18.2
[INFO] [stderr]    Compiling pango-sys v0.18.0
[INFO] [stderr]    Compiling gdk-pixbuf-sys v0.18.0
[INFO] [stderr]    Compiling atk-sys v0.18.2
[INFO] [stderr]    Compiling gtk-sys v0.18.2
[INFO] [stderr]    Compiling soup3-sys v0.5.0
[INFO] [stderr]    Compiling javascriptcore-rs-sys v1.1.1
[INFO] [stderr]    Compiling webkit2gtk-sys v2.0.2
[INFO] [stderr]    Compiling gdkx11-sys v0.18.2
[INFO] [stderr]     Checking icu_provider v2.3.1
[INFO] [stderr]     Checking icu_properties v2.3.0
[INFO] [stderr]     Checking icu_normalizer v2.3.0
[INFO] [stderr]     Checking gdkwayland-sys v0.18.2
[INFO] [stderr]     Checking glib v0.18.5
[INFO] [stderr]     Checking idna_adapter v1.2.2
[INFO] [stderr]     Checking idna v1.1.0
[INFO] [stderr]     Checking url v2.5.8
[INFO] [stderr]     Checking gio v0.18.4
[INFO] [stderr]     Checking cairo-rs v0.18.5
[INFO] [stderr]     Checking atk v0.18.2
[INFO] [stderr]     Checking javascriptcore-rs v1.1.2
[INFO] [stderr]     Checking gdk-pixbuf v0.18.5
[INFO] [stderr]     Checking pango v0.18.3
[INFO] [stderr]     Checking soup3 v0.5.0
[INFO] [stderr]     Checking gdk v0.18.2
[INFO] [stderr]     Checking gdkx11 v0.18.2
[INFO] [stderr]     Checking webkit2gtk v2.0.2
[INFO] [stderr]     Checking tao v0.37.0
[INFO] [stdout] error[E0433]: cannot find `windows` in `os`
[INFO] [stdout]    --> src/main.rs:795:18
[INFO] [stdout]     |
[INFO] [stdout] 795 |     use std::os::windows::ffi::OsStrExt;
[INFO] [stdout]     |                  ^^^^^^^ could not find `windows` in `os`
[INFO] [stdout]     |
[INFO] [stdout] note: found an item that was configured out
[INFO] [stdout]    --> /rustc/3154cc1a3e6424e44f438a95007d043ed5ceaaf6/library/std/src/os/mod.rs:62:4
[INFO] [stdout]     |
[INFO] [stdout]     = note: the item is gated behind the `windows` feature
[INFO] [stdout] 
[INFO] [stdout] 
[INFO] [stdout] error[E0433]: cannot find `windows` in `os`
[INFO] [stdout]    --> src/main.rs:796:18
[INFO] [stdout]     |
[INFO] [stdout] 796 |     use std::os::windows::io::{FromRawHandle, IntoRawHandle};
[INFO] [stdout]     |                  ^^^^^^^ could not find `windows` in `os`
[INFO] [stdout]     |
[INFO] [stdout] note: found an item that was configured out
[INFO] [stdout]    --> /rustc/3154cc1a3e6424e44f438a95007d043ed5ceaaf6/library/std/src/os/mod.rs:62:4
[INFO] [stdout]     |
[INFO] [stdout]     = note: the item is gated behind the `windows` feature
[INFO] [stdout] 
[INFO] [stdout] 
[INFO] [stdout] error[E0433]: cannot find `windows` in `os`
[INFO] [stdout]    --> src/main.rs:795:18
[INFO] [stdout]     |
[INFO] [stdout] 795 |     use std::os::windows::ffi::OsStrExt;
[INFO] [stdout]     |                  ^^^^^^^ could not find `windows` in `os`
[INFO] [stdout]     |
[INFO] [stdout] note: found an item that was configured out
[INFO] [stdout]    --> /rustc/3154cc1a3e6424e44f438a95007d043ed5ceaaf6/library/std/src/os/mod.rs:62:4
[INFO] [stdout]     |
[INFO] [stdout]     = note: the item is gated behind the `windows` feature
[INFO] [stdout] 
[INFO] [stdout] 
[INFO] [stdout] error[E0433]: cannot find `windows` in `os`
[INFO] [stdout]    --> src/main.rs:796:18
[INFO] [stdout]     |
[INFO] [stdout] 796 |     use std::os::windows::io::{FromRawHandle, IntoRawHandle};
[INFO] [stdout]     |                  ^^^^^^^ could not find `windows` in `os`
[INFO] [stdout]     |
[INFO] [stdout] note: found an item that was configured out
[INFO] [stdout]    --> /rustc/3154cc1a3e6424e44f438a95007d043ed5ceaaf6/library/std/src/os/mod.rs:62:4
[INFO] [stdout]     |
[INFO] [stdout]     = note: the item is gated behind the `windows` feature
[INFO] [stdout] 
[INFO] [stdout] 
[INFO] [stdout] error[E0433]: cannot find `windows` in `os`
[INFO] [stdout]     --> src/main.rs:1691:22
[INFO] [stdout]      |
[INFO] [stdout] 1691 |         use std::os::windows::ffi::OsStrExt;
[INFO] [stdout]      |                      ^^^^^^^ could not find `windows` in `os`
[INFO] [stdout]      |
[INFO] [stdout] note: found an item that was configured out
[INFO] [stdout]     --> /rustc/3154cc1a3e6424e44f438a95007d043ed5ceaaf6/library/std/src/os/mod.rs:62:4
[INFO] [stdout]      |
[INFO] [stdout]      = note: the item is gated behind the `windows` feature
[INFO] [stdout] 
[INFO] [stdout] 
[INFO] [stdout] error[E0433]: cannot find `windows` in `os`
[INFO] [stdout]     --> src/main.rs:1719:26
[INFO] [stdout]      |
[INFO] [stdout] 1719 |             use std::os::windows::io::FromRawHandle;
[INFO] [stdout]      |                          ^^^^^^^ could not find `windows` in `os`
[INFO] [stdout]      |
[INFO] [stdout] note: found an item that was configured out
[INFO] [stdout]     --> /rustc/3154cc1a3e6424e44f438a95007d043ed5ceaaf6/library/std/src/os/mod.rs:62:4
[INFO] [stdout]      |
[INFO] [stdout]      = note: the item is gated behind the `windows` feature
[INFO] [stdout] 
[INFO] [stdout] 
[INFO] [stdout] error[E0433]: cannot find `windows` in `os`
[INFO] [stdout]     --> src/main.rs:1731:26
[INFO] [stdout]      |
[INFO] [stdout] 1731 |             use std::os::windows::io::IntoRawHandle;
[INFO] [stdout]      |                          ^^^^^^^ could not find `windows` in `os`
[INFO] [stdout]      |
[INFO] [stdout] note: found an item that was configured out
[INFO] [stdout]     --> /rustc/3154cc1a3e6424e44f438a95007d043ed5ceaaf6/library/std/src/os/mod.rs:62:4
[INFO] [stdout]      |
[INFO] [stdout]      = note: the item is gated behind the `windows` feature
[INFO] [stdout] 
[INFO] [stdout] 
[INFO] [stdout] error[E0599]: no method named `encode_wide` found for reference `&OsStr` in the current scope
[INFO] [stdout]    --> src/main.rs:800:10
[INFO] [stdout]     |
[INFO] [stdout] 799 |     let pipe_wide: Vec<u16> = std::ffi::OsStr::new(PIPE_NAME)
[INFO] [stdout] 800 |         .encode_wide()
[INFO] [stdout]     |          ^^^^^^^^^^^ method not found in `&OsStr`
[INFO] [stdout] 
[INFO] [stdout] 
[INFO] [stdout] error[E0599]: no method named `encode_wide` found for reference `&OsStr` in the current scope
[INFO] [stdout]    --> src/main.rs:800:10
[INFO] [stdout]     |
[INFO] [stdout] 799 |     let pipe_wide: Vec<u16> = std::ffi::OsStr::new(PIPE_NAME)
[INFO] [stdout] 800 |         .encode_wide()
[INFO] [stdout]     |          ^^^^^^^^^^^ method not found in `&OsStr`
[INFO] [stdout] 
[INFO] [stdout] 
[INFO] [stdout] error[E0599]: no associated function or constant named `from_raw_handle` found for struct `File` in the current scope
[INFO] [stdout]    --> src/main.rs:825:52
[INFO] [stdout]     |
[INFO] [stdout] 825 |             let mut file = unsafe { std::fs::File::from_raw_handle(pipe_handle as _) };
[INFO] [stdout]     |                                                    ^^^^^^^^^^^^^^^ associated function or constant not found in `File`
[INFO] [stdout]     |
[INFO] [stdout] note: if you're trying to build a new `File` consider using one of the following associated functions:
[INFO] [stdout]       File::open
[INFO] [stdout]       File::create
[INFO] [stdout]       File::create_new
[INFO] [stdout]    --> /rustc/3154cc1a3e6424e44f438a95007d043ed5ceaaf6/library/std/src/fs.rs:584:4
[INFO] [stdout] help: there is an associated function `from_raw_fd` with a similar name
[INFO] [stdout]     |
[INFO] [stdout] 825 -             let mut file = unsafe { std::fs::File::from_raw_handle(pipe_handle as _) };
[INFO] [stdout] 825 +             let mut file = unsafe { std::fs::File::from_raw_fd(pipe_handle as _) };
[INFO] [stdout]     |
[INFO] [stdout] 
[INFO] [stdout] 
[INFO] [stdout] error[E0599]: no associated function or constant named `from_raw_handle` found for struct `File` in the current scope
[INFO] [stdout]    --> src/main.rs:825:52
[INFO] [stdout]     |
[INFO] [stdout] 825 |             let mut file = unsafe { std::fs::File::from_raw_handle(pipe_handle as _) };
[INFO] [stdout]     |                                                    ^^^^^^^^^^^^^^^ associated function or constant not found in `File`
[INFO] [stdout]     |
[INFO] [stdout] note: if you're trying to build a new `File` consider using one of the following associated functions:
[INFO] [stdout]       File::open
[INFO] [stdout]       File::create
[INFO] [stdout]       File::create_new
[INFO] [stdout]    --> /rustc/3154cc1a3e6424e44f438a95007d043ed5ceaaf6/library/std/src/fs.rs:584:4
[INFO] [stdout] help: there is an associated function `from_raw_fd` with a similar name
[INFO] [stdout]     |
[INFO] [stdout] 825 -             let mut file = unsafe { std::fs::File::from_raw_handle(pipe_handle as _) };
[INFO] [stdout] 825 +             let mut file = unsafe { std::fs::File::from_raw_fd(pipe_handle as _) };
[INFO] [stdout]     |
[INFO] [stdout] 
[INFO] [stdout] 
[INFO] [stdout] error[E0599]: no method named `encode_wide` found for reference `&OsStr` in the current scope
[INFO] [stdout]     --> src/main.rs:1695:14
[INFO] [stdout]      |
[INFO] [stdout] 1694 |         let pipe_wide: Vec<u16> = std::ffi::OsStr::new(&test_pipe_name)
[INFO] [stdout] 1695 |             .encode_wide()
[INFO] [stdout]      |              ^^^^^^^^^^^ method not found in `&OsStr`
[INFO] [stdout] 
[INFO] [stdout] 
[INFO] [stdout] Some errors have detailed explanations: E0433, E0599.
[INFO] [stdout] 
[INFO] [stdout] For more information about an error, try `rustc --explain E0433`.
[INFO] [stdout] 
[INFO] [stdout] error[E0599]: no associated function or constant named `from_raw_handle` found for struct `File` in the current scope
[INFO] [stdout]     --> src/main.rs:1720:52
[INFO] [stdout]      |
[INFO] [stdout] 1720 |             let mut file = unsafe { std::fs::File::from_raw_handle(handle_copy as _) };
[INFO] [stdout]      |                                                    ^^^^^^^^^^^^^^^ associated function or constant not found in `File`
[INFO] [stdout]      |
[INFO] [stdout] note: if you're trying to build a new `File` consider using one of the following associated functions:
[INFO] [stdout]       File::open
[INFO] [stdout]       File::create
[INFO] [stdout]       File::create_new
[INFO] [stdout]     --> /rustc/3154cc1a3e6424e44f438a95007d043ed5ceaaf6/library/std/src/fs.rs:584:4
[INFO] [stdout] help: there is an associated function `from_raw_fd` with a similar name
[INFO] [stdout]      |
[INFO] [stdout] 1720 -             let mut file = unsafe { std::fs::File::from_raw_handle(handle_copy as _) };
[INFO] [stdout] 1720 +             let mut file = unsafe { std::fs::File::from_raw_fd(handle_copy as _) };
[INFO] [stdout]      |
[INFO] [stdout] 
[INFO] [stdout] 
[INFO] [stderr] error: could not compile `mdviewer` (bin "mdviewer") due to 4 previous errors
[INFO] [stderr] warning: build failed, waiting for other jobs to finish...
[INFO] [stdout] Some errors have detailed explanations: E0433, E0599.
[INFO] [stdout] 
[INFO] [stdout] For more information about an error, try `rustc --explain E0433`.
[INFO] [stdout] 
[INFO] [stderr] error: could not compile `mdviewer` (bin "mdviewer" test) due to 9 previous errors
[INFO] running `Command { std: "docker" "inspect" "e312e8c79d7d2f43cd3c8bac489da9d92b0ab801c0156ec35b84f198c07943ff", kill_on_drop: false }`
[INFO] running `Command { std: "docker" "rm" "-f" "e312e8c79d7d2f43cd3c8bac489da9d92b0ab801c0156ec35b84f198c07943ff", kill_on_drop: false }`
[INFO] [stdout] e312e8c79d7d2f43cd3c8bac489da9d92b0ab801c0156ec35b84f198c07943ff
