[INFO] cloning repository https://github.com/oyoyo4556/Sevens_Rust_RL
[INFO] running `Command { std: "git" "-c" "credential.helper=" "-c" "credential.helper=/workspace/cargo-home/bin/git-credential-null" "clone" "--bare" "https://github.com/oyoyo4556/Sevens_Rust_RL" "/workspace/cache/git-repos/https%3A%2F%2Fgithub.com%2Foyoyo4556%2FSevens_Rust_RL", kill_on_drop: false }`
[INFO] [stderr] Cloning into bare repository '/workspace/cache/git-repos/https%3A%2F%2Fgithub.com%2Foyoyo4556%2FSevens_Rust_RL'...
[INFO] running `Command { std: "git" "rev-parse" "HEAD", kill_on_drop: false }`
[INFO] [stdout] 8056e72b90dd1cabdaf4cd19fa25b8f527ad5216
[INFO] checking oyoyo4556/Sevens_Rust_RL against 3154cc1a3e6424e44f438a95007d043ed5ceaaf6+rustflags=-Znext-solver=coherence for pr-133502-30
[INFO] running `Command { std: "git" "clone" "/workspace/cache/git-repos/https%3A%2F%2Fgithub.com%2Foyoyo4556%2FSevens_Rust_RL" "/workspace/builds/worker-4-tc1/source", kill_on_drop: false }`
[INFO] [stderr] Cloning into '/workspace/builds/worker-4-tc1/source'...
[INFO] [stderr] done.
[INFO] started tweaking git repo https://github.com/oyoyo4556/Sevens_Rust_RL
[INFO] finished tweaking git repo https://github.com/oyoyo4556/Sevens_Rust_RL
[INFO] tweaked toml for git repo https://github.com/oyoyo4556/Sevens_Rust_RL written to /workspace/builds/worker-4-tc1/source/Cargo.toml
[INFO] validating manifest of git repo https://github.com/oyoyo4556/Sevens_Rust_RL on toolchain 3154cc1a3e6424e44f438a95007d043ed5ceaaf6
[INFO] running `Command { std: CARGO_HOME="/workspace/cargo-home" RUSTUP_HOME="/workspace/rustup-home" "/workspace/cargo-home/bin/cargo" "+3154cc1a3e6424e44f438a95007d043ed5ceaaf6" "metadata" "--manifest-path" "Cargo.toml" "--no-deps", kill_on_drop: false }`
[INFO] crate git repo https://github.com/oyoyo4556/Sevens_Rust_RL already has a lockfile, it will not be regenerated
[INFO] running `Command { std: CARGO_HOME="/workspace/cargo-home" RUSTUP_HOME="/workspace/rustup-home" "/workspace/cargo-home/bin/cargo" "+3154cc1a3e6424e44f438a95007d043ed5ceaaf6" "fetch" "--manifest-path" "Cargo.toml", kill_on_drop: false }`
[INFO] [stderr]     Blocking waiting for file lock on package cache
[INFO] [stderr]     Updating crates.io index
[INFO] [stderr]     Blocking waiting for file lock on package cache
[INFO] [stderr]  Downloading crates ...
[INFO] [stderr]   Downloaded candle-nn v0.10.2
[INFO] [stderr]   Downloaded candle-ug v0.10.2
[INFO] [stderr]   Downloaded cudaforge v0.1.5
[INFO] [stderr]   Downloaded candle-kernels v0.10.2
[INFO] [stderr]   Downloaded candle-core v0.10.2
[INFO] [stderr]   Downloaded cudarc v0.19.4
[INFO] running `Command { std: "docker" "create" "-v" "/var/lib/crater-agent-workspace/builds/worker-4-tc1/source:/opt/rustwide/workdir:ro,Z" "-v" "/var/lib/crater-agent-workspace/builds/worker-4-tc1/target:/opt/rustwide/target:rw,Z" "-v" "/var/lib/crater-agent-workspace/cargo-home:/opt/rustwide/cargo-home:ro,Z" "-v" "/var/lib/crater-agent-workspace/rustup-home:/opt/rustwide/rustup-home:ro,Z" "-m" "1610612736" "--network" "none" "ghcr.io/rust-lang/crates-build-env/linux@sha256:77db811e55d90add9212f6832c23229e3de5f1c1f9905e8cb07319ea15df73ac" "sleep" "infinity", kill_on_drop: false }`
[INFO] [stdout] 348fd68112960c18363081c2d71604eb8bb8349d6428e93c8b4bf73f7323e086
[INFO] running `Command { std: "docker" "start" "348fd68112960c18363081c2d71604eb8bb8349d6428e93c8b4bf73f7323e086", kill_on_drop: false }`
[INFO] running `Command { std: "docker" "inspect" "348fd68112960c18363081c2d71604eb8bb8349d6428e93c8b4bf73f7323e086", kill_on_drop: false }`
[INFO] running `Command { std: "docker" "exec" "-e" "SOURCE_DIR=/opt/rustwide/workdir" "-e" "CARGO_HOME=/opt/rustwide/cargo-home" "-e" "RUSTUP_HOME=/opt/rustwide/rustup-home" "-e" "CARGO_TARGET_DIR=/opt/rustwide/target" "-w" "/opt/rustwide/workdir" "--user" "0:0" "348fd68112960c18363081c2d71604eb8bb8349d6428e93c8b4bf73f7323e086" "/opt/rustwide/cargo-home/bin/cargo" "+3154cc1a3e6424e44f438a95007d043ed5ceaaf6" "metadata" "--no-deps" "--format-version=1", kill_on_drop: false }`
[INFO] running `Command { std: "docker" "inspect" "348fd68112960c18363081c2d71604eb8bb8349d6428e93c8b4bf73f7323e086", kill_on_drop: false }`
[INFO] running `Command { std: "docker" "exec" "-e" "SOURCE_DIR=/opt/rustwide/workdir" "-e" "CARGO_HOME=/opt/rustwide/cargo-home" "-e" "RUSTUP_HOME=/opt/rustwide/rustup-home" "-e" "CARGO_TARGET_DIR=/opt/rustwide/target" "-e" "CARGO_INCREMENTAL=0" "-e" "RUST_BACKTRACE=full" "-e" "RUSTFLAGS=--cap-lints=forbid -Znext-solver=coherence" "-e" "RUSTDOCFLAGS=--cap-lints=forbid" "-w" "/opt/rustwide/workdir" "--user" "0:0" "348fd68112960c18363081c2d71604eb8bb8349d6428e93c8b4bf73f7323e086" "/opt/rustwide/cargo-home/bin/cargo" "+3154cc1a3e6424e44f438a95007d043ed5ceaaf6" "check" "--frozen" "--all" "--all-targets" "--message-format=json", kill_on_drop: false }`
[INFO] [stderr]    Compiling zerocopy v0.8.48
[INFO] [stderr]    Compiling libc v0.2.185
[INFO] [stderr]    Compiling num-traits v0.2.19
[INFO] [stderr]    Compiling pulp v0.22.2
[INFO] [stderr]     Checking raw-cpuid v11.6.0
[INFO] [stderr]     Checking pulp-wasm-simd-flag v0.1.0
[INFO] [stderr]     Checking reborrow v0.5.5
[INFO] [stderr]    Compiling dyn-stack-macros v0.1.3
[INFO] [stderr]    Compiling serde v1.0.228
[INFO] [stderr]    Compiling seq-macro v0.3.6
[INFO] [stderr]    Compiling syn v2.0.117
[INFO] [stderr]    Compiling cc v1.2.60
[INFO] [stderr]    Compiling serde_json v1.0.149
[INFO] [stderr]     Checking rayon v1.12.0
[INFO] [stderr]     Checking aho-corasick v1.1.4
[INFO] [stderr]    Compiling ahash v0.8.12
[INFO] [stderr]    Compiling esaxx-rs v0.1.10
[INFO] [stderr]     Checking nom v7.1.3
[INFO] [stderr]     Checking castaway v0.2.4
[INFO] [stderr]     Checking itertools v0.14.0
[INFO] [stderr]     Checking hashbrown v0.17.0
[INFO] [stderr]     Checking smallvec v1.15.1
[INFO] [stderr]     Checking unicode-segmentation v1.13.2
[INFO] [stderr]    Compiling macro_rules_attribute-proc_macro v0.2.2
[INFO] [stderr]     Checking hashbrown v0.16.1
[INFO] [stderr]     Checking unicode-normalization-alignments v0.1.12
[INFO] [stderr]     Checking macro_rules_attribute v0.2.2
[INFO] [stderr]     Checking unicode_categories v0.1.1
[INFO] [stderr]     Checking typed-path v0.12.3
[INFO] [stderr]     Checking indexmap v2.14.0
[INFO] [stderr]    Compiling onig_sys v69.9.1
[INFO] [stderr]     Checking regex-automata v0.4.14
[INFO] [stderr]     Checking getrandom v0.3.4
[INFO] [stderr]     Checking num_cpus v1.17.0
[INFO] [stderr]     Checking memmap2 v0.9.10
[INFO] [stderr]     Checking rand_core v0.9.5
[INFO] [stderr]     Checking zip v7.2.0
[INFO] [stderr]     Checking rayon-cond v0.4.0
[INFO] [stderr]     Checking regex v1.12.3
[INFO] [stderr]    Compiling darling_core v0.20.11
[INFO] [stderr]    Compiling synstructure v0.13.2
[INFO] [stderr]    Compiling zerocopy-derive v0.8.48
[INFO] [stderr]    Compiling bytemuck_derive v1.10.2
[INFO] [stderr]    Compiling serde_derive v1.0.228
[INFO] [stderr]    Compiling thiserror-impl v2.0.18
[INFO] [stderr]    Compiling monostate-impl v0.1.18
[INFO] [stderr]    Compiling zerofrom-derive v0.1.7
[INFO] [stderr]    Compiling yoke-derive v0.8.2
[INFO] [stderr]     Checking monostate v0.1.18
[INFO] [stderr]     Checking zerofrom v0.1.7
[INFO] [stderr]     Checking yoke v0.8.2
[INFO] [stderr]     Checking thiserror v2.0.18
[INFO] [stderr]     Checking bytemuck v1.25.0
[INFO] [stderr]     Checking onig v6.5.1
[INFO] [stderr]     Checking num-complex v0.4.6
[INFO] [stderr]     Checking dyn-stack v0.13.2
[INFO] [stderr]    Compiling darling_macro v0.20.11
[INFO] [stderr]    Compiling darling v0.20.11
[INFO] [stderr]    Compiling derive_builder_core v0.20.2
[INFO] [stderr]    Compiling derive_builder_macro v0.20.2
[INFO] [stderr]     Checking derive_builder v0.20.2
[INFO] [stderr]     Checking dary_heap v0.3.9
[INFO] [stderr]     Checking compact_str v0.9.0
[INFO] [stderr]     Checking spm_precompiled v0.1.4
[INFO] [stderr]     Checking safetensors v0.7.0
[INFO] [stderr]     Checking ppv-lite86 v0.2.21
[INFO] [stderr]     Checking rand_chacha v0.9.0
[INFO] [stderr]     Checking rand v0.9.4
[INFO] [stderr]     Checking rand_distr v0.5.1
[INFO] [stderr]     Checking tokenizers v0.22.2
[INFO] [stderr]     Checking half v2.7.1
[INFO] [stderr]     Checking gemm-common v0.19.0
[INFO] [stderr]     Checking float8 v0.7.0
[INFO] [stderr]     Checking gemm-f32 v0.19.0
[INFO] [stderr]     Checking gemm-c32 v0.19.0
[INFO] [stderr]     Checking gemm-f64 v0.19.0
[INFO] [stderr]     Checking gemm-c64 v0.19.0
[INFO] [stderr]     Checking gemm-f16 v0.19.0
[INFO] [stderr]     Checking gemm v0.19.0
[INFO] [stderr]     Checking candle-core v0.10.2
[INFO] [stderr]     Checking candle-nn v0.10.2
[INFO] [stderr]     Checking sevens v0.1.0 (/opt/rustwide/workdir)
[INFO] [stdout] error[E0433]: cannot find module or crate `rayon` in this scope
[INFO] [stdout]  --> src/ppo/ppo_trainer.rs:8:5
[INFO] [stdout]   |
[INFO] [stdout] 8 | use rayon::prelude::*;
[INFO] [stdout]   |     ^^^^^ use of unresolved module or unlinked crate `rayon`
[INFO] [stdout]   |
[INFO] [stdout]   = help: if you wanted to use a crate named `rayon`, use `cargo add rayon` to add it to your `Cargo.toml`
[INFO] [stdout] 
[INFO] [stdout] 
[INFO] [stdout] error[E0433]: cannot find module or crate `rayon` in this scope
[INFO] [stdout]  --> src/ppo/ppo_trainer.rs:8:5
[INFO] [stdout]   |
[INFO] [stdout] 8 | use rayon::prelude::*;
[INFO] [stdout]   |     ^^^^^ use of unresolved module or unlinked crate `rayon`
[INFO] [stdout]   |
[INFO] [stdout]   = help: if you wanted to use a crate named `rayon`, use `cargo add rayon` to add it to your `Cargo.toml`
[INFO] [stdout] 
[INFO] [stdout] 
[INFO] [stdout] error[E0433]: cannot find module or crate `rayon` in this scope
[INFO] [stdout]   --> src/ppo/ppo_trainer.rs:35:17
[INFO] [stdout]    |
[INFO] [stdout] 35 |         let _ = rayon::ThreadPoolBuilder::new()
[INFO] [stdout]    |                 ^^^^^ use of unresolved module or unlinked crate `rayon`
[INFO] [stdout]    |
[INFO] [stdout]    = help: if you wanted to use a crate named `rayon`, use `cargo add rayon` to add it to your `Cargo.toml`
[INFO] [stdout] 
[INFO] [stdout] 
[INFO] [stdout] error[E0433]: cannot find module or crate `rayon` in this scope
[INFO] [stdout]   --> src/ppo/ppo_trainer.rs:35:17
[INFO] [stdout]    |
[INFO] [stdout] 35 |         let _ = rayon::ThreadPoolBuilder::new()
[INFO] [stdout]    |                 ^^^^^ use of unresolved module or unlinked crate `rayon`
[INFO] [stdout]    |
[INFO] [stdout]    = help: if you wanted to use a crate named `rayon`, use `cargo add rayon` to add it to your `Cargo.toml`
[INFO] [stdout] 
[INFO] [stdout] 
[INFO] [stdout] error[E0599]: no method named `par_iter_mut` found for struct `Vec<SevensEnv>` in the current scope
[INFO] [stdout]    --> src/ppo/ppo_trainer.rs:81:14
[INFO] [stdout]     |
[INFO] [stdout]  80 |         let rollouts: Vec<Vec<PPOExperience>> = self.envs
[INFO] [stdout]  81 |             .par_iter_mut()
[INFO] [stdout]     |              ^^^^^^^^^^^^
[INFO] [stdout]     |
[INFO] [stdout]    ::: /opt/rustwide/cargo-home/registry/src/index.crates.io-1949cf8c6b5b557f/rayon-1.12.0/src/iter/mod.rs:329:8
[INFO] [stdout]     |
[INFO] [stdout] 329 |     fn par_iter_mut(&'data mut self) -> Self::Iter;
[INFO] [stdout]     |        ------------ the method is available for `Vec<SevensEnv>` here
[INFO] [stdout]     |
[INFO] [stdout]     = help: items from traits can only be used if the trait is in scope
[INFO] [stdout] help: trait `IntoParallelRefMutIterator` which provides `par_iter_mut` is implemented but not in scope; perhaps you want to import it
[INFO] [stdout]     |
[INFO] [stdout]   1 + use rayon::iter::IntoParallelRefMutIterator;
[INFO] [stdout]     |
[INFO] [stdout] help: there is a method `iter_mut` with a similar name
[INFO] [stdout]     |
[INFO] [stdout]  81 -             .par_iter_mut()
[INFO] [stdout]  81 +             .iter_mut()
[INFO] [stdout]     |
[INFO] [stdout] 
[INFO] [stdout] 
[INFO] [stdout] error[E0599]: no method named `par_iter_mut` found for struct `Vec<PPOAgent>` in the current scope
[INFO] [stdout]    --> src/ppo/ppo_trainer.rs:82:37
[INFO] [stdout]     |
[INFO] [stdout]  82 |             .zip(self.worker_agents.par_iter_mut())
[INFO] [stdout]     |                                     ^^^^^^^^^^^^
[INFO] [stdout]     |
[INFO] [stdout]    ::: /opt/rustwide/cargo-home/registry/src/index.crates.io-1949cf8c6b5b557f/rayon-1.12.0/src/iter/mod.rs:329:8
[INFO] [stdout]     |
[INFO] [stdout] 329 |     fn par_iter_mut(&'data mut self) -> Self::Iter;
[INFO] [stdout]     |        ------------ the method is available for `Vec<PPOAgent>` here
[INFO] [stdout]     |
[INFO] [stdout]     = help: items from traits can only be used if the trait is in scope
[INFO] [stdout] help: trait `IntoParallelRefMutIterator` which provides `par_iter_mut` is implemented but not in scope; perhaps you want to import it
[INFO] [stdout]     |
[INFO] [stdout]   1 + use rayon::iter::IntoParallelRefMutIterator;
[INFO] [stdout]     |
[INFO] [stdout] help: there is a method `iter_mut` with a similar name
[INFO] [stdout]     |
[INFO] [stdout]  82 -             .zip(self.worker_agents.par_iter_mut())
[INFO] [stdout]  82 +             .zip(self.worker_agents.iter_mut())
[INFO] [stdout]     |
[INFO] [stdout] 
[INFO] [stdout] 
[INFO] [stdout] error[E0599]: no method named `par_iter_mut` found for struct `Vec<SevensEnv>` in the current scope
[INFO] [stdout]    --> src/ppo/ppo_trainer.rs:81:14
[INFO] [stdout]     |
[INFO] [stdout]  80 |         let rollouts: Vec<Vec<PPOExperience>> = self.envs
[INFO] [stdout]  81 |             .par_iter_mut()
[INFO] [stdout]     |              ^^^^^^^^^^^^
[INFO] [stdout]     |
[INFO] [stdout]    ::: /opt/rustwide/cargo-home/registry/src/index.crates.io-1949cf8c6b5b557f/rayon-1.12.0/src/iter/mod.rs:329:8
[INFO] [stdout]     |
[INFO] [stdout] 329 |     fn par_iter_mut(&'data mut self) -> Self::Iter;
[INFO] [stdout]     |        ------------ the method is available for `Vec<SevensEnv>` here
[INFO] [stdout]     |
[INFO] [stdout]     = help: items from traits can only be used if the trait is in scope
[INFO] [stdout] help: trait `IntoParallelRefMutIterator` which provides `par_iter_mut` is implemented but not in scope; perhaps you want to import it
[INFO] [stdout]     |
[INFO] [stdout]   1 + use rayon::iter::IntoParallelRefMutIterator;
[INFO] [stdout]     |
[INFO] [stdout] help: there is a method `iter_mut` with a similar name
[INFO] [stdout]     |
[INFO] [stdout]  81 -             .par_iter_mut()
[INFO] [stdout]  81 +             .iter_mut()
[INFO] [stdout]     |
[INFO] [stdout] 
[INFO] [stdout] 
[INFO] [stdout] error[E0599]: no method named `par_iter_mut` found for struct `Vec<PPOAgent>` in the current scope
[INFO] [stdout]    --> src/ppo/ppo_trainer.rs:82:37
[INFO] [stdout]     |
[INFO] [stdout]  82 |             .zip(self.worker_agents.par_iter_mut())
[INFO] [stdout]     |                                     ^^^^^^^^^^^^
[INFO] [stdout]     |
[INFO] [stdout]    ::: /opt/rustwide/cargo-home/registry/src/index.crates.io-1949cf8c6b5b557f/rayon-1.12.0/src/iter/mod.rs:329:8
[INFO] [stdout]     |
[INFO] [stdout] 329 |     fn par_iter_mut(&'data mut self) -> Self::Iter;
[INFO] [stdout]     |        ------------ the method is available for `Vec<PPOAgent>` here
[INFO] [stdout]     |
[INFO] [stdout]     = help: items from traits can only be used if the trait is in scope
[INFO] [stdout] help: trait `IntoParallelRefMutIterator` which provides `par_iter_mut` is implemented but not in scope; perhaps you want to import it
[INFO] [stdout]     |
[INFO] [stdout]   1 + use rayon::iter::IntoParallelRefMutIterator;
[INFO] [stdout]     |
[INFO] [stdout] help: there is a method `iter_mut` with a similar name
[INFO] [stdout]     |
[INFO] [stdout]  82 -             .zip(self.worker_agents.par_iter_mut())
[INFO] [stdout]  82 +             .zip(self.worker_agents.iter_mut())
[INFO] [stdout]     |
[INFO] [stdout] 
[INFO] [stdout] 
[INFO] [stdout] Some errors have detailed explanations: E0433, E0599.
[INFO] [stdout] 
[INFO] [stdout] For more information about an error, try `rustc --explain E0433`.
[INFO] [stdout] 
[INFO] [stderr] error: could not compile `sevens` (lib) due to 4 previous errors
[INFO] [stderr] warning: build failed, waiting for other jobs to finish...
[INFO] [stdout] Some errors have detailed explanations: E0433, E0599.
[INFO] [stdout] 
[INFO] [stdout] For more information about an error, try `rustc --explain E0433`.
[INFO] [stdout] 
[INFO] [stderr] error: could not compile `sevens` (lib test) due to 4 previous errors
[INFO] running `Command { std: "docker" "inspect" "348fd68112960c18363081c2d71604eb8bb8349d6428e93c8b4bf73f7323e086", kill_on_drop: false }`
[INFO] running `Command { std: "docker" "rm" "-f" "348fd68112960c18363081c2d71604eb8bb8349d6428e93c8b4bf73f7323e086", kill_on_drop: false }`
[INFO] [stdout] 348fd68112960c18363081c2d71604eb8bb8349d6428e93c8b4bf73f7323e086
