[INFO] cloning repository https://github.com/ovoVHV/CK
[INFO] running `Command { std: "git" "-c" "credential.helper=" "-c" "credential.helper=/workspace/cargo-home/bin/git-credential-null" "clone" "--bare" "https://github.com/ovoVHV/CK" "/workspace/cache/git-repos/https%3A%2F%2Fgithub.com%2FovoVHV%2FCK", kill_on_drop: false }`
[INFO] [stderr] Cloning into bare repository '/workspace/cache/git-repos/https%3A%2F%2Fgithub.com%2FovoVHV%2FCK'...
[INFO] running `Command { std: "git" "rev-parse" "HEAD", kill_on_drop: false }`
[INFO] [stdout] 27c0e90cb1c76c5421def42fbb8f69edefcc82cd
[INFO] checking ovoVHV/CK against 3154cc1a3e6424e44f438a95007d043ed5ceaaf6+rustflags=-Znext-solver=coherence for pr-133502-30
[INFO] running `Command { std: "git" "clone" "/workspace/cache/git-repos/https%3A%2F%2Fgithub.com%2FovoVHV%2FCK" "/workspace/builds/worker-5-tc1/source", kill_on_drop: false }`
[INFO] [stderr] Cloning into '/workspace/builds/worker-5-tc1/source'...
[INFO] [stderr] done.
[INFO] removed /workspace/builds/worker-5-tc1/source/.cargo/config.toml
[INFO] started tweaking git repo https://github.com/ovoVHV/CK
[INFO] finished tweaking git repo https://github.com/ovoVHV/CK
[INFO] tweaked toml for git repo https://github.com/ovoVHV/CK written to /workspace/builds/worker-5-tc1/source/Cargo.toml
[INFO] validating manifest of git repo https://github.com/ovoVHV/CK on toolchain 3154cc1a3e6424e44f438a95007d043ed5ceaaf6
[INFO] running `Command { std: CARGO_HOME="/workspace/cargo-home" RUSTUP_HOME="/workspace/rustup-home" "/workspace/cargo-home/bin/cargo" "+3154cc1a3e6424e44f438a95007d043ed5ceaaf6" "metadata" "--manifest-path" "Cargo.toml" "--no-deps", kill_on_drop: false }`
[INFO] crate git repo https://github.com/ovoVHV/CK already has a lockfile, it will not be regenerated
[INFO] running `Command { std: CARGO_HOME="/workspace/cargo-home" RUSTUP_HOME="/workspace/rustup-home" "/workspace/cargo-home/bin/cargo" "+3154cc1a3e6424e44f438a95007d043ed5ceaaf6" "fetch" "--manifest-path" "Cargo.toml", kill_on_drop: false }`
[INFO] [stderr]     Updating crates.io index
[INFO] [stderr]  Downloading crates ...
[INFO] [stderr]   Downloaded find-msvc-tools v0.1.8
[INFO] [stderr]   Downloaded cc v1.2.54
[INFO] [stderr]   Downloaded time-macros v0.2.26
[INFO] [stderr]   Downloaded libudev v0.3.0
[INFO] [stderr]   Downloaded flate2 v1.1.8
[INFO] [stderr]   Downloaded filetime v0.2.27
[INFO] [stderr]   Downloaded unescaper v0.1.8
[INFO] [stderr]   Downloaded io-kit-sys v0.4.1
[INFO] [stderr]   Downloaded wasm-bindgen-futures v0.4.58
[INFO] [stderr]   Downloaded junction v1.4.1
[INFO] [stderr]   Downloaded tempfile v3.24.0
[INFO] [stderr]   Downloaded zmij v1.0.17
[INFO] [stderr]   Downloaded ryu v1.0.22
[INFO] [stderr]   Downloaded serialport v4.8.1
[INFO] [stderr]   Downloaded env_filter v0.1.4
[INFO] [stderr]   Downloaded time v0.3.46
[INFO] [stderr]   Downloaded zerocopy-derive v0.8.34
[INFO] [stderr]   Downloaded jiff-static v0.2.18
[INFO] [stderr]   Downloaded zlib-rs v0.5.5
[INFO] [stderr]   Downloaded zerocopy v0.8.34
[INFO] [stderr]   Downloaded portable-atomic v1.13.0
[INFO] [stderr]   Downloaded deflate64 v0.1.10
[INFO] [stderr]   Downloaded ppmd-rust v1.4.0
[INFO] [stderr]   Downloaded libbz2-rs-sys v0.2.2
[INFO] [stderr]   Downloaded tauri-plugin v2.5.2
[INFO] [stderr]   Downloaded typed-path v0.12.2
[INFO] [stderr]   Downloaded zip v7.2.0
[INFO] [stderr]   Downloaded toml v0.9.11+spec-1.1.0
[INFO] [stderr]   Downloaded lzma-rust2 v0.15.7
[INFO] [stderr]   Downloaded tauri-plugin-shell v2.3.4
[INFO] [stderr]   Downloaded web-sys v0.3.85
[INFO] [stderr]   Downloaded toml_writer v1.0.6+spec-1.1.0
[INFO] [stderr]   Downloaded serde_spanned v1.0.4
[INFO] [stderr]   Downloaded jiff v0.2.18
[INFO] [stderr]   Downloaded serde_with_macros v3.16.1
[INFO] [stderr]   Downloaded tauri-utils v2.8.1
[INFO] [stderr]   Downloaded serde_with v3.16.1
[INFO] [stderr]   Downloaded schemars v1.2.0
[INFO] [stderr]   Downloaded erased-serde v0.4.9
[INFO] [stderr]   Downloaded kuchikiki v0.8.8-speedreader
[INFO] [stderr]   Downloaded selectors v0.24.0
[INFO] [stderr]   Downloaded servo_arc v0.2.0
[INFO] [stderr]   Downloaded nodrop v0.1.14
[INFO] [stderr]   Downloaded phf_codegen v0.8.0
[INFO] [stderr]   Downloaded phf_shared v0.8.0
[INFO] [stderr]   Downloaded phf_generator v0.8.0
[INFO] [stderr]   Downloaded rand_pcg v0.2.1
[INFO] [stderr]   Downloaded phf_macros v0.10.0
[INFO] [stderr]   Downloaded matches v0.1.10
[INFO] [stderr]   Downloaded phf v0.8.0
[INFO] [stderr]   Downloaded cssparser v0.29.6
[INFO] [stderr]   Downloaded plist v1.8.0
[INFO] [stderr]   Downloaded tauri v2.9.5
[INFO] [stderr]   Downloaded webkit2gtk-sys v2.0.1
[INFO] [stderr]   Downloaded webkit2gtk v2.0.1
[INFO] [stderr]   Downloaded muda v0.17.1
[INFO] [stderr]   Downloaded tauri-runtime-wry v2.9.3
[INFO] [stderr]   Downloaded tray-icon v0.21.3
[INFO] [stderr]   Downloaded wry v0.53.5
[INFO] [stderr]   Downloaded objc2-javascript-core v0.3.2
[INFO] [stderr]   Downloaded tauri-runtime v2.9.2
[INFO] [stderr]   Downloaded tao v0.34.5
[INFO] [stderr]   Downloaded tauri-winres v0.3.5
[INFO] [stderr]   Downloaded tauri-macros v2.5.2
[INFO] [stderr]   Downloaded tauri-build v2.5.3
[INFO] [stderr]   Downloaded embed-resource v3.0.6
[INFO] [stderr]   Downloaded ico v0.4.0
[INFO] [stderr]   Downloaded open v5.3.3
[INFO] [stderr]   Downloaded tauri-codegen v2.5.2
[INFO] [stderr]   Downloaded tauri-plugin-opener v2.5.3
[INFO] [stderr]   Downloaded tauri-plugin-fs v2.4.5
[INFO] [stderr]   Downloaded tauri-plugin-dialog v2.6.0
[INFO] running `Command { std: "docker" "create" "-v" "/var/lib/crater-agent-workspace/builds/worker-5-tc1/source:/opt/rustwide/workdir:ro,Z" "-v" "/var/lib/crater-agent-workspace/builds/worker-5-tc1/target:/opt/rustwide/target:rw,Z" "-v" "/var/lib/crater-agent-workspace/cargo-home:/opt/rustwide/cargo-home:ro,Z" "-v" "/var/lib/crater-agent-workspace/rustup-home:/opt/rustwide/rustup-home:ro,Z" "-m" "1610612736" "--network" "none" "ghcr.io/rust-lang/crates-build-env/linux@sha256:77db811e55d90add9212f6832c23229e3de5f1c1f9905e8cb07319ea15df73ac" "sleep" "infinity", kill_on_drop: false }`
[INFO] [stdout] 8ed34b4cc178e2c0cb01caf8c44ccecc4e517afe6a71ca1b85c2bc8ccf0e82ec
[INFO] running `Command { std: "docker" "start" "8ed34b4cc178e2c0cb01caf8c44ccecc4e517afe6a71ca1b85c2bc8ccf0e82ec", kill_on_drop: false }`
[INFO] running `Command { std: "docker" "inspect" "8ed34b4cc178e2c0cb01caf8c44ccecc4e517afe6a71ca1b85c2bc8ccf0e82ec", kill_on_drop: false }`
[INFO] running `Command { std: "docker" "exec" "-e" "SOURCE_DIR=/opt/rustwide/workdir" "-e" "CARGO_HOME=/opt/rustwide/cargo-home" "-e" "RUSTUP_HOME=/opt/rustwide/rustup-home" "-e" "CARGO_TARGET_DIR=/opt/rustwide/target" "-w" "/opt/rustwide/workdir" "--user" "0:0" "8ed34b4cc178e2c0cb01caf8c44ccecc4e517afe6a71ca1b85c2bc8ccf0e82ec" "/opt/rustwide/cargo-home/bin/cargo" "+3154cc1a3e6424e44f438a95007d043ed5ceaaf6" "metadata" "--no-deps" "--format-version=1", kill_on_drop: false }`
[INFO] running `Command { std: "docker" "inspect" "8ed34b4cc178e2c0cb01caf8c44ccecc4e517afe6a71ca1b85c2bc8ccf0e82ec", kill_on_drop: false }`
[INFO] running `Command { std: "docker" "exec" "-e" "SOURCE_DIR=/opt/rustwide/workdir" "-e" "CARGO_HOME=/opt/rustwide/cargo-home" "-e" "RUSTUP_HOME=/opt/rustwide/rustup-home" "-e" "CARGO_TARGET_DIR=/opt/rustwide/target" "-e" "CARGO_INCREMENTAL=0" "-e" "RUST_BACKTRACE=full" "-e" "RUSTFLAGS=--cap-lints=forbid -Znext-solver=coherence" "-e" "RUSTDOCFLAGS=--cap-lints=forbid" "-w" "/opt/rustwide/workdir" "--user" "0:0" "8ed34b4cc178e2c0cb01caf8c44ccecc4e517afe6a71ca1b85c2bc8ccf0e82ec" "/opt/rustwide/cargo-home/bin/cargo" "+3154cc1a3e6424e44f438a95007d043ed5ceaaf6" "check" "--frozen" "--all" "--all-targets" "--message-format=json", kill_on_drop: false }`
[INFO] [stderr]    Compiling proc-macro2 v1.0.106
[INFO] [stderr]    Compiling unicode-ident v1.0.22
[INFO] [stderr]    Compiling serde_core v1.0.228
[INFO] [stderr]    Compiling pkg-config v0.3.32
[INFO] [stderr]    Compiling libc v0.2.180
[INFO] [stderr]    Compiling serde v1.0.228
[INFO] [stderr]    Compiling hashbrown v0.16.1
[INFO] [stderr]    Compiling smallvec v1.15.1
[INFO] [stderr]     Checking pin-project-lite v0.2.16
[INFO] [stderr]    Compiling find-msvc-tools v0.1.8
[INFO] [stderr]     Checking once_cell v1.21.3
[INFO] [stderr]    Compiling icu_properties_data v2.1.2
[INFO] [stderr]    Compiling icu_normalizer_data v2.1.1
[INFO] [stderr]    Compiling zmij v1.0.17
[INFO] [stderr]     Checking slab v0.4.11
[INFO] [stderr]     Checking memchr v2.7.6
[INFO] [stderr]    Compiling thiserror v2.0.18
[INFO] [stderr]    Compiling typenum v1.19.0
[INFO] [stderr]    Compiling cfg-expr v0.15.8
[INFO] [stderr]     Checking itoa v1.0.17
[INFO] [stderr]    Compiling anyhow v1.0.100
[INFO] [stderr]     Checking futures-channel v0.3.31
[INFO] [stderr]    Compiling zerocopy v0.8.34
[INFO] [stderr]     Checking bytes v1.11.0
[INFO] [stderr]    Compiling syn v1.0.109
[INFO] [stderr]     Checking scopeguard v1.2.0
[INFO] [stderr]    Compiling autocfg v1.5.0
[INFO] [stderr]     Checking litemap v0.8.1
[INFO] [stderr]     Checking lock_api v0.4.14
[INFO] [stderr]     Checking writeable v0.6.2
[INFO] [stderr]    Compiling crc32fast v1.5.0
[INFO] [stderr]     Checking log v0.4.29
[INFO] [stderr]    Compiling indexmap v2.13.0
[INFO] [stderr]    Compiling serde_json v1.0.149
[INFO] [stderr]     Checking bitflags v1.3.2
[INFO] [stderr]    Compiling num-conv v0.2.0
[INFO] [stderr]     Checking deranged v0.5.5
[INFO] [stderr]     Checking http v1.4.0
[INFO] [stderr]    Compiling time-macros v0.2.26
[INFO] [stderr]    Compiling quote v1.0.40
[INFO] [stderr]     Checking option-ext v0.2.0
[INFO] [stderr]     Checking aho-corasick v1.1.4
[INFO] [stderr]    Compiling rustix v1.1.3
[INFO] [stderr]     Checking regex-syntax v0.8.8
[INFO] [stderr]     Checking linux-raw-sys v0.11.0
[INFO] [stderr]    Compiling syn v2.0.114
[INFO] [stderr]    Compiling jobserver v0.1.34
[INFO] [stderr]    Compiling getrandom v0.2.17
[INFO] [stderr]     Checking generic-array v0.14.7
[INFO] [stderr]    Compiling cc v1.2.54
[INFO] [stderr]    Compiling rand_core v0.6.4
[INFO] [stderr]     Checking fastrand v2.3.0
[INFO] [stderr]    Compiling siphasher v1.0.2
[INFO] [stderr]     Checking crypto-common v0.1.7
[INFO] [stderr]     Checking block-buffer v0.10.4
[INFO] [stderr]     Checking tracing-core v0.1.36
[INFO] [stderr]    Compiling winnow v0.7.14
[INFO] [stderr]    Compiling phf_shared v0.11.3
[INFO] [stderr]     Checking digest v0.10.7
[INFO] [stderr]     Checking http-body v1.0.1
[INFO] [stderr]     Checking futures-sink v0.3.31
[INFO] [stderr]    Compiling siphasher v0.3.11
[INFO] [stderr]     Checking time v0.3.46
[INFO] [stderr]    Compiling openssl v0.10.75
[INFO] [stderr]     Checking foreign-types-shared v0.1.1
[INFO] [stderr]    Compiling getrandom v0.1.16
[INFO] [stderr]     Checking foreign-types v0.3.2
[INFO] [stderr]    Compiling rustls v0.23.36
[INFO] [stderr]    Compiling native-tls v0.2.14
[INFO] [stderr]     Checking simd-adler32 v0.3.8
[INFO] [stderr]     Checking errno v0.3.14
[INFO] [stderr]     Checking parking_lot_core v0.9.12
[INFO] [stderr]     Checking socket2 v0.6.2
[INFO] [stderr]     Checking signal-hook-registry v1.4.8
[INFO] [stderr]     Checking mio v1.1.1
[INFO] [stderr]     Checking getrandom v0.3.4
[INFO] [stderr]     Checking regex-automata v0.4.13
[INFO] [stderr]     Checking bitflags v2.10.0
[INFO] [stderr]     Checking parking_lot v0.12.5
[INFO] [stderr]     Checking sha2 v0.10.9
[INFO] [stderr]     Checking hmac v0.12.1
[INFO] [stderr]     Checking inout v0.1.4
[INFO] [stderr]    Compiling libudev-sys v0.1.4
[INFO] [stderr]     Checking ipnet v2.11.0
[INFO] [stderr]    Compiling zstd-safe v5.0.2+zstd.1.5.2
[INFO] [stderr]     Checking openssl-probe v0.1.6
[INFO] [stderr]     Checking miniz_oxide v0.8.9
[INFO] [stderr]    Compiling ppv-lite86 v0.2.21
[INFO] [stderr]     Checking cipher v0.4.4
[INFO] [stderr]    Compiling rand_core v0.5.1
[INFO] [stderr]     Checking zlib-rs v0.5.5
[INFO] [stderr]     Checking ryu v1.0.22
[INFO] [stderr]    Compiling zstd-sys v2.0.16+zstd.1.5.7
[INFO] [stderr]    Compiling openssl-sys v0.9.111
[INFO] [stderr]    Compiling ring v0.17.14
[INFO] [stderr]    Compiling semver v1.0.27
[INFO] [stderr]    Compiling rand_chacha v0.3.1
[INFO] [stderr]    Compiling toml_datetime v0.7.5+spec-1.1.0
[INFO] [stderr]    Compiling bzip2-sys v0.1.13+1.0.8
[INFO] [stderr]     Checking base64ct v1.8.3
[INFO] [stderr]     Checking aes v0.8.4
[INFO] [stderr]     Checking http-body-util v0.1.3
[INFO] [stderr]     Checking sha1 v0.10.6
[INFO] [stderr]     Checking password-hash v0.4.2
[INFO] [stderr]     Checking iri-string v0.7.10
[INFO] [stderr]    Compiling erased-serde v0.4.9
[INFO] [stderr]    Compiling rand v0.8.5
[INFO] [stderr]     Checking libudev v0.3.0
[INFO] [stderr]     Checking bzip2 v0.4.4
[INFO] [stderr]     Checking pbkdf2 v0.11.0
[INFO] [stderr]    Compiling rand_chacha v0.2.2
[INFO] [stderr]    Compiling rand_pcg v0.2.1
[INFO] [stderr]     Checking dirs-sys v0.4.1
[INFO] [stderr]     Checking nix v0.26.4
[INFO] [stderr]     Checking filetime v0.2.27
[INFO] [stderr]    Compiling phf_shared v0.8.0
[INFO] [stderr]    Compiling proc-macro-hack v0.5.20+deprecated
[INFO] [stderr]     Checking constant_time_eq v0.1.5
[INFO] [stderr]     Checking dirs v5.0.1
[INFO] [stderr]    Compiling rand v0.7.3
[INFO] [stderr]     Checking num_cpus v1.17.0
[INFO] [stderr]    Compiling phf_shared v0.10.0
[INFO] [stderr]     Checking junction v1.4.1
[INFO] [stderr]    Compiling toml_parser v1.0.6+spec-1.1.0
[INFO] [stderr]     Checking shlex v1.3.0
[INFO] [stderr]    Compiling phf_generator v0.11.3
[INFO] [stderr]     Checking regex v1.12.2
[INFO] [stderr]    Compiling phf_generator v0.10.0
[INFO] [stderr]    Compiling mac v0.1.1
[INFO] [stderr]     Checking flate2 v1.1.8
[INFO] [stderr]    Compiling phf_codegen v0.11.3
[INFO] [stderr]    Compiling string_cache_codegen v0.5.4
[INFO] [stderr]    Compiling futf v0.1.5
[INFO] [stderr]    Compiling phf_generator v0.8.0
[INFO] [stderr]    Compiling rustc_version v0.4.1
[INFO] [stderr]    Compiling phf_codegen v0.8.0
[INFO] [stderr]    Compiling serde_spanned v1.0.4
[INFO] [stderr]    Compiling markup5ever v0.14.1
[INFO] [stderr]    Compiling toml_writer v1.0.6+spec-1.1.0
[INFO] [stderr]    Compiling utf-8 v0.7.6
[INFO] [stderr]    Compiling selectors v0.24.0
[INFO] [stderr]    Compiling tendril v0.4.3
[INFO] [stderr]    Compiling uuid v1.20.0
[INFO] [stderr]    Compiling toml v0.9.11+spec-1.1.0
[INFO] [stderr]    Compiling proc-macro-error-attr v1.0.4
[INFO] [stderr]    Compiling indexmap v1.9.3
[INFO] [stderr]    Compiling nodrop v0.1.14
[INFO] [stderr]    Compiling unic-char-range v0.9.0
[INFO] [stderr]    Compiling unic-common v0.9.0
[INFO] [stderr]    Compiling camino v1.2.2
[INFO] [stderr]    Compiling alloc-no-stdlib v2.0.4
[INFO] [stderr]    Compiling convert_case v0.4.0
[INFO] [stderr]    Compiling matches v0.1.10
[INFO] [stderr]    Compiling unic-ucd-version v0.9.0
[INFO] [stderr]    Compiling proc-macro-error v1.0.4
[INFO] [stderr]    Compiling alloc-stdlib v0.2.2
[INFO] [stderr]    Compiling unic-char-property v0.9.0
[INFO] [stderr]    Compiling servo_arc v0.2.0
[INFO] [stderr]    Compiling fxhash v0.2.1
[INFO] [stderr]    Compiling phf v0.8.0
[INFO] [stderr]    Compiling unic-ucd-ident v0.9.0
[INFO] [stderr]    Compiling cfb v0.7.3
[INFO] [stderr]    Compiling brotli-decompressor v5.0.0
[INFO] [stderr]    Compiling dyn-clone v1.0.20
[INFO] [stderr]    Compiling crossbeam-utils v0.8.21
[INFO] [stderr]    Compiling same-file v1.0.6
[INFO] [stderr]    Compiling walkdir v2.5.0
[INFO] [stderr]    Compiling glob v0.3.3
[INFO] [stderr]    Compiling synstructure v0.13.2
[INFO] [stderr]    Compiling darling_core v0.21.3
[INFO] [stderr]     Checking xattr v1.6.1
[INFO] [stderr]     Checking tempfile v3.24.0
[INFO] [stderr]    Compiling serde_derive_internals v0.29.1
[INFO] [stderr]    Compiling serde-untagged v0.1.9
[INFO] [stderr]     Checking tar v0.4.44
[INFO] [stderr]    Compiling infer v0.19.0
[INFO] [stderr]    Compiling gio v0.18.4
[INFO] [stderr]    Compiling dirs-sys v0.5.0
[INFO] [stderr]    Compiling cssparser v0.29.6
[INFO] [stderr]    Compiling phf_macros v0.10.0
[INFO] [stderr]    Compiling embed-resource v3.0.6
[INFO] [stderr]    Compiling memoffset v0.9.1
[INFO] [stderr]    Compiling dirs v6.0.0
[INFO] [stderr]    Compiling field-offset v0.3.6
[INFO] [stderr]    Compiling tauri-winres v0.3.5
[INFO] [stderr]    Compiling gtk v0.18.2
[INFO] [stderr]    Compiling brotli v8.0.2
[INFO] [stderr]     Checking concurrent-queue v2.5.0
[INFO] [stderr]    Compiling x11 v2.21.0
[INFO] [stderr]     Checking typeid v1.0.3
[INFO] [stderr]    Compiling phf v0.10.1
[INFO] [stderr]    Compiling x11-dl v2.21.0
[INFO] [stderr]    Compiling cookie v0.18.1
[INFO] [stderr]     Checking raw-window-handle v0.6.2
[INFO] [stderr]    Compiling serde_derive v1.0.228
[INFO] [stderr]    Compiling zerofrom-derive v0.1.6
[INFO] [stderr]    Compiling yoke-derive v0.8.1
[INFO] [stderr]    Compiling zerovec-derive v0.11.2
[INFO] [stderr]    Compiling displaydoc v0.2.5
[INFO] [stderr]    Compiling thiserror-impl v2.0.18
[INFO] [stderr]    Compiling futures-macro v0.3.31
[INFO] [stderr]    Compiling tokio-macros v2.6.0
[INFO] [stderr]    Compiling thiserror-impl v1.0.69
[INFO] [stderr]    Compiling zeroize_derive v1.4.3
[INFO] [stderr]    Compiling tracing-attributes v0.1.31
[INFO] [stderr]    Compiling openssl-macros v0.1.1
[INFO] [stderr]     Checking zeroize v1.8.2
[INFO] [stderr]    Compiling phf_macros v0.11.3
[INFO] [stderr]     Checking tokio v1.49.0
[INFO] [stderr]     Checking rustls-pki-types v1.14.0
[INFO] [stderr]    Compiling cssparser-macros v0.6.1
[INFO] [stderr]     Checking futures-util v0.3.31
[INFO] [stderr]     Checking rustls-webpki v0.103.9
[INFO] [stderr]     Checking zerofrom v0.1.6
[INFO] [stderr]     Checking yoke v0.8.1
[INFO] [stderr]     Checking webpki-roots v1.0.5
[INFO] [stderr]    Compiling phf v0.11.3
[INFO] [stderr]    Compiling darling_macro v0.21.3
[INFO] [stderr]    Compiling ctor v0.2.9
[INFO] [stderr]     Checking unescaper v0.1.8
[INFO] [stderr]    Compiling zerotrie v0.2.3
[INFO] [stderr]     Checking serialport v4.8.1
[INFO] [stderr]    Compiling zerovec v0.11.5
[INFO] [stderr]    Compiling darling v0.21.3
[INFO] [stderr]     Checking thiserror v1.0.69
[INFO] [stderr]    Compiling serde_with_macros v3.16.1
[INFO] [stderr]     Checking tracing v0.1.44
[INFO] [stderr]    Compiling derive_more v0.99.20
[INFO] [stderr]    Compiling match_token v0.1.0
[INFO] [stderr]    Compiling schemars_derive v0.8.22
[INFO] [stderr]     Checking tinystr v0.8.2
[INFO] [stderr]     Checking potential_utf v0.1.4
[INFO] [stderr]     Checking icu_collections v2.1.1
[INFO] [stderr]     Checking icu_locale_core v2.1.1
[INFO] [stderr]    Compiling serde_with v3.16.1
[INFO] [stderr]    Compiling enumflags2_derive v0.7.12
[INFO] [stderr]    Compiling fdeflate v0.3.7
[INFO] [stderr]     Checking icu_provider v2.1.1
[INFO] [stderr]     Checking futures-executor v0.3.31
[INFO] [stderr]     Checking icu_normalizer v2.1.1
[INFO] [stderr]     Checking icu_properties v2.1.2
[INFO] [stderr]    Compiling toml_edit v0.23.10+spec-1.0.0
[INFO] [stderr]    Compiling png v0.17.16
[INFO] [stderr]     Checking serde_urlencoded v0.7.1
[INFO] [stderr]     Checking dpi v0.1.2
[INFO] [stderr]     Checking tokio-util v0.7.18
[INFO] [stderr]     Checking tokio-native-tls v0.3.1
[INFO] [stderr]     Checking tower v0.5.3
[INFO] [stderr]     Checking jsonptr v0.6.3
[INFO] [stderr]    Compiling toml_datetime v0.6.3
[INFO] [stderr]    Compiling serde_spanned v0.6.9
[INFO] [stderr]    Compiling string_cache v0.8.9
[INFO] [stderr]    Compiling toml_edit v0.20.2
[INFO] [stderr]    Compiling cargo-platform v0.1.9
[INFO] [stderr]     Checking tower-http v0.6.8
[INFO] [stderr]     Checking h2 v0.4.13
[INFO] [stderr]     Checking idna_adapter v1.2.1
[INFO] [stderr]     Checking idna v1.1.0
[INFO] [stderr]    Compiling cargo_metadata v0.19.2
[INFO] [stderr]    Compiling toml_edit v0.19.15
[INFO] [stderr]    Compiling cargo_toml v0.22.3
[INFO] [stderr]     Checking url v2.5.8
[INFO] [stderr]    Compiling proc-macro-crate v3.4.0
[INFO] [stderr]    Compiling json-patch v3.0.1
[INFO] [stderr]    Compiling zvariant_utils v3.3.0
[INFO] [stderr]     Checking tokio-rustls v0.26.4
[INFO] [stderr]    Compiling html5ever v0.29.1
[INFO] [stderr]     Checking urlpattern v0.3.0
[INFO] [stderr]    Compiling dlopen2_derive v0.4.3
[INFO] [stderr]     Checking event-listener v5.4.1
[INFO] [stderr]     Checking crossbeam-channel v0.5.15
[INFO] [stderr]    Compiling cpufeatures v0.2.17
[INFO] [stderr]    Compiling tauri-runtime v2.9.2
[INFO] [stderr]    Compiling wry v0.53.5
[INFO] [stderr]     Checking dunce v1.0.5
[INFO] [stderr]     Checking dlopen2 v0.8.2
[INFO] [stderr]     Checking event-listener-strategy v0.5.4
[INFO] [stderr]    Compiling zvariant_derive v5.9.2
[INFO] [stderr]    Compiling ico v0.4.0
[INFO] [stderr]     Checking futures-lite v2.6.1
[INFO] [stderr]     Checking unicode-segmentation v1.12.0
[INFO] [stderr]    Compiling proc-macro-crate v1.3.1
[INFO] [stderr]    Compiling toml v0.8.2
[INFO] [stderr]    Compiling proc-macro-crate v2.0.2
[INFO] [stderr]    Compiling schemars v0.8.22
[INFO] [stderr]    Compiling kuchikiki v0.8.8-speedreader
[INFO] [stderr]    Compiling tauri-runtime-wry v2.9.3
[INFO] [stderr]    Compiling base64 v0.22.1
[INFO] [stderr]     Checking keyboard-types v0.7.0
[INFO] [stderr]    Compiling serialize-to-javascript-impl v0.1.2
[INFO] [stderr]    Compiling system-deps v6.2.2
[INFO] [stderr]    Compiling serde_repr v0.1.20
[INFO] [stderr]    Compiling async-io v2.6.0
[INFO] [stderr]    Compiling enumflags2 v0.7.12
[INFO] [stderr]     Checking polling v3.11.0
[INFO] [stderr]     Checking serialize-to-javascript v0.1.2
[INFO] [stderr]     Checking async-task v4.7.1
[INFO] [stderr]     Checking heck v0.5.0
[INFO] [stderr]    Compiling signal-hook v0.3.18
[INFO] [stderr]     Checking http-range v0.1.5
[INFO] [stderr]    Compiling gtk3-macros v0.18.2
[INFO] [stderr]    Compiling zvariant v5.9.2
[INFO] [stderr]     Checking async-channel v2.5.0
[INFO] [stderr]     Checking tauri-utils v2.8.1
[INFO] [stderr]    Compiling glib-macros v0.18.5
[INFO] [stderr]     Checking is-docker v0.2.0
[INFO] [stderr]    Compiling zstd-safe v7.2.4
[INFO] [stderr]     Checking is-wsl v0.4.0
[INFO] [stderr]     Checking async-lock v3.4.2
[INFO] [stderr]     Checking piper v0.2.4
[INFO] [stderr]     Checking os_pipe v1.2.3
[INFO] [stderr]    Compiling num-traits v0.2.19
[INFO] [stderr]    Compiling rfd v0.16.0
[INFO] [stderr]     Checking async-signal v0.2.13
[INFO] [stderr]    Compiling glib-sys v0.18.1
[INFO] [stderr]    Compiling gobject-sys v0.18.0
[INFO] [stderr]    Compiling gio-sys v0.18.1
[INFO] [stderr]    Compiling gdk-sys v0.18.2
[INFO] [stderr]    Compiling atk-sys v0.18.2
[INFO] [stderr]     Checking hyper v1.8.1
[INFO] [stderr]    Compiling pango-sys v0.18.0
[INFO] [stderr]    Compiling gdk-pixbuf-sys v0.18.0
[INFO] [stderr]    Compiling cairo-sys-rs v0.18.2
[INFO] [stderr]    Compiling gtk-sys v0.18.2
[INFO] [stderr]    Compiling javascriptcore-rs-sys v1.1.1
[INFO] [stderr]    Compiling soup3-sys v0.5.0
[INFO] [stderr]    Compiling webkit2gtk-sys v2.0.1
[INFO] [stderr]    Compiling gdkx11-sys v0.18.2
[INFO] [stderr]     Checking pathdiff v0.2.3
[INFO] [stderr]     Checking serde_yaml v0.9.34+deprecated
[INFO] [stderr]     Checking crc v3.3.0
[INFO] [stderr]     Checking open v5.3.3
[INFO] [stderr]     Checking async-process v2.5.0
[INFO] [stderr]     Checking sigchld v0.2.4
[INFO] [stderr]     Checking blocking v1.6.2
[INFO] [stderr]     Checking async-executor v1.13.3
[INFO] [stderr]     Checking async-broadcast v0.7.2
[INFO] [stderr]    Compiling async-trait v0.1.89
[INFO] [stderr]     Checking ordered-stream v0.2.0
[INFO] [stderr]     Checking bumpalo v3.19.1
[INFO] [stderr]     Checking libbz2-rs-sys v0.2.2
[INFO] [stderr]     Checking lzma-rust2 v0.15.7
[INFO] [stderr]     Checking shared_child v1.1.1
[INFO] [stderr]     Checking zopfli v0.8.3
[INFO] [stderr]     Checking pbkdf2 v0.12.2
[INFO] [stderr]     Checking deflate64 v0.1.10
[INFO] [stderr]     Checking iana-time-zone v0.1.64
[INFO] [stderr]     Checking ppmd-rust v1.4.0
[INFO] [stderr]     Checking constant_time_eq v0.3.1
[INFO] [stderr]     Checking typed-path v0.12.2
[INFO] [stderr]     Checking hyper-util v0.1.19
[INFO] [stderr]     Checking directories v6.0.0
[INFO] [stderr]     Checking bzip2 v0.6.1
[INFO] [stderr]     Checking quick-xml v0.38.4
[INFO] [stderr]     Checking chrono v0.4.43
[INFO] [stderr]    Compiling zbus_names v4.3.1
[INFO] [stderr]     Checking gdkwayland-sys v0.18.2
[INFO] [stderr]     Checking glib v0.18.5
[INFO] [stderr]     Checking zstd v0.11.2+zstd.1.5.2
[INFO] [stderr]     Checking zstd v0.13.3
[INFO] [stderr]     Checking zip v0.6.6
[INFO] [stderr]    Compiling zbus_macros v5.13.2
[INFO] [stderr]     Checking zip v7.2.0
[INFO] [stderr]     Checking hyper-tls v0.6.0
[INFO] [stderr]     Checking hyper-rustls v0.27.7
[INFO] [stderr]     Checking reqwest v0.12.28
[INFO] [stderr]     Checking ck_core v0.1.0 (/opt/rustwide/workdir/crates/ck_core)
[INFO] [stdout] error[E0425]: cannot find function `create` in crate `junction`
[INFO] [stdout]      --> crates/ck_core/src/builder/demo.rs:29083:15
[INFO] [stdout]       |
[INFO] [stdout] 29083 |     junction::create(&source_root, &dest.join("src")).map_err(|e| {
[INFO] [stdout]       |               ^^^^^^ not found in `junction`
[INFO] [stdout] 
[INFO] [stdout] 
[INFO] [stdout] error[E0425]: cannot find function `create` in crate `junction`
[INFO] [stdout]      --> crates/ck_core/src/builder/demo.rs:29170:35
[INFO] [stdout]       |
[INFO] [stdout] 29170 |         if let Err(e) = junction::create(lib, &dest) {
[INFO] [stdout]       |                                   ^^^^^^ not found in `junction`
[INFO] [stdout] 
[INFO] [stdout] 
[INFO] [stdout] warning: unused import: `std::collections::HashMap`
[INFO] [stdout]  --> crates/ck_core/src/builder/resolver.rs:4:5
[INFO] [stdout]   |
[INFO] [stdout] 4 | use std::collections::HashMap;
[INFO] [stdout]   |     ^^^^^^^^^^^^^^^^^^^^^^^^^
[INFO] [stdout]   |
[INFO] [stdout]   = note: `#[warn(unused_imports)]` (part of `#[warn(unused)]`) on by default
[INFO] [stdout] 
[INFO] [stdout] 
[INFO] [stdout] warning: unused import: `std::path::PathBuf`
[INFO] [stdout]  --> crates/ck_core/src/builder/scanner.rs:3:5
[INFO] [stdout]   |
[INFO] [stdout] 3 | use std::path::PathBuf;
[INFO] [stdout]   |     ^^^^^^^^^^^^^^^^^^
[INFO] [stdout] 
[INFO] [stdout] 
[INFO] [stdout] warning: unused import: `Cursor`
[INFO] [stdout]  --> crates/ck_core/src/downloader.rs:5:15
[INFO] [stdout]   |
[INFO] [stdout] 5 | use std::io::{Cursor, Write};
[INFO] [stdout]   |               ^^^^^^
[INFO] [stdout] 
[INFO] [stdout] 
[INFO] [stdout] warning: unused import: `std::thread`
[INFO] [stdout]  --> crates/ck_core/src/executor/uploader/serial.rs:3:5
[INFO] [stdout]   |
[INFO] [stdout] 3 | use std::thread;
[INFO] [stdout]   |     ^^^^^^^^^^^
[INFO] [stdout] 
[INFO] [stdout] 
[INFO] [stderr]     Checking zbus v5.13.2
[INFO] [stdout] error[E0425]: cannot find function `create` in crate `junction`
[INFO] [stdout]      --> crates/ck_core/src/builder/demo.rs:29083:15
[INFO] [stdout]       |
[INFO] [stdout] 29083 |     junction::create(&source_root, &dest.join("src")).map_err(|e| {
[INFO] [stdout]       |               ^^^^^^ not found in `junction`
[INFO] [stdout] 
[INFO] [stdout] 
[INFO] [stdout] error[E0425]: cannot find function `create` in crate `junction`
[INFO] [stdout]      --> crates/ck_core/src/builder/demo.rs:29170:35
[INFO] [stdout]       |
[INFO] [stdout] 29170 |         if let Err(e) = junction::create(lib, &dest) {
[INFO] [stdout]       |                                   ^^^^^^ not found in `junction`
[INFO] [stdout] 
[INFO] [stdout] 
[INFO] [stdout] warning: unused import: `std::collections::HashMap`
[INFO] [stdout]  --> crates/ck_core/src/builder/resolver.rs:4:5
[INFO] [stdout]   |
[INFO] [stdout] 4 | use std::collections::HashMap;
[INFO] [stdout]   |     ^^^^^^^^^^^^^^^^^^^^^^^^^
[INFO] [stdout]   |
[INFO] [stdout]   = note: `#[warn(unused_imports)]` (part of `#[warn(unused)]`) on by default
[INFO] [stdout] 
[INFO] [stdout] 
[INFO] [stdout] warning: unused imports: `canonical_or_parent_path_key` and `esp32_link_inputs_contain_sketch_object`
[INFO] [stdout]      --> crates/ck_core/src/builder/demo.rs:29287:37
[INFO] [stdout]       |
[INFO] [stdout] 29287 |         canonical_header_providers, canonical_or_parent_path_key, canonicalize_code_for_cache,
[INFO] [stdout]       |                                     ^^^^^^^^^^^^^^^^^^^^^^^^^^^^
[INFO] [stdout] ...
[INFO] [stdout] 29302 |         escape_line_directive_filename, esp32_link_inputs_contain_sketch_object,
[INFO] [stdout]       |                                         ^^^^^^^^^^^^^^^^^^^^^^^^^^^^^^^^^^^^^^^
[INFO] [stdout] 
[INFO] [stdout] 
[INFO] [stdout] warning: unused import: `std::path::PathBuf`
[INFO] [stdout]  --> crates/ck_core/src/builder/scanner.rs:3:5
[INFO] [stdout]   |
[INFO] [stdout] 3 | use std::path::PathBuf;
[INFO] [stdout]   |     ^^^^^^^^^^^^^^^^^^
[INFO] [stdout] 
[INFO] [stdout] 
[INFO] [stdout] warning: unused import: `Cursor`
[INFO] [stdout]  --> crates/ck_core/src/downloader.rs:5:15
[INFO] [stdout]   |
[INFO] [stdout] 5 | use std::io::{Cursor, Write};
[INFO] [stdout]   |               ^^^^^^
[INFO] [stdout] 
[INFO] [stdout] 
[INFO] [stdout] warning: unused import: `std::thread`
[INFO] [stdout]  --> crates/ck_core/src/executor/uploader/serial.rs:3:5
[INFO] [stdout]   |
[INFO] [stdout] 3 | use std::thread;
[INFO] [stdout]   |     ^^^^^^^^^^^
[INFO] [stdout] 
[INFO] [stdout] 
[INFO] [stdout] warning: variable does not need to be mutable
[INFO] [stdout]      --> crates/ck_core/src/builder/demo.rs:20994:45
[INFO] [stdout]       |
[INFO] [stdout] 20994 | ...                   let mut cmd = entry.command.clone();
[INFO] [stdout]       |                           ----^^^
[INFO] [stdout]       |                           |
[INFO] [stdout]       |                           help: remove this `mut`
[INFO] [stdout]       |
[INFO] [stdout]       = note: `#[warn(unused_mut)]` (part of `#[warn(unused)]`) on by default
[INFO] [stdout] 
[INFO] [stdout] 
[INFO] [stdout] warning: variable does not need to be mutable
[INFO] [stdout]      --> crates/ck_core/src/builder/demo.rs:20994:45
[INFO] [stdout]       |
[INFO] [stdout] 20994 | ...                   let mut cmd = entry.command.clone();
[INFO] [stdout]       |                           ----^^^
[INFO] [stdout]       |                           |
[INFO] [stdout]       |                           help: remove this `mut`
[INFO] [stdout]       |
[INFO] [stdout]       = note: `#[warn(unused_mut)]` (part of `#[warn(unused)]`) on by default
[INFO] [stdout] 
[INFO] [stdout] 
[INFO] [stdout] warning: variable does not need to be mutable
[INFO] [stdout]      --> crates/ck_core/src/builder/demo.rs:27352:9
[INFO] [stdout]       |
[INFO] [stdout] 27352 |     let mut program = PathBuf::from(tokens.remove(0));
[INFO] [stdout]       |         ----^^^^^^^
[INFO] [stdout]       |         |
[INFO] [stdout]       |         help: remove this `mut`
[INFO] [stdout] 
[INFO] [stdout] 
[INFO] [stderr] error: could not compile `ck_core` (lib test) due to 2 previous errors; 6 warnings emitted
[INFO] [stderr] 
[INFO] [stderr] Caused by:
[INFO] [stderr]   process didn't exit successfully: `/opt/rustwide/rustup-home/toolchains/3154cc1a3e6424e44f438a95007d043ed5ceaaf6/bin/rustc --crate-name ck_core --edition=2024 crates/ck_core/src/lib.rs --error-format=json --json=diagnostic-rendered-ansi,artifacts,future-incompat,unused-externs-silent --emit=dep-info,metadata -C embed-bitcode=no -C debuginfo=2 --test --check-cfg 'cfg(docsrs,test)' --check-cfg 'cfg(feature, values())' -C metadata=7afd2635b16b64ca -C extra-filename=-8f051d0dc7a48566 --out-dir /opt/rustwide/target/debug/build/ck_core/8f051d0dc7a48566/out -L dependency=/opt/rustwide/target/debug/build/adler2/146a96abf593f074/out -L dependency=/opt/rustwide/target/debug/build/aes/6a982c317fbbceb1/out -L dependency=/opt/rustwide/target/debug/build/aho-corasick/924ab98802c4dac7/out -L dependency=/opt/rustwide/target/debug/build/atomic-waker/da9535de70c6dc9f/out -L dependency=/opt/rustwide/target/debug/build/base64/1197ac9fab90ee7e/out -L dependency=/opt/rustwide/target/debug/build/base64ct/aad6be722b73d1a5/out -L dependency=/opt/rustwide/target/debug/build/bitflags/1eee64664bff1d07/out -L dependency=/opt/rustwide/target/debug/build/bitflags/b0e6217d4d7090bf/out -L dependency=/opt/rustwide/target/debug/build/block-buffer/d476cf07719968aa/out -L dependency=/opt/rustwide/target/debug/build/byteorder/1faabe2fe6089cfe/out -L dependency=/opt/rustwide/target/debug/build/bytes/485808ebb9002dc5/out -L dependency=/opt/rustwide/target/debug/build/bzip2-sys/729d0f3cd87c4f07/out -L dependency=/opt/rustwide/target/debug/build/bzip2/bdc46fb5ff63ea82/out -L dependency=/opt/rustwide/target/debug/build/cfg-if/455a21b2886a1534/out -L dependency=/opt/rustwide/target/debug/build/cipher/5b4f7063d6f3ff24/out -L dependency=/opt/rustwide/target/debug/build/constant_time_eq/f049dc97ff0278bb/out -L dependency=/opt/rustwide/target/debug/build/cpufeatures/d69d304f9ccab94d/out -L dependency=/opt/rustwide/target/debug/build/crc32fast/59b7cdb19678a957/out -L dependency=/opt/rustwide/target/debug/build/crypto-common/1f60de3b336074f0/out -L dependency=/opt/rustwide/target/debug/build/deranged/7db016fe8a96103b/out -L dependency=/opt/rustwide/target/debug/build/digest/754173448ae34660/out -L dependency=/opt/rustwide/target/debug/build/dirs-sys/3d113bfc92530346/out -L dependency=/opt/rustwide/target/debug/build/displaydoc/69ed9774e158a5ad/out -L dependency=/opt/rustwide/target/debug/build/encoding_rs/2d47d0f786b9d762/out -L dependency=/opt/rustwide/target/debug/build/equivalent/53277b141c879f87/out -L dependency=/opt/rustwide/target/debug/build/errno/bd352bf57b3ea010/out -L dependency=/opt/rustwide/target/debug/build/fastrand/964c7e4b37fe3d85/out -L dependency=/opt/rustwide/target/debug/build/filetime/5d40d44f6ebd8666/out -L dependency=/opt/rustwide/target/debug/build/flate2/85fafe5e2d11ab8c/out -L dependency=/opt/rustwide/target/debug/build/fnv/65440ab31d1f3d7a/out -L dependency=/opt/rustwide/target/debug/build/foreign-types-shared/4fcba5b27a3984cc/out -L dependency=/opt/rustwide/target/debug/build/foreign-types/712cae99568caf59/out -L dependency=/opt/rustwide/target/debug/build/form_urlencoded/8558270de8c5e9db/out -L dependency=/opt/rustwide/target/debug/build/futures-channel/c264cbafca6bc25f/out -L dependency=/opt/rustwide/target/debug/build/futures-core/937cdc440dea5f51/out -L dependency=/opt/rustwide/target/debug/build/futures-macro/9ecc75106dbf889f/out -L dependency=/opt/rustwide/target/debug/build/futures-sink/761787380e6cfe37/out -L dependency=/opt/rustwide/target/debug/build/futures-task/f02075f0be3ac103/out -L dependency=/opt/rustwide/target/debug/build/futures-util/de275dcef596c578/out -L dependency=/opt/rustwide/target/debug/build/generic-array/5cabb1ea1773ed18/out -L dependency=/opt/rustwide/target/debug/build/getrandom/55f03fb7d32ba5ec/out -L dependency=/opt/rustwide/target/debug/build/getrandom/6d6a4e393767d366/out -L dependency=/opt/rustwide/target/debug/build/h2/d76f7959fd61d4bc/out -L dependency=/opt/rustwide/target/debug/build/hashbrown/90b3af80cf514d85/out -L dependency=/opt/rustwide/target/debug/build/hmac/dfcfebe54a397ece/out -L dependency=/opt/rustwide/target/debug/build/http-body-util/86ddaf570fca0e44/out -L dependency=/opt/rustwide/target/debug/build/http-body/58a9cb8ec92bd5b0/out -L dependency=/opt/rustwide/target/debug/build/http/28e1e5e3f12bc2fa/out -L dependency=/opt/rustwide/target/debug/build/httparse/76e96eecfa617739/out -L dependency=/opt/rustwide/target/debug/build/hyper-rustls/00518854b99dad0c/out -L dependency=/opt/rustwide/target/debug/build/hyper-tls/62629ec5e58fc925/out -L dependency=/opt/rustwide/target/debug/build/hyper-util/dd8c0c7fbedf12a5/out -L dependency=/opt/rustwide/target/debug/build/hyper/7199f99cef92b973/out -L dependency=/opt/rustwide/target/debug/build/icu_collections/4d846b9e7157a062/out -L dependency=/opt/rustwide/target/debug/build/icu_locale_core/aee766b4a0458864/out -L dependency=/opt/rustwide/target/debug/build/icu_normalizer/116b3f8172d87055/out -L dependency=/opt/rustwide/target/debug/build/icu_normalizer_data/102cb0a4e5f709be/out -L dependency=/opt/rustwide/target/debug/build/icu_properties/8bd4c044d38504df/out -L dependency=/opt/rustwide/target/debug/build/icu_properties_data/c1c875ddb0028a4e/out -L dependency=/opt/rustwide/target/debug/build/icu_provider/433666903c7f5229/out -L dependency=/opt/rustwide/target/debug/build/idna/11bb4e8c01e8008b/out -L dependency=/opt/rustwide/target/debug/build/idna_adapter/25547325d8c271df/out -L dependency=/opt/rustwide/target/debug/build/indexmap/22a96e49e970a24c/out -L dependency=/opt/rustwide/target/debug/build/inout/5cf1f160be6d01e6/out -L dependency=/opt/rustwide/target/debug/build/ipnet/cd3243a0c9041eb6/out -L dependency=/opt/rustwide/target/debug/build/iri-string/3ccdd3e9acdc0ed1/out -L dependency=/opt/rustwide/target/debug/build/itoa/5630dc03472db597/out -L dependency=/opt/rustwide/target/debug/build/libc/4908aa0f6d9f07f2/out -L dependency=/opt/rustwide/target/debug/build/libudev-sys/0fc901f0266f3160/out -L dependency=/opt/rustwide/target/debug/build/libudev/89221f13f60d1682/out -L dependency=/opt/rustwide/target/debug/build/linux-raw-sys/7b4ed0628297a057/out -L dependency=/opt/rustwide/target/debug/build/litemap/aa43607d32344b5b/out -L dependency=/opt/rustwide/target/debug/build/lock_api/663cc3be3e1b5935/out -L dependency=/opt/rustwide/target/debug/build/log/7b380bf56ebbe9c3/out -L dependency=/opt/rustwide/target/debug/build/memchr/51f0bf88eac8402f/out -L dependency=/opt/rustwide/target/debug/build/mime/ee7da7d8bd74decc/out -L dependency=/opt/rustwide/target/debug/build/miniz_oxide/53af354df45ed2ae/out -L dependency=/opt/rustwide/target/debug/build/mio/21e5a98c9b4ee1c6/out -L dependency=/opt/rustwide/target/debug/build/native-tls/97442bdc379a8110/out -L dependency=/opt/rustwide/target/debug/build/nix/a354b1e2990b4e7b/out -L dependency=/opt/rustwide/target/debug/build/num-conv/6eaf3800823ab3d6/out -L dependency=/opt/rustwide/target/debug/build/once_cell/65ef733aa5ad93db/out -L dependency=/opt/rustwide/target/debug/build/openssl-macros/854d53fb646c57d4/out -L dependency=/opt/rustwide/target/debug/build/openssl-probe/73963325591fd010/out -L dependency=/opt/rustwide/target/debug/build/openssl-sys/860de58e02452592/out -L dependency=/opt/rustwide/target/debug/build/openssl/70f254e20dcd3886/out -L dependency=/opt/rustwide/target/debug/build/option-ext/305ce3da2c35d50a/out -L dependency=/opt/rustwide/target/debug/build/parking_lot/ad27a10a578ab30a/out -L dependency=/opt/rustwide/target/debug/build/parking_lot_core/98c07a1dfce29f0d/out -L dependency=/opt/rustwide/target/debug/build/password-hash/f97872091b16fb9f/out -L dependency=/opt/rustwide/target/debug/build/pbkdf2/d5ae32b761713521/out -L dependency=/opt/rustwide/target/debug/build/percent-encoding/528721a9f54dc4b1/out -L dependency=/opt/rustwide/target/debug/build/pin-project-lite/1b81da4f494a9bc3/out -L dependency=/opt/rustwide/target/debug/build/pin-utils/878ed655ba41bb46/out -L dependency=/opt/rustwide/target/debug/build/potential_utf/9b0ab9f4e9868338/out -L dependency=/opt/rustwide/target/debug/build/powerfmt/56923de0405665be/out -L dependency=/opt/rustwide/target/debug/build/proc-macro2/99b82bad732f189e/out -L dependency=/opt/rustwide/target/debug/build/quote/b47b1801751406fe/out -L dependency=/opt/rustwide/target/debug/build/rand_core/f9d99b5331a8deee/out -L dependency=/opt/rustwide/target/debug/build/regex-automata/898468c0b30ed767/out -L dependency=/opt/rustwide/target/debug/build/regex-syntax/ceb894bed38f3f6c/out -L dependency=/opt/rustwide/target/debug/build/ring/99f4d4593c3938d7/out -L dependency=/opt/rustwide/target/debug/build/rustix/50a8de2db8496c61/out -L dependency=/opt/rustwide/target/debug/build/rustls-pki-types/6990b794cdef5c08/out -L dependency=/opt/rustwide/target/debug/build/rustls-webpki/609757efbf7c1b03/out -L dependency=/opt/rustwide/target/debug/build/rustls/ef96ac69805920ea/out -L dependency=/opt/rustwide/target/debug/build/ryu/7765af3c63207b5e/out -L dependency=/opt/rustwide/target/debug/build/scopeguard/f6f33a86a264cc83/out -L dependency=/opt/rustwide/target/debug/build/serde/1eb4ae24a2ff3b10/out -L dependency=/opt/rustwide/target/debug/build/serde_core/6cb90b35080491a4/out -L dependency=/opt/rustwide/target/debug/build/serde_derive/35c620a053ab58d0/out -L dependency=/opt/rustwide/target/debug/build/serde_json/76286f1e5b7dcbc5/out -L dependency=/opt/rustwide/target/debug/build/serde_urlencoded/c5a5366e02eddaf7/out -L dependency=/opt/rustwide/target/debug/build/sha1/f0a50f924b7cf103/out -L dependency=/opt/rustwide/target/debug/build/sha2/122fb38778532b1e/out -L dependency=/opt/rustwide/target/debug/build/signal-hook-registry/04e93934895c8bdf/out -L dependency=/opt/rustwide/target/debug/build/simd-adler32/c6462935a14b3b56/out -L dependency=/opt/rustwide/target/debug/build/slab/5b4561caabd64ab3/out -L dependency=/opt/rustwide/target/debug/build/smallvec/55472749e1b26087/out -L dependency=/opt/rustwide/target/debug/build/socket2/30e7695346cbe7fa/out -L dependency=/opt/rustwide/target/debug/build/stable_deref_trait/5d0e5045ac141f4e/out -L dependency=/opt/rustwide/target/debug/build/subtle/8f505b5194b43595/out -L dependency=/opt/rustwide/target/debug/build/sync_wrapper/635027808d782301/out -L dependency=/opt/rustwide/target/debug/build/thiserror-impl/4e3f7fac41140a54/out -L dependency=/opt/rustwide/target/debug/build/thiserror/ca405188b1d13f96/out -L dependency=/opt/rustwide/target/debug/build/time-core/7ccd799a39caf9e0/out -L dependency=/opt/rustwide/target/debug/build/time-macros/e17b7f0ed8e01c39/out -L dependency=/opt/rustwide/target/debug/build/time/8c4ebf9b064c7cc9/out -L dependency=/opt/rustwide/target/debug/build/tinystr/aff4633b51420381/out -L dependency=/opt/rustwide/target/debug/build/tokio-macros/84498143aa3a8b92/out -L dependency=/opt/rustwide/target/debug/build/tokio-native-tls/c149e68497bc77c5/out -L dependency=/opt/rustwide/target/debug/build/tokio-rustls/3e657e8b5adf9de9/out -L dependency=/opt/rustwide/target/debug/build/tokio-util/37a7a1b3e98d7102/out -L dependency=/opt/rustwide/target/debug/build/tokio/781c6c121b924553/out -L dependency=/opt/rustwide/target/debug/build/tower-http/651f60ba66703823/out -L dependency=/opt/rustwide/target/debug/build/tower-layer/18253f72d6097d72/out -L dependency=/opt/rustwide/target/debug/build/tower-service/f067f85429613f02/out -L dependency=/opt/rustwide/target/debug/build/tower/91bf500e63a0c2bc/out -L dependency=/opt/rustwide/target/debug/build/tracing-attributes/e56463d5570e41dc/out -L dependency=/opt/rustwide/target/debug/build/tracing-core/dc96c80e148c248f/out -L dependency=/opt/rustwide/target/debug/build/tracing/73610035079c7b72/out -L dependency=/opt/rustwide/target/debug/build/try-lock/2456ef037cb93cd8/out -L dependency=/opt/rustwide/target/debug/build/typenum/784de51dcd1d4fda/out -L dependency=/opt/rustwide/target/debug/build/unescaper/86f8f01d95320de0/out -L dependency=/opt/rustwide/target/debug/build/unicode-ident/706c1ae221f02d95/out -L dependency=/opt/rustwide/target/debug/build/untrusted/6fab01473f7c0eb0/out -L dependency=/opt/rustwide/target/debug/build/url/0ad8149f869ea2c3/out -L dependency=/opt/rustwide/target/debug/build/utf8_iter/2a9a14295c98e961/out -L dependency=/opt/rustwide/target/debug/build/want/02f6f2e86f12f8db/out -L dependency=/opt/rustwide/target/debug/build/webpki-roots/efeaaddf4a9c35dd/out -L dependency=/opt/rustwide/target/debug/build/writeable/999454f8466c5908/out -L dependency=/opt/rustwide/target/debug/build/xattr/8fa1571c63b0ae22/out -L dependency=/opt/rustwide/target/debug/build/yoke-derive/cd3b48d7b4452e4d/out -L dependency=/opt/rustwide/target/debug/build/yoke/aa6806f0aee92688/out -L dependency=/opt/rustwide/target/debug/build/zerofrom-derive/eab72b94acec9773/out -L dependency=/opt/rustwide/target/debug/build/zerofrom/a37ae4828470b841/out -L dependency=/opt/rustwide/target/debug/build/zeroize/abb15d867a217f46/out -L dependency=/opt/rustwide/target/debug/build/zeroize_derive/d2f3e64b8c91b660/out -L dependency=/opt/rustwide/target/debug/build/zerotrie/92114fb826369c47/out -L dependency=/opt/rustwide/target/debug/build/zerovec-derive/993475857ea98b2c/out -L dependency=/opt/rustwide/target/debug/build/zerovec/91b178668a28549a/out -L dependency=/opt/rustwide/target/debug/build/zlib-rs/578686f9bb858ef8/out -L dependency=/opt/rustwide/target/debug/build/zmij/4cda081ea574c69b/out -L dependency=/opt/rustwide/target/debug/build/zstd-safe/a4cdff10aa0dbaa4/out -L dependency=/opt/rustwide/target/debug/build/zstd-sys/a693f5b3943bad06/out -L dependency=/opt/rustwide/target/debug/build/zstd/295078641819bc30/out --extern anyhow=/opt/rustwide/target/debug/build/anyhow/a338f9315f61a93f/out/libanyhow-a338f9315f61a93f.rmeta --extern dirs=/opt/rustwide/target/debug/build/dirs/5a249becd5cb742b/out/libdirs-5a249becd5cb742b.rmeta --extern flate2=/opt/rustwide/target/debug/build/flate2/85fafe5e2d11ab8c/out/libflate2-85fafe5e2d11ab8c.rmeta --extern futures_util=/opt/rustwide/target/debug/build/futures-util/de275dcef596c578/out/libfutures_util-de275dcef596c578.rmeta --extern hex=/opt/rustwide/target/debug/build/hex/24ffcfdbf8aa85fe/out/libhex-24ffcfdbf8aa85fe.rmeta --extern junction=/opt/rustwide/target/debug/build/junction/725fd41059c4b9f0/out/libjunction-725fd41059c4b9f0.rmeta --extern lazy_static=/opt/rustwide/target/debug/build/lazy_static/8814797a196a17b5/out/liblazy_static-8814797a196a17b5.rmeta --extern libc=/opt/rustwide/target/debug/build/libc/4908aa0f6d9f07f2/out/liblibc-4908aa0f6d9f07f2.rmeta --extern log=/opt/rustwide/target/debug/build/log/7b380bf56ebbe9c3/out/liblog-7b380bf56ebbe9c3.rmeta --extern num_cpus=/opt/rustwide/target/debug/build/num_cpus/7453e09c31df06c8/out/libnum_cpus-7453e09c31df06c8.rmeta --extern regex=/opt/rustwide/target/debug/build/regex/e754d49a33e7e63b/out/libregex-e754d49a33e7e63b.rmeta --extern reqwest=/opt/rustwide/target/debug/build/reqwest/64ed0429ad9e9303/out/libreqwest-64ed0429ad9e9303.rmeta --extern serde=/opt/rustwide/target/debug/build/serde/1eb4ae24a2ff3b10/out/libserde-1eb4ae24a2ff3b10.rmeta --extern serde_json=/opt/rustwide/target/debug/build/serde_json/76286f1e5b7dcbc5/out/libserde_json-76286f1e5b7dcbc5.rmeta --extern serialport=/opt/rustwide/target/debug/build/serialport/f0060b5a82426687/out/libserialport-f0060b5a82426687.rmeta --extern sha2=/opt/rustwide/target/debug/build/sha2/122fb38778532b1e/out/libsha2-122fb38778532b1e.rmeta --extern shlex=/opt/rustwide/target/debug/build/shlex/2e8dc360243d0c63/out/libshlex-2e8dc360243d0c63.rmeta --extern tar=/opt/rustwide/target/debug/build/tar/b28277d8daf25422/out/libtar-b28277d8daf25422.rmeta --extern tempfile=/opt/rustwide/target/debug/build/tempfile/fb853f231a9ab082/out/libtempfile-fb853f231a9ab082.rmeta --extern thiserror=/opt/rustwide/target/debug/build/thiserror/ca405188b1d13f96/out/libthiserror-ca405188b1d13f96.rmeta --extern tokio=/opt/rustwide/target/debug/build/tokio/781c6c121b924553/out/libtokio-781c6c121b924553.rmeta --extern zip=/opt/rustwide/target/debug/build/zip/3e091c32b54c4028/out/libzip-3e091c32b54c4028.rmeta --cap-lints=forbid -Znext-solver=coherence --force-warn=unused_crate_dependencies -L native=/opt/rustwide/target/debug/build/ring/4bfbd4a47edd5801/out -L native=/opt/rustwide/target/debug/build/zstd-sys/2bb126180af5fede/out -L native=/usr/lib/x86_64-linux-gnu -L native=/usr/lib` (signal: 9, SIGKILL: kill)
[INFO] [stderr] warning: build failed, waiting for other jobs to finish...
[INFO] [stdout] warning: unused import: `tokio::io::AsyncBufReadExt`
[INFO] [stdout]  --> crates/ck_core/src/registry/platform.rs:4:5
[INFO] [stdout]   |
[INFO] [stdout] 4 | use tokio::io::AsyncBufReadExt;
[INFO] [stdout]   |     ^^^^^^^^^^^^^^^^^^^^^^^^^^
[INFO] [stdout] 
[INFO] [stdout] 
[INFO] [stdout] warning: unused import: `SerialPort`
[INFO] [stdout]  --> crates/ck_core/src/executor/uploader/serial.rs:2:18
[INFO] [stdout]   |
[INFO] [stdout] 2 | use serialport::{SerialPort, SerialPortType};
[INFO] [stdout]   |                  ^^^^^^^^^^
[INFO] [stdout] 
[INFO] [stdout] 
[INFO] [stdout] warning: variable does not need to be mutable
[INFO] [stdout]     --> crates/ck_core/src/builder/demo/esp32_library_relink.rs:1391:9
[INFO] [stdout]      |
[INFO] [stdout] 1391 |     let mut executable_path = resolve_path(&argv[0], &working)?;
[INFO] [stdout]      |         ----^^^^^^^^^^^^^^^
[INFO] [stdout]      |         |
[INFO] [stdout]      |         help: remove this `mut`
[INFO] [stdout] 
[INFO] [stdout] 
[INFO] [stdout] warning: variable does not need to be mutable
[INFO] [stdout]     --> crates/ck_core/src/builder/demo/esp32_library_relink.rs:2000:9
[INFO] [stdout]      |
[INFO] [stdout] 2000 |     let mut compiler = resolve_path(&expansion.tokens[0], &directory)?;
[INFO] [stdout]      |         ----^^^^^^^^
[INFO] [stdout]      |         |
[INFO] [stdout]      |         help: remove this `mut`
[INFO] [stdout] 
[INFO] [stdout] 
[INFO] [stdout] warning: variable does not need to be mutable
[INFO] [stdout]     --> crates/ck_core/src/builder/demo/native_relink.rs:6158:9
[INFO] [stdout]      |
[INFO] [stdout] 6158 |     let mut executable = PathBuf::from(&tokens[0]);
[INFO] [stdout]      |         ----^^^^^^^^^^
[INFO] [stdout]      |         |
[INFO] [stdout]      |         help: remove this `mut`
[INFO] [stdout] 
[INFO] [stdout] 
[INFO] [stdout] warning: variable does not need to be mutable
[INFO] [stdout]    --> crates/ck_core/src/builder/demo/samd_native_relink.rs:989:9
[INFO] [stdout]     |
[INFO] [stdout] 989 |     let mut executable_path = resolve_token_path(&command.argv[0], &working);
[INFO] [stdout]     |         ----^^^^^^^^^^^^^^^
[INFO] [stdout]     |         |
[INFO] [stdout]     |         help: remove this `mut`
[INFO] [stdout] 
[INFO] [stdout] 
[INFO] [stdout] warning: unused variable: `child`
[INFO] [stdout]    --> crates/ck_core/src/builder/demo.rs:662:9
[INFO] [stdout]     |
[INFO] [stdout] 662 |         child: &tokio::process::Child,
[INFO] [stdout]     |         ^^^^^ help: if this is intentional, prefix it with an underscore: `_child`
[INFO] [stdout]     |
[INFO] [stdout]     = note: `#[warn(unused_variables)]` (part of `#[warn(unused)]`) on by default
[INFO] [stdout] 
[INFO] [stdout] 
[INFO] [stdout] warning: unused variable: `props`
[INFO] [stdout]    --> crates/ck_core/src/builder/direct_engine.rs:649:34
[INFO] [stdout]     |
[INFO] [stdout] 649 | fn apply_host_property_overrides(props: &mut HashMap<String, String>) {
[INFO] [stdout]     |                                  ^^^^^ help: if this is intentional, prefix it with an underscore: `_props`
[INFO] [stdout] 
[INFO] [stdout] 
[INFO] [stdout] warning: unused variable: `fqbn`
[INFO] [stdout]    --> crates/ck_core/src/builder/direct_engine.rs:884:35
[INFO] [stdout]     |
[INFO] [stdout] 884 | pub fn preprocess_ino(code: &str, fqbn: &str) -> String {
[INFO] [stdout]     |                                   ^^^^ help: if this is intentional, prefix it with an underscore: `_fqbn`
[INFO] [stdout] 
[INFO] [stdout] 
[INFO] [stdout] warning: unused variable: `name`
[INFO] [stdout]    --> crates/ck_core/src/sysroot.rs:464:28
[INFO] [stdout]     |
[INFO] [stdout] 464 | fn is_toolchain_executable(name: &OsStr, metadata: &std::fs::Metadata) -> bool {
[INFO] [stdout]     |                            ^^^^ help: if this is intentional, prefix it with an underscore: `_name`
[INFO] [stdout] 
[INFO] [stdout] 
[INFO] [stdout] For more information about this error, try `rustc --explain E0425`.
[INFO] [stdout] 
[INFO] [stderr] error: could not compile `ck_core` (lib) due to 2 previous errors; 16 warnings emitted
[INFO] running `Command { std: "docker" "inspect" "8ed34b4cc178e2c0cb01caf8c44ccecc4e517afe6a71ca1b85c2bc8ccf0e82ec", kill_on_drop: false }`
[INFO] running `Command { std: "docker" "rm" "-f" "8ed34b4cc178e2c0cb01caf8c44ccecc4e517afe6a71ca1b85c2bc8ccf0e82ec", kill_on_drop: false }`
[INFO] [stdout] 8ed34b4cc178e2c0cb01caf8c44ccecc4e517afe6a71ca1b85c2bc8ccf0e82ec
