[INFO] cloning repository https://github.com/over04/quan_word
[INFO] running `Command { std: "git" "-c" "credential.helper=" "-c" "credential.helper=/workspace/cargo-home/bin/git-credential-null" "clone" "--bare" "https://github.com/over04/quan_word" "/workspace/cache/git-repos/https%3A%2F%2Fgithub.com%2Fover04%2Fquan_word", kill_on_drop: false }`
[INFO] [stderr] Cloning into bare repository '/workspace/cache/git-repos/https%3A%2F%2Fgithub.com%2Fover04%2Fquan_word'...
[INFO] running `Command { std: "git" "rev-parse" "HEAD", kill_on_drop: false }`
[INFO] [stdout] 62fcaf4873ce3075073e7a4d59a1a310aafdc390
[INFO] checking over04/quan_word against 3154cc1a3e6424e44f438a95007d043ed5ceaaf6+rustflags=-Znext-solver=coherence for pr-133502-30
[INFO] running `Command { std: "git" "clone" "/workspace/cache/git-repos/https%3A%2F%2Fgithub.com%2Fover04%2Fquan_word" "/workspace/builds/worker-7-tc1/source", kill_on_drop: false }`
[INFO] [stderr] Cloning into '/workspace/builds/worker-7-tc1/source'...
[INFO] [stderr] done.
[INFO] removed /workspace/builds/worker-7-tc1/source/.cargo/config.toml
[INFO] started tweaking git repo https://github.com/over04/quan_word
[INFO] finished tweaking git repo https://github.com/over04/quan_word
[INFO] tweaked toml for git repo https://github.com/over04/quan_word written to /workspace/builds/worker-7-tc1/source/Cargo.toml
[INFO] validating manifest of git repo https://github.com/over04/quan_word on toolchain 3154cc1a3e6424e44f438a95007d043ed5ceaaf6
[INFO] running `Command { std: CARGO_HOME="/workspace/cargo-home" RUSTUP_HOME="/workspace/rustup-home" "/workspace/cargo-home/bin/cargo" "+3154cc1a3e6424e44f438a95007d043ed5ceaaf6" "metadata" "--manifest-path" "Cargo.toml" "--no-deps", kill_on_drop: false }`
[INFO] crate git repo https://github.com/over04/quan_word already has a lockfile, it will not be regenerated
[INFO] running `Command { std: CARGO_HOME="/workspace/cargo-home" RUSTUP_HOME="/workspace/rustup-home" "/workspace/cargo-home/bin/cargo" "+3154cc1a3e6424e44f438a95007d043ed5ceaaf6" "fetch" "--manifest-path" "Cargo.toml", kill_on_drop: false }`
[INFO] [stderr]     Updating crates.io index
[INFO] [stderr]  Downloading crates ...
[INFO] [stderr]   Downloaded ts-rs v12.0.1
[INFO] [stderr]   Downloaded serde_yml v0.0.12
[INFO] [stderr]   Downloaded sea-schema-derive v0.3.0
[INFO] [stderr]   Downloaded ts-rs-macros v12.0.1
[INFO] [stderr]   Downloaded rkyv_derive v0.7.46
[INFO] [stderr]   Downloaded sea-query-sqlx v0.9.1
[INFO] [stderr]   Downloaded sea-query-derive v1.0.0
[INFO] [stderr]   Downloaded sea-orm-migration v2.0.0
[INFO] [stderr]   Downloaded borsh-derive v1.8.0
[INFO] [stderr]   Downloaded sea-orm-cli v2.0.0
[INFO] [stderr]   Downloaded ouroboros v0.18.5
[INFO] [stderr]   Downloaded sea-orm-arrow v2.0.0-rc.3
[INFO] [stderr]   Downloaded sea-bae v0.2.2
[INFO] [stderr]   Downloaded clap v4.6.5
[INFO] [stderr]   Downloaded pluralizer v0.5.0
[INFO] [stderr]   Downloaded borsh v1.8.0
[INFO] [stderr]   Downloaded libyml v0.0.5
[INFO] [stderr]   Downloaded ouroboros_macro v0.18.5
[INFO] [stderr]   Downloaded arrow-string v57.3.1
[INFO] [stderr]   Downloaded pgvector v0.4.2
[INFO] [stderr]   Downloaded arrow-data v57.3.1
[INFO] [stderr]   Downloaded arrow-row v57.3.1
[INFO] [stderr]   Downloaded arrow-arith v57.3.1
[INFO] [stderr]   Downloaded rkyv v0.7.46
[INFO] [stderr]   Downloaded sea-orm-macros v2.0.0
[INFO] [stderr]   Downloaded arrow-schema v57.3.1
[INFO] [stderr]   Downloaded codepage v0.1.2
[INFO] [stderr]   Downloaded arrow-ord v57.3.1
[INFO] [stderr]   Downloaded debug_unsafe v0.1.4
[INFO] [stderr]   Downloaded arrow v57.3.1
[INFO] [stderr]   Downloaded arrow-select v57.3.1
[INFO] [stderr]   Downloaded arrow-buffer v57.3.1
[INFO] [stderr]   Downloaded atoi_simd v0.18.1
[INFO] [stderr]   Downloaded rust_decimal v1.42.1
[INFO] [stderr]   Downloaded arrow-cast v57.3.1
[INFO] [stderr]   Downloaded tower-http v0.7.0
[INFO] [stderr]   Downloaded clap_builder v4.6.5
[INFO] [stderr]   Downloaded calamine v0.36.1
[INFO] [stderr]   Downloaded sea-query v1.0.1
[INFO] [stderr]   Downloaded arrow-array v57.3.1
[INFO] [stderr]   Downloaded rust_xlsxwriter v0.97.0
[INFO] [stderr]   Downloaded sea-schema v0.18.1
[INFO] [stderr]   Downloaded sea-orm v2.0.0
[INFO] running `Command { std: "docker" "create" "-v" "/var/lib/crater-agent-workspace/builds/worker-7-tc1/source:/opt/rustwide/workdir:ro,Z" "-v" "/var/lib/crater-agent-workspace/builds/worker-7-tc1/target:/opt/rustwide/target:rw,Z" "-v" "/var/lib/crater-agent-workspace/cargo-home:/opt/rustwide/cargo-home:ro,Z" "-v" "/var/lib/crater-agent-workspace/rustup-home:/opt/rustwide/rustup-home:ro,Z" "-m" "1610612736" "--network" "none" "ghcr.io/rust-lang/crates-build-env/linux@sha256:77db811e55d90add9212f6832c23229e3de5f1c1f9905e8cb07319ea15df73ac" "sleep" "infinity", kill_on_drop: false }`
[INFO] [stdout] e74d5e05afbb738411776843c5d48faf8262870b8bf7f12b314df071fcffeb6f
[INFO] running `Command { std: "docker" "start" "e74d5e05afbb738411776843c5d48faf8262870b8bf7f12b314df071fcffeb6f", kill_on_drop: false }`
[INFO] running `Command { std: "docker" "inspect" "e74d5e05afbb738411776843c5d48faf8262870b8bf7f12b314df071fcffeb6f", kill_on_drop: false }`
[INFO] running `Command { std: "docker" "exec" "-e" "SOURCE_DIR=/opt/rustwide/workdir" "-e" "CARGO_HOME=/opt/rustwide/cargo-home" "-e" "RUSTUP_HOME=/opt/rustwide/rustup-home" "-e" "CARGO_TARGET_DIR=/opt/rustwide/target" "-w" "/opt/rustwide/workdir" "--user" "0:0" "e74d5e05afbb738411776843c5d48faf8262870b8bf7f12b314df071fcffeb6f" "/opt/rustwide/cargo-home/bin/cargo" "+3154cc1a3e6424e44f438a95007d043ed5ceaaf6" "metadata" "--no-deps" "--format-version=1", kill_on_drop: false }`
[INFO] running `Command { std: "docker" "inspect" "e74d5e05afbb738411776843c5d48faf8262870b8bf7f12b314df071fcffeb6f", kill_on_drop: false }`
[INFO] running `Command { std: "docker" "exec" "-e" "SOURCE_DIR=/opt/rustwide/workdir" "-e" "CARGO_HOME=/opt/rustwide/cargo-home" "-e" "RUSTUP_HOME=/opt/rustwide/rustup-home" "-e" "CARGO_TARGET_DIR=/opt/rustwide/target" "-e" "CARGO_INCREMENTAL=0" "-e" "RUST_BACKTRACE=full" "-e" "RUSTFLAGS=--cap-lints=forbid -Znext-solver=coherence" "-e" "RUSTDOCFLAGS=--cap-lints=forbid" "-w" "/opt/rustwide/workdir" "--user" "0:0" "e74d5e05afbb738411776843c5d48faf8262870b8bf7f12b314df071fcffeb6f" "/opt/rustwide/cargo-home/bin/cargo" "+3154cc1a3e6424e44f438a95007d043ed5ceaaf6" "check" "--frozen" "--all" "--all-targets" "--message-format=json", kill_on_drop: false }`
[INFO] [stderr]     Checking smallvec v1.15.2
[INFO] [stderr]    Compiling serde_core v1.0.229
[INFO] [stderr]    Compiling syn v3.0.3
[INFO] [stderr]    Compiling zerovec-derive v0.11.3
[INFO] [stderr]    Compiling serde v1.0.229
[INFO] [stderr]     Checking hybrid-array v0.4.14
[INFO] [stderr]     Checking tracing v0.1.44
[INFO] [stderr]     Checking futures-util v0.3.33
[INFO] [stderr]     Checking parking_lot_core v0.9.12
[INFO] [stderr]    Compiling serde_json v1.0.151
[INFO] [stderr]     Checking parking_lot v0.12.5
[INFO] [stderr]    Compiling rust_decimal v1.42.1
[INFO] [stderr]    Compiling time-macros v0.2.32
[INFO] [stderr]     Checking arrayvec v0.7.8
[INFO] [stderr]     Checking rustls-webpki v0.103.13
[INFO] [stderr]     Checking spin v0.9.9
[INFO] [stderr]     Checking crypto-common v0.2.2
[INFO] [stderr]     Checking block-buffer v0.12.1
[INFO] [stderr]     Checking either v1.17.0
[INFO] [stderr]    Compiling darling_core v0.20.11
[INFO] [stderr]     Checking rustls v0.23.43
[INFO] [stderr]     Checking digest v0.11.3
[INFO] [stderr]     Checking sha2 v0.11.0
[INFO] [stderr]     Checking zerovec v0.11.6
[INFO] [stderr]     Checking potential_utf v0.1.5
[INFO] [stderr]    Compiling libsqlite3-sys v0.37.0
[INFO] [stderr]     Checking crossbeam-queue v0.3.13
[INFO] [stderr]     Checking futures-intrusive v0.5.0
[INFO] [stderr]    Compiling thiserror v2.0.19
[INFO] [stderr]     Checking base64 v0.22.1
[INFO] [stderr]     Checking hmac v0.13.0
[INFO] [stderr]    Compiling memchr v2.8.3
[INFO] [stderr]     Checking deranged v0.5.8
[INFO] [stderr]     Checking uuid v1.24.0
[INFO] [stderr]    Compiling aho-corasick v1.1.4
[INFO] [stderr]     Checking futures-executor v0.3.33
[INFO] [stderr]     Checking hkdf v0.13.0
[INFO] [stderr]     Checking rand v0.10.2
[INFO] [stderr]     Checking md-5 v0.11.0
[INFO] [stderr]     Checking flume v0.12.0
[INFO] [stderr]    Compiling proc-macro2-diagnostics v0.10.1
[INFO] [stderr]     Checking time v0.3.55
[INFO] [stderr]     Checking ordered-float v4.6.0
[INFO] [stderr]    Compiling yansi v1.0.1
[INFO] [stderr]     Checking simd-adler32 v0.3.10
[INFO] [stderr]    Compiling darling_macro v0.20.11
[INFO] [stderr]    Compiling darling v0.20.11
[INFO] [stderr]     Checking miniz_oxide v0.8.9
[INFO] [stderr]    Compiling regex-automata v0.4.16
[INFO] [stderr]    Compiling ouroboros_macro v0.18.5
[INFO] [stderr]    Compiling itertools v0.14.0
[INFO] [stderr]    Compiling displaydoc v0.2.7
[INFO] [stderr]    Compiling tokio-macros v2.7.2
[INFO] [stderr]    Compiling serde_derive v1.0.229
[INFO] [stderr]     Checking tinystr v0.8.3
[INFO] [stderr]     Checking icu_locale_core v2.2.0
[INFO] [stderr]     Checking tokio v1.53.1
[INFO] [stderr]     Checking zerotrie v0.2.4
[INFO] [stderr]     Checking icu_collections v2.2.0
[INFO] [stderr]    Compiling thiserror-impl v2.0.19
[INFO] [stderr]    Compiling async-trait v0.1.91
[INFO] [stderr]     Checking icu_provider v2.2.0
[INFO] [stderr]     Checking icu_properties v2.2.0
[INFO] [stderr]     Checking icu_normalizer v2.2.0
[INFO] [stderr]    Compiling sea-query-derive v1.0.0
[INFO] [stderr]    Compiling regex v1.13.1
[INFO] [stderr]     Checking idna_adapter v1.2.2
[INFO] [stderr]     Checking idna v1.1.0
[INFO] [stderr]    Compiling pluralizer v0.5.0
[INFO] [stderr]     Checking url v2.5.8
[INFO] [stderr]    Compiling sea-schema-derive v0.3.0
[INFO] [stderr]    Compiling sea-bae v0.2.2
[INFO] [stderr]    Compiling async-stream-impl v0.3.6
[INFO] [stderr]     Checking zlib-rs v0.6.6
[INFO] [stderr]     Checking ouroboros v0.18.5
[INFO] [stderr]    Compiling sea-orm-macros v2.0.0
[INFO] [stderr]     Checking async-stream v0.3.6
[INFO] [stderr]    Compiling derive-where v1.6.1
[INFO] [stderr]     Checking chrono v0.4.45
[INFO] [stderr]     Checking flate2 v1.1.9
[INFO] [stderr]     Checking strum v0.28.0
[INFO] [stderr]     Checking clap_builder v4.6.5
[INFO] [stderr]    Compiling mime_guess v2.0.5
[INFO] [stderr]     Checking matchers v0.2.0
[INFO] [stderr]     Checking sea-query v1.0.1
[INFO] [stderr]    Compiling clap_derive v4.6.4
[INFO] [stderr]    Compiling const-oid v0.10.2
[INFO] [stderr]     Checking tokio-stream v0.1.19
[INFO] [stderr]     Checking tracing-subscriber v0.3.23
[INFO] [stderr]     Checking sqlx-core v0.9.0
[INFO] [stderr]     Checking glob v0.3.4
[INFO] [stderr]     Checking bumpalo v3.20.3
[INFO] [stderr]    Compiling termcolor v1.4.1
[INFO] [stderr]     Checking zopfli v0.8.3
[INFO] [stderr]    Compiling ts-rs-macros v12.0.1
[INFO] [stderr]    Compiling multer v3.1.0
[INFO] [stderr]     Checking compression-core v0.4.32
[INFO] [stderr]     Checking typed-path v0.12.3
[INFO] [stderr]    Compiling mime v0.3.17
[INFO] [stderr]     Checking clap v4.6.5
[INFO] [stderr]     Checking sea-orm-cli v2.0.0
[INFO] [stderr]    Compiling rust-embed-utils v8.12.0
[INFO] [stderr]     Checking hyper v1.11.0
[INFO] [stderr]     Checking compression-codecs v0.4.38
[INFO] [stderr]     Checking http-body-util v0.1.4
[INFO] [stderr]    Compiling serde_yml v0.0.12
[INFO] [stderr]     Checking debug_unsafe v0.1.4
[INFO] [stderr]     Checking atoi_simd v0.18.1
[INFO] [stderr]     Checking axum-core v0.5.6
[INFO] [stderr]     Checking async-compression v0.4.43
[INFO] [stderr]     Checking zip v8.6.0
[INFO] [stderr]     Checking libyml v0.0.5
[INFO] [stderr]     Checking sqlx-postgres v0.9.0
[INFO] [stderr]     Checking sqlx-sqlite v0.9.0
[INFO] [stderr]     Checking hyper-util v0.1.20
[INFO] [stderr]     Checking ts-rs v12.0.1
[INFO] [stderr]    Compiling rust-embed-impl v8.12.0
[INFO] [stderr]     Checking tower v0.5.3
[INFO] [stderr]     Checking serde_urlencoded v0.7.1
[INFO] [stderr]     Checking tokio-util v0.7.19
[INFO] [stderr]     Checking codepage v0.1.2
[INFO] [stderr]     Checking quick-xml v0.41.0
[INFO] [stderr]     Checking serde_path_to_error v0.1.20
[INFO] [stderr]     Checking csv-core v0.1.13
[INFO] [stderr]     Checking fast-float2 v0.2.3
[INFO] [stderr]     Checking unicase v2.9.0
[INFO] [stderr]     Checking csv v1.4.0
[INFO] [stderr]     Checking axum v0.8.9
[INFO] [stderr]     Checking rust-embed v8.12.0
[INFO] [stderr]     Checking strum v0.27.2
[INFO] [stderr]     Checking tower-http v0.7.0
[INFO] [stderr]     Checking rust_xlsxwriter v0.97.0
[INFO] [stderr]     Checking calamine v0.36.1
[INFO] [stderr]     Checking sqlx v0.9.0
[INFO] [stderr]     Checking sea-query-sqlx v0.9.1
[INFO] [stderr]     Checking sea-schema v0.18.1
[INFO] [stderr]     Checking sea-orm v2.0.0
[INFO] [stderr]     Checking sea-orm-migration v2.0.0
[INFO] [stderr]     Checking entity v0.1.0 (/opt/rustwide/workdir/crates/entity)
[INFO] [stderr]     Checking migration v0.1.0 (/opt/rustwide/workdir/crates/migration)
[INFO] [stderr]     Checking server v0.1.0 (/opt/rustwide/workdir/crates/server)
[INFO] [stdout] error: #[derive(RustEmbed)] folder '/opt/rustwide/workdir/crates/server/../../frontend/dist/' does not exist. cwd: '/opt/rustwide/workdir'
[INFO] [stdout]  --> crates/server/src/common/http/asset.rs:3:1
[INFO] [stdout]   |
[INFO] [stdout] 3 | / /// 编译期嵌入的前端构建产物（frontend/dist）。
[INFO] [stdout] 4 | | #[derive(RustEmbed)]
[INFO] [stdout] 5 | | #[folder = "../../frontend/dist/"]
[INFO] [stdout] 6 | | pub struct Asset;
[INFO] [stdout]   | |_________________^
[INFO] [stdout] 
[INFO] [stdout] 
[INFO] [stdout] error: #[derive(RustEmbed)] folder '/opt/rustwide/workdir/crates/server/../../frontend/dist/' does not exist. cwd: '/opt/rustwide/workdir'
[INFO] [stdout]  --> crates/server/src/common/http/asset.rs:3:1
[INFO] [stdout]   |
[INFO] [stdout] 3 | / /// 编译期嵌入的前端构建产物（frontend/dist）。
[INFO] [stdout] 4 | | #[derive(RustEmbed)]
[INFO] [stdout] 5 | | #[folder = "../../frontend/dist/"]
[INFO] [stdout] 6 | | pub struct Asset;
[INFO] [stdout]   | |_________________^
[INFO] [stdout] 
[INFO] [stdout] 
[INFO] [stdout] error[E0599]: no associated function or constant named `get` found for struct `Asset` in the current scope
[INFO] [stdout]   --> crates/server/src/common/http/spa.rs:26:18
[INFO] [stdout]    |
[INFO] [stdout] 26 |     match Asset::get(path) {
[INFO] [stdout]    |                  ^^^ associated function or constant not found in `Asset`
[INFO] [stdout]    |
[INFO] [stdout]   ::: crates/server/src/common/http/asset.rs:6:1
[INFO] [stdout]    |
[INFO] [stdout]  6 | pub struct Asset;
[INFO] [stdout]    | ---------------- associated function or constant `get` not found for this struct
[INFO] [stdout]    |
[INFO] [stdout]    = help: items from traits can only be used if the trait is implemented and in scope
[INFO] [stdout]    = note: the following traits define an item `get`, perhaps you need to implement one of them:
[INFO] [stdout]            candidate #1: `ActiveModelTrait`
[INFO] [stdout]            candidate #2: `Embed`
[INFO] [stdout]            candidate #3: `ModelTrait`
[INFO] [stdout]            candidate #4: `SliceIndex`
[INFO] [stdout]            candidate #5: `icu_collections::codepointtrie::cptrie::TypedCodePointTrie`
[INFO] [stdout]            candidate #6: `icu_properties::names::PropertyEnumToValueNameLookup`
[INFO] [stdout]            candidate #7: `icu_provider::baked::DataStore`
[INFO] [stdout]            candidate #8: `itertools::Itertools`
[INFO] [stdout]            candidate #9: `rustls::server::server_conn::StoresServerSessions`
[INFO] [stdout]            candidate #10: `sea_orm::sqlx::Row`
[INFO] [stdout] 
[INFO] [stdout] 
[INFO] [stdout] error[E0599]: no associated function or constant named `get` found for struct `Asset` in the current scope
[INFO] [stdout]   --> crates/server/src/common/http/spa.rs:44:30
[INFO] [stdout]    |
[INFO] [stdout] 44 |         None => match Asset::get("index.html") {
[INFO] [stdout]    |                              ^^^ associated function or constant not found in `Asset`
[INFO] [stdout]    |
[INFO] [stdout]   ::: crates/server/src/common/http/asset.rs:6:1
[INFO] [stdout]    |
[INFO] [stdout]  6 | pub struct Asset;
[INFO] [stdout]    | ---------------- associated function or constant `get` not found for this struct
[INFO] [stdout]    |
[INFO] [stdout]    = help: items from traits can only be used if the trait is implemented and in scope
[INFO] [stdout]    = note: the following traits define an item `get`, perhaps you need to implement one of them:
[INFO] [stdout]            candidate #1: `ActiveModelTrait`
[INFO] [stdout]            candidate #2: `Embed`
[INFO] [stdout]            candidate #3: `ModelTrait`
[INFO] [stdout]            candidate #4: `SliceIndex`
[INFO] [stdout]            candidate #5: `icu_collections::codepointtrie::cptrie::TypedCodePointTrie`
[INFO] [stdout]            candidate #6: `icu_properties::names::PropertyEnumToValueNameLookup`
[INFO] [stdout]            candidate #7: `icu_provider::baked::DataStore`
[INFO] [stdout]            candidate #8: `itertools::Itertools`
[INFO] [stdout]            candidate #9: `rustls::server::server_conn::StoresServerSessions`
[INFO] [stdout]            candidate #10: `sea_orm::sqlx::Row`
[INFO] [stdout] 
[INFO] [stdout] 
[INFO] [stdout] error[E0599]: no associated function or constant named `get` found for struct `Asset` in the current scope
[INFO] [stdout]   --> crates/server/src/common/http/spa.rs:26:18
[INFO] [stdout]    |
[INFO] [stdout] 26 |     match Asset::get(path) {
[INFO] [stdout]    |                  ^^^ associated function or constant not found in `Asset`
[INFO] [stdout]    |
[INFO] [stdout]   ::: crates/server/src/common/http/asset.rs:6:1
[INFO] [stdout]    |
[INFO] [stdout]  6 | pub struct Asset;
[INFO] [stdout]    | ---------------- associated function or constant `get` not found for this struct
[INFO] [stdout]    |
[INFO] [stdout]    = help: items from traits can only be used if the trait is implemented and in scope
[INFO] [stdout]    = note: the following traits define an item `get`, perhaps you need to implement one of them:
[INFO] [stdout]            candidate #1: `ActiveModelTrait`
[INFO] [stdout]            candidate #2: `Embed`
[INFO] [stdout]            candidate #3: `ModelTrait`
[INFO] [stdout]            candidate #4: `SliceIndex`
[INFO] [stdout]            candidate #5: `icu_collections::codepointtrie::cptrie::TypedCodePointTrie`
[INFO] [stdout]            candidate #6: `icu_properties::names::PropertyEnumToValueNameLookup`
[INFO] [stdout]            candidate #7: `icu_provider::baked::DataStore`
[INFO] [stdout]            candidate #8: `itertools::Itertools`
[INFO] [stdout]            candidate #9: `rustls::server::server_conn::StoresServerSessions`
[INFO] [stdout]            candidate #10: `sea_orm::sqlx::Row`
[INFO] [stdout] 
[INFO] [stdout] 
[INFO] [stdout] error[E0599]: no associated function or constant named `get` found for struct `Asset` in the current scope
[INFO] [stdout]   --> crates/server/src/common/http/spa.rs:44:30
[INFO] [stdout]    |
[INFO] [stdout] 44 |         None => match Asset::get("index.html") {
[INFO] [stdout]    |                              ^^^ associated function or constant not found in `Asset`
[INFO] [stdout]    |
[INFO] [stdout]   ::: crates/server/src/common/http/asset.rs:6:1
[INFO] [stdout]    |
[INFO] [stdout]  6 | pub struct Asset;
[INFO] [stdout]    | ---------------- associated function or constant `get` not found for this struct
[INFO] [stdout]    |
[INFO] [stdout]    = help: items from traits can only be used if the trait is implemented and in scope
[INFO] [stdout]    = note: the following traits define an item `get`, perhaps you need to implement one of them:
[INFO] [stdout]            candidate #1: `ActiveModelTrait`
[INFO] [stdout]            candidate #2: `Embed`
[INFO] [stdout]            candidate #3: `ModelTrait`
[INFO] [stdout]            candidate #4: `SliceIndex`
[INFO] [stdout]            candidate #5: `icu_collections::codepointtrie::cptrie::TypedCodePointTrie`
[INFO] [stdout]            candidate #6: `icu_properties::names::PropertyEnumToValueNameLookup`
[INFO] [stdout]            candidate #7: `icu_provider::baked::DataStore`
[INFO] [stdout]            candidate #8: `itertools::Itertools`
[INFO] [stdout]            candidate #9: `rustls::server::server_conn::StoresServerSessions`
[INFO] [stdout]            candidate #10: `sea_orm::sqlx::Row`
[INFO] [stdout] 
[INFO] [stdout] 
[INFO] [stdout] For more information about this error, try `rustc --explain E0599`.
[INFO] [stdout] 
[INFO] [stderr] error: could not compile `server` (lib) due to 3 previous errors
[INFO] [stderr] warning: build failed, waiting for other jobs to finish...
[INFO] [stdout] warning: unused variable: `raw`
[INFO] [stdout]     --> crates/server/src/business/wordbooks/words/service.rs:1109:47
[INFO] [stdout]      |
[INFO] [stdout] 1109 |             Err(WordError::InvalidTagGroups { raw, detail }) if detail.contains("不支持的连接方式")
[INFO] [stdout]      |                                               ^^^ help: try ignoring the field: `raw: _`
[INFO] [stdout]      |
[INFO] [stdout]      = note: `#[warn(unused_variables)]` (part of `#[warn(unused)]`) on by default
[INFO] [stdout] 
[INFO] [stdout] 
[INFO] [stdout] For more information about this error, try `rustc --explain E0599`.
[INFO] [stdout] 
[INFO] [stderr] error: could not compile `server` (lib test) due to 3 previous errors; 1 warning emitted
[INFO] running `Command { std: "docker" "inspect" "e74d5e05afbb738411776843c5d48faf8262870b8bf7f12b314df071fcffeb6f", kill_on_drop: false }`
[INFO] running `Command { std: "docker" "rm" "-f" "e74d5e05afbb738411776843c5d48faf8262870b8bf7f12b314df071fcffeb6f", kill_on_drop: false }`
[INFO] [stdout] e74d5e05afbb738411776843c5d48faf8262870b8bf7f12b314df071fcffeb6f
