[INFO] cloning repository https://github.com/omnicli/feuilletage
[INFO] running `Command { std: "git" "-c" "credential.helper=" "-c" "credential.helper=/workspace/cargo-home/bin/git-credential-null" "clone" "--bare" "https://github.com/omnicli/feuilletage" "/workspace/cache/git-repos/https%3A%2F%2Fgithub.com%2Fomnicli%2Ffeuilletage", kill_on_drop: false }`
[INFO] [stderr] Cloning into bare repository '/workspace/cache/git-repos/https%3A%2F%2Fgithub.com%2Fomnicli%2Ffeuilletage'...
[INFO] running `Command { std: "git" "rev-parse" "HEAD", kill_on_drop: false }`
[INFO] [stdout] 7e0415272119f8b55f5ce35dbdb534053a39c47f
[INFO] checking omnicli/feuilletage against 3154cc1a3e6424e44f438a95007d043ed5ceaaf6+rustflags=-Znext-solver=coherence for pr-133502-30
[INFO] running `Command { std: "git" "clone" "/workspace/cache/git-repos/https%3A%2F%2Fgithub.com%2Fomnicli%2Ffeuilletage" "/workspace/builds/worker-0-tc1/source", kill_on_drop: false }`
[INFO] [stderr] Cloning into '/workspace/builds/worker-0-tc1/source'...
[INFO] [stderr] done.
[INFO] started tweaking git repo https://github.com/omnicli/feuilletage
[INFO] finished tweaking git repo https://github.com/omnicli/feuilletage
[INFO] tweaked toml for git repo https://github.com/omnicli/feuilletage written to /workspace/builds/worker-0-tc1/source/Cargo.toml
[INFO] validating manifest of git repo https://github.com/omnicli/feuilletage on toolchain 3154cc1a3e6424e44f438a95007d043ed5ceaaf6
[INFO] running `Command { std: CARGO_HOME="/workspace/cargo-home" RUSTUP_HOME="/workspace/rustup-home" "/workspace/cargo-home/bin/cargo" "+3154cc1a3e6424e44f438a95007d043ed5ceaaf6" "metadata" "--manifest-path" "Cargo.toml" "--no-deps", kill_on_drop: false }`
[INFO] crate git repo https://github.com/omnicli/feuilletage already has a lockfile, it will not be regenerated
[INFO] running `Command { std: CARGO_HOME="/workspace/cargo-home" RUSTUP_HOME="/workspace/rustup-home" "/workspace/cargo-home/bin/cargo" "+3154cc1a3e6424e44f438a95007d043ed5ceaaf6" "fetch" "--manifest-path" "Cargo.toml", kill_on_drop: false }`
[INFO] [stderr]  Downloading crates ...
[INFO] [stderr]   Downloaded serial_test v4.0.1
[INFO] [stderr]   Downloaded serial_test_derive v4.0.1
[INFO] [stderr]   Downloaded atomic-write-file v0.3.1
[INFO] [stderr]   Downloaded granit-parser v1.1.0
[INFO] [stderr]   Downloaded fs4 v1.1.0
[INFO] [stderr]   Downloaded serde-saphyr v1.1.0
[INFO] running `Command { std: "docker" "create" "-v" "/var/lib/crater-agent-workspace/builds/worker-0-tc1/source:/opt/rustwide/workdir:ro,Z" "-v" "/var/lib/crater-agent-workspace/builds/worker-0-tc1/target:/opt/rustwide/target:rw,Z" "-v" "/var/lib/crater-agent-workspace/cargo-home:/opt/rustwide/cargo-home:ro,Z" "-v" "/var/lib/crater-agent-workspace/rustup-home:/opt/rustwide/rustup-home:ro,Z" "-m" "1610612736" "--network" "none" "ghcr.io/rust-lang/crates-build-env/linux@sha256:77db811e55d90add9212f6832c23229e3de5f1c1f9905e8cb07319ea15df73ac" "sleep" "infinity", kill_on_drop: false }`
[INFO] [stdout] 3f060d905c594490c891bc7b7f7a8eeb02a49db5247cba1c80e6a23350c88de5
[INFO] running `Command { std: "docker" "start" "3f060d905c594490c891bc7b7f7a8eeb02a49db5247cba1c80e6a23350c88de5", kill_on_drop: false }`
[INFO] running `Command { std: "docker" "inspect" "3f060d905c594490c891bc7b7f7a8eeb02a49db5247cba1c80e6a23350c88de5", kill_on_drop: false }`
[INFO] running `Command { std: "docker" "exec" "-e" "SOURCE_DIR=/opt/rustwide/workdir" "-e" "CARGO_HOME=/opt/rustwide/cargo-home" "-e" "RUSTUP_HOME=/opt/rustwide/rustup-home" "-e" "CARGO_TARGET_DIR=/opt/rustwide/target" "-w" "/opt/rustwide/workdir" "--user" "0:0" "3f060d905c594490c891bc7b7f7a8eeb02a49db5247cba1c80e6a23350c88de5" "/opt/rustwide/cargo-home/bin/cargo" "+3154cc1a3e6424e44f438a95007d043ed5ceaaf6" "metadata" "--no-deps" "--format-version=1", kill_on_drop: false }`
[INFO] running `Command { std: "docker" "inspect" "3f060d905c594490c891bc7b7f7a8eeb02a49db5247cba1c80e6a23350c88de5", kill_on_drop: false }`
[INFO] running `Command { std: "docker" "exec" "-e" "SOURCE_DIR=/opt/rustwide/workdir" "-e" "CARGO_HOME=/opt/rustwide/cargo-home" "-e" "RUSTUP_HOME=/opt/rustwide/rustup-home" "-e" "CARGO_TARGET_DIR=/opt/rustwide/target" "-e" "CARGO_INCREMENTAL=0" "-e" "RUST_BACKTRACE=full" "-e" "RUSTFLAGS=--cap-lints=forbid -Znext-solver=coherence" "-e" "RUSTDOCFLAGS=--cap-lints=forbid" "-w" "/opt/rustwide/workdir" "--user" "0:0" "3f060d905c594490c891bc7b7f7a8eeb02a49db5247cba1c80e6a23350c88de5" "/opt/rustwide/cargo-home/bin/cargo" "+3154cc1a3e6424e44f438a95007d043ed5ceaaf6" "check" "--frozen" "--all" "--all-targets" "--message-format=json", kill_on_drop: false }`
[INFO] [stderr]    Compiling syn v3.0.6
[INFO] [stderr]    Compiling nix v0.31.3
[INFO] [stderr]     Checking chacha20 v0.10.1
[INFO] [stderr]     Checking futures-core v0.3.34
[INFO] [stderr]     Checking arraydeque v0.5.1
[INFO] [stderr]     Checking anstyle v1.0.14
[INFO] [stderr]    Compiling serde v1.0.229
[INFO] [stderr]    Compiling serde_json v1.0.151
[INFO] [stderr]     Checking futures-util v0.3.34
[INFO] [stderr]     Checking hashbrown v0.17.1
[INFO] [stderr]     Checking annotate-snippets v0.12.16
[INFO] [stderr]     Checking granit-parser v1.1.0
[INFO] [stderr]     Checking rand v0.10.2
[INFO] [stderr]     Checking parking_lot_core v0.9.12
[INFO] [stderr]     Checking encoding_rs_io v0.1.8
[INFO] [stderr]     Checking regex-syntax v0.8.11
[INFO] [stderr]    Compiling feuilletage v0.1.3 (/opt/rustwide/workdir/feuilletage)
[INFO] [stderr]     Checking nohash-hasher v0.2.0
[INFO] [stderr]     Checking indexmap v2.14.2
[INFO] [stderr]     Checking parking_lot v0.12.5
[INFO] [stderr]     Checking serde-saphyr v1.1.0
[INFO] [stderr]     Checking fs4 v1.1.0
[INFO] [stderr]     Checking serde_spanned v1.1.1
[INFO] [stderr]     Checking toml_datetime v1.1.1+spec-1.1.0
[INFO] [stderr]     Checking tempfile v3.27.0
[INFO] [stderr]     Checking atomic-write-file v0.3.1
[INFO] [stderr]     Checking toml v1.1.6+spec-1.1.0
[INFO] [stderr]     Checking chrono v0.4.45
[INFO] [stderr]     Checking unicode-ident v1.0.24
[INFO] [stderr]     Checking proc-macro2 v1.0.107
[INFO] [stderr]     Checking quote v1.0.47
[INFO] [stderr]     Checking futures-executor v0.3.34
[INFO] [stderr]     Checking regex-automata v0.4.18
[INFO] [stderr]    Compiling serde_derive v1.0.229
[INFO] [stderr]    Compiling serial_test_derive v4.0.1
[INFO] [stderr]    Compiling feuilletage-macros v0.1.3 (/opt/rustwide/workdir/feuilletage-macros)
[INFO] [stderr]     Checking regex v1.13.1
[INFO] [stderr]     Checking serial_test v4.0.1
[INFO] [stdout] error[E0599]: no method named `load_json` found for struct `Config<S, L>` in the current scope
[INFO] [stdout]   --> feuilletage/examples/merge_modifiers.rs:39:12
[INFO] [stdout]    |
[INFO] [stdout] 39 |     config.load_json(r#"{"port": 8080}"#, context.clone());
[INFO] [stdout]    |            ^^^^^^^^^ method not found in `Config`
[INFO] [stdout] 
[INFO] [stdout] 
[INFO] [stdout] error[E0599]: no method named `load_json` found for struct `Config<S, L>` in the current scope
[INFO] [stdout]   --> feuilletage/examples/merge_modifiers.rs:42:12
[INFO] [stdout]    |
[INFO] [stdout] 42 |     config.load_json(r#"{"port__tokeep": 3000}"#, context.clone());
[INFO] [stdout]    |            ^^^^^^^^^ method not found in `Config`
[INFO] [stdout] 
[INFO] [stdout] 
[INFO] [stdout] error[E0599]: no method named `load_json` found for struct `Config<S, L>` in the current scope
[INFO] [stdout]   --> feuilletage/examples/layered_config.rs:62:12
[INFO] [stdout]    |
[INFO] [stdout] 62 |     config.load_json(system_config, system_context);
[INFO] [stdout]    |            ^^^^^^^^^ method not found in `Config`
[INFO] [stdout] 
[INFO] [stdout] 
[INFO] [stdout] error[E0599]: no method named `load_json` found for struct `Config<S, L>` in the current scope
[INFO] [stdout]   --> feuilletage/examples/layered_config.rs:88:12
[INFO] [stdout]    |
[INFO] [stdout] 88 |     config.load_json(user_config, user_context);
[INFO] [stdout]    |            ^^^^^^^^^ method not found in `Config`
[INFO] [stdout] 
[INFO] [stdout] 
[INFO] [stdout] error[E0599]: no method named `load_json` found for struct `Config<S, L>` in the current scope
[INFO] [stdout]   --> feuilletage/examples/merge_modifiers.rs:51:12
[INFO] [stdout]    |
[INFO] [stdout] 51 |     config.load_json(r#"{"tags": ["python", "rust"]}"#, context.clone());
[INFO] [stdout]    |            ^^^^^^^^^ method not found in `Config`
[INFO] [stdout] 
[INFO] [stdout] 
[INFO] [stdout] error[E0599]: no method named `load_json` found for struct `Config<S, L>` in the current scope
[INFO] [stdout]    --> feuilletage/examples/layered_config.rs:117:12
[INFO] [stdout]     |
[INFO] [stdout] 117 |     config.load_json(local_config, local_context);
[INFO] [stdout]     |            ^^^^^^^^^ method not found in `Config`
[INFO] [stdout] 
[INFO] [stdout] 
[INFO] [stdout] For more information about this error, try `rustc --explain E0599`.
[INFO] [stdout] 
[INFO] [stdout] error[E0599]: no method named `load_json` found for struct `Config<S, L>` in the current scope
[INFO] [stdout]   --> feuilletage/examples/merge_modifiers.rs:54:12
[INFO] [stdout]    |
[INFO] [stdout] 54 |     config.load_json(r#"{"tags__toappend": "go"}"#, context.clone());
[INFO] [stdout]    |            ^^^^^^^^^ method not found in `Config`
[INFO] [stdout] 
[INFO] [stdout] 
[INFO] [stdout] error[E0425]: cannot find function `to_json_compact` in crate `feuilletage`
[INFO] [stdout]    --> feuilletage/examples/external_tag.rs:260:29
[INFO] [stdout]     |
[INFO] [stdout] 260 |     let json = feuilletage::to_json_compact(&original).unwrap();
[INFO] [stdout]     |                             ^^^^^^^^^^^^^^^ not found in `feuilletage`
[INFO] [stdout]     |
[INFO] [stdout] note: found an item that was configured out
[INFO] [stdout]    --> feuilletage/src/lib.rs:97:14
[INFO] [stdout]     |
[INFO] [stdout]  96 | #[cfg(feature = "json")]
[INFO] [stdout]     |       ---------------- the item is gated behind the `json` feature
[INFO] [stdout]  97 | pub use ser::to_json_compact;
[INFO] [stdout]     |              ^^^^^^^^^^^^^^^
[INFO] [stdout] 
[INFO] [stdout] 
[INFO] [stderr] error: could not compile `feuilletage` (example "layered_config") due to 3 previous errors
[INFO] [stderr] warning: build failed, waiting for other jobs to finish...
[INFO] [stdout] error[E0599]: no method named `load_json` found for struct `Config<S, L>` in the current scope
[INFO] [stdout]   --> feuilletage/examples/merge_modifiers.rs:64:13
[INFO] [stdout]    |
[INFO] [stdout] 64 |     config2.load_json(r#"{"middleware": ["auth", "logging"]}"#, context.clone());
[INFO] [stdout]    |             ^^^^^^^^^ method not found in `Config`
[INFO] [stdout] 
[INFO] [stdout] 
[INFO] [stdout] error[E0599]: no method named `load_json` found for struct `Config<S, L>` in the current scope
[INFO] [stdout]   --> feuilletage/examples/merge_modifiers.rs:67:13
[INFO] [stdout]    |
[INFO] [stdout] 67 |     config2.load_json(r#"{"middleware__toprepend": "cors"}"#, context.clone());
[INFO] [stdout]    |             ^^^^^^^^^ method not found in `Config`
[INFO] [stdout] 
[INFO] [stdout] 
[INFO] [stdout] error[E0599]: no method named `load_json` found for struct `Config<S, L>` in the current scope
[INFO] [stdout]   --> feuilletage/examples/merge_modifiers.rs:77:13
[INFO] [stdout]    |
[INFO] [stdout] 77 |     config3.load_json(
[INFO] [stdout]    |             ^^^^^^^^^ method not found in `Config`
[INFO] [stdout] 
[INFO] [stdout] 
[INFO] [stdout] error[E0599]: no method named `load_json` found for struct `Config<S, L>` in the current scope
[INFO] [stdout]   --> feuilletage/examples/merge_modifiers.rs:89:13
[INFO] [stdout]    |
[INFO] [stdout] 89 |     config3.load_json(
[INFO] [stdout]    |             ^^^^^^^^^ method not found in `Config`
[INFO] [stdout] 
[INFO] [stdout] 
[INFO] [stdout] error[E0599]: no method named `load_json` found for struct `Config<S, L>` in the current scope
[INFO] [stdout]    --> feuilletage/examples/merge_modifiers.rs:107:13
[INFO] [stdout]     |
[INFO] [stdout] 107 |     config4.load_json(
[INFO] [stdout]     |             ^^^^^^^^^ method not found in `Config`
[INFO] [stdout] 
[INFO] [stdout] 
[INFO] [stdout] error[E0599]: no method named `load_json` found for struct `Config<S, L>` in the current scope
[INFO] [stdout]    --> feuilletage/examples/merge_modifiers.rs:117:13
[INFO] [stdout]     |
[INFO] [stdout] 117 |     config4.load_json(
[INFO] [stdout]     |             ^^^^^^^^^ method not found in `Config`
[INFO] [stdout] 
[INFO] [stdout] 
[INFO] [stdout] For more information about this error, try `rustc --explain E0599`.
[INFO] [stdout] 
[INFO] [stderr] error: could not compile `feuilletage` (example "merge_modifiers") due to 10 previous errors
[INFO] [stdout] error[E0599]: no method named `load_json` found for struct `Config<S, L>` in the current scope
[INFO] [stdout]    --> feuilletage/examples/external_tag.rs:146:12
[INFO] [stdout]     |
[INFO] [stdout] 146 |     config.load_json(json, Context::new(Source::Programmatic, Level::User));
[INFO] [stdout]     |            ^^^^^^^^^ method not found in `Config`
[INFO] [stdout] 
[INFO] [stdout] 
[INFO] [stdout] error[E0599]: no method named `load_json` found for struct `Config<S, L>` in the current scope
[INFO] [stdout]    --> feuilletage/examples/external_tag.rs:165:12
[INFO] [stdout]     |
[INFO] [stdout] 165 |     config.load_json(json, Context::new(Source::Programmatic, Level::User));
[INFO] [stdout]     |            ^^^^^^^^^ method not found in `Config`
[INFO] [stdout] 
[INFO] [stdout] 
[INFO] [stdout] error[E0599]: no method named `load_json` found for struct `Config<S, L>` in the current scope
[INFO] [stdout]    --> feuilletage/examples/external_tag.rs:179:12
[INFO] [stdout]     |
[INFO] [stdout] 179 |     config.load_json(json, Context::new(Source::Programmatic, Level::User));
[INFO] [stdout]     |            ^^^^^^^^^ method not found in `Config`
[INFO] [stdout] 
[INFO] [stdout] 
[INFO] [stdout] error[E0599]: no method named `load_json` found for struct `Config<S, L>` in the current scope
[INFO] [stdout]    --> feuilletage/examples/external_tag.rs:209:12
[INFO] [stdout]     |
[INFO] [stdout] 209 |     config.load_json(json, Context::new(Source::Programmatic, Level::User));
[INFO] [stdout]     |            ^^^^^^^^^ method not found in `Config`
[INFO] [stdout] 
[INFO] [stdout] 
[INFO] [stdout] error[E0599]: no method named `load_json` found for struct `Config<S, L>` in the current scope
[INFO] [stdout]    --> feuilletage/examples/external_tag.rs:226:12
[INFO] [stdout]     |
[INFO] [stdout] 226 |     config.load_json(json, Context::new(Source::Programmatic, Level::User));
[INFO] [stdout]     |            ^^^^^^^^^ method not found in `Config`
[INFO] [stdout] 
[INFO] [stdout] 
[INFO] [stdout] error[E0599]: no method named `load_json` found for struct `Config<S, L>` in the current scope
[INFO] [stdout]    --> feuilletage/examples/external_tag.rs:247:12
[INFO] [stdout]     |
[INFO] [stdout] 247 |     config.load_json(json, Context::new(Source::Programmatic, Level::User));
[INFO] [stdout]     |            ^^^^^^^^^ method not found in `Config`
[INFO] [stdout] 
[INFO] [stdout] 
[INFO] [stdout] error[E0599]: no method named `load_json` found for struct `Config<S, L>` in the current scope
[INFO] [stdout]    --> feuilletage/examples/external_tag.rs:264:12
[INFO] [stdout]     |
[INFO] [stdout] 264 |     config.load_json(&json, Context::new(Source::Programmatic, Level::User));
[INFO] [stdout]     |            ^^^^^^^^^ method not found in `Config`
[INFO] [stdout] 
[INFO] [stdout] 
[INFO] [stdout] Some errors have detailed explanations: E0425, E0599.
[INFO] [stdout] 
[INFO] [stdout] For more information about an error, try `rustc --explain E0425`.
[INFO] [stdout] 
[INFO] [stderr] error: could not compile `feuilletage` (example "external_tag") due to 8 previous errors
[INFO] [stdout] error[E0425]: cannot find function `to_json_compact` in crate `feuilletage`
[INFO] [stdout]    --> feuilletage/tests/integration/attributes/rename_all_test.rs:312:29
[INFO] [stdout]     |
[INFO] [stdout] 312 |     let json = feuilletage::to_json_compact(&value).unwrap();
[INFO] [stdout]     |                             ^^^^^^^^^^^^^^^ not found in `feuilletage`
[INFO] [stdout]     |
[INFO] [stdout] note: found an item that was configured out
[INFO] [stdout]    --> feuilletage/src/lib.rs:97:14
[INFO] [stdout]     |
[INFO] [stdout]  96 | #[cfg(feature = "json")]
[INFO] [stdout]     |       ---------------- the item is gated behind the `json` feature
[INFO] [stdout]  97 | pub use ser::to_json_compact;
[INFO] [stdout]     |              ^^^^^^^^^^^^^^^
[INFO] [stdout] 
[INFO] [stdout] 
[INFO] [stdout] error[E0425]: cannot find function `to_json_compact` in crate `feuilletage`
[INFO] [stdout]    --> feuilletage/tests/integration/attributes/rename_all_test.rs:327:29
[INFO] [stdout]     |
[INFO] [stdout] 327 |     let json = feuilletage::to_json_compact(&value).unwrap();
[INFO] [stdout]     |                             ^^^^^^^^^^^^^^^ not found in `feuilletage`
[INFO] [stdout]     |
[INFO] [stdout] note: found an item that was configured out
[INFO] [stdout]    --> feuilletage/src/lib.rs:97:14
[INFO] [stdout]     |
[INFO] [stdout]  96 | #[cfg(feature = "json")]
[INFO] [stdout]     |       ---------------- the item is gated behind the `json` feature
[INFO] [stdout]  97 | pub use ser::to_json_compact;
[INFO] [stdout]     |              ^^^^^^^^^^^^^^^
[INFO] [stdout] 
[INFO] [stdout] 
[INFO] [stdout] error[E0425]: cannot find function `to_json_compact` in crate `feuilletage`
[INFO] [stdout]    --> feuilletage/tests/integration/attributes/rename_all_test.rs:342:29
[INFO] [stdout]     |
[INFO] [stdout] 342 |     let json = feuilletage::to_json_compact(&value).unwrap();
[INFO] [stdout]     |                             ^^^^^^^^^^^^^^^ not found in `feuilletage`
[INFO] [stdout]     |
[INFO] [stdout] note: found an item that was configured out
[INFO] [stdout]    --> feuilletage/src/lib.rs:97:14
[INFO] [stdout]     |
[INFO] [stdout]  96 | #[cfg(feature = "json")]
[INFO] [stdout]     |       ---------------- the item is gated behind the `json` feature
[INFO] [stdout]  97 | pub use ser::to_json_compact;
[INFO] [stdout]     |              ^^^^^^^^^^^^^^^
[INFO] [stdout] 
[INFO] [stdout] 
[INFO] [stdout] error[E0425]: cannot find function `to_json_compact` in crate `feuilletage`
[INFO] [stdout]    --> feuilletage/tests/integration/attributes/rename_all_test.rs:361:29
[INFO] [stdout]     |
[INFO] [stdout] 361 |     let json = feuilletage::to_json_compact(&original).unwrap();
[INFO] [stdout]     |                             ^^^^^^^^^^^^^^^ not found in `feuilletage`
[INFO] [stdout]     |
[INFO] [stdout] note: found an item that was configured out
[INFO] [stdout]    --> feuilletage/src/lib.rs:97:14
[INFO] [stdout]     |
[INFO] [stdout]  96 | #[cfg(feature = "json")]
[INFO] [stdout]     |       ---------------- the item is gated behind the `json` feature
[INFO] [stdout]  97 | pub use ser::to_json_compact;
[INFO] [stdout]     |              ^^^^^^^^^^^^^^^
[INFO] [stdout] 
[INFO] [stdout] 
[INFO] [stdout] error[E0433]: cannot find `regex` in `feuilletage`
[INFO] [stdout]    --> feuilletage/tests/integration/custom_types_test.rs:137:10
[INFO] [stdout]     |
[INFO] [stdout] 137 | #[derive(DeriveConfig, Debug, PartialEq)]
[INFO] [stdout]     |          ^^^^^^^^^^^^ could not find `regex` in `feuilletage`
[INFO] [stdout]     |
[INFO] [stdout] note: found an item that was configured out
[INFO] [stdout]    --> feuilletage/src/lib.rs:112:9
[INFO] [stdout]     |
[INFO] [stdout] 111 | #[cfg(feature = "regex")]
[INFO] [stdout]     |       ----------------- the item is gated behind the `regex` feature
[INFO] [stdout] 112 | pub use regex;
[INFO] [stdout]     |         ^^^^^
[INFO] [stdout]     = note: this error originates in the derive macro `DeriveConfig` (in Nightly builds, run with -Z macro-backtrace for more info)
[INFO] [stdout] help: consider importing one of these structs
[INFO] [stdout]     |
[INFO] [stdout]   8 + use regex::Regex;
[INFO] [stdout]     |
[INFO] [stdout]   8 + use regex::bytes::Regex;
[INFO] [stdout]     |
[INFO] [stdout] 
[INFO] [stdout] 
[INFO] [stdout] error[E0599]: no method named `load_json` found for struct `feuilletage::Config<S, L>` in the current scope
[INFO] [stdout]   --> feuilletage/tests/integration/attributes/env_test.rs:26:12
[INFO] [stdout]    |
[INFO] [stdout] 26 |     config.load_json(config_str, Context::new(Source::Programmatic, Level::User));
[INFO] [stdout]    |            ^^^^^^^^^ method not found in `feuilletage::Config`
[INFO] [stdout] 
[INFO] [stdout] 
[INFO] [stdout] error[E0599]: no method named `load_json` found for struct `feuilletage::Config<S, L>` in the current scope
[INFO] [stdout]   --> feuilletage/tests/integration/attributes/env_test.rs:50:12
[INFO] [stdout]    |
[INFO] [stdout] 50 |     config.load_json(config_str, Context::new(Source::Programmatic, Level::User));
[INFO] [stdout]    |            ^^^^^^^^^ method not found in `feuilletage::Config`
[INFO] [stdout] 
[INFO] [stdout] 
[INFO] [stdout] error[E0599]: no method named `load_json` found for struct `feuilletage::Config<S, L>` in the current scope
[INFO] [stdout]   --> feuilletage/tests/integration/attributes/env_test.rs:78:12
[INFO] [stdout]    |
[INFO] [stdout] 78 |     config.load_json(config_str, Context::new(Source::Programmatic, Level::User));
[INFO] [stdout]    |            ^^^^^^^^^ method not found in `feuilletage::Config`
[INFO] [stdout] 
[INFO] [stdout] 
[INFO] [stdout] error[E0599]: no method named `load_json` found for struct `feuilletage::Config<S, L>` in the current scope
[INFO] [stdout]    --> feuilletage/tests/integration/attributes/env_test.rs:108:12
[INFO] [stdout]     |
[INFO] [stdout] 108 |     config.load_json(config_str, Context::new(Source::Programmatic, Level::User));
[INFO] [stdout]     |            ^^^^^^^^^ method not found in `feuilletage::Config`
[INFO] [stdout] 
[INFO] [stdout] 
[INFO] [stdout] error[E0599]: no method named `load_json` found for struct `feuilletage::Config<S, L>` in the current scope
[INFO] [stdout]    --> feuilletage/tests/integration/attributes/env_test.rs:135:12
[INFO] [stdout]     |
[INFO] [stdout] 135 |     config.load_json(config_str, Context::new(Source::Programmatic, Level::User));
[INFO] [stdout]     |            ^^^^^^^^^ method not found in `feuilletage::Config`
[INFO] [stdout] 
[INFO] [stdout] 
[INFO] [stdout] error[E0599]: no method named `load_json` found for struct `feuilletage::Config<S, L>` in the current scope
[INFO] [stdout]    --> feuilletage/tests/integration/attributes/env_test.rs:162:12
[INFO] [stdout]     |
[INFO] [stdout] 162 |     config.load_json(config_str, Context::new(Source::Programmatic, Level::User));
[INFO] [stdout]     |            ^^^^^^^^^ method not found in `feuilletage::Config`
[INFO] [stdout] 
[INFO] [stdout] 
[INFO] [stdout] error[E0599]: no method named `load_json` found for struct `feuilletage::Config<S, L>` in the current scope
[INFO] [stdout]    --> feuilletage/tests/integration/attributes/env_test.rs:197:12
[INFO] [stdout]     |
[INFO] [stdout] 197 |     config.load_json(config_str, Context::new(Source::Programmatic, Level::User));
[INFO] [stdout]     |            ^^^^^^^^^ method not found in `feuilletage::Config`
[INFO] [stdout] 
[INFO] [stdout] 
[INFO] [stdout] error[E0599]: no method named `load_json` found for struct `feuilletage::Config<S, L>` in the current scope
[INFO] [stdout]    --> feuilletage/tests/integration/attributes/mutable_by_test.rs:874:12
[INFO] [stdout]     |
[INFO] [stdout] 874 |     config.load_json(json2, Context::new(Source::Programmatic, Level::User));
[INFO] [stdout]     |            ^^^^^^^^^ method not found in `feuilletage::Config`
[INFO] [stdout] 
[INFO] [stdout] 
[INFO] [stdout] error[E0599]: no method named `load_json` found for struct `feuilletage::Config<S, L>` in the current scope
[INFO] [stdout]   --> feuilletage/tests/integration/attributes/duration_test.rs:26:12
[INFO] [stdout]    |
[INFO] [stdout] 26 |     config.load_json(config_str, Context::new(Source::Programmatic, Level::User));
[INFO] [stdout]    |            ^^^^^^^^^ method not found in `feuilletage::Config`
[INFO] [stdout] 
[INFO] [stdout] 
[INFO] [stdout] error[E0599]: no method named `load_json` found for struct `feuilletage::Config<S, L>` in the current scope
[INFO] [stdout]   --> feuilletage/tests/integration/attributes/duration_test.rs:98:12
[INFO] [stdout]    |
[INFO] [stdout] 98 |     config.load_json(config_str, Context::new(Source::Programmatic, Level::User));
[INFO] [stdout]    |            ^^^^^^^^^ method not found in `feuilletage::Config`
[INFO] [stdout] 
[INFO] [stdout] 
[INFO] [stdout] error[E0599]: no method named `load_json` found for struct `feuilletage::Config<S, L>` in the current scope
[INFO] [stdout]    --> feuilletage/tests/integration/attributes/duration_test.rs:121:12
[INFO] [stdout]     |
[INFO] [stdout] 121 |     config.load_json(config_str, Context::new(Source::Programmatic, Level::User));
[INFO] [stdout]     |            ^^^^^^^^^ method not found in `feuilletage::Config`
[INFO] [stdout] 
[INFO] [stdout] 
[INFO] [stdout] error[E0599]: no method named `load_json` found for struct `feuilletage::Config<S, L>` in the current scope
[INFO] [stdout]    --> feuilletage/tests/integration/attributes/duration_test.rs:141:12
[INFO] [stdout]     |
[INFO] [stdout] 141 |     config.load_json(config_str, Context::new(Source::Programmatic, Level::User));
[INFO] [stdout]     |            ^^^^^^^^^ method not found in `feuilletage::Config`
[INFO] [stdout] 
[INFO] [stdout] 
[INFO] [stdout] error[E0599]: no method named `load_json` found for struct `feuilletage::Config<S, L>` in the current scope
[INFO] [stdout]    --> feuilletage/tests/integration/attributes/duration_test.rs:162:12
[INFO] [stdout]     |
[INFO] [stdout] 162 |     config.load_json(config_str, Context::new(Source::Programmatic, Level::User));
[INFO] [stdout]     |            ^^^^^^^^^ method not found in `feuilletage::Config`
[INFO] [stdout] 
[INFO] [stdout] 
[INFO] [stdout] error[E0599]: no method named `load_json` found for struct `feuilletage::Config<S, L>` in the current scope
[INFO] [stdout]    --> feuilletage/tests/integration/attributes/duration_test.rs:183:12
[INFO] [stdout]     |
[INFO] [stdout] 183 |     config.load_json(config_str, Context::new(Source::Programmatic, Level::User));
[INFO] [stdout]     |            ^^^^^^^^^ method not found in `feuilletage::Config`
[INFO] [stdout] 
[INFO] [stdout] 
[INFO] [stdout] error[E0599]: no method named `load_json` found for struct `feuilletage::Config<S, L>` in the current scope
[INFO] [stdout]    --> feuilletage/tests/integration/attributes/duration_test.rs:207:12
[INFO] [stdout]     |
[INFO] [stdout] 207 |     config.load_json(config_str, Context::new(Source::Programmatic, Level::User));
[INFO] [stdout]     |            ^^^^^^^^^ method not found in `feuilletage::Config`
[INFO] [stdout] 
[INFO] [stdout] 
[INFO] [stdout] error[E0599]: no method named `load_json` found for struct `feuilletage::Config<S, L>` in the current scope
[INFO] [stdout]    --> feuilletage/tests/integration/attributes/duration_test.rs:227:12
[INFO] [stdout]     |
[INFO] [stdout] 227 |     config.load_json(config_str, Context::new(Source::Programmatic, Level::User));
[INFO] [stdout]     |            ^^^^^^^^^ method not found in `feuilletage::Config`
[INFO] [stdout] 
[INFO] [stdout] 
[INFO] [stdout] error[E0599]: no method named `load_json` found for struct `feuilletage::Config<S, L>` in the current scope
[INFO] [stdout]    --> feuilletage/tests/integration/attributes/duration_test.rs:250:12
[INFO] [stdout]     |
[INFO] [stdout] 250 |     config.load_json(config_str, Context::new(Source::Programmatic, Level::User));
[INFO] [stdout]     |            ^^^^^^^^^ method not found in `feuilletage::Config`
[INFO] [stdout] 
[INFO] [stdout] 
[INFO] [stdout] error[E0599]: no method named `load_json` found for struct `feuilletage::Config<S, L>` in the current scope
[INFO] [stdout]    --> feuilletage/tests/integration/attributes/duration_test.rs:270:12
[INFO] [stdout]     |
[INFO] [stdout] 270 |     config.load_json(config_str, Context::new(Source::Programmatic, Level::User));
[INFO] [stdout]     |            ^^^^^^^^^ method not found in `feuilletage::Config`
[INFO] [stdout] 
[INFO] [stdout] 
[INFO] [stdout] error[E0599]: no method named `load_json` found for struct `feuilletage::Config<S, L>` in the current scope
[INFO] [stdout]    --> feuilletage/tests/integration/attributes/duration_test.rs:277:12
[INFO] [stdout]     |
[INFO] [stdout] 277 |     config.load_json(config_str, Context::new(Source::Programmatic, Level::User));
[INFO] [stdout]     |            ^^^^^^^^^ method not found in `feuilletage::Config`
[INFO] [stdout] 
[INFO] [stdout] 
[INFO] [stdout] error[E0599]: no method named `load_json` found for struct `feuilletage::Config<S, L>` in the current scope
[INFO] [stdout]    --> feuilletage/tests/integration/attributes/duration_test.rs:295:12
[INFO] [stdout]     |
[INFO] [stdout] 295 |     config.load_json(config_str, Context::new(Source::Programmatic, Level::User));
[INFO] [stdout]     |            ^^^^^^^^^ method not found in `feuilletage::Config`
[INFO] [stdout] 
[INFO] [stdout] 
[INFO] [stdout] error[E0599]: no method named `load_json` found for struct `feuilletage::Config<S, L>` in the current scope
[INFO] [stdout]    --> feuilletage/tests/integration/attributes/duration_test.rs:316:12
[INFO] [stdout]     |
[INFO] [stdout] 316 |     config.load_json(config_str, Context::new(Source::Programmatic, Level::User));
[INFO] [stdout]     |            ^^^^^^^^^ method not found in `feuilletage::Config`
[INFO] [stdout] 
[INFO] [stdout] 
[INFO] [stdout] error[E0599]: no method named `load_json` found for struct `feuilletage::Config<S, L>` in the current scope
[INFO] [stdout]    --> feuilletage/tests/integration/attributes/duration_test.rs:337:12
[INFO] [stdout]     |
[INFO] [stdout] 337 |     config.load_json(config_str, Context::new(Source::Programmatic, Level::User));
[INFO] [stdout]     |            ^^^^^^^^^ method not found in `feuilletage::Config`
[INFO] [stdout] 
[INFO] [stdout] 
[INFO] [stdout] error[E0599]: no method named `load_json` found for struct `feuilletage::Config<S, L>` in the current scope
[INFO] [stdout]    --> feuilletage/tests/integration/attributes/duration_test.rs:358:12
[INFO] [stdout]     |
[INFO] [stdout] 358 |     config.load_json(config_str, Context::new(Source::Programmatic, Level::User));
[INFO] [stdout]     |            ^^^^^^^^^ method not found in `feuilletage::Config`
[INFO] [stdout] 
[INFO] [stdout] 
[INFO] [stdout] error[E0599]: no method named `load_json` found for struct `feuilletage::Config<S, L>` in the current scope
[INFO] [stdout]    --> feuilletage/tests/integration/attributes/duration_test.rs:381:12
[INFO] [stdout]     |
[INFO] [stdout] 381 |     config.load_json(config_str, Context::new(Source::Programmatic, Level::User));
[INFO] [stdout]     |            ^^^^^^^^^ method not found in `feuilletage::Config`
[INFO] [stdout] 
[INFO] [stdout] 
[INFO] [stdout] error[E0599]: no method named `load_json` found for struct `feuilletage::Config<S, L>` in the current scope
[INFO] [stdout]    --> feuilletage/tests/integration/attributes/duration_test.rs:402:12
[INFO] [stdout]     |
[INFO] [stdout] 402 |     config.load_json(config_str, Context::new(Source::Programmatic, Level::User));
[INFO] [stdout]     |            ^^^^^^^^^ method not found in `feuilletage::Config`
[INFO] [stdout] 
[INFO] [stdout] 
[INFO] [stdout] error[E0599]: no method named `load_json` found for struct `feuilletage::Config<S, L>` in the current scope
[INFO] [stdout]    --> feuilletage/tests/integration/attributes/duration_test.rs:432:12
[INFO] [stdout]     |
[INFO] [stdout] 432 |     config.load_json(config_str, Context::new(Source::Programmatic, Level::User));
[INFO] [stdout]     |            ^^^^^^^^^ method not found in `feuilletage::Config`
[INFO] [stdout] 
[INFO] [stdout] 
[INFO] [stdout] error[E0599]: no method named `load_json` found for struct `feuilletage::Config<S, L>` in the current scope
[INFO] [stdout]    --> feuilletage/tests/integration/attributes/duration_test.rs:460:12
[INFO] [stdout]     |
[INFO] [stdout] 460 |     config.load_json(config_str, Context::new(Source::Programmatic, Level::User));
[INFO] [stdout]     |            ^^^^^^^^^ method not found in `feuilletage::Config`
[INFO] [stdout] 
[INFO] [stdout] 
[INFO] [stdout] error[E0599]: no method named `load_json` found for struct `feuilletage::Config<S, L>` in the current scope
[INFO] [stdout]    --> feuilletage/tests/integration/attributes/duration_test.rs:467:12
[INFO] [stdout]     |
[INFO] [stdout] 467 |     config.load_json(config_str, Context::new(Source::Programmatic, Level::User));
[INFO] [stdout]     |            ^^^^^^^^^ method not found in `feuilletage::Config`
[INFO] [stdout] 
[INFO] [stdout] 
[INFO] [stdout] error[E0599]: no method named `load_json` found for struct `feuilletage::Config<S, L>` in the current scope
[INFO] [stdout]    --> feuilletage/tests/integration/attributes/duration_test.rs:511:12
[INFO] [stdout]     |
[INFO] [stdout] 511 |     config.load_json(config_str, Context::new(Source::Programmatic, Level::User));
[INFO] [stdout]     |            ^^^^^^^^^ method not found in `feuilletage::Config`
[INFO] [stdout] 
[INFO] [stdout] 
[INFO] [stdout] error[E0599]: no method named `load_json` found for struct `feuilletage::Config<S, L>` in the current scope
[INFO] [stdout]    --> feuilletage/tests/integration/attributes/duration_test.rs:540:12
[INFO] [stdout]     |
[INFO] [stdout] 540 |     config.load_json(config_str, Context::new(Source::Programmatic, Level::User));
[INFO] [stdout]     |            ^^^^^^^^^ method not found in `feuilletage::Config`
[INFO] [stdout] 
[INFO] [stdout] 
[INFO] [stdout] error[E0599]: no method named `load_json` found for struct `feuilletage::Config<S, L>` in the current scope
[INFO] [stdout]    --> feuilletage/tests/integration/attributes/duration_test.rs:564:12
[INFO] [stdout]     |
[INFO] [stdout] 564 |     config.load_json(config_str, Context::new(Source::Programmatic, Level::User));
[INFO] [stdout]     |            ^^^^^^^^^ method not found in `feuilletage::Config`
[INFO] [stdout] 
[INFO] [stdout] 
[INFO] [stdout] error[E0599]: no method named `load_json` found for struct `feuilletage::Config<S, L>` in the current scope
[INFO] [stdout]    --> feuilletage/tests/integration/attributes/duration_test.rs:622:12
[INFO] [stdout]     |
[INFO] [stdout] 622 |     config.load_json(config_str, Context::new(Source::Programmatic, Level::User));
[INFO] [stdout]     |            ^^^^^^^^^ method not found in `feuilletage::Config`
[INFO] [stdout] 
[INFO] [stdout] 
[INFO] [stdout] error[E0599]: no method named `load_json` found for struct `feuilletage::Config<S, L>` in the current scope
[INFO] [stdout]    --> feuilletage/tests/integration/attributes/duration_test.rs:653:12
[INFO] [stdout]     |
[INFO] [stdout] 653 |     config.load_json(config_str, Context::new(Source::Programmatic, Level::User));
[INFO] [stdout]     |            ^^^^^^^^^ method not found in `feuilletage::Config`
[INFO] [stdout] 
[INFO] [stdout] 
[INFO] [stdout] error[E0599]: no method named `load_json` found for struct `feuilletage::Config<S, L>` in the current scope
[INFO] [stdout]    --> feuilletage/tests/integration/attributes/duration_test.rs:706:12
[INFO] [stdout]     |
[INFO] [stdout] 706 |     config.load_json(config_str, Context::new(Source::Programmatic, Level::User));
[INFO] [stdout]     |            ^^^^^^^^^ method not found in `feuilletage::Config`
[INFO] [stdout] 
[INFO] [stdout] 
[INFO] [stdout] error[E0599]: no method named `load_json` found for struct `feuilletage::Config<S, L>` in the current scope
[INFO] [stdout]    --> feuilletage/tests/integration/attributes/duration_test.rs:765:12
[INFO] [stdout]     |
[INFO] [stdout] 765 |     config.load_json(config_str, Context::new(Source::Programmatic, Level::User));
[INFO] [stdout]     |            ^^^^^^^^^ method not found in `feuilletage::Config`
[INFO] [stdout] 
[INFO] [stdout] 
[INFO] [stdout] error[E0599]: no method named `load_json` found for struct `feuilletage::Config<S, L>` in the current scope
[INFO] [stdout]    --> feuilletage/tests/integration/attributes/duration_test.rs:801:12
[INFO] [stdout]     |
[INFO] [stdout] 801 |     config.load_json(config_str, Context::new(Source::Programmatic, Level::User));
[INFO] [stdout]     |            ^^^^^^^^^ method not found in `feuilletage::Config`
[INFO] [stdout] 
[INFO] [stdout] 
[INFO] [stdout] error[E0599]: no method named `load_json` found for struct `feuilletage::Config<S, L>` in the current scope
[INFO] [stdout]    --> feuilletage/tests/integration/attributes/duration_test.rs:826:12
[INFO] [stdout]     |
[INFO] [stdout] 826 |     config.load_json(config_str, Context::new(Source::Programmatic, Level::User));
[INFO] [stdout]     |            ^^^^^^^^^ method not found in `feuilletage::Config`
[INFO] [stdout] 
[INFO] [stdout] 
[INFO] [stdout] error[E0599]: no method named `load_json` found for struct `feuilletage::Config<S, L>` in the current scope
[INFO] [stdout]   --> feuilletage/tests/integration/attributes/normalize_path_test.rs:23:12
[INFO] [stdout]    |
[INFO] [stdout] 23 |     config.load_json(config_str, Context::new(Source::Programmatic, Level::User));
[INFO] [stdout]    |            ^^^^^^^^^ method not found in `feuilletage::Config`
[INFO] [stdout] 
[INFO] [stdout] 
[INFO] [stdout] error[E0599]: no method named `load_json` found for struct `feuilletage::Config<S, L>` in the current scope
[INFO] [stdout]   --> feuilletage/tests/integration/attributes/normalize_path_test.rs:46:12
[INFO] [stdout]    |
[INFO] [stdout] 46 |     config.load_json(config_str, Context::new(Source::Programmatic, Level::User));
[INFO] [stdout]    |            ^^^^^^^^^ method not found in `feuilletage::Config`
[INFO] [stdout] 
[INFO] [stdout] 
[INFO] [stdout] error[E0599]: no method named `load_json` found for struct `feuilletage::Config<S, L>` in the current scope
[INFO] [stdout]   --> feuilletage/tests/integration/attributes/normalize_path_test.rs:69:12
[INFO] [stdout]    |
[INFO] [stdout] 69 |     config.load_json(config_str, Context::new(Source::Programmatic, Level::User));
[INFO] [stdout]    |            ^^^^^^^^^ method not found in `feuilletage::Config`
[INFO] [stdout] 
[INFO] [stdout] 
[INFO] [stdout] error[E0599]: no method named `load_json` found for struct `feuilletage::Config<S, L>` in the current scope
[INFO] [stdout]   --> feuilletage/tests/integration/attributes/normalize_path_test.rs:92:12
[INFO] [stdout]    |
[INFO] [stdout] 92 |     config.load_json(config_str, Context::new(Source::Programmatic, Level::User));
[INFO] [stdout]    |            ^^^^^^^^^ method not found in `feuilletage::Config`
[INFO] [stdout] 
[INFO] [stdout] 
[INFO] [stdout] error[E0599]: no method named `load_json` found for struct `feuilletage::Config<S, L>` in the current scope
[INFO] [stdout]    --> feuilletage/tests/integration/attributes/normalize_path_test.rs:102:12
[INFO] [stdout]     |
[INFO] [stdout] 102 |     config.load_json(config_str, Context::new(Source::Programmatic, Level::User));
[INFO] [stdout]     |            ^^^^^^^^^ method not found in `feuilletage::Config`
[INFO] [stdout] 
[INFO] [stdout] 
[INFO] [stdout] error[E0599]: no method named `load_json` found for struct `feuilletage::Config<S, L>` in the current scope
[INFO] [stdout]    --> feuilletage/tests/integration/attributes/normalize_path_test.rs:140:12
[INFO] [stdout]     |
[INFO] [stdout] 140 |     config.load_json(
[INFO] [stdout]     |            ^^^^^^^^^ method not found in `feuilletage::Config`
[INFO] [stdout] 
[INFO] [stdout] 
[INFO] [stdout] error[E0599]: no method named `load_json` found for struct `feuilletage::Config<S, L>` in the current scope
[INFO] [stdout]    --> feuilletage/tests/integration/attributes/normalize_path_test.rs:150:12
[INFO] [stdout]     |
[INFO] [stdout] 150 |     config.load_json(
[INFO] [stdout]     |            ^^^^^^^^^ method not found in `feuilletage::Config`
[INFO] [stdout] 
[INFO] [stdout] 
[INFO] [stdout] error[E0599]: no method named `load_json` found for struct `feuilletage::Config<S, L>` in the current scope
[INFO] [stdout]    --> feuilletage/tests/integration/attributes/normalize_path_test.rs:158:12
[INFO] [stdout]     |
[INFO] [stdout] 158 |     config.load_json(
[INFO] [stdout]     |            ^^^^^^^^^ method not found in `feuilletage::Config`
[INFO] [stdout] 
[INFO] [stdout] 
[INFO] [stdout] error[E0599]: no method named `load_json` found for struct `feuilletage::Config<S, L>` in the current scope
[INFO] [stdout]    --> feuilletage/tests/integration/attributes/relative_path_test.rs:101:12
[INFO] [stdout]     |
[INFO] [stdout] 101 |     config.load_json(config_str, Context::new(Source::Programmatic, Level::User));
[INFO] [stdout]     |            ^^^^^^^^^ method not found in `feuilletage::Config`
[INFO] [stdout] 
[INFO] [stdout] 
[INFO] [stdout] error[E0599]: no method named `load_json` found for struct `feuilletage::Config<S, L>` in the current scope
[INFO] [stdout]   --> feuilletage/tests/integration/attributes/absolute_path_test.rs:19:12
[INFO] [stdout]    |
[INFO] [stdout] 19 |     config.load_json(config_str, Context::new(Source::Programmatic, Level::User));
[INFO] [stdout]    |            ^^^^^^^^^ method not found in `feuilletage::Config`
[INFO] [stdout] 
[INFO] [stdout] 
[INFO] [stdout] error[E0599]: no method named `load_json` found for struct `feuilletage::Config<S, L>` in the current scope
[INFO] [stdout]   --> feuilletage/tests/integration/attributes/absolute_path_test.rs:50:12
[INFO] [stdout]    |
[INFO] [stdout] 50 |     config.load_json(config_str, Context::new(Source::Programmatic, Level::User));
[INFO] [stdout]    |            ^^^^^^^^^ method not found in `feuilletage::Config`
[INFO] [stdout] 
[INFO] [stdout] 
[INFO] [stdout] error[E0599]: no method named `load_json` found for struct `feuilletage::Config<S, L>` in the current scope
[INFO] [stdout]   --> feuilletage/tests/integration/attributes/absolute_path_test.rs:73:12
[INFO] [stdout]    |
[INFO] [stdout] 73 |     config.load_json(config_str, Context::new(Source::Programmatic, Level::User));
[INFO] [stdout]    |            ^^^^^^^^^ method not found in `feuilletage::Config`
[INFO] [stdout] 
[INFO] [stdout] 
[INFO] [stdout] error[E0599]: no method named `load_json` found for struct `feuilletage::Config<S, L>` in the current scope
[INFO] [stdout]    --> feuilletage/tests/integration/attributes/absolute_path_test.rs:130:16
[INFO] [stdout]     |
[INFO] [stdout] 130 |         config.load_json(&config_str, Context::new(Source::Programmatic, Level::User));
[INFO] [stdout]     |                ^^^^^^^^^ method not found in `feuilletage::Config`
[INFO] [stdout] 
[INFO] [stdout] 
[INFO] [stdout] error[E0599]: no method named `load_json` found for struct `feuilletage::Config<S, L>` in the current scope
[INFO] [stdout]   --> feuilletage/tests/integration/attributes/combined_test.rs:60:12
[INFO] [stdout]    |
[INFO] [stdout] 60 |     config.load_json(config_str, Context::new(Source::Programmatic, Level::User));
[INFO] [stdout]    |            ^^^^^^^^^ method not found in `feuilletage::Config`
[INFO] [stdout] 
[INFO] [stdout] 
[INFO] [stdout] error[E0599]: no method named `load_json` found for struct `feuilletage::Config<S, L>` in the current scope
[INFO] [stdout]   --> feuilletage/tests/integration/attributes/combined_test.rs:91:12
[INFO] [stdout]    |
[INFO] [stdout] 91 |     config.load_json(config_str, Context::new(Source::Programmatic, Level::User));
[INFO] [stdout]    |            ^^^^^^^^^ method not found in `feuilletage::Config`
[INFO] [stdout] 
[INFO] [stdout] 
[INFO] [stdout] error[E0599]: no method named `load_json` found for struct `feuilletage::Config<S, L>` in the current scope
[INFO] [stdout]    --> feuilletage/tests/integration/attributes/combined_test.rs:130:12
[INFO] [stdout]     |
[INFO] [stdout] 130 |     config.load_json(config_str, Context::new(Source::Programmatic, Level::User));
[INFO] [stdout]     |            ^^^^^^^^^ method not found in `feuilletage::Config`
[INFO] [stdout] 
[INFO] [stdout] 
[INFO] [stdout] error[E0599]: no method named `load_json` found for struct `feuilletage::Config<S, L>` in the current scope
[INFO] [stdout]    --> feuilletage/tests/integration/attributes/combined_test.rs:139:12
[INFO] [stdout]     |
[INFO] [stdout] 139 |     config.load_json(config_str, Context::new(Source::Programmatic, Level::User));
[INFO] [stdout]     |            ^^^^^^^^^ method not found in `feuilletage::Config`
[INFO] [stdout] 
[INFO] [stdout] 
[INFO] [stdout] error[E0599]: no method named `load_json` found for struct `feuilletage::Config<S, L>` in the current scope
[INFO] [stdout]    --> feuilletage/tests/integration/attributes/combined_test.rs:148:12
[INFO] [stdout]     |
[INFO] [stdout] 148 |     config.load_json(config_str, Context::new(Source::Programmatic, Level::User));
[INFO] [stdout]     |            ^^^^^^^^^ method not found in `feuilletage::Config`
[INFO] [stdout] 
[INFO] [stdout] 
[INFO] [stdout] error[E0599]: no method named `load_json` found for struct `feuilletage::Config<S, L>` in the current scope
[INFO] [stdout]   --> feuilletage/tests/integration/attributes/custom_test.rs:54:12
[INFO] [stdout]    |
[INFO] [stdout] 54 |     config.load_json(config_str, Context::new(Source::Programmatic, Level::User));
[INFO] [stdout]    |            ^^^^^^^^^ method not found in `feuilletage::Config`
[INFO] [stdout] 
[INFO] [stdout] 
[INFO] [stdout] error[E0599]: no method named `load_json` found for struct `feuilletage::Config<S, L>` in the current scope
[INFO] [stdout]   --> feuilletage/tests/integration/attributes/custom_test.rs:85:12
[INFO] [stdout]    |
[INFO] [stdout] 85 |     config.load_json(config_str, Context::new(Source::Programmatic, Level::User));
[INFO] [stdout]    |            ^^^^^^^^^ method not found in `feuilletage::Config`
[INFO] [stdout] 
[INFO] [stdout] 
[INFO] [stdout] error[E0599]: no method named `load_json` found for struct `feuilletage::Config<S, L>` in the current scope
[INFO] [stdout]    --> feuilletage/tests/integration/attributes/custom_test.rs:117:12
[INFO] [stdout]     |
[INFO] [stdout] 117 |     config.load_json(config_str, Context::new(Source::Programmatic, Level::User));
[INFO] [stdout]     |            ^^^^^^^^^ method not found in `feuilletage::Config`
[INFO] [stdout] 
[INFO] [stdout] 
[INFO] [stdout] error[E0599]: no method named `load_json` found for struct `feuilletage::Config<S, L>` in the current scope
[INFO] [stdout]    --> feuilletage/tests/integration/attributes/custom_test.rs:141:12
[INFO] [stdout]     |
[INFO] [stdout] 141 |     config.load_json(config_str, Context::new(Source::Programmatic, Level::User));
[INFO] [stdout]     |            ^^^^^^^^^ method not found in `feuilletage::Config`
[INFO] [stdout] 
[INFO] [stdout] 
[INFO] [stdout] error[E0599]: no method named `load_json` found for struct `feuilletage::Config<S, L>` in the current scope
[INFO] [stdout]    --> feuilletage/tests/integration/attributes/custom_test.rs:165:12
[INFO] [stdout]     |
[INFO] [stdout] 165 |     config.load_json(config_str, Context::new(Source::Programmatic, Level::User));
[INFO] [stdout]     |            ^^^^^^^^^ method not found in `feuilletage::Config`
[INFO] [stdout] 
[INFO] [stdout] 
[INFO] [stdout] error[E0599]: no method named `load_json` found for struct `feuilletage::Config<S, L>` in the current scope
[INFO] [stdout]    --> feuilletage/tests/integration/attributes/custom_test.rs:192:12
[INFO] [stdout]     |
[INFO] [stdout] 192 |     config.load_json(config_str, Context::new(Source::Programmatic, Level::User));
[INFO] [stdout]     |            ^^^^^^^^^ method not found in `feuilletage::Config`
[INFO] [stdout] 
[INFO] [stdout] 
[INFO] [stdout] error[E0599]: no method named `load_json` found for struct `feuilletage::Config<S, L>` in the current scope
[INFO] [stdout]    --> feuilletage/tests/integration/attributes/custom_test.rs:202:12
[INFO] [stdout]     |
[INFO] [stdout] 202 |     config.load_json(config_str, Context::new(Source::Programmatic, Level::User));
[INFO] [stdout]     |            ^^^^^^^^^ method not found in `feuilletage::Config`
[INFO] [stdout] 
[INFO] [stdout] 
[INFO] [stdout] error[E0599]: no method named `load_json` found for struct `feuilletage::Config<S, L>` in the current scope
[INFO] [stdout]   --> feuilletage/tests/integration/attributes/length_test.rs:19:12
[INFO] [stdout]    |
[INFO] [stdout] 19 |     config.load_json(config_str, Context::new(Source::Programmatic, Level::User));
[INFO] [stdout]    |            ^^^^^^^^^ method not found in `feuilletage::Config`
[INFO] [stdout] 
[INFO] [stdout] 
[INFO] [stdout] error[E0599]: no method named `load_json` found for struct `feuilletage::Config<S, L>` in the current scope
[INFO] [stdout]   --> feuilletage/tests/integration/attributes/length_test.rs:49:12
[INFO] [stdout]    |
[INFO] [stdout] 49 |     config.load_json(config_str, Context::new(Source::Programmatic, Level::User));
[INFO] [stdout]    |            ^^^^^^^^^ method not found in `feuilletage::Config`
[INFO] [stdout] 
[INFO] [stdout] 
[INFO] [stdout] error[E0599]: no method named `load_json` found for struct `feuilletage::Config<S, L>` in the current scope
[INFO] [stdout]   --> feuilletage/tests/integration/attributes/length_test.rs:80:12
[INFO] [stdout]    |
[INFO] [stdout] 80 |     config.load_json(config_str, Context::new(Source::Programmatic, Level::User));
[INFO] [stdout]    |            ^^^^^^^^^ method not found in `feuilletage::Config`
[INFO] [stdout] 
[INFO] [stdout] 
[INFO] [stdout] error[E0599]: no method named `load_json` found for struct `feuilletage::Config<S, L>` in the current scope
[INFO] [stdout]    --> feuilletage/tests/integration/attributes/length_test.rs:111:12
[INFO] [stdout]     |
[INFO] [stdout] 111 |     config.load_json(config_str, Context::new(Source::Programmatic, Level::User));
[INFO] [stdout]     |            ^^^^^^^^^ method not found in `feuilletage::Config`
[INFO] [stdout] 
[INFO] [stdout] 
[INFO] [stdout] error[E0599]: no method named `load_json` found for struct `feuilletage::Config<S, L>` in the current scope
[INFO] [stdout]    --> feuilletage/tests/integration/attributes/length_test.rs:142:12
[INFO] [stdout]     |
[INFO] [stdout] 142 |     config.load_json(config_str, Context::new(Source::Programmatic, Level::User));
[INFO] [stdout]     |            ^^^^^^^^^ method not found in `feuilletage::Config`
[INFO] [stdout] 
[INFO] [stdout] 
[INFO] [stdout] error[E0599]: no method named `load_json` found for struct `feuilletage::Config<S, L>` in the current scope
[INFO] [stdout]    --> feuilletage/tests/integration/attributes/length_test.rs:166:12
[INFO] [stdout]     |
[INFO] [stdout] 166 |     config.load_json(config_str, Context::new(Source::Programmatic, Level::User));
[INFO] [stdout]     |            ^^^^^^^^^ method not found in `feuilletage::Config`
[INFO] [stdout] 
[INFO] [stdout] 
[INFO] [stdout] error[E0599]: no method named `load_json` found for struct `feuilletage::Config<S, L>` in the current scope
[INFO] [stdout]    --> feuilletage/tests/integration/attributes/length_test.rs:189:12
[INFO] [stdout]     |
[INFO] [stdout] 189 |     config.load_json(config_str, Context::new(Source::Programmatic, Level::User));
[INFO] [stdout]     |            ^^^^^^^^^ method not found in `feuilletage::Config`
[INFO] [stdout] 
[INFO] [stdout] 
[INFO] [stdout] error[E0599]: no method named `load_json` found for struct `feuilletage::Config<S, L>` in the current scope
[INFO] [stdout]    --> feuilletage/tests/integration/attributes/length_test.rs:197:12
[INFO] [stdout]     |
[INFO] [stdout] 197 |     config.load_json(config_str, Context::new(Source::Programmatic, Level::User));
[INFO] [stdout]     |            ^^^^^^^^^ method not found in `feuilletage::Config`
[INFO] [stdout] 
[INFO] [stdout] 
[INFO] [stdout] error[E0599]: no method named `load_json` found for struct `feuilletage::Config<S, L>` in the current scope
[INFO] [stdout]   --> feuilletage/tests/integration/attributes/range_test.rs:19:12
[INFO] [stdout]    |
[INFO] [stdout] 19 |     config.load_json(config_str, Context::new(Source::Programmatic, Level::User));
[INFO] [stdout]    |            ^^^^^^^^^ method not found in `feuilletage::Config`
[INFO] [stdout] 
[INFO] [stdout] 
[INFO] [stdout] error[E0599]: no method named `load_json` found for struct `feuilletage::Config<S, L>` in the current scope
[INFO] [stdout]   --> feuilletage/tests/integration/attributes/range_test.rs:51:12
[INFO] [stdout]    |
[INFO] [stdout] 51 |     config.load_json(config_str, Context::new(Source::Programmatic, Level::User));
[INFO] [stdout]    |            ^^^^^^^^^ method not found in `feuilletage::Config`
[INFO] [stdout] 
[INFO] [stdout] 
[INFO] [stdout] error[E0599]: no method named `load_json` found for struct `feuilletage::Config<S, L>` in the current scope
[INFO] [stdout]   --> feuilletage/tests/integration/attributes/range_test.rs:82:12
[INFO] [stdout]    |
[INFO] [stdout] 82 |     config.load_json(config_str, Context::new(Source::Programmatic, Level::User));
[INFO] [stdout]    |            ^^^^^^^^^ method not found in `feuilletage::Config`
[INFO] [stdout] 
[INFO] [stdout] 
[INFO] [stdout] error[E0599]: no method named `load_json` found for struct `feuilletage::Config<S, L>` in the current scope
[INFO] [stdout]    --> feuilletage/tests/integration/attributes/range_test.rs:106:12
[INFO] [stdout]     |
[INFO] [stdout] 106 |     config.load_json(config_str, Context::new(Source::Programmatic, Level::User));
[INFO] [stdout]     |            ^^^^^^^^^ method not found in `feuilletage::Config`
[INFO] [stdout] 
[INFO] [stdout] 
[INFO] [stdout] error[E0599]: no method named `load_json` found for struct `feuilletage::Config<S, L>` in the current scope
[INFO] [stdout]    --> feuilletage/tests/integration/attributes/range_test.rs:130:12
[INFO] [stdout]     |
[INFO] [stdout] 130 |     config.load_json(config_str, Context::new(Source::Programmatic, Level::User));
[INFO] [stdout]     |            ^^^^^^^^^ method not found in `feuilletage::Config`
[INFO] [stdout] 
[INFO] [stdout] 
[INFO] [stdout] error[E0599]: no method named `load_json` found for struct `feuilletage::Config<S, L>` in the current scope
[INFO] [stdout]    --> feuilletage/tests/integration/attributes/range_test.rs:154:12
[INFO] [stdout]     |
[INFO] [stdout] 154 |     config.load_json(config_str, Context::new(Source::Programmatic, Level::User));
[INFO] [stdout]     |            ^^^^^^^^^ method not found in `feuilletage::Config`
[INFO] [stdout] 
[INFO] [stdout] 
[INFO] [stdout] error[E0599]: no method named `load_json` found for struct `feuilletage::Config<S, L>` in the current scope
[INFO] [stdout]   --> feuilletage/tests/integration/attributes/rename_all_test.rs:41:12
[INFO] [stdout]    |
[INFO] [stdout] 41 |     config.load_json(json, Context::new(Source::Programmatic, Level::User));
[INFO] [stdout]    |            ^^^^^^^^^ method not found in `feuilletage::Config`
[INFO] [stdout] 
[INFO] [stdout] 
[INFO] [stdout] error[E0599]: no method named `load_json` found for struct `feuilletage::Config<S, L>` in the current scope
[INFO] [stdout]   --> feuilletage/tests/integration/attributes/rename_all_test.rs:49:13
[INFO] [stdout]    |
[INFO] [stdout] 49 |     config2.load_json(json2, Context::new(Source::Programmatic, Level::User));
[INFO] [stdout]    |             ^^^^^^^^^ method not found in `feuilletage::Config`
[INFO] [stdout] 
[INFO] [stdout] 
[INFO] [stdout] error[E0599]: no method named `load_json` found for struct `feuilletage::Config<S, L>` in the current scope
[INFO] [stdout]   --> feuilletage/tests/integration/attributes/rename_all_test.rs:75:12
[INFO] [stdout]    |
[INFO] [stdout] 75 |     config.load_json(json, Context::new(Source::Programmatic, Level::User));
[INFO] [stdout]    |            ^^^^^^^^^ method not found in `feuilletage::Config`
[INFO] [stdout] 
[INFO] [stdout] 
[INFO] [stdout] error[E0599]: no method named `load_json` found for struct `feuilletage::Config<S, L>` in the current scope
[INFO] [stdout]   --> feuilletage/tests/integration/attributes/rename_all_test.rs:83:13
[INFO] [stdout]    |
[INFO] [stdout] 83 |     config2.load_json(json2, Context::new(Source::Programmatic, Level::User));
[INFO] [stdout]    |             ^^^^^^^^^ method not found in `feuilletage::Config`
[INFO] [stdout] 
[INFO] [stdout] 
[INFO] [stdout] error[E0599]: no method named `load_json` found for struct `feuilletage::Config<S, L>` in the current scope
[INFO] [stdout]    --> feuilletage/tests/integration/attributes/rename_all_test.rs:109:12
[INFO] [stdout]     |
[INFO] [stdout] 109 |     config.load_json(json, Context::new(Source::Programmatic, Level::User));
[INFO] [stdout]     |            ^^^^^^^^^ method not found in `feuilletage::Config`
[INFO] [stdout] 
[INFO] [stdout] 
[INFO] [stdout] error[E0599]: no method named `load_json` found for struct `feuilletage::Config<S, L>` in the current scope
[INFO] [stdout]    --> feuilletage/tests/integration/attributes/rename_all_test.rs:117:13
[INFO] [stdout]     |
[INFO] [stdout] 117 |     config2.load_json(json2, Context::new(Source::Programmatic, Level::User));
[INFO] [stdout]     |             ^^^^^^^^^ method not found in `feuilletage::Config`
[INFO] [stdout] 
[INFO] [stdout] 
[INFO] [stdout] error[E0599]: no method named `load_json` found for struct `feuilletage::Config<S, L>` in the current scope
[INFO] [stdout]    --> feuilletage/tests/integration/attributes/rename_all_test.rs:143:12
[INFO] [stdout]     |
[INFO] [stdout] 143 |     config.load_json(json, Context::new(Source::Programmatic, Level::User));
[INFO] [stdout]     |            ^^^^^^^^^ method not found in `feuilletage::Config`
[INFO] [stdout] 
[INFO] [stdout] 
[INFO] [stdout] error[E0599]: no method named `load_json` found for struct `feuilletage::Config<S, L>` in the current scope
[INFO] [stdout]    --> feuilletage/tests/integration/attributes/rename_all_test.rs:151:13
[INFO] [stdout]     |
[INFO] [stdout] 151 |     config2.load_json(json2, Context::new(Source::Programmatic, Level::User));
[INFO] [stdout]     |             ^^^^^^^^^ method not found in `feuilletage::Config`
[INFO] [stdout] 
[INFO] [stdout] 
[INFO] [stdout] error[E0599]: no method named `load_json` found for struct `feuilletage::Config<S, L>` in the current scope
[INFO] [stdout]    --> feuilletage/tests/integration/attributes/rename_all_test.rs:177:12
[INFO] [stdout]     |
[INFO] [stdout] 177 |     config.load_json(json, Context::new(Source::Programmatic, Level::User));
[INFO] [stdout]     |            ^^^^^^^^^ method not found in `feuilletage::Config`
[INFO] [stdout] 
[INFO] [stdout] 
[INFO] [stdout] error[E0599]: no method named `load_json` found for struct `feuilletage::Config<S, L>` in the current scope
[INFO] [stdout]    --> feuilletage/tests/integration/attributes/rename_all_test.rs:185:13
[INFO] [stdout]     |
[INFO] [stdout] 185 |     config2.load_json(json2, Context::new(Source::Programmatic, Level::User));
[INFO] [stdout]     |             ^^^^^^^^^ method not found in `feuilletage::Config`
[INFO] [stdout] 
[INFO] [stdout] 
[INFO] [stdout] error[E0599]: no method named `load_json` found for struct `feuilletage::Config<S, L>` in the current scope
[INFO] [stdout]    --> feuilletage/tests/integration/attributes/rename_all_test.rs:211:12
[INFO] [stdout]     |
[INFO] [stdout] 211 |     config.load_json(json, Context::new(Source::Programmatic, Level::User));
[INFO] [stdout]     |            ^^^^^^^^^ method not found in `feuilletage::Config`
[INFO] [stdout] 
[INFO] [stdout] 
[INFO] [stdout] error[E0599]: no method named `load_json` found for struct `feuilletage::Config<S, L>` in the current scope
[INFO] [stdout]    --> feuilletage/tests/integration/attributes/rename_all_test.rs:219:13
[INFO] [stdout]     |
[INFO] [stdout] 219 |     config2.load_json(json2, Context::new(Source::Programmatic, Level::User));
[INFO] [stdout]     |             ^^^^^^^^^ method not found in `feuilletage::Config`
[INFO] [stdout] 
[INFO] [stdout] 
[INFO] [stdout] error[E0599]: no method named `load_json` found for struct `feuilletage::Config<S, L>` in the current scope
[INFO] [stdout]    --> feuilletage/tests/integration/attributes/rename_all_test.rs:245:12
[INFO] [stdout]     |
[INFO] [stdout] 245 |     config.load_json(json, Context::new(Source::Programmatic, Level::User));
[INFO] [stdout]     |            ^^^^^^^^^ method not found in `feuilletage::Config`
[INFO] [stdout] 
[INFO] [stdout] 
[INFO] [stdout] error[E0599]: no method named `load_json` found for struct `feuilletage::Config<S, L>` in the current scope
[INFO] [stdout]    --> feuilletage/tests/integration/attributes/rename_all_test.rs:260:13
[INFO] [stdout]     |
[INFO] [stdout] 260 |     config2.load_json(json2, Context::new(Source::Programmatic, Level::User));
[INFO] [stdout]     |             ^^^^^^^^^ method not found in `feuilletage::Config`
[INFO] [stdout] 
[INFO] [stdout] 
[INFO] [stdout] error[E0599]: no method named `load_json` found for struct `feuilletage::Config<S, L>` in the current scope
[INFO] [stdout]    --> feuilletage/tests/integration/attributes/rename_all_test.rs:288:12
[INFO] [stdout]     |
[INFO] [stdout] 288 |     config.load_json(json, Context::new(Source::Programmatic, Level::User));
[INFO] [stdout]     |            ^^^^^^^^^ method not found in `feuilletage::Config`
[INFO] [stdout] 
[INFO] [stdout] 
[INFO] [stdout] error[E0599]: no method named `load_json` found for struct `feuilletage::Config<S, L>` in the current scope
[INFO] [stdout]    --> feuilletage/tests/integration/attributes/rename_all_test.rs:364:12
[INFO] [stdout]     |
[INFO] [stdout] 364 |     config.load_json(&json, Context::new(Source::Programmatic, Level::User));
[INFO] [stdout]     |            ^^^^^^^^^ method not found in `feuilletage::Config`
[INFO] [stdout] 
[INFO] [stdout] 
[INFO] [stdout] error[E0599]: no method named `load_json` found for struct `feuilletage::Config<S, L>` in the current scope
[INFO] [stdout]    --> feuilletage/tests/integration/types/collections_test.rs:145:12
[INFO] [stdout]     |
[INFO] [stdout] 145 |     config.load_json(config_str, Context::new(Source::Programmatic, Level::User));
[INFO] [stdout]     |            ^^^^^^^^^ method not found in `feuilletage::Config`
[INFO] [stdout] 
[INFO] [stdout] 
[INFO] [stdout] error[E0599]: no method named `load_json` found for struct `feuilletage::Config<S, L>` in the current scope
[INFO] [stdout]    --> feuilletage/tests/integration/types/collections_test.rs:263:12
[INFO] [stdout]     |
[INFO] [stdout] 263 |     config.load_json(config_str, Context::new(Source::Programmatic, Level::User));
[INFO] [stdout]     |            ^^^^^^^^^ method not found in `feuilletage::Config`
[INFO] [stdout] 
[INFO] [stdout] 
[INFO] [stdout] error[E0599]: no method named `load_json` found for struct `feuilletage::Config<S, L>` in the current scope
[INFO] [stdout]    --> feuilletage/tests/integration/types/collections_test.rs:289:12
[INFO] [stdout]     |
[INFO] [stdout] 289 |     config.load_json(config_str, Context::new(Source::Programmatic, Level::User));
[INFO] [stdout]     |            ^^^^^^^^^ method not found in `feuilletage::Config`
[INFO] [stdout] 
[INFO] [stdout] 
[INFO] [stdout] error[E0599]: no method named `load_json` found for struct `feuilletage::Config<S, L>` in the current scope
[INFO] [stdout]    --> feuilletage/tests/integration/types/collections_test.rs:314:12
[INFO] [stdout]     |
[INFO] [stdout] 314 |     config.load_json(config_str, Context::new(Source::Programmatic, Level::User));
[INFO] [stdout]     |            ^^^^^^^^^ method not found in `feuilletage::Config`
[INFO] [stdout] 
[INFO] [stdout] 
[INFO] [stdout] error[E0599]: no method named `load_json` found for struct `feuilletage::Config<S, L>` in the current scope
[INFO] [stdout]    --> feuilletage/tests/integration/types/collections_test.rs:345:12
[INFO] [stdout]     |
[INFO] [stdout] 345 |     config.load_json(config_str, Context::new(Source::Programmatic, Level::User));
[INFO] [stdout]     |            ^^^^^^^^^ method not found in `feuilletage::Config`
[INFO] [stdout] 
[INFO] [stdout] 
[INFO] [stdout] error[E0599]: no method named `load_json` found for struct `feuilletage::Config<S, L>` in the current scope
[INFO] [stdout]    --> feuilletage/tests/integration/types/collections_test.rs:371:12
[INFO] [stdout]     |
[INFO] [stdout] 371 |     config.load_json(config_str, Context::new(Source::Programmatic, Level::User));
[INFO] [stdout]     |            ^^^^^^^^^ method not found in `feuilletage::Config`
[INFO] [stdout] 
[INFO] [stdout] 
[INFO] [stdout] error[E0599]: no method named `load_json` found for struct `feuilletage::Config<S, L>` in the current scope
[INFO] [stdout]    --> feuilletage/tests/integration/types/collections_test.rs:400:12
[INFO] [stdout]     |
[INFO] [stdout] 400 |     config.load_json(config_str, Context::new(Source::Programmatic, Level::User));
[INFO] [stdout]     |            ^^^^^^^^^ method not found in `feuilletage::Config`
[INFO] [stdout] 
[INFO] [stdout] 
[INFO] [stdout] error[E0599]: no method named `load_json` found for struct `feuilletage::Config<S, L>` in the current scope
[INFO] [stdout]    --> feuilletage/tests/integration/types/collections_test.rs:434:12
[INFO] [stdout]     |
[INFO] [stdout] 434 |     config.load_json(config_str, Context::new(Source::Programmatic, Level::User));
[INFO] [stdout]     |            ^^^^^^^^^ method not found in `feuilletage::Config`
[INFO] [stdout] 
[INFO] [stdout] 
[INFO] [stdout] error[E0599]: no method named `load_json` found for struct `feuilletage::Config<S, L>` in the current scope
[INFO] [stdout]    --> feuilletage/tests/integration/types/collections_test.rs:460:12
[INFO] [stdout]     |
[INFO] [stdout] 460 |     config.load_json(config_str, Context::new(Source::Programmatic, Level::User));
[INFO] [stdout]     |            ^^^^^^^^^ method not found in `feuilletage::Config`
[INFO] [stdout] 
[INFO] [stdout] 
[INFO] [stdout] error[E0599]: no method named `load_json` found for struct `feuilletage::Config<S, L>` in the current scope
[INFO] [stdout]    --> feuilletage/tests/integration/types/collections_test.rs:496:12
[INFO] [stdout]     |
[INFO] [stdout] 496 |     config.load_json(config_str, Context::new(Source::Programmatic, Level::User));
[INFO] [stdout]     |            ^^^^^^^^^ method not found in `feuilletage::Config`
[INFO] [stdout] 
[INFO] [stdout] 
[INFO] [stdout] error[E0599]: no method named `load_json` found for struct `feuilletage::Config<S, L>` in the current scope
[INFO] [stdout]    --> feuilletage/tests/integration/types/collections_test.rs:519:12
[INFO] [stdout]     |
[INFO] [stdout] 519 |     config.load_json(config_str, Context::new(Source::Programmatic, Level::User));
[INFO] [stdout]     |            ^^^^^^^^^ method not found in `feuilletage::Config`
[INFO] [stdout] 
[INFO] [stdout] 
[INFO] [stdout] error[E0599]: no method named `load_json` found for struct `feuilletage::Config<S, L>` in the current scope
[INFO] [stdout]    --> feuilletage/tests/integration/types/collections_test.rs:567:12
[INFO] [stdout]     |
[INFO] [stdout] 567 |     config.load_json(config_str, Context::new(Source::Programmatic, Level::User));
[INFO] [stdout]     |            ^^^^^^^^^ method not found in `feuilletage::Config`
[INFO] [stdout] 
[INFO] [stdout] 
[INFO] [stdout] error[E0599]: no method named `load_json` found for struct `feuilletage::Config<S, L>` in the current scope
[INFO] [stdout]    --> feuilletage/tests/integration/types/collections_test.rs:599:12
[INFO] [stdout]     |
[INFO] [stdout] 599 |     config.load_json(config_str, Context::new(Source::Programmatic, Level::User));
[INFO] [stdout]     |            ^^^^^^^^^ method not found in `feuilletage::Config`
[INFO] [stdout] 
[INFO] [stdout] 
[INFO] [stdout] error[E0599]: no method named `load_json` found for struct `feuilletage::Config<S, L>` in the current scope
[INFO] [stdout]    --> feuilletage/tests/integration/types/collections_test.rs:624:12
[INFO] [stdout]     |
[INFO] [stdout] 624 |     config.load_json(config_str, Context::new(Source::Programmatic, Level::User));
[INFO] [stdout]     |            ^^^^^^^^^ method not found in `feuilletage::Config`
[INFO] [stdout] 
[INFO] [stdout] 
[INFO] [stdout] error[E0599]: no method named `load_json` found for struct `feuilletage::Config<S, L>` in the current scope
[INFO] [stdout]    --> feuilletage/tests/integration/types/collections_test.rs:654:12
[INFO] [stdout]     |
[INFO] [stdout] 654 |     config.load_json(config_str, Context::new(Source::Programmatic, Level::User));
[INFO] [stdout]     |            ^^^^^^^^^ method not found in `feuilletage::Config`
[INFO] [stdout] 
[INFO] [stdout] 
[INFO] [stdout] error[E0599]: no method named `load_json` found for struct `feuilletage::Config<S, L>` in the current scope
[INFO] [stdout]    --> feuilletage/tests/integration/types/collections_test.rs:679:12
[INFO] [stdout]     |
[INFO] [stdout] 679 |     config.load_json(config_str, Context::new(Source::Programmatic, Level::User));
[INFO] [stdout]     |            ^^^^^^^^^ method not found in `feuilletage::Config`
[INFO] [stdout] 
[INFO] [stdout] 
[INFO] [stdout] error[E0599]: no method named `load_json` found for struct `feuilletage::Config<S, L>` in the current scope
[INFO] [stdout]    --> feuilletage/tests/integration/types/collections_test.rs:705:12
[INFO] [stdout]     |
[INFO] [stdout] 705 |     config.load_json(config_str, Context::new(Source::Programmatic, Level::User));
[INFO] [stdout]     |            ^^^^^^^^^ method not found in `feuilletage::Config`
[INFO] [stdout] 
[INFO] [stdout] 
[INFO] [stdout] error[E0599]: no method named `load_json` found for struct `feuilletage::Config<S, L>` in the current scope
[INFO] [stdout]   --> feuilletage/tests/integration/types/option_test.rs:18:12
[INFO] [stdout]    |
[INFO] [stdout] 18 |     config.load_json(config_str, Context::new(Source::Programmatic, Level::User));
[INFO] [stdout]    |            ^^^^^^^^^ method not found in `feuilletage::Config`
[INFO] [stdout] 
[INFO] [stdout] 
[INFO] [stdout] error[E0599]: no method named `load_json` found for struct `feuilletage::Config<S, L>` in the current scope
[INFO] [stdout]   --> feuilletage/tests/integration/types/option_test.rs:44:12
[INFO] [stdout]    |
[INFO] [stdout] 44 |     config.load_json(config_str, Context::new(Source::Programmatic, Level::User));
[INFO] [stdout]    |            ^^^^^^^^^ method not found in `feuilletage::Config`
[INFO] [stdout] 
[INFO] [stdout] 
[INFO] [stdout] error[E0599]: no method named `load_json` found for struct `feuilletage::Config<S, L>` in the current scope
[INFO] [stdout]   --> feuilletage/tests/integration/types/option_test.rs:63:12
[INFO] [stdout]    |
[INFO] [stdout] 63 |     config.load_json(config_str, Context::new(Source::Programmatic, Level::User));
[INFO] [stdout]    |            ^^^^^^^^^ method not found in `feuilletage::Config`
[INFO] [stdout] 
[INFO] [stdout] 
[INFO] [stdout] error[E0599]: no method named `load_json` found for struct `feuilletage::Config<S, L>` in the current scope
[INFO] [stdout]   --> feuilletage/tests/integration/types/option_test.rs:82:12
[INFO] [stdout]    |
[INFO] [stdout] 82 |     config.load_json(config_str, Context::new(Source::Programmatic, Level::User));
[INFO] [stdout]    |            ^^^^^^^^^ method not found in `feuilletage::Config`
[INFO] [stdout] 
[INFO] [stdout] 
[INFO] [stdout] error[E0599]: no method named `load_json` found for struct `feuilletage::Config<S, L>` in the current scope
[INFO] [stdout]    --> feuilletage/tests/integration/types/option_test.rs:102:12
[INFO] [stdout]     |
[INFO] [stdout] 102 |     config.load_json(config_str, Context::new(Source::Programmatic, Level::User));
[INFO] [stdout]     |            ^^^^^^^^^ method not found in `feuilletage::Config`
[INFO] [stdout] 
[INFO] [stdout] 
[INFO] [stdout] error[E0599]: no method named `load_json` found for struct `feuilletage::Config<S, L>` in the current scope
[INFO] [stdout]    --> feuilletage/tests/integration/types/option_test.rs:126:12
[INFO] [stdout]     |
[INFO] [stdout] 126 |     config.load_json(config_str, Context::new(Source::Programmatic, Level::User));
[INFO] [stdout]     |            ^^^^^^^^^ method not found in `feuilletage::Config`
[INFO] [stdout] 
[INFO] [stdout] 
[INFO] [stdout] error[E0599]: no method named `load_json` found for struct `feuilletage::Config<S, L>` in the current scope
[INFO] [stdout]    --> feuilletage/tests/integration/types/option_test.rs:155:12
[INFO] [stdout]     |
[INFO] [stdout] 155 |     config.load_json(config_str, Context::new(Source::Programmatic, Level::User));
[INFO] [stdout]     |            ^^^^^^^^^ method not found in `feuilletage::Config`
[INFO] [stdout] 
[INFO] [stdout] 
[INFO] [stdout] error[E0599]: no method named `load_json` found for struct `feuilletage::Config<S, L>` in the current scope
[INFO] [stdout]    --> feuilletage/tests/integration/types/option_test.rs:176:12
[INFO] [stdout]     |
[INFO] [stdout] 176 |     config.load_json(config_str, Context::new(Source::Programmatic, Level::User));
[INFO] [stdout]     |            ^^^^^^^^^ method not found in `feuilletage::Config`
[INFO] [stdout] 
[INFO] [stdout] 
[INFO] [stdout] error[E0599]: no method named `load_json` found for struct `feuilletage::Config<S, L>` in the current scope
[INFO] [stdout]    --> feuilletage/tests/integration/types/option_test.rs:204:12
[INFO] [stdout]     |
[INFO] [stdout] 204 |     config.load_json(config_str, Context::new(Source::Programmatic, Level::User));
[INFO] [stdout]     |            ^^^^^^^^^ method not found in `feuilletage::Config`
[INFO] [stdout] 
[INFO] [stdout] 
[INFO] [stdout] error[E0599]: no method named `load_json` found for struct `feuilletage::Config<S, L>` in the current scope
[INFO] [stdout]    --> feuilletage/tests/integration/types/option_test.rs:214:12
[INFO] [stdout]     |
[INFO] [stdout] 214 |     config.load_json(config_str, Context::new(Source::Programmatic, Level::User));
[INFO] [stdout]     |            ^^^^^^^^^ method not found in `feuilletage::Config`
[INFO] [stdout] 
[INFO] [stdout] 
[INFO] [stdout] error[E0599]: no method named `load_json` found for struct `feuilletage::Config<S, L>` in the current scope
[INFO] [stdout]   --> feuilletage/tests/integration/types/primitives_test.rs:24:12
[INFO] [stdout]    |
[INFO] [stdout] 24 |     config.load_json(config_str, Context::new(Source::Programmatic, Level::User));
[INFO] [stdout]    |            ^^^^^^^^^ method not found in `feuilletage::Config`
[INFO] [stdout] 
[INFO] [stdout] 
[INFO] [stdout] error[E0599]: no method named `load_json` found for struct `feuilletage::Config<S, L>` in the current scope
[INFO] [stdout]   --> feuilletage/tests/integration/types/primitives_test.rs:55:12
[INFO] [stdout]    |
[INFO] [stdout] 55 |     config.load_json(config_str, Context::new(Source::Programmatic, Level::User));
[INFO] [stdout]    |            ^^^^^^^^^ method not found in `feuilletage::Config`
[INFO] [stdout] 
[INFO] [stdout] 
[INFO] [stdout] error[E0599]: no method named `load_json` found for struct `feuilletage::Config<S, L>` in the current scope
[INFO] [stdout]   --> feuilletage/tests/integration/types/primitives_test.rs:85:12
[INFO] [stdout]    |
[INFO] [stdout] 85 |     config.load_json(config_str, Context::new(Source::Programmatic, Level::User));
[INFO] [stdout]    |            ^^^^^^^^^ method not found in `feuilletage::Config`
[INFO] [stdout] 
[INFO] [stdout] 
[INFO] [stdout] error[E0599]: no method named `load_json` found for struct `feuilletage::Config<S, L>` in the current scope
[INFO] [stdout]    --> feuilletage/tests/integration/types/primitives_test.rs:118:12
[INFO] [stdout]     |
[INFO] [stdout] 118 |     config.load_json(config_str, Context::new(Source::Programmatic, Level::User));
[INFO] [stdout]     |            ^^^^^^^^^ method not found in `feuilletage::Config`
[INFO] [stdout] 
[INFO] [stdout] 
[INFO] [stdout] error[E0599]: no method named `load_json` found for struct `feuilletage::Config<S, L>` in the current scope
[INFO] [stdout]    --> feuilletage/tests/integration/types/primitives_test.rs:157:12
[INFO] [stdout]     |
[INFO] [stdout] 157 |     config.load_json(config_str, Context::new(Source::Programmatic, Level::User));
[INFO] [stdout]     |            ^^^^^^^^^ method not found in `feuilletage::Config`
[INFO] [stdout] 
[INFO] [stdout] 
[INFO] [stdout] error[E0599]: no method named `load_json` found for struct `feuilletage::Config<S, L>` in the current scope
[INFO] [stdout]    --> feuilletage/tests/integration/types/primitives_test.rs:192:12
[INFO] [stdout]     |
[INFO] [stdout] 192 |     config.load_json(config_str, Context::new(Source::Programmatic, Level::User));
[INFO] [stdout]     |            ^^^^^^^^^ method not found in `feuilletage::Config`
[INFO] [stdout] 
[INFO] [stdout] 
[INFO] [stdout] error[E0599]: no method named `load_json` found for struct `feuilletage::Config<S, L>` in the current scope
[INFO] [stdout]    --> feuilletage/tests/integration/types/primitives_test.rs:218:12
[INFO] [stdout]     |
[INFO] [stdout] 218 |     config.load_json(config_str, Context::new(Source::Programmatic, Level::User));
[INFO] [stdout]     |            ^^^^^^^^^ method not found in `feuilletage::Config`
[INFO] [stdout] 
[INFO] [stdout] 
[INFO] [stdout] error[E0599]: no method named `load_json` found for struct `feuilletage::Config<S, L>` in the current scope
[INFO] [stdout]    --> feuilletage/tests/integration/types/primitives_test.rs:238:12
[INFO] [stdout]     |
[INFO] [stdout] 238 |     config.load_json(config_str, Context::new(Source::Programmatic, Level::User));
[INFO] [stdout]     |            ^^^^^^^^^ method not found in `feuilletage::Config`
[INFO] [stdout] 
[INFO] [stdout] 
[INFO] [stdout] error[E0599]: no method named `load_json` found for struct `feuilletage::Config<S, L>` in the current scope
[INFO] [stdout]    --> feuilletage/tests/integration/types/primitives_test.rs:258:12
[INFO] [stdout]     |
[INFO] [stdout] 258 |     config.load_json(config_str, Context::new(Source::Programmatic, Level::User));
[INFO] [stdout]     |            ^^^^^^^^^ method not found in `feuilletage::Config`
[INFO] [stdout] 
[INFO] [stdout] 
[INFO] [stdout] error[E0599]: no method named `load_json` found for struct `feuilletage::Config<S, L>` in the current scope
[INFO] [stdout]   --> feuilletage/tests/integration/types/type_mismatch_test.rs:59:12
[INFO] [stdout]    |
[INFO] [stdout] 59 |     config.load_json(config_str, Context::new(Source::Programmatic, Level::User));
[INFO] [stdout]    |            ^^^^^^^^^ method not found in `feuilletage::Config`
[INFO] [stdout] 
[INFO] [stdout] 
[INFO] [stdout] error[E0599]: no method named `load_json` found for struct `feuilletage::Config<S, L>` in the current scope
[INFO] [stdout]   --> feuilletage/tests/integration/types/type_mismatch_test.rs:91:12
[INFO] [stdout]    |
[INFO] [stdout] 91 |     config.load_json(config_str, Context::new(Source::Programmatic, Level::User));
[INFO] [stdout]    |            ^^^^^^^^^ method not found in `feuilletage::Config`
[INFO] [stdout] 
[INFO] [stdout] 
[INFO] [stdout] error[E0599]: no method named `load_json` found for struct `feuilletage::Config<S, L>` in the current scope
[INFO] [stdout]    --> feuilletage/tests/integration/types/type_mismatch_test.rs:111:12
[INFO] [stdout]     |
[INFO] [stdout] 111 |     config.load_json(config_str, Context::new(Source::Programmatic, Level::User));
[INFO] [stdout]     |            ^^^^^^^^^ method not found in `feuilletage::Config`
[INFO] [stdout] 
[INFO] [stdout] 
[INFO] [stdout] error[E0599]: no method named `load_json` found for struct `feuilletage::Config<S, L>` in the current scope
[INFO] [stdout]    --> feuilletage/tests/integration/types/type_mismatch_test.rs:131:12
[INFO] [stdout]     |
[INFO] [stdout] 131 |     config.load_json(config_str, Context::new(Source::Programmatic, Level::User));
[INFO] [stdout]     |            ^^^^^^^^^ method not found in `feuilletage::Config`
[INFO] [stdout] 
[INFO] [stdout] 
[INFO] [stdout] error[E0599]: no method named `load_json` found for struct `feuilletage::Config<S, L>` in the current scope
[INFO] [stdout]    --> feuilletage/tests/integration/types/type_mismatch_test.rs:151:12
[INFO] [stdout]     |
[INFO] [stdout] 151 |     config.load_json(config_str, Context::new(Source::Programmatic, Level::User));
[INFO] [stdout]     |            ^^^^^^^^^ method not found in `feuilletage::Config`
[INFO] [stdout] 
[INFO] [stdout] 
[INFO] [stdout] error[E0599]: no method named `load_json` found for struct `feuilletage::Config<S, L>` in the current scope
[INFO] [stdout]    --> feuilletage/tests/integration/types/type_mismatch_test.rs:172:12
[INFO] [stdout]     |
[INFO] [stdout] 172 |     config.load_json(config_str, Context::new(Source::Programmatic, Level::User));
[INFO] [stdout]     |            ^^^^^^^^^ method not found in `feuilletage::Config`
[INFO] [stdout] 
[INFO] [stdout] 
[INFO] [stdout] error[E0599]: no method named `load_json` found for struct `feuilletage::Config<S, L>` in the current scope
[INFO] [stdout]    --> feuilletage/tests/integration/error_tracker_test.rs:144:12
[INFO] [stdout]     |
[INFO] [stdout] 144 |     config.load_json(
[INFO] [stdout]     |            ^^^^^^^^^ method not found in `feuilletage::Config`
[INFO] [stdout] 
[INFO] [stdout] 
[INFO] [stdout] error[E0599]: no method named `load_json` found for struct `feuilletage::Config<S, L>` in the current scope
[INFO] [stdout]    --> feuilletage/tests/integration/error_tracker_test.rs:205:12
[INFO] [stdout]     |
[INFO] [stdout] 205 |     config.load_json(
[INFO] [stdout]     |            ^^^^^^^^^ method not found in `feuilletage::Config`
[INFO] [stdout] 
[INFO] [stdout] 
[INFO] [stdout] error[E0599]: no method named `load_json` found for struct `feuilletage::Config<S, L>` in the current scope
[INFO] [stdout]    --> feuilletage/tests/integration/error_tracker_test.rs:241:12
[INFO] [stdout]     |
[INFO] [stdout] 241 |     config.load_json(
[INFO] [stdout]     |            ^^^^^^^^^ method not found in `feuilletage::Config`
[INFO] [stdout] 
[INFO] [stdout] 
[INFO] [stdout] error[E0599]: no method named `load_json` found for struct `feuilletage::Config<S, L>` in the current scope
[INFO] [stdout]    --> feuilletage/tests/integration/error_tracker_test.rs:275:12
[INFO] [stdout]     |
[INFO] [stdout] 275 |     config.load_json(
[INFO] [stdout]     |            ^^^^^^^^^ method not found in `feuilletage::Config`
[INFO] [stdout] 
[INFO] [stdout] 
[INFO] [stdout] error[E0599]: no method named `load_json` found for struct `feuilletage::Config<S, L>` in the current scope
[INFO] [stdout]    --> feuilletage/tests/integration/error_tracker_test.rs:320:12
[INFO] [stdout]     |
[INFO] [stdout] 320 |     config.load_json(
[INFO] [stdout]     |            ^^^^^^^^^ method not found in `feuilletage::Config`
[INFO] [stdout] 
[INFO] [stdout] 
[INFO] [stdout] error[E0599]: no method named `load_json` found for struct `feuilletage::Config<S, L>` in the current scope
[INFO] [stdout]    --> feuilletage/tests/integration/error_tracker_test.rs:366:12
[INFO] [stdout]     |
[INFO] [stdout] 366 |     config.load_json(
[INFO] [stdout]     |            ^^^^^^^^^ method not found in `feuilletage::Config`
[INFO] [stdout] 
[INFO] [stdout] 
[INFO] [stdout] error[E0599]: no method named `load_json` found for struct `feuilletage::Config<S, L>` in the current scope
[INFO] [stdout]    --> feuilletage/tests/integration/error_tracker_test.rs:475:12
[INFO] [stdout]     |
[INFO] [stdout] 475 |     config.load_json(
[INFO] [stdout]     |            ^^^^^^^^^ method not found in `feuilletage::Config`
[INFO] [stdout] 
[INFO] [stdout] 
[INFO] [stdout] error[E0599]: no method named `load_json` found for struct `feuilletage::Config<S, L>` in the current scope
[INFO] [stdout]    --> feuilletage/tests/integration/error_codes_test.rs:198:12
[INFO] [stdout]     |
[INFO] [stdout] 198 |     config.load_json(
[INFO] [stdout]     |            ^^^^^^^^^ method not found in `feuilletage::Config`
[INFO] [stdout] 
[INFO] [stdout] 
[INFO] [stdout] warning: variable does not need to be mutable
[INFO] [stdout]   --> feuilletage/tests/integration/config/file_ops_test.rs:20:9
[INFO] [stdout]    |
[INFO] [stdout] 20 |     let mut config = Config::default();
[INFO] [stdout]    |         ----^^^^^^
[INFO] [stdout]    |         |
[INFO] [stdout]    |         help: remove this `mut`
[INFO] [stdout]    |
[INFO] [stdout]    = note: `#[warn(unused_mut)]` (part of `#[warn(unused)]`) on by default
[INFO] [stdout] 
[INFO] [stdout] 
[INFO] [stdout] Some errors have detailed explanations: E0425, E0433, E0599.
[INFO] [stdout] 
[INFO] [stdout] For more information about an error, try `rustc --explain E0425`.
[INFO] [stdout] 
[INFO] [stderr] error: could not compile `feuilletage` (test "integration") due to 147 previous errors; 1 warning emitted
[INFO] running `Command { std: "docker" "inspect" "3f060d905c594490c891bc7b7f7a8eeb02a49db5247cba1c80e6a23350c88de5", kill_on_drop: false }`
[INFO] running `Command { std: "docker" "rm" "-f" "3f060d905c594490c891bc7b7f7a8eeb02a49db5247cba1c80e6a23350c88de5", kill_on_drop: false }`
[INFO] [stdout] 3f060d905c594490c891bc7b7f7a8eeb02a49db5247cba1c80e6a23350c88de5
