[INFO] cloning repository https://github.com/omarnabelsi/OS
[INFO] running `Command { std: "git" "-c" "credential.helper=" "-c" "credential.helper=/workspace/cargo-home/bin/git-credential-null" "clone" "--bare" "https://github.com/omarnabelsi/OS" "/workspace/cache/git-repos/https%3A%2F%2Fgithub.com%2Fomarnabelsi%2FOS", kill_on_drop: false }`
[INFO] [stderr] Cloning into bare repository '/workspace/cache/git-repos/https%3A%2F%2Fgithub.com%2Fomarnabelsi%2FOS'...
[INFO] running `Command { std: "git" "rev-parse" "HEAD", kill_on_drop: false }`
[INFO] [stdout] 496cf9257e05eb4561e1ce0ead13c06f3c661238
[INFO] checking omarnabelsi/OS against 3154cc1a3e6424e44f438a95007d043ed5ceaaf6+rustflags=-Znext-solver=coherence for pr-133502-30
[INFO] running `Command { std: "git" "clone" "/workspace/cache/git-repos/https%3A%2F%2Fgithub.com%2Fomarnabelsi%2FOS" "/workspace/builds/worker-3-tc1/source", kill_on_drop: false }`
[INFO] [stderr] Cloning into '/workspace/builds/worker-3-tc1/source'...
[INFO] [stderr] done.
[INFO] removed /workspace/builds/worker-3-tc1/source/rust-toolchain.toml
[INFO] started tweaking git repo https://github.com/omarnabelsi/OS
[INFO] finished tweaking git repo https://github.com/omarnabelsi/OS
[INFO] tweaked toml for git repo https://github.com/omarnabelsi/OS written to /workspace/builds/worker-3-tc1/source/Cargo.toml
[INFO] validating manifest of git repo https://github.com/omarnabelsi/OS on toolchain 3154cc1a3e6424e44f438a95007d043ed5ceaaf6
[INFO] running `Command { std: CARGO_HOME="/workspace/cargo-home" RUSTUP_HOME="/workspace/rustup-home" "/workspace/cargo-home/bin/cargo" "+3154cc1a3e6424e44f438a95007d043ed5ceaaf6" "metadata" "--manifest-path" "Cargo.toml" "--no-deps", kill_on_drop: false }`
[INFO] crate git repo https://github.com/omarnabelsi/OS already has a lockfile, it will not be regenerated
[INFO] running `Command { std: CARGO_HOME="/workspace/cargo-home" RUSTUP_HOME="/workspace/rustup-home" "/workspace/cargo-home/bin/cargo" "+3154cc1a3e6424e44f438a95007d043ed5ceaaf6" "fetch" "--manifest-path" "Cargo.toml", kill_on_drop: false }`
[INFO] [stderr] warning: unused workspace dependency `tokio`
[INFO] [stderr]   --> Cargo.toml:30:25
[INFO] [stderr]    |
[INFO] [stderr] 30 | [workspace.dependencies.tokio]
[INFO] [stderr]    |                         ^^^^^
[INFO] [stderr]    |
[INFO] [stderr]    = note: `cargo::unused_workspace_dependencies` is set to `warn` by default
[INFO] [stderr] help: consider removing the workspace dependency `tokio`
[INFO] [stderr] warning: unused field `repository` in `workspace.package`
[INFO] [stderr]   --> Cargo.toml:42:1
[INFO] [stderr]    |
[INFO] [stderr] 42 | repository = "https://github.com/aura-shell/aura-shell"
[INFO] [stderr]    | ^^^^^^^^^^
[INFO] [stderr]    |
[INFO] [stderr]    = note: `cargo::unused_workspace_package_fields` is set to `warn` by default
[INFO] [stderr] help: consider removing the field `workspace.package.repository`
[INFO] [stderr] warning: workspace (manifest) generated 2 warnings
[INFO] [stderr]  Downloading crates ...
[INFO] [stderr]   Downloaded tauri-plugin-log v2.9.1
[INFO] [stderr]   Downloaded tauri-plugin-global-shortcut v2.3.2
[INFO] [stderr]   Downloaded tauri-plugin-opener v2.5.5
[INFO] running `Command { std: "docker" "create" "-v" "/var/lib/crater-agent-workspace/builds/worker-3-tc1/source:/opt/rustwide/workdir:ro,Z" "-v" "/var/lib/crater-agent-workspace/builds/worker-3-tc1/target:/opt/rustwide/target:rw,Z" "-v" "/var/lib/crater-agent-workspace/cargo-home:/opt/rustwide/cargo-home:ro,Z" "-v" "/var/lib/crater-agent-workspace/rustup-home:/opt/rustwide/rustup-home:ro,Z" "-m" "1610612736" "--network" "none" "ghcr.io/rust-lang/crates-build-env/linux@sha256:77db811e55d90add9212f6832c23229e3de5f1c1f9905e8cb07319ea15df73ac" "sleep" "infinity", kill_on_drop: false }`
[INFO] [stdout] a3b7efb472a80a3f2281494df2517d1f0f5ad827ebb7c896270c9fca8d3e3cf7
[INFO] running `Command { std: "docker" "start" "a3b7efb472a80a3f2281494df2517d1f0f5ad827ebb7c896270c9fca8d3e3cf7", kill_on_drop: false }`
[INFO] running `Command { std: "docker" "inspect" "a3b7efb472a80a3f2281494df2517d1f0f5ad827ebb7c896270c9fca8d3e3cf7", kill_on_drop: false }`
[INFO] running `Command { std: "docker" "exec" "-e" "SOURCE_DIR=/opt/rustwide/workdir" "-e" "CARGO_HOME=/opt/rustwide/cargo-home" "-e" "RUSTUP_HOME=/opt/rustwide/rustup-home" "-e" "CARGO_TARGET_DIR=/opt/rustwide/target" "-w" "/opt/rustwide/workdir" "--user" "0:0" "a3b7efb472a80a3f2281494df2517d1f0f5ad827ebb7c896270c9fca8d3e3cf7" "/opt/rustwide/cargo-home/bin/cargo" "+3154cc1a3e6424e44f438a95007d043ed5ceaaf6" "metadata" "--no-deps" "--format-version=1", kill_on_drop: false }`
[INFO] running `Command { std: "docker" "inspect" "a3b7efb472a80a3f2281494df2517d1f0f5ad827ebb7c896270c9fca8d3e3cf7", kill_on_drop: false }`
[INFO] running `Command { std: "docker" "exec" "-e" "SOURCE_DIR=/opt/rustwide/workdir" "-e" "CARGO_HOME=/opt/rustwide/cargo-home" "-e" "RUSTUP_HOME=/opt/rustwide/rustup-home" "-e" "CARGO_TARGET_DIR=/opt/rustwide/target" "-e" "CARGO_INCREMENTAL=0" "-e" "RUST_BACKTRACE=full" "-e" "RUSTFLAGS=--cap-lints=forbid -Znext-solver=coherence" "-e" "RUSTDOCFLAGS=--cap-lints=forbid" "-w" "/opt/rustwide/workdir" "--user" "0:0" "a3b7efb472a80a3f2281494df2517d1f0f5ad827ebb7c896270c9fca8d3e3cf7" "/opt/rustwide/cargo-home/bin/cargo" "+3154cc1a3e6424e44f438a95007d043ed5ceaaf6" "check" "--frozen" "--all" "--all-targets" "--message-format=json", kill_on_drop: false }`
[INFO] [stderr] warning: unused workspace dependency `tokio`
[INFO] [stderr]   --> Cargo.toml:30:25
[INFO] [stderr]    |
[INFO] [stderr] 30 | [workspace.dependencies.tokio]
[INFO] [stderr]    |                         ^^^^^
[INFO] [stderr]    |
[INFO] [stderr]    = note: `cargo::unused_workspace_dependencies` is set to `warn` by default
[INFO] [stderr] help: consider removing the workspace dependency `tokio`
[INFO] [stderr] warning: unused field `repository` in `workspace.package`
[INFO] [stderr]   --> Cargo.toml:42:1
[INFO] [stderr]    |
[INFO] [stderr] 42 | repository = "https://github.com/aura-shell/aura-shell"
[INFO] [stderr]    | ^^^^^^^^^^
[INFO] [stderr]    |
[INFO] [stderr]    = note: `cargo::unused_workspace_package_fields` is set to `warn` by default
[INFO] [stderr] help: consider removing the field `workspace.package.repository`
[INFO] [stderr] warning: workspace (manifest) generated 2 warnings
[INFO] [stderr]    Compiling syn v3.0.4
[INFO] [stderr]    Compiling cc v1.4.4
[INFO] [stderr]    Compiling parking_lot_core v0.9.12
[INFO] [stderr]    Compiling getrandom v0.4.3
[INFO] [stderr]     Checking mio v1.2.3
[INFO] [stderr]    Compiling serde_json v1.0.151
[INFO] [stderr]     Checking log v0.4.34
[INFO] [stderr]     Checking uuid v1.26.0
[INFO] [stderr]    Compiling dirs-sys v0.5.0
[INFO] [stderr]     Checking rustix v1.1.4
[INFO] [stderr]     Checking time v0.3.55
[INFO] [stderr]     Checking x11 v2.21.0
[INFO] [stderr]     Checking indexmap v2.14.1
[INFO] [stderr]     Checking crossbeam-channel v0.5.16
[INFO] [stderr]     Checking quick-xml v0.41.0
[INFO] [stderr]     Checking parking_lot v0.12.5
[INFO] [stderr]    Compiling dirs v6.0.0
[INFO] [stderr]     Checking x11-dl v2.21.0
[INFO] [stderr]    Compiling cfb v0.7.3
[INFO] [stderr]     Checking tokio v1.53.1
[INFO] [stderr]    Compiling toml_edit v0.25.13+spec-1.1.0
[INFO] [stderr]     Checking dlopen2 v0.8.2
[INFO] [stderr]     Checking dbus v0.9.12
[INFO] [stderr]    Compiling string_cache v0.9.0
[INFO] [stderr]    Compiling web_atoms v0.2.6
[INFO] [stderr]    Compiling crc32fast v1.5.1
[INFO] [stderr]    Compiling rustls v0.23.43
[INFO] [stderr]    Compiling infer v0.19.0
[INFO] [stderr]     Checking simd-adler32 v0.3.10
[INFO] [stderr]     Checking getrandom v0.3.4
[INFO] [stderr]     Checking miniz_oxide v0.9.1
[INFO] [stderr]    Compiling inotify-sys v0.1.8
[INFO] [stderr]    Compiling nix v0.31.3
[INFO] [stderr]     Checking hybrid-array v0.4.14
[INFO] [stderr]    Compiling libudev-sys v0.1.4
[INFO] [stderr]     Checking async-channel v2.5.0
[INFO] [stderr]     Checking ipnet v2.12.1
[INFO] [stderr]     Checking rustls-native-certs v0.8.4
[INFO] [stderr]     Checking inotify v0.11.5
[INFO] [stderr]    Compiling gilrs v0.11.2
[INFO] [stderr]     Checking blocking v1.7.0
[INFO] [stderr]    Compiling embed-resource v3.0.11
[INFO] [stderr]    Compiling cmake v0.1.58
[INFO] [stderr]    Compiling proc-macro-crate v3.5.0
[INFO] [stderr]     Checking flate2 v1.1.10
[INFO] [stderr]    Compiling markup5ever v0.38.0
[INFO] [stderr]    Compiling tauri-winres v0.3.6
[INFO] [stderr]     Checking crypto-common v0.2.2
[INFO] [stderr]     Checking block-buffer v0.12.1
[INFO] [stderr]     Checking compression-codecs v0.4.39
[INFO] [stderr]     Checking async-executor v1.14.0
[INFO] [stderr]     Checking hashlink v0.12.1
[INFO] [stderr]     Checking is-docker v0.2.0
[INFO] [stderr]     Checking x11rb-protocol v0.13.2
[INFO] [stderr]    Compiling html5ever v0.38.0
[INFO] [stderr]     Checking is-wsl v0.4.0
[INFO] [stderr]     Checking directories v6.0.0
[INFO] [stderr]     Checking sysinfo v0.39.6
[INFO] [stderr]     Checking open v5.4.3
[INFO] [stderr]     Checking fern v0.7.1
[INFO] [stderr]    Compiling aws-lc-sys v0.45.0
[INFO] [stderr]    Compiling libsqlite3-sys v0.38.2
[INFO] [stderr]     Checking gilrs-core v0.6.8
[INFO] [stderr]     Checking digest v0.11.3
[INFO] [stderr]     Checking cookie v0.18.2
[INFO] [stderr]     Checking sha2 v0.11.0
[INFO] [stderr]    Compiling dom_query v0.27.0
[INFO] [stderr]     Checking polling v3.11.0
[INFO] [stderr]     Checking gethostname v1.1.0
[INFO] [stderr]     Checking tempfile v3.27.0
[INFO] [stderr]     Checking async-io v2.6.0
[INFO] [stderr]     Checking async-signal v0.2.14
[INFO] [stderr]    Compiling serde_derive v1.0.229
[INFO] [stderr]    Compiling zerovec-derive v0.11.6
[INFO] [stderr]    Compiling displaydoc v0.2.7
[INFO] [stderr]    Compiling thiserror-impl v2.0.20
[INFO] [stderr]    Compiling futures-macro v0.3.34
[INFO] [stderr]    Compiling serde_repr v0.1.21
[INFO] [stderr]     Checking async-process v2.5.0
[INFO] [stderr]    Compiling async-trait v0.1.92
[INFO] [stderr]     Checking hyper v1.11.1
[INFO] [stderr]     Checking tokio-util v0.7.19
[INFO] [stderr]     Checking async-compression v0.4.44
[INFO] [stderr]    Compiling zerotrie v0.2.5
[INFO] [stderr]     Checking futures-util v0.3.34
[INFO] [stderr]    Compiling zerovec v0.11.8
[INFO] [stderr]    Compiling thiserror v2.0.20
[INFO] [stderr]     Checking tinystr v0.8.4
[INFO] [stderr]     Checking potential_utf v0.1.6
[INFO] [stderr]     Checking icu_locale_core v2.3.0
[INFO] [stderr]     Checking icu_collections v2.3.0
[INFO] [stderr]     Checking icu_provider v2.3.1
[INFO] [stderr]     Checking icu_properties v2.3.0
[INFO] [stderr]     Checking icu_normalizer v2.3.0
[INFO] [stderr]    Compiling serde v1.0.229
[INFO] [stderr]     Checking futures-executor v0.3.34
[INFO] [stderr]     Checking hyper-util v0.1.20
[INFO] [stderr]     Checking tower v0.5.3
[INFO] [stderr]     Checking x11rb v0.13.2
[INFO] [stderr]     Checking dpi v0.1.2
[INFO] [stderr]    Compiling toml_datetime v0.6.3
[INFO] [stderr]    Compiling serde_spanned v0.6.9
[INFO] [stderr]    Compiling indexmap v1.9.3
[INFO] [stderr]    Compiling toml_edit v0.20.2
[INFO] [stderr]    Compiling jsonptr v0.6.3
[INFO] [stderr]    Compiling cargo-platform v0.1.9
[INFO] [stderr]    Compiling plist v1.10.0
[INFO] [stderr]    Compiling cargo_toml v0.22.3
[INFO] [stderr]    Compiling toml_edit v0.19.15
[INFO] [stderr]    Compiling cargo_metadata v0.19.2
[INFO] [stderr]    Compiling json-patch v3.0.1
[INFO] [stderr]     Checking idna_adapter v1.2.2
[INFO] [stderr]     Checking idna v1.1.0
[INFO] [stderr]    Compiling zvariant_utils v4.2.0
[INFO] [stderr]     Checking url v2.5.8
[INFO] [stderr]     Checking keyboard-types v0.7.0
[INFO] [stderr]     Checking serialize-to-javascript v0.1.2
[INFO] [stderr]    Compiling enumflags2 v0.7.12
[INFO] [stderr]    Compiling zcheapstr v1.1.0
[INFO] [stderr]     Checking chrono v0.4.45
[INFO] [stderr]     Checking urlpattern v0.3.0
[INFO] [stderr]     Checking tower-http v0.6.11
[INFO] [stderr]     Checking tauri-utils v2.9.3
[INFO] [stderr]    Compiling zvariant_derive v5.15.0
[INFO] [stderr]     Checking global-hotkey v0.8.0
[INFO] [stderr]    Compiling zvariant v5.15.0
[INFO] [stderr]    Compiling proc-macro-crate v1.3.1
[INFO] [stderr]    Compiling toml v0.8.2
[INFO] [stderr]    Compiling proc-macro-crate v2.0.2
[INFO] [stderr]    Compiling schemars v0.8.22
[INFO] [stderr]    Compiling system-deps v6.2.2
[INFO] [stderr]    Compiling gtk3-macros v0.18.2
[INFO] [stderr]    Compiling glib-macros v0.18.5
[INFO] [stderr]    Compiling glib-sys v0.18.1
[INFO] [stderr]    Compiling gobject-sys v0.18.0
[INFO] [stderr]    Compiling gio-sys v0.18.1
[INFO] [stderr]    Compiling gdk-sys v0.18.2
[INFO] [stderr]    Compiling pango-sys v0.18.0
[INFO] [stderr]    Compiling gdk-pixbuf-sys v0.18.0
[INFO] [stderr]    Compiling atk-sys v0.18.2
[INFO] [stderr]    Compiling cairo-sys-rs v0.18.2
[INFO] [stderr]    Compiling gtk-sys v0.18.2
[INFO] [stderr]    Compiling javascriptcore-rs-sys v1.1.1
[INFO] [stderr]    Compiling soup3-sys v0.5.0
[INFO] [stderr]    Compiling webkit2gtk-sys v2.0.2
[INFO] [stderr]    Compiling gdkx11-sys v0.18.2
[INFO] [stderr]    Compiling gtk v0.18.2
[INFO] [stderr]    Compiling rfd v0.16.0
[INFO] [stderr]    Compiling wry v0.55.1
[INFO] [stderr]     Checking zbus_names v4.3.4
[INFO] [stderr]     Checking rusqlite v0.40.2
[INFO] [stderr]    Compiling zbus_macros v5.19.0
[INFO] [stderr]     Checking glib v0.18.5
[INFO] [stderr]    Compiling aws-lc-rs v1.18.1
[INFO] [stderr]     Checking gdkwayland-sys v0.18.2
[INFO] [stderr]     Checking zbus v5.19.0
[INFO] [stderr]     Checking rustls-webpki v0.103.15
[INFO] [stderr]     Checking tokio-rustls v0.26.4
[INFO] [stderr]     Checking rustls-platform-verifier v0.6.2
[INFO] [stderr]     Checking hyper-rustls v0.27.9
[INFO] [stderr]     Checking reqwest v0.13.1
[INFO] [stderr]     Checking aura-core v0.1.0 (/opt/rustwide/workdir/crates/aura-core)
[INFO] [stderr]     Checking gio v0.18.4
[INFO] [stderr]     Checking cairo-rs v0.18.5
[INFO] [stderr]     Checking atk v0.18.2
[INFO] [stderr]     Checking javascriptcore-rs v1.1.2
[INFO] [stdout] error: expected one of `)`, `,`, `.`, `?`, or an operator, found `"}}"`
[INFO] [stdout]    --> crates/aura-core/src/theme/mod.rs:111:76
[INFO] [stdout]     |
[INFO] [stdout] 111 |         std::fs::write(dir.join("tokens.json"), r#"{"color":{"accent":"#fff"}}"#).unwrap();
[INFO] [stdout]     |                                                                            -^^^
[INFO] [stdout]     |                                                                            |
[INFO] [stdout]     |                                                                            expected one of `)`, `,`, `.`, `?`, or an operator
[INFO] [stdout]     |                                                                            help: missing `,`
[INFO] [stdout] 
[INFO] [stdout] 
[INFO] [stdout] error: expected one of `)`, `,`, `.`, `?`, or an operator, found `"}}"`
[INFO] [stdout]    --> crates/aura-core/src/theme/mod.rs:111:76
[INFO] [stdout]     |
[INFO] [stdout] 111 |         std::fs::write(dir.join("tokens.json"), r#"{"color":{"accent":"#fff"}}"#).unwrap();
[INFO] [stdout]     |                                                                            -^^^
[INFO] [stdout]     |                                                                            |
[INFO] [stdout]     |                                                                            expected one of `)`, `,`, `.`, `?`, or an operator
[INFO] [stdout]     |                                                                            help: missing `,`
[INFO] [stdout] 
[INFO] [stdout] 
[INFO] [stdout] error: expected one of `)`, `,`, `.`, `?`, or an operator, found `#`
[INFO] [stdout]    --> crates/aura-core/src/theme/mod.rs:111:80
[INFO] [stdout]     |
[INFO] [stdout] 111 |         std::fs::write(dir.join("tokens.json"), r#"{"color":{"accent":"#fff"}}"#).unwrap();
[INFO] [stdout]     |                                                                                ^ expected one of `)`, `,`, `.`, `?`, or an operator
[INFO] [stdout] 
[INFO] [stdout] 
[INFO] [stdout] error: expected one of `)`, `,`, `.`, `?`, or an operator, found `#`
[INFO] [stdout]    --> crates/aura-core/src/theme/mod.rs:111:80
[INFO] [stdout]     |
[INFO] [stdout] 111 |         std::fs::write(dir.join("tokens.json"), r#"{"color":{"accent":"#fff"}}"#).unwrap();
[INFO] [stdout]     |                                                                                ^ expected one of `)`, `,`, `.`, `?`, or an operator
[INFO] [stdout] 
[INFO] [stdout] 
[INFO] [stdout] error: expected at least one digit in exponent
[INFO] [stdout]    --> crates/aura-core/src/theme/loader.rs:126:37
[INFO] [stdout]     |
[INFO] [stdout] 126 |             r#"{"color":{"accent":"#6ee7ff","background":"#07080c"}}"#,
[INFO] [stdout]     |                                     ^^^^^^
[INFO] [stdout] 
[INFO] [stdout] 
[INFO] [stdout] error: expected at least one digit in exponent
[INFO] [stdout]    --> crates/aura-core/src/theme/loader.rs:126:37
[INFO] [stdout]     |
[INFO] [stdout] 126 |             r#"{"color":{"accent":"#6ee7ff","background":"#07080c"}}"#,
[INFO] [stdout]     |                                     ^^^^^^
[INFO] [stdout] 
[INFO] [stdout] 
[INFO] [stdout] error: expected one of `)`, `,`, `.`, `?`, or an operator, found `6ee7ff`
[INFO] [stdout]    --> crates/aura-core/src/theme/loader.rs:126:37
[INFO] [stdout]     |
[INFO] [stdout] 126 |             r#"{"color":{"accent":"#6ee7ff","background":"#07080c"}}"#,
[INFO] [stdout]     |                                     -^^^^^
[INFO] [stdout]     |                                     |
[INFO] [stdout]     |                                     expected one of `)`, `,`, `.`, `?`, or an operator
[INFO] [stdout]     |                                     help: missing `,`
[INFO] [stdout] 
[INFO] [stdout] 
[INFO] [stdout] error: expected one of `)`, `,`, `.`, `?`, or an operator, found `","background`
[INFO] [stdout]    --> crates/aura-core/src/theme/loader.rs:126:43
[INFO] [stdout]     |
[INFO] [stdout] 126 |             r#"{"color":{"accent":"#6ee7ff","background":"#07080c"}}"#,
[INFO] [stdout]     |                                           -^^^^^^^^^^^^
[INFO] [stdout]     |                                           |
[INFO] [stdout]     |                                           expected one of `)`, `,`, `.`, `?`, or an operator
[INFO] [stdout]     |                                           help: missing `,`
[INFO] [stdout] 
[INFO] [stdout] 
[INFO] [stdout] error: expected one of `)`, `,`, `.`, `?`, or an operator, found `6ee7ff`
[INFO] [stdout]    --> crates/aura-core/src/theme/loader.rs:126:37
[INFO] [stdout]     |
[INFO] [stdout] 126 |             r#"{"color":{"accent":"#6ee7ff","background":"#07080c"}}"#,
[INFO] [stdout]     |                                     -^^^^^
[INFO] [stdout]     |                                     |
[INFO] [stdout]     |                                     expected one of `)`, `,`, `.`, `?`, or an operator
[INFO] [stdout]     |                                     help: missing `,`
[INFO] [stdout] 
[INFO] [stdout] 
[INFO] [stdout] error: expected one of `)`, `,`, `.`, `?`, or an operator, found `","background`
[INFO] [stdout]    --> crates/aura-core/src/theme/loader.rs:126:43
[INFO] [stdout]     |
[INFO] [stdout] 126 |             r#"{"color":{"accent":"#6ee7ff","background":"#07080c"}}"#,
[INFO] [stdout]     |                                           -^^^^^^^^^^^^
[INFO] [stdout]     |                                           |
[INFO] [stdout]     |                                           expected one of `)`, `,`, `.`, `?`, or an operator
[INFO] [stdout]     |                                           help: missing `,`
[INFO] [stdout] 
[INFO] [stdout] 
[INFO] [stdout] error: expected one of `)`, `,`, `.`, `?`, or an operator, found `":"`
[INFO] [stdout]    --> crates/aura-core/src/theme/loader.rs:126:56
[INFO] [stdout]     |
[INFO] [stdout] 126 |             r#"{"color":{"accent":"#6ee7ff","background":"#07080c"}}"#,
[INFO] [stdout]     |                                                        -^^
[INFO] [stdout]     |                                                        |
[INFO] [stdout]     |                                                        expected one of `)`, `,`, `.`, `?`, or an operator
[INFO] [stdout]     |                                                        help: missing `,`
[INFO] [stdout] 
[INFO] [stdout] 
[INFO] [stdout] error: expected one of `)`, `,`, `.`, `?`, or an operator, found `#`
[INFO] [stdout]    --> crates/aura-core/src/theme/loader.rs:126:59
[INFO] [stdout]     |
[INFO] [stdout] 126 |             r#"{"color":{"accent":"#6ee7ff","background":"#07080c"}}"#,
[INFO] [stdout]     |                                                           ^ expected one of `)`, `,`, `.`, `?`, or an operator
[INFO] [stdout] 
[INFO] [stdout] 
[INFO] [stdout] error: expected one of `)`, `,`, `.`, `?`, or an operator, found `":"`
[INFO] [stdout]    --> crates/aura-core/src/theme/loader.rs:126:56
[INFO] [stdout]     |
[INFO] [stdout] 126 |             r#"{"color":{"accent":"#6ee7ff","background":"#07080c"}}"#,
[INFO] [stdout]     |                                                        -^^
[INFO] [stdout]     |                                                        |
[INFO] [stdout]     |                                                        expected one of `)`, `,`, `.`, `?`, or an operator
[INFO] [stdout]     |                                                        help: missing `,`
[INFO] [stdout] 
[INFO] [stdout] 
[INFO] [stdout] error: expected one of `)`, `,`, `.`, `?`, or an operator, found `#`
[INFO] [stdout]    --> crates/aura-core/src/theme/loader.rs:126:59
[INFO] [stdout]     |
[INFO] [stdout] 126 |             r#"{"color":{"accent":"#6ee7ff","background":"#07080c"}}"#,
[INFO] [stdout]     |                                                           ^ expected one of `)`, `,`, `.`, `?`, or an operator
[INFO] [stdout] 
[INFO] [stdout] 
[INFO] [stderr] 
[INFO] [stderr] thread 'rustc' (3433) panicked at /rustc-dev/3154cc1a3e6424e44f438a95007d043ed5ceaaf6/compiler/rustc_middle/src/ty/predicate.rs:498:9:
[INFO] [stderr] `<std::option::Option<_> as serde::Deserialize<'de>>` has escaping bound vars, so it cannot be wrapped in a dummy binder.
[INFO] [stderr] stack backtrace:
[INFO] [stderr]    0:     0x790bf0bfda86 - <<std[3164a59e47d3bde]::sys::backtrace::BacktraceLock>::print::DisplayBacktrace as core[934024a1e6126fb4]::fmt::Display>::fmt
[INFO] [stderr]    1:     0x790bf120b58f - core[934024a1e6126fb4]::fmt::write
[INFO] [stderr]    2:     0x790bf0c1407c - <std[3164a59e47d3bde]::sys::stdio::unix::Stderr as core[934024a1e6126fb4]::io::write::Write>::write_fmt
[INFO] [stderr]    3:     0x790bf0bced4a - std[3164a59e47d3bde]::panicking::default_hook::{closure#0}
[INFO] [stderr]    4:     0x790bf0bf12c3 - std[3164a59e47d3bde]::panicking::default_hook
[INFO] [stderr]    5:     0x790bef96d915 - std[3164a59e47d3bde]::panicking::update_hook::<alloc[b96ed41a801e996d]::boxed::Box<rustc_driver_impl[4d41c45c6d37fa8c]::install_ice_hook::{closure#1}>>::{closure#0}
[INFO] [stderr]    6:     0x790bf0bf1762 - std[3164a59e47d3bde]::panicking::panic_with_hook
[INFO] [stderr]    7:     0x790bf0bcee02 - std[3164a59e47d3bde]::panicking::panic_handler::{closure#0}
[INFO] [stderr]    8:     0x790bf0bc63a9 - std[3164a59e47d3bde]::sys::backtrace::__rust_end_short_backtrace::<std[3164a59e47d3bde]::panicking::panic_handler::{closure#0}, !>
[INFO] [stderr]    9:     0x790bf0bd09dd - __rustc[2e7b49d4226056d3]::rust_begin_unwind
[INFO] [stderr]   10:     0x790bed645a5c - core[934024a1e6126fb4]::panicking::panic_fmt
[INFO] [stderr]   11:     0x790bf360ad10 - <rustc_middle[9749cded0b0e17c3]::ty::predicate::Predicate as rustc_type_ir[aff52ad0bd0f686]::upcast::UpcastFrom<rustc_middle[9749cded0b0e17c3]::ty::context::TyCtxt, rustc_type_ir[aff52ad0bd0f686]::predicate::TraitRef<rustc_middle[9749cded0b0e17c3]::ty::context::TyCtxt>>>::upcast_from.cold
[INFO] [stderr]   12:     0x790bf27a7e72 - <rustc_infer[378f9c2af57772fb]::traits::Obligation<rustc_middle[9749cded0b0e17c3]::ty::predicate::Predicate>>::with_depth::<rustc_type_ir[aff52ad0bd0f686]::predicate::TraitRef<rustc_middle[9749cded0b0e17c3]::ty::context::TyCtxt>>
[INFO] [stderr]   13:     0x790bf09d2290 - <rustc_trait_selection[579280d4a5e4d181]::error_reporting::TypeErrCtxt>::is_truly_imperfect_derive
[INFO] [stderr]   14:     0x790bf08a684c - <rustc_trait_selection[579280d4a5e4d181]::error_reporting::TypeErrCtxt>::note_obligation_cause_code_inner::<rustc_middle[9749cded0b0e17c3]::ty::predicate::Predicate>
[INFO] [stderr]   15:     0x790bf088bcd6 - <rustc_trait_selection[579280d4a5e4d181]::error_reporting::TypeErrCtxt>::note_obligation_cause_code::<rustc_middle[9749cded0b0e17c3]::ty::predicate::Predicate>
[INFO] [stderr]   16:     0x790bf098e4fe - <rustc_trait_selection[579280d4a5e4d181]::error_reporting::TypeErrCtxt>::note_obligation_cause
[INFO] [stderr]   17:     0x790bf097b26b - <rustc_trait_selection[579280d4a5e4d181]::error_reporting::TypeErrCtxt>::report_selection_error
[INFO] [stderr]   18:     0x790bf09a27c9 - <rustc_trait_selection[579280d4a5e4d181]::error_reporting::TypeErrCtxt>::report_fulfillment_error
[INFO] [stderr]   19:     0x790bef153ff0 - <rustc_trait_selection[579280d4a5e4d181]::error_reporting::TypeErrCtxt>::report_fulfillment_errors
[INFO] [stderr]   20:     0x790bf1454548 - <rustc_hir_typeck[52f5caf1595d1c05]::fn_ctxt::FnCtxt>::lookup_op_method
[INFO] [stderr]   21:     0x790bf14358e4 - <rustc_hir_typeck[52f5caf1595d1c05]::fn_ctxt::FnCtxt>::check_user_unop
[INFO] [stderr]   22:     0x790bf14a7315 - <rustc_hir_typeck[52f5caf1595d1c05]::fn_ctxt::FnCtxt>::check_expr_unop
[INFO] [stderr]   23:     0x790bf14aa3d9 - <rustc_hir_typeck[52f5caf1595d1c05]::fn_ctxt::FnCtxt>::check_expr_with_expectation_and_args
[INFO] [stderr]   24:     0x790bf14a15eb - <rustc_hir_typeck[52f5caf1595d1c05]::fn_ctxt::FnCtxt>::check_expr_if
[INFO] [stderr]   25:     0x790bf14aa2a8 - <rustc_hir_typeck[52f5caf1595d1c05]::fn_ctxt::FnCtxt>::check_expr_with_expectation_and_args
[INFO] [stderr]   26:     0x790bf149bf11 - <rustc_hir_typeck[52f5caf1595d1c05]::fn_ctxt::FnCtxt>::check_expr_block
[INFO] [stderr]   27:     0x790bf14a8dc9 - <rustc_hir_typeck[52f5caf1595d1c05]::fn_ctxt::FnCtxt>::check_expr_with_expectation_and_args
[INFO] [stderr]   28:     0x790bf1473716 - rustc_hir_typeck[52f5caf1595d1c05]::check::check_fn
[INFO] [stderr]   29:     0x790bf2645da8 - rustc_hir_typeck[52f5caf1595d1c05]::typeck_with_inspect::{closure#0}
[INFO] [stderr]   30:     0x790bf26441f0 - rustc_query_impl[d183d205595bb26e]::query_vtables::typeck_root::invoke_provider_fn::__rust_begin_short_backtrace
[INFO] [stderr]   31:     0x790bf17a1fd3 - rustc_query_impl[d183d205595bb26e]::execution::try_execute_query::<rustc_data_structures[beb512ccbba93d65]::vec_cache::VecCache<rustc_span[86848bd09168975a]::def_id::LocalDefId, rustc_middle[9749cded0b0e17c3]::query::erase::ErasedData<[u8; 8usize]>, rustc_middle[9749cded0b0e17c3]::dep_graph::graph::DepNodeIndex>, false>
[INFO] [stderr]   32:     0x790bf17a1c27 - rustc_query_impl[d183d205595bb26e]::query_vtables::typeck_root::execute_query_non_incr::__rust_end_short_backtrace
[INFO] [stderr]   33:     0x790bf1916634 - <rustc_middle[9749cded0b0e17c3]::ty::context::TyCtxt>::par_hir_body_owners::<rustc_hir_analysis[13793032b16b77dc]::check_crate::{closure#1}>::{closure#0}
[INFO] [stderr]   34:     0x790bf1915ce5 - rustc_hir_analysis[13793032b16b77dc]::check_crate
[INFO] [stderr]   35:     0x790bf179e8b9 - rustc_interface[7316318c9ebc3ad]::passes::analysis
[INFO] [stderr]   36:     0x790bf241b847 - rustc_query_impl[d183d205595bb26e]::execution::try_execute_query::<rustc_middle[9749cded0b0e17c3]::query::caches::SingleCache<rustc_middle[9749cded0b0e17c3]::query::erase::ErasedData<[u8; 0usize]>>, false>
[INFO] [stderr]   37:     0x790bf241b62b - rustc_query_impl[d183d205595bb26e]::query_vtables::analysis::execute_query_non_incr::__rust_end_short_backtrace
[INFO] [stderr]   38:     0x790bf24e1490 - rustc_interface[7316318c9ebc3ad]::interface::run_compiler::<(), rustc_driver_impl[4d41c45c6d37fa8c]::compiler_entrypoint::{closure#0}>::{closure#2}
[INFO] [stderr]   39:     0x790bf2511782 - std[3164a59e47d3bde]::sys::backtrace::__rust_begin_short_backtrace::<rustc_interface[7316318c9ebc3ad]::util::run_in_thread_with_globals<rustc_interface[7316318c9ebc3ad]::util::run_in_thread_pool_with_globals<rustc_interface[7316318c9ebc3ad]::interface::run_compiler<(), rustc_driver_impl[4d41c45c6d37fa8c]::compiler_entrypoint::{closure#0}>::{closure#2}, ()>::{closure#0}, ()>::{closure#0}::{closure#0}, ()>
[INFO] [stderr]   40:     0x790bf251152d - <std[3164a59e47d3bde]::thread::lifecycle::spawn_unchecked<rustc_interface[7316318c9ebc3ad]::util::run_in_thread_with_globals<rustc_interface[7316318c9ebc3ad]::util::run_in_thread_pool_with_globals<rustc_interface[7316318c9ebc3ad]::interface::run_compiler<(), rustc_driver_impl[4d41c45c6d37fa8c]::compiler_entrypoint::{closure#0}>::{closure#2}, ()>::{closure#0}, ()>::{closure#0}::{closure#0}, ()>::{closure#1} as core[934024a1e6126fb4]::ops::function::FnOnce<()>>::call_once::{shim:vtable#0}
[INFO] [stderr]   41:     0x790bf250fa5b - <std[3164a59e47d3bde]::sys::thread::unix::Thread>::new::thread_start
[INFO] [stderr]   42:     0x790beb682dfa - <unknown>
[INFO] [stderr]   43:     0x790beb7163d4 - clone
[INFO] [stderr]   44:                0x0 - <unknown>
[INFO] [stderr] 
[INFO] [stderr] error: the compiler unexpectedly panicked. This is a bug
[INFO] [stderr] 
[INFO] [stderr] note: we would appreciate a bug report: https://github.com/rust-lang/rust/issues/new?labels=C-bug%2C+I-ICE%2C+T-compiler&template=ice.md
[INFO] [stderr] 
[INFO] [stderr] note: please make sure that you have updated to the latest nightly
[INFO] [stderr] 
[INFO] [stderr] warning: the ICE couldn't be written to `/opt/rustwide/workdir/rustc-ice-2026-10-11T05_36_59-3430.txt`: Read-only file system (os error 30)
[INFO] [stderr] 
[INFO] [stderr] note: rustc 1.101.0-nightly (3154cc1a3 2026-10-09) running on x86_64-unknown-linux-gnu
[INFO] [stderr] 
[INFO] [stderr] note: compiler flags: --crate-type lib -C embed-bitcode=no -C debuginfo=2 -Z next-solver=coherence
[INFO] [stderr] 
[INFO] [stderr] note: some of the compiler flags provided by cargo are hidden
[INFO] [stderr] 
[INFO] [stderr] query stack during panic:
[INFO] [stderr] #0 [typeck_root] type-checking `artwork::steamgriddb::<impl at crates/aura-core/src/artwork/steamgriddb.rs:67:1: 67:24>::get`
[INFO] [stderr] #1 [analysis] running analysis passes on crate `aura_core`
[INFO] [stderr] end of query stack
[INFO] [stderr] 
[INFO] [stderr] thread 'rustc' (3435) panicked at /rustc-dev/3154cc1a3e6424e44f438a95007d043ed5ceaaf6/compiler/rustc_middle/src/ty/predicate.rs:498:9:
[INFO] [stderr] `<std::option::Option<_> as serde::Deserialize<'de>>` has escaping bound vars, so it cannot be wrapped in a dummy binder.
[INFO] [stderr] stack backtrace:
[INFO] [stderr]    0:     0x786c82ffda86 - <<std[3164a59e47d3bde]::sys::backtrace::BacktraceLock>::print::DisplayBacktrace as core[934024a1e6126fb4]::fmt::Display>::fmt
[INFO] [stderr]    1:     0x786c8360b58f - core[934024a1e6126fb4]::fmt::write
[INFO] [stderr]    2:     0x786c8301407c - <std[3164a59e47d3bde]::sys::stdio::unix::Stderr as core[934024a1e6126fb4]::io::write::Write>::write_fmt
[INFO] [stderr]    3:     0x786c82fced4a - std[3164a59e47d3bde]::panicking::default_hook::{closure#0}
[INFO] [stderr]    4:     0x786c82ff12c3 - std[3164a59e47d3bde]::panicking::default_hook
[INFO] [stderr]    5:     0x786c81d6d915 - std[3164a59e47d3bde]::panicking::update_hook::<alloc[b96ed41a801e996d]::boxed::Box<rustc_driver_impl[4d41c45c6d37fa8c]::install_ice_hook::{closure#1}>>::{closure#0}
[INFO] [stderr]    6:     0x786c82ff1762 - std[3164a59e47d3bde]::panicking::panic_with_hook
[INFO] [stderr]    7:     0x786c82fcee02 - std[3164a59e47d3bde]::panicking::panic_handler::{closure#0}
[INFO] [stderr]    8:     0x786c82fc63a9 - std[3164a59e47d3bde]::sys::backtrace::__rust_end_short_backtrace::<std[3164a59e47d3bde]::panicking::panic_handler::{closure#0}, !>
[INFO] [stderr]    9:     0x786c82fd09dd - __rustc[2e7b49d4226056d3]::rust_begin_unwind
[INFO] [stderr]   10:     0x786c7fa45a5c - core[934024a1e6126fb4]::panicking::panic_fmt
[INFO] [stderr]   11:     0x786c85a0ad10 - <rustc_middle[9749cded0b0e17c3]::ty::predicate::Predicate as rustc_type_ir[aff52ad0bd0f686]::upcast::UpcastFrom<rustc_middle[9749cded0b0e17c3]::ty::context::TyCtxt, rustc_type_ir[aff52ad0bd0f686]::predicate::TraitRef<rustc_middle[9749cded0b0e17c3]::ty::context::TyCtxt>>>::upcast_from.cold
[INFO] [stderr]   12:     0x786c84ba7e72 - <rustc_infer[378f9c2af57772fb]::traits::Obligation<rustc_middle[9749cded0b0e17c3]::ty::predicate::Predicate>>::with_depth::<rustc_type_ir[aff52ad0bd0f686]::predicate::TraitRef<rustc_middle[9749cded0b0e17c3]::ty::context::TyCtxt>>
[INFO] [stderr]   13:     0x786c82dd2290 - <rustc_trait_selection[579280d4a5e4d181]::error_reporting::TypeErrCtxt>::is_truly_imperfect_derive
[INFO] [stderr]   14:     0x786c82ca684c - <rustc_trait_selection[579280d4a5e4d181]::error_reporting::TypeErrCtxt>::note_obligation_cause_code_inner::<rustc_middle[9749cded0b0e17c3]::ty::predicate::Predicate>
[INFO] [stderr]   15:     0x786c82c8bcd6 - <rustc_trait_selection[579280d4a5e4d181]::error_reporting::TypeErrCtxt>::note_obligation_cause_code::<rustc_middle[9749cded0b0e17c3]::ty::predicate::Predicate>
[INFO] [stderr]   16:     0x786c82d8e4fe - <rustc_trait_selection[579280d4a5e4d181]::error_reporting::TypeErrCtxt>::note_obligation_cause
[INFO] [stderr]   17:     0x786c82d7b26b - <rustc_trait_selection[579280d4a5e4d181]::error_reporting::TypeErrCtxt>::report_selection_error
[INFO] [stderr]   18:     0x786c82da27c9 - <rustc_trait_selection[579280d4a5e4d181]::error_reporting::TypeErrCtxt>::report_fulfillment_error
[INFO] [stderr]   19:     0x786c81553ff0 - <rustc_trait_selection[579280d4a5e4d181]::error_reporting::TypeErrCtxt>::report_fulfillment_errors
[INFO] [stderr]   20:     0x786c83854548 - <rustc_hir_typeck[52f5caf1595d1c05]::fn_ctxt::FnCtxt>::lookup_op_method
[INFO] [stderr]   21:     0x786c838358e4 - <rustc_hir_typeck[52f5caf1595d1c05]::fn_ctxt::FnCtxt>::check_user_unop
[INFO] [stderr]   22:     0x786c838a7315 - <rustc_hir_typeck[52f5caf1595d1c05]::fn_ctxt::FnCtxt>::check_expr_unop
[INFO] [stderr]   23:     0x786c838aa3d9 - <rustc_hir_typeck[52f5caf1595d1c05]::fn_ctxt::FnCtxt>::check_expr_with_expectation_and_args
[INFO] [stderr]   24:     0x786c838a15eb - <rustc_hir_typeck[52f5caf1595d1c05]::fn_ctxt::FnCtxt>::check_expr_if
[INFO] [stderr]   25:     0x786c838aa2a8 - <rustc_hir_typeck[52f5caf1595d1c05]::fn_ctxt::FnCtxt>::check_expr_with_expectation_and_args
[INFO] [stderr]   26:     0x786c8389bf11 - <rustc_hir_typeck[52f5caf1595d1c05]::fn_ctxt::FnCtxt>::check_expr_block
[INFO] [stderr]   27:     0x786c838a8dc9 - <rustc_hir_typeck[52f5caf1595d1c05]::fn_ctxt::FnCtxt>::check_expr_with_expectation_and_args
[INFO] [stderr]   28:     0x786c83873716 - rustc_hir_typeck[52f5caf1595d1c05]::check::check_fn
[INFO] [stderr]   29:     0x786c84a45da8 - rustc_hir_typeck[52f5caf1595d1c05]::typeck_with_inspect::{closure#0}
[INFO] [stderr]   30:     0x786c84a441f0 - rustc_query_impl[d183d205595bb26e]::query_vtables::typeck_root::invoke_provider_fn::__rust_begin_short_backtrace
[INFO] [stderr]   31:     0x786c83ba1fd3 - rustc_query_impl[d183d205595bb26e]::execution::try_execute_query::<rustc_data_structures[beb512ccbba93d65]::vec_cache::VecCache<rustc_span[86848bd09168975a]::def_id::LocalDefId, rustc_middle[9749cded0b0e17c3]::query::erase::ErasedData<[u8; 8usize]>, rustc_middle[9749cded0b0e17c3]::dep_graph::graph::DepNodeIndex>, false>
[INFO] [stderr]   32:     0x786c83ba1c27 - rustc_query_impl[d183d205595bb26e]::query_vtables::typeck_root::execute_query_non_incr::__rust_end_short_backtrace
[INFO] [stderr]   33:     0x786c83d16634 - <rustc_middle[9749cded0b0e17c3]::ty::context::TyCtxt>::par_hir_body_owners::<rustc_hir_analysis[13793032b16b77dc]::check_crate::{closure#1}>::{closure#0}
[INFO] [stderr]   34:     0x786c83d15ce5 - rustc_hir_analysis[13793032b16b77dc]::check_crate
[INFO] [stderr]   35:     0x786c83b9e8b9 - rustc_interface[7316318c9ebc3ad]::passes::analysis
[INFO] [stderr]   36:     0x786c8481b847 - rustc_query_impl[d183d205595bb26e]::execution::try_execute_query::<rustc_middle[9749cded0b0e17c3]::query::caches::SingleCache<rustc_middle[9749cded0b0e17c3]::query::erase::ErasedData<[u8; 0usize]>>, false>
[INFO] [stderr]   37:     0x786c8481b62b - rustc_query_impl[d183d205595bb26e]::query_vtables::analysis::execute_query_non_incr::__rust_end_short_backtrace
[INFO] [stderr]   38:     0x786c848e1490 - rustc_interface[7316318c9ebc3ad]::interface::run_compiler::<(), rustc_driver_impl[4d41c45c6d37fa8c]::compiler_entrypoint::{closure#0}>::{closure#2}
[INFO] [stderr]   39:     0x786c84911782 - std[3164a59e47d3bde]::sys::backtrace::__rust_begin_short_backtrace::<rustc_interface[7316318c9ebc3ad]::util::run_in_thread_with_globals<rustc_interface[7316318c9ebc3ad]::util::run_in_thread_pool_with_globals<rustc_interface[7316318c9ebc3ad]::interface::run_compiler<(), rustc_driver_impl[4d41c45c6d37fa8c]::compiler_entrypoint::{closure#0}>::{closure#2}, ()>::{closure#0}, ()>::{closure#0}::{closure#0}, ()>
[INFO] [stderr]   40:     0x786c8491152d - <std[3164a59e47d3bde]::thread::lifecycle::spawn_unchecked<rustc_interface[7316318c9ebc3ad]::util::run_in_thread_with_globals<rustc_interface[7316318c9ebc3ad]::util::run_in_thread_pool_with_globals<rustc_interface[7316318c9ebc3ad]::interface::run_compiler<(), rustc_driver_impl[4d41c45c6d37fa8c]::compiler_entrypoint::{closure#0}>::{closure#2}, ()>::{closure#0}, ()>::{closure#0}::{closure#0}, ()>::{closure#1} as core[934024a1e6126fb4]::ops::function::FnOnce<()>>::call_once::{shim:vtable#0}
[INFO] [stderr]   41:     0x786c8490fa5b - <std[3164a59e47d3bde]::sys::thread::unix::Thread>::new::thread_start
[INFO] [stderr]   42:     0x786c7da82dfa - <unknown>
[INFO] [stderr]   43:     0x786c7db163d4 - clone
[INFO] [stderr]   44:                0x0 - <unknown>
[INFO] [stderr] 
[INFO] [stderr] error: the compiler unexpectedly panicked. This is a bug
[INFO] [stderr] 
[INFO] [stderr] note: we would appreciate a bug report: https://github.com/rust-lang/rust/issues/new?labels=C-bug%2C+I-ICE%2C+T-compiler&template=ice.md
[INFO] [stderr] 
[INFO] [stderr] note: please make sure that you have updated to the latest nightly
[INFO] [stderr] 
[INFO] [stderr] warning: the ICE couldn't be written to `/opt/rustwide/workdir/rustc-ice-2026-10-11T05_36_59-3431.txt`: Read-only file system (os error 30)
[INFO] [stderr] 
[INFO] [stderr] note: rustc 1.101.0-nightly (3154cc1a3 2026-10-09) running on x86_64-unknown-linux-gnu
[INFO] [stderr] 
[INFO] [stderr] note: compiler flags: -C embed-bitcode=no -C debuginfo=2 -Z next-solver=coherence
[INFO] [stderr] 
[INFO] [stderr] note: some of the compiler flags provided by cargo are hidden
[INFO] [stderr] 
[INFO] [stderr] query stack during panic:
[INFO] [stderr] #0 [typeck_root] type-checking `artwork::steamgriddb::<impl at crates/aura-core/src/artwork/steamgriddb.rs:67:1: 67:24>::get`
[INFO] [stderr] #1 [analysis] running analysis passes on crate `aura_core`
[INFO] [stderr] end of query stack
[INFO] [stdout] error[E0277]: the trait bound `steamgriddb::SgdbGame: Default` is not satisfied
[INFO] [stdout]     --> crates/aura-core/src/artwork/steamgriddb.rs:199:13
[INFO] [stdout]      |
[INFO] [stdout]  199 |             serde_json::from_str(r#"{"success":true,"data":{"id":1234,"name":"Portal 2"}}"#)
[INFO] [stdout]      |             ^^^^^^^^^^^^^^^^^^^^^^^^^^^^^^^^^^^^^^^^^^^^^^^^^^^^^^^^^^^^^^^^^^^^^^^^^^^^^^^^ the trait `Default` is not implemented for `steamgriddb::SgdbGame`
[INFO] [stdout]      |
[INFO] [stdout] help: the trait `Deserialize<'_>` is conditionally implemented for `steamgriddb::SgdbResponse<T>`
[INFO] [stdout]     --> crates/aura-core/src/artwork/steamgriddb.rs:37:17
[INFO] [stdout]      |
[INFO] [stdout]   37 | #[derive(Debug, Deserialize)]
[INFO] [stdout]      |                 ^^^^^^^^^^^ unsatisfied requirement introduced here: `steamgriddb::SgdbGame: Default`
[INFO] [stdout] note: required for `steamgriddb::SgdbResponse<steamgriddb::SgdbGame>` to implement `Deserialize<'_>`
[INFO] [stdout]     --> crates/aura-core/src/artwork/steamgriddb.rs:38:8
[INFO] [stdout]      |
[INFO] [stdout]   37 | #[derive(Debug, Deserialize)]
[INFO] [stdout]      |                 ----------- type parameter would need to implement `Deserialize<'_>`
[INFO] [stdout]   38 | struct SgdbResponse<T> {
[INFO] [stdout]      |        ^^^^^^^^^^^^^^^
[INFO] [stdout]      = help: consider manually implementing `Deserialize<'_>` to avoid undesired bounds caused by "imperfect derives"
[INFO] [stdout]      = note: to learn more, visit <https://github.com/rust-lang/rust/issues/26925>
[INFO] [stdout] note: required by a bound in `serde_json::from_str`
[INFO] [stdout]     --> /opt/rustwide/cargo-home/registry/src/index.crates.io-1949cf8c6b5b557f/serde_json-1.0.151/src/de.rs:2711:8
[INFO] [stdout]      |
[INFO] [stdout] 2709 | pub fn from_str<'a, T>(s: &'a str) -> Result<T>
[INFO] [stdout] 2710 | where
[INFO] [stdout] 2711 |     T: de::Deserialize<'a>,
[INFO] [stdout]      |        ^^^^^^^^^^^^^^^^^^^ required by this bound in `from_str`
[INFO] [stdout]      = note: this error originates in the derive macro `Deserialize` (in Nightly builds, run with -Z macro-backtrace for more info)
[INFO] [stdout] help: consider annotating `steamgriddb::SgdbGame` with `#[derive(Default)]`
[INFO] [stdout]      |
[INFO] [stdout]   48 + #[derive(Default)]
[INFO] [stdout]   49 | struct SgdbGame {
[INFO] [stdout]      |
[INFO] [stdout] 
[INFO] [stdout] 
[INFO] [stderr] error: could not compile `aura-core` (lib) due to 7 previous errors
[INFO] [stderr] warning: build failed, waiting for other jobs to finish...
[INFO] [stdout] For more information about this error, try `rustc --explain E0277`.
[INFO] [stdout] 
[INFO] [stderr] error: could not compile `aura-core` (lib test) due to 8 previous errors
[INFO] running `Command { std: "docker" "inspect" "a3b7efb472a80a3f2281494df2517d1f0f5ad827ebb7c896270c9fca8d3e3cf7", kill_on_drop: false }`
[INFO] running `Command { std: "docker" "rm" "-f" "a3b7efb472a80a3f2281494df2517d1f0f5ad827ebb7c896270c9fca8d3e3cf7", kill_on_drop: false }`
[INFO] [stdout] a3b7efb472a80a3f2281494df2517d1f0f5ad827ebb7c896270c9fca8d3e3cf7
