[INFO] cloning repository https://github.com/oldflag2333333/rust-zero-to-pro
[INFO] running `Command { std: "git" "-c" "credential.helper=" "-c" "credential.helper=/workspace/cargo-home/bin/git-credential-null" "clone" "--bare" "https://github.com/oldflag2333333/rust-zero-to-pro" "/workspace/cache/git-repos/https%3A%2F%2Fgithub.com%2Foldflag2333333%2Frust-zero-to-pro", kill_on_drop: false }`
[INFO] [stderr] Cloning into bare repository '/workspace/cache/git-repos/https%3A%2F%2Fgithub.com%2Foldflag2333333%2Frust-zero-to-pro'...
[INFO] running `Command { std: "git" "rev-parse" "HEAD", kill_on_drop: false }`
[INFO] [stdout] 1511916c567a9116df5e372707239030bb63e2a9
[INFO] checking oldflag2333333/rust-zero-to-pro against 3154cc1a3e6424e44f438a95007d043ed5ceaaf6+rustflags=-Znext-solver=coherence for pr-133502-30
[INFO] running `Command { std: "git" "clone" "/workspace/cache/git-repos/https%3A%2F%2Fgithub.com%2Foldflag2333333%2Frust-zero-to-pro" "/workspace/builds/worker-7-tc1/source", kill_on_drop: false }`
[INFO] [stderr] Cloning into '/workspace/builds/worker-7-tc1/source'...
[INFO] [stderr] done.
[INFO] started tweaking git repo https://github.com/oldflag2333333/rust-zero-to-pro
[INFO] finished tweaking git repo https://github.com/oldflag2333333/rust-zero-to-pro
[INFO] tweaked toml for git repo https://github.com/oldflag2333333/rust-zero-to-pro written to /workspace/builds/worker-7-tc1/source/Cargo.toml
[INFO] validating manifest of git repo https://github.com/oldflag2333333/rust-zero-to-pro on toolchain 3154cc1a3e6424e44f438a95007d043ed5ceaaf6
[INFO] running `Command { std: CARGO_HOME="/workspace/cargo-home" RUSTUP_HOME="/workspace/rustup-home" "/workspace/cargo-home/bin/cargo" "+3154cc1a3e6424e44f438a95007d043ed5ceaaf6" "metadata" "--manifest-path" "Cargo.toml" "--no-deps", kill_on_drop: false }`
[INFO] crate git repo https://github.com/oldflag2333333/rust-zero-to-pro already has a lockfile, it will not be regenerated
[INFO] running `Command { std: CARGO_HOME="/workspace/cargo-home" RUSTUP_HOME="/workspace/rustup-home" "/workspace/cargo-home/bin/cargo" "+3154cc1a3e6424e44f438a95007d043ed5ceaaf6" "fetch" "--manifest-path" "Cargo.toml", kill_on_drop: false }`
[INFO] [stderr] warning: unused field `license` in `workspace.package`
[INFO] [stderr]   --> Cargo.toml:11:1
[INFO] [stderr]    |
[INFO] [stderr] 11 | license = "MIT OR Apache-2.0"
[INFO] [stderr]    | ^^^^^^^
[INFO] [stderr]    |
[INFO] [stderr]    = note: `cargo::unused_workspace_package_fields` is set to `warn` by default
[INFO] [stderr] help: consider removing the field `workspace.package.license`
[INFO] [stderr] warning: workspace (manifest) generated 1 warning
[INFO] running `Command { std: "docker" "create" "-v" "/var/lib/crater-agent-workspace/builds/worker-7-tc1/source:/opt/rustwide/workdir:ro,Z" "-v" "/var/lib/crater-agent-workspace/builds/worker-7-tc1/target:/opt/rustwide/target:rw,Z" "-v" "/var/lib/crater-agent-workspace/cargo-home:/opt/rustwide/cargo-home:ro,Z" "-v" "/var/lib/crater-agent-workspace/rustup-home:/opt/rustwide/rustup-home:ro,Z" "-m" "1610612736" "--network" "none" "ghcr.io/rust-lang/crates-build-env/linux@sha256:77db811e55d90add9212f6832c23229e3de5f1c1f9905e8cb07319ea15df73ac" "sleep" "infinity", kill_on_drop: false }`
[INFO] [stdout] c2394130ad509299c004daeb37896776f40aa63ae80180b749451278b1c8b3e5
[INFO] running `Command { std: "docker" "start" "c2394130ad509299c004daeb37896776f40aa63ae80180b749451278b1c8b3e5", kill_on_drop: false }`
[INFO] running `Command { std: "docker" "inspect" "c2394130ad509299c004daeb37896776f40aa63ae80180b749451278b1c8b3e5", kill_on_drop: false }`
[INFO] running `Command { std: "docker" "exec" "-e" "SOURCE_DIR=/opt/rustwide/workdir" "-e" "CARGO_HOME=/opt/rustwide/cargo-home" "-e" "RUSTUP_HOME=/opt/rustwide/rustup-home" "-e" "CARGO_TARGET_DIR=/opt/rustwide/target" "-w" "/opt/rustwide/workdir" "--user" "0:0" "c2394130ad509299c004daeb37896776f40aa63ae80180b749451278b1c8b3e5" "/opt/rustwide/cargo-home/bin/cargo" "+3154cc1a3e6424e44f438a95007d043ed5ceaaf6" "metadata" "--no-deps" "--format-version=1", kill_on_drop: false }`
[INFO] running `Command { std: "docker" "inspect" "c2394130ad509299c004daeb37896776f40aa63ae80180b749451278b1c8b3e5", kill_on_drop: false }`
[INFO] running `Command { std: "docker" "exec" "-e" "SOURCE_DIR=/opt/rustwide/workdir" "-e" "CARGO_HOME=/opt/rustwide/cargo-home" "-e" "RUSTUP_HOME=/opt/rustwide/rustup-home" "-e" "CARGO_TARGET_DIR=/opt/rustwide/target" "-e" "CARGO_INCREMENTAL=0" "-e" "RUST_BACKTRACE=full" "-e" "RUSTFLAGS=--cap-lints=forbid -Znext-solver=coherence" "-e" "RUSTDOCFLAGS=--cap-lints=forbid" "-w" "/opt/rustwide/workdir" "--user" "0:0" "c2394130ad509299c004daeb37896776f40aa63ae80180b749451278b1c8b3e5" "/opt/rustwide/cargo-home/bin/cargo" "+3154cc1a3e6424e44f438a95007d043ed5ceaaf6" "check" "--frozen" "--all" "--all-targets" "--message-format=json", kill_on_drop: false }`
[INFO] [stderr] warning: unused field `license` in `workspace.package`
[INFO] [stderr]   --> Cargo.toml:11:1
[INFO] [stderr]    |
[INFO] [stderr] 11 | license = "MIT OR Apache-2.0"
[INFO] [stderr]    | ^^^^^^^
[INFO] [stderr]    |
[INFO] [stderr]    = note: `cargo::unused_workspace_package_fields` is set to `warn` by default
[INFO] [stderr] help: consider removing the field `workspace.package.license`
[INFO] [stderr] warning: workspace (manifest) generated 1 warning
[INFO] [stderr]     Checking stage07 v0.1.0 (/opt/rustwide/workdir/exercises/07-smart-pointers)
[INFO] [stderr]     Checking stage00 v0.1.0 (/opt/rustwide/workdir/exercises/00-first-steps)
[INFO] [stderr]     Checking stage08 v0.1.0 (/opt/rustwide/workdir/exercises/08-concurrency)
[INFO] [stderr]     Checking stage01 v0.1.0 (/opt/rustwide/workdir/exercises/01-basics)
[INFO] [stderr]     Checking stage02 v0.1.0 (/opt/rustwide/workdir/exercises/02-ownership)
[INFO] [stderr]     Checking stage03 v0.1.0 (/opt/rustwide/workdir/exercises/03-data-model)
[INFO] [stderr]     Checking stage04 v0.1.0 (/opt/rustwide/workdir/exercises/04-collections-iterators)
[INFO] [stderr]    Compiling syn v3.0.3
[INFO] [stderr]     Checking stage10 v0.1.0 (/opt/rustwide/workdir/exercises/10-unsafe)
[INFO] [stdout] warning: unused variable: `slice`
[INFO] [stdout]  --> exercises/10-unsafe/src/lib.rs:9:23
[INFO] [stdout]   |
[INFO] [stdout] 9 | pub fn get_two_mut<T>(slice: &mut [T], first: usize, second: usize) -> Option<(&mut T, &mut T)> {
[INFO] [stdout]   |                       ^^^^^ help: if this is intentional, prefix it with an underscore: `_slice`
[INFO] [stdout]   |
[INFO] [stdout]   = note: `#[warn(unused_variables)]` (part of `#[warn(unused)]`) on by default
[INFO] [stdout] 
[INFO] [stdout] 
[INFO] [stdout] warning: unused import: `mpsc`
[INFO] [stdout]  --> exercises/08-concurrency/src/lib.rs:5:24
[INFO] [stdout]   |
[INFO] [stdout] 5 |     sync::{Arc, Mutex, mpsc},
[INFO] [stdout]   |                        ^^^^
[INFO] [stdout]   |
[INFO] [stdout]   = note: `#[warn(unused_imports)]` (part of `#[warn(unused)]`) on by default
[INFO] [stdout] 
[INFO] [stdout] 
[INFO] [stdout] warning: unused variable: `first`
[INFO] [stdout]  --> exercises/10-unsafe/src/lib.rs:9:40
[INFO] [stdout]   |
[INFO] [stdout] 9 | pub fn get_two_mut<T>(slice: &mut [T], first: usize, second: usize) -> Option<(&mut T, &mut T)> {
[INFO] [stdout]   |                                        ^^^^^ help: if this is intentional, prefix it with an underscore: `_first`
[INFO] [stdout] 
[INFO] [stdout] 
[INFO] [stdout] warning: unused variable: `second`
[INFO] [stdout]  --> exercises/10-unsafe/src/lib.rs:9:54
[INFO] [stdout]   |
[INFO] [stdout] 9 | pub fn get_two_mut<T>(slice: &mut [T], first: usize, second: usize) -> Option<(&mut T, &mut T)> {
[INFO] [stdout]   |                                                      ^^^^^^ help: if this is intentional, prefix it with an underscore: `_second`
[INFO] [stdout] 
[INFO] [stdout] 
[INFO] [stdout] warning: unused variable: `value`
[INFO] [stdout]   --> exercises/10-unsafe/src/lib.rs:19:16
[INFO] [stdout]    |
[INFO] [stdout] 19 |     pub fn new(value: T) -> Self {
[INFO] [stdout]    |                ^^^^^ help: if this is intentional, prefix it with an underscore: `_value`
[INFO] [stdout] 
[INFO] [stdout] 
[INFO] [stdout] warning: unused variable: `pointer`
[INFO] [stdout]   --> exercises/10-unsafe/src/lib.rs:50:31
[INFO] [stdout]    |
[INFO] [stdout] 50 | pub unsafe fn bytes_until_nul(pointer: *const u8, max: usize) -> Vec<u8> {
[INFO] [stdout]    |                               ^^^^^^^ help: if this is intentional, prefix it with an underscore: `_pointer`
[INFO] [stdout] 
[INFO] [stdout] 
[INFO] [stdout] warning: unused variable: `max`
[INFO] [stdout]   --> exercises/10-unsafe/src/lib.rs:50:51
[INFO] [stdout]    |
[INFO] [stdout] 50 | pub unsafe fn bytes_until_nul(pointer: *const u8, max: usize) -> Vec<u8> {
[INFO] [stdout]    |                                                   ^^^ help: if this is intentional, prefix it with an underscore: `_max`
[INFO] [stdout] 
[INFO] [stdout] 
[INFO] [stderr]     Checking stage05 v0.1.0 (/opt/rustwide/workdir/exercises/05-errors)
[INFO] [stdout] warning: unused variable: `values`
[INFO] [stdout]   --> exercises/08-concurrency/src/lib.rs:10:21
[INFO] [stdout]    |
[INFO] [stdout] 10 | pub fn parallel_sum(values: &[u64], workers: usize) -> u64 {
[INFO] [stdout]    |                     ^^^^^^ help: if this is intentional, prefix it with an underscore: `_values`
[INFO] [stdout]    |
[INFO] [stdout]    = note: `#[warn(unused_variables)]` (part of `#[warn(unused)]`) on by default
[INFO] [stdout] 
[INFO] [stdout] 
[INFO] [stdout] warning: unused variable: `workers`
[INFO] [stdout]   --> exercises/08-concurrency/src/lib.rs:10:37
[INFO] [stdout]    |
[INFO] [stdout] 10 | pub fn parallel_sum(values: &[u64], workers: usize) -> u64 {
[INFO] [stdout]    |                                     ^^^^^^^ help: if this is intentional, prefix it with an underscore: `_workers`
[INFO] [stdout] 
[INFO] [stdout] 
[INFO] [stdout] warning: unused variable: `values`
[INFO] [stdout]   --> exercises/08-concurrency/src/lib.rs:15:28
[INFO] [stdout]    |
[INFO] [stdout] 15 | pub fn lengths_via_channel(values: Vec<String>) -> Vec<usize> {
[INFO] [stdout]    |                            ^^^^^^ help: if this is intentional, prefix it with an underscore: `_values`
[INFO] [stdout] 
[INFO] [stdout] 
[INFO] [stdout] warning: unused variable: `sku`
[INFO] [stdout]   --> exercises/08-concurrency/src/lib.rs:32:27
[INFO] [stdout]    |
[INFO] [stdout] 32 |     pub fn reserve(&self, sku: &str, amount: u32) -> bool {
[INFO] [stdout]    |                           ^^^ help: if this is intentional, prefix it with an underscore: `_sku`
[INFO] [stdout] 
[INFO] [stdout] 
[INFO] [stdout] warning: unused variable: `amount`
[INFO] [stdout]   --> exercises/08-concurrency/src/lib.rs:32:38
[INFO] [stdout]    |
[INFO] [stdout] 32 |     pub fn reserve(&self, sku: &str, amount: u32) -> bool {
[INFO] [stdout]    |                                      ^^^^^^ help: if this is intentional, prefix it with an underscore: `_amount`
[INFO] [stdout] 
[INFO] [stdout] 
[INFO] [stdout] warning: unused imports: `mpsc` and `thread`
[INFO] [stdout]  --> exercises/08-concurrency/src/lib.rs:5:24
[INFO] [stdout]   |
[INFO] [stdout] 5 |     sync::{Arc, Mutex, mpsc},
[INFO] [stdout]   |                        ^^^^
[INFO] [stdout] 6 |     thread,
[INFO] [stdout]   |     ^^^^^^
[INFO] [stdout]   |
[INFO] [stdout]   = note: `#[warn(unused_imports)]` (part of `#[warn(unused)]`) on by default
[INFO] [stdout] 
[INFO] [stdout] 
[INFO] [stdout] warning: unused variable: `values`
[INFO] [stdout]   --> exercises/08-concurrency/src/lib.rs:10:21
[INFO] [stdout]    |
[INFO] [stdout] 10 | pub fn parallel_sum(values: &[u64], workers: usize) -> u64 {
[INFO] [stdout]    |                     ^^^^^^ help: if this is intentional, prefix it with an underscore: `_values`
[INFO] [stdout]    |
[INFO] [stdout]    = note: `#[warn(unused_variables)]` (part of `#[warn(unused)]`) on by default
[INFO] [stdout] 
[INFO] [stdout] 
[INFO] [stdout] warning: unused variable: `workers`
[INFO] [stdout]   --> exercises/08-concurrency/src/lib.rs:10:37
[INFO] [stdout]    |
[INFO] [stdout] 10 | pub fn parallel_sum(values: &[u64], workers: usize) -> u64 {
[INFO] [stdout]    |                                     ^^^^^^^ help: if this is intentional, prefix it with an underscore: `_workers`
[INFO] [stdout] 
[INFO] [stdout] 
[INFO] [stdout] warning: unused variable: `values`
[INFO] [stdout]   --> exercises/08-concurrency/src/lib.rs:15:28
[INFO] [stdout]    |
[INFO] [stdout] 15 | pub fn lengths_via_channel(values: Vec<String>) -> Vec<usize> {
[INFO] [stdout]    |                            ^^^^^^ help: if this is intentional, prefix it with an underscore: `_values`
[INFO] [stdout] 
[INFO] [stdout] 
[INFO] [stdout] warning: unused variable: `sku`
[INFO] [stdout]   --> exercises/08-concurrency/src/lib.rs:32:27
[INFO] [stdout]    |
[INFO] [stdout] 32 |     pub fn reserve(&self, sku: &str, amount: u32) -> bool {
[INFO] [stdout]    |                           ^^^ help: if this is intentional, prefix it with an underscore: `_sku`
[INFO] [stdout] 
[INFO] [stdout] 
[INFO] [stdout] warning: unused variable: `amount`
[INFO] [stdout]   --> exercises/08-concurrency/src/lib.rs:32:38
[INFO] [stdout]    |
[INFO] [stdout] 32 |     pub fn reserve(&self, sku: &str, amount: u32) -> bool {
[INFO] [stdout]    |                                      ^^^^^^ help: if this is intentional, prefix it with an underscore: `_amount`
[INFO] [stdout] 
[INFO] [stdout] 
[INFO] [stderr]     Checking stage06 v0.1.0 (/opt/rustwide/workdir/exercises/06-traits-lifetimes)
[INFO] [stdout] warning: unused import: `super::*`
[INFO] [stdout]  --> exercises/00-first-steps/src/lesson11_first_test.rs:9:9
[INFO] [stdout]   |
[INFO] [stdout] 9 |     use super::*;
[INFO] [stdout]   |         ^^^^^^^^
[INFO] [stdout]   |
[INFO] [stdout]   = note: `#[warn(unused_imports)]` (part of `#[warn(unused)]`) on by default
[INFO] [stdout] 
[INFO] [stdout] 
[INFO] [stdout] warning: unused variable: `slice`
[INFO] [stdout]  --> exercises/10-unsafe/src/lib.rs:9:23
[INFO] [stdout]   |
[INFO] [stdout] 9 | pub fn get_two_mut<T>(slice: &mut [T], first: usize, second: usize) -> Option<(&mut T, &mut T)> {
[INFO] [stdout]   |                       ^^^^^ help: if this is intentional, prefix it with an underscore: `_slice`
[INFO] [stdout]   |
[INFO] [stdout]   = note: `#[warn(unused_variables)]` (part of `#[warn(unused)]`) on by default
[INFO] [stdout] 
[INFO] [stdout] 
[INFO] [stdout] warning: unused variable: `first`
[INFO] [stdout]  --> exercises/10-unsafe/src/lib.rs:9:40
[INFO] [stdout]   |
[INFO] [stdout] 9 | pub fn get_two_mut<T>(slice: &mut [T], first: usize, second: usize) -> Option<(&mut T, &mut T)> {
[INFO] [stdout]   |                                        ^^^^^ help: if this is intentional, prefix it with an underscore: `_first`
[INFO] [stdout] 
[INFO] [stdout] 
[INFO] [stdout] warning: unused variable: `second`
[INFO] [stdout]  --> exercises/10-unsafe/src/lib.rs:9:54
[INFO] [stdout]   |
[INFO] [stdout] 9 | pub fn get_two_mut<T>(slice: &mut [T], first: usize, second: usize) -> Option<(&mut T, &mut T)> {
[INFO] [stdout]   |                                                      ^^^^^^ help: if this is intentional, prefix it with an underscore: `_second`
[INFO] [stdout] 
[INFO] [stdout] 
[INFO] [stdout] warning: unused variable: `value`
[INFO] [stdout]   --> exercises/10-unsafe/src/lib.rs:19:16
[INFO] [stdout]    |
[INFO] [stdout] 19 |     pub fn new(value: T) -> Self {
[INFO] [stdout]    |                ^^^^^ help: if this is intentional, prefix it with an underscore: `_value`
[INFO] [stdout] 
[INFO] [stdout] 
[INFO] [stdout] warning: unused variable: `pointer`
[INFO] [stdout]   --> exercises/10-unsafe/src/lib.rs:50:31
[INFO] [stdout]    |
[INFO] [stdout] 50 | pub unsafe fn bytes_until_nul(pointer: *const u8, max: usize) -> Vec<u8> {
[INFO] [stdout]    |                               ^^^^^^^ help: if this is intentional, prefix it with an underscore: `_pointer`
[INFO] [stdout] 
[INFO] [stdout] 
[INFO] [stdout] warning: unused variable: `max`
[INFO] [stdout]   --> exercises/10-unsafe/src/lib.rs:50:51
[INFO] [stdout]    |
[INFO] [stdout] 50 | pub unsafe fn bytes_until_nul(pointer: *const u8, max: usize) -> Vec<u8> {
[INFO] [stdout]    |                                                   ^^^ help: if this is intentional, prefix it with an underscore: `_max`
[INFO] [stdout] 
[INFO] [stdout] 
[INFO] [stdout] error[E0277]: can't compare `!` with `bool`
[INFO] [stdout]   --> exercises/01-basics/src/lesson05_test_boundaries.rs:17:9
[INFO] [stdout]    |
[INFO] [stdout] 17 |         assert_eq!(inside, true);
[INFO] [stdout]    |         ^^^^^^^^^^^^^^^^^^^^^^^^ no implementation for `! == bool`
[INFO] [stdout]    |
[INFO] [stdout] help: the trait `PartialEq<bool>` is not implemented for `!`
[INFO] [stdout]       but trait `PartialEq<!>` is implemented for it
[INFO] [stdout]   --> /rustc/3154cc1a3e6424e44f438a95007d043ed5ceaaf6/library/core/src/cmp.rs:2414:4
[INFO] [stdout]    = help: for that trait implementation, expected `!`, found `bool`
[INFO] [stdout] 
[INFO] [stdout] 
[INFO] [stdout] error[E0277]: can't compare `!` with `bool`
[INFO] [stdout]   --> exercises/01-basics/src/lesson05_test_boundaries.rs:20:9
[INFO] [stdout]    |
[INFO] [stdout] 20 |         assert_eq!(at_end, false);
[INFO] [stdout]    |         ^^^^^^^^^^^^^^^^^^^^^^^^^ no implementation for `! == bool`
[INFO] [stdout]    |
[INFO] [stdout] help: the trait `PartialEq<bool>` is not implemented for `!`
[INFO] [stdout]       but trait `PartialEq<!>` is implemented for it
[INFO] [stdout]   --> /rustc/3154cc1a3e6424e44f438a95007d043ed5ceaaf6/library/core/src/cmp.rs:2414:4
[INFO] [stdout]    = help: for that trait implementation, expected `!`, found `bool`
[INFO] [stdout] 
[INFO] [stdout] 
[INFO] [stdout] error[E0277]: can't compare `!` with `bool`
[INFO] [stdout]   --> exercises/01-basics/src/lesson05_test_boundaries.rs:23:9
[INFO] [stdout]    |
[INFO] [stdout] 23 |         assert_eq!(before_start, false);
[INFO] [stdout]    |         ^^^^^^^^^^^^^^^^^^^^^^^^^^^^^^^ no implementation for `! == bool`
[INFO] [stdout]    |
[INFO] [stdout] help: the trait `PartialEq<bool>` is not implemented for `!`
[INFO] [stdout]       but trait `PartialEq<!>` is implemented for it
[INFO] [stdout]   --> /rustc/3154cc1a3e6424e44f438a95007d043ed5ceaaf6/library/core/src/cmp.rs:2414:4
[INFO] [stdout]    = help: for that trait implementation, expected `!`, found `bool`
[INFO] [stdout] 
[INFO] [stdout] 
[INFO] [stdout] For more information about this error, try `rustc --explain E0277`.
[INFO] [stdout] 
[INFO] [stderr] error: could not compile `stage01` (lib test) due to 3 previous errors
[INFO] [stderr] warning: build failed, waiting for other jobs to finish...
[INFO] [stdout] error[E0277]: can't compare `!` with `i32`
[INFO] [stdout]   --> exercises/00-first-steps/src/lesson11_first_test.rs:14:9
[INFO] [stdout]    |
[INFO] [stdout] 14 |         assert_eq!(actual, 6);
[INFO] [stdout]    |         ^^^^^^^^^^^^^^^^^^^^^ no implementation for `! == i32`
[INFO] [stdout]    |
[INFO] [stdout] help: the trait `PartialEq<i32>` is not implemented for `!`
[INFO] [stdout]       but trait `PartialEq<!>` is implemented for it
[INFO] [stdout]   --> /rustc/3154cc1a3e6424e44f438a95007d043ed5ceaaf6/library/core/src/cmp.rs:2414:4
[INFO] [stdout]    = help: for that trait implementation, expected `!`, found `i32`
[INFO] [stdout] 
[INFO] [stdout] 
[INFO] [stdout] For more information about this error, try `rustc --explain E0277`.
[INFO] [stdout] 
[INFO] [stderr] error: could not compile `stage00` (lib test) due to 1 previous error; 1 warning emitted
[INFO] running `Command { std: "docker" "inspect" "c2394130ad509299c004daeb37896776f40aa63ae80180b749451278b1c8b3e5", kill_on_drop: false }`
[INFO] running `Command { std: "docker" "rm" "-f" "c2394130ad509299c004daeb37896776f40aa63ae80180b749451278b1c8b3e5", kill_on_drop: false }`
[INFO] [stdout] c2394130ad509299c004daeb37896776f40aa63ae80180b749451278b1c8b3e5
