[INFO] cloning repository https://github.com/obsidia-systems/envlt
[INFO] running `Command { std: "git" "-c" "credential.helper=" "-c" "credential.helper=/workspace/cargo-home/bin/git-credential-null" "clone" "--bare" "https://github.com/obsidia-systems/envlt" "/workspace/cache/git-repos/https%3A%2F%2Fgithub.com%2Fobsidia-systems%2Fenvlt", kill_on_drop: false }`
[INFO] [stderr] Cloning into bare repository '/workspace/cache/git-repos/https%3A%2F%2Fgithub.com%2Fobsidia-systems%2Fenvlt'...
[INFO] running `Command { std: "git" "rev-parse" "HEAD", kill_on_drop: false }`
[INFO] [stdout] 5aacd8fb6c0b752e9b75502984eeaf45afa4f2c8
[INFO] checking obsidia-systems/envlt against 3154cc1a3e6424e44f438a95007d043ed5ceaaf6 for pr-133502-30
[INFO] running `Command { std: "git" "clone" "/workspace/cache/git-repos/https%3A%2F%2Fgithub.com%2Fobsidia-systems%2Fenvlt" "/workspace/builds/worker-3-tc2/source", kill_on_drop: false }`
[INFO] [stderr] Cloning into '/workspace/builds/worker-3-tc2/source'...
[INFO] [stderr] done.
[INFO] removed /workspace/builds/worker-3-tc2/source/rust-toolchain.toml
[INFO] started tweaking git repo https://github.com/obsidia-systems/envlt
[INFO] finished tweaking git repo https://github.com/obsidia-systems/envlt
[INFO] tweaked toml for git repo https://github.com/obsidia-systems/envlt written to /workspace/builds/worker-3-tc2/source/Cargo.toml
[INFO] validating manifest of git repo https://github.com/obsidia-systems/envlt on toolchain 3154cc1a3e6424e44f438a95007d043ed5ceaaf6
[INFO] running `Command { std: CARGO_HOME="/workspace/cargo-home" RUSTUP_HOME="/workspace/rustup-home" "/workspace/cargo-home/bin/cargo" "+3154cc1a3e6424e44f438a95007d043ed5ceaaf6" "metadata" "--manifest-path" "Cargo.toml" "--no-deps", kill_on_drop: false }`
[INFO] crate git repo https://github.com/obsidia-systems/envlt already has a lockfile, it will not be regenerated
[INFO] running `Command { std: CARGO_HOME="/workspace/cargo-home" RUSTUP_HOME="/workspace/rustup-home" "/workspace/cargo-home/bin/cargo" "+3154cc1a3e6424e44f438a95007d043ed5ceaaf6" "fetch" "--manifest-path" "Cargo.toml", kill_on_drop: false }`
[INFO] [stderr]     Blocking waiting for file lock on package cache
[INFO] running `Command { std: "docker" "create" "-v" "/var/lib/crater-agent-workspace/builds/worker-3-tc2/source:/opt/rustwide/workdir:ro,Z" "-v" "/var/lib/crater-agent-workspace/builds/worker-3-tc2/target:/opt/rustwide/target:rw,Z" "-v" "/var/lib/crater-agent-workspace/cargo-home:/opt/rustwide/cargo-home:ro,Z" "-v" "/var/lib/crater-agent-workspace/rustup-home:/opt/rustwide/rustup-home:ro,Z" "-m" "1610612736" "--network" "none" "ghcr.io/rust-lang/crates-build-env/linux@sha256:77db811e55d90add9212f6832c23229e3de5f1c1f9905e8cb07319ea15df73ac" "sleep" "infinity", kill_on_drop: false }`
[INFO] [stdout] 214ae7c8827cd4d5f04848c206d9b230cd60de4c2e46605f81e6354018a0ae54
[INFO] running `Command { std: "docker" "start" "214ae7c8827cd4d5f04848c206d9b230cd60de4c2e46605f81e6354018a0ae54", kill_on_drop: false }`
[INFO] running `Command { std: "docker" "inspect" "214ae7c8827cd4d5f04848c206d9b230cd60de4c2e46605f81e6354018a0ae54", kill_on_drop: false }`
[INFO] running `Command { std: "docker" "exec" "-e" "SOURCE_DIR=/opt/rustwide/workdir" "-e" "CARGO_HOME=/opt/rustwide/cargo-home" "-e" "RUSTUP_HOME=/opt/rustwide/rustup-home" "-e" "CARGO_TARGET_DIR=/opt/rustwide/target" "-w" "/opt/rustwide/workdir" "--user" "0:0" "214ae7c8827cd4d5f04848c206d9b230cd60de4c2e46605f81e6354018a0ae54" "/opt/rustwide/cargo-home/bin/cargo" "+3154cc1a3e6424e44f438a95007d043ed5ceaaf6" "metadata" "--no-deps" "--format-version=1", kill_on_drop: false }`
[INFO] running `Command { std: "docker" "inspect" "214ae7c8827cd4d5f04848c206d9b230cd60de4c2e46605f81e6354018a0ae54", kill_on_drop: false }`
[INFO] running `Command { std: "docker" "exec" "-e" "SOURCE_DIR=/opt/rustwide/workdir" "-e" "CARGO_HOME=/opt/rustwide/cargo-home" "-e" "RUSTUP_HOME=/opt/rustwide/rustup-home" "-e" "CARGO_TARGET_DIR=/opt/rustwide/target" "-e" "CARGO_INCREMENTAL=0" "-e" "RUST_BACKTRACE=full" "-e" "RUSTFLAGS=--cap-lints=forbid" "-e" "RUSTDOCFLAGS=--cap-lints=forbid" "-w" "/opt/rustwide/workdir" "--user" "0:0" "214ae7c8827cd4d5f04848c206d9b230cd60de4c2e46605f81e6354018a0ae54" "/opt/rustwide/cargo-home/bin/cargo" "+3154cc1a3e6424e44f438a95007d043ed5ceaaf6" "check" "--frozen" "--all" "--all-targets" "--message-format=json", kill_on_drop: false }`
[INFO] [stderr]     Checking typenum v1.20.0
[INFO] [stderr]    Compiling getrandom v0.4.2
[INFO] [stderr]     Checking rand_core v0.10.1
[INFO] [stderr]    Compiling rustix v1.1.4
[INFO] [stderr]    Compiling generic-array v0.14.7
[INFO] [stderr]    Compiling hashbrown v0.17.0
[INFO] [stderr]     Checking linux-raw-sys v0.12.1
[INFO] [stderr]     Checking bitflags v2.11.1
[INFO] [stderr]    Compiling crossbeam-utils v0.8.22
[INFO] [stderr]    Compiling thiserror v2.0.19
[INFO] [stderr]     Checking getrandom v0.2.17
[INFO] [stderr]    Compiling syn v3.0.3
[INFO] [stderr]    Compiling zeroize_derive v1.5.0
[INFO] [stderr]    Compiling displaydoc v0.2.5
[INFO] [stderr]    Compiling zvariant_utils v3.5.0
[INFO] [stderr]     Checking event-listener v5.4.2
[INFO] [stderr]     Checking rand_core v0.6.4
[INFO] [stderr]     Checking futures-sink v0.3.32
[INFO] [stderr]     Checking event-listener-strategy v0.5.4
[INFO] [stderr]     Checking futures-channel v0.3.32
[INFO] [stderr]     Checking serde v1.0.228
[INFO] [stderr]     Checking cmov v0.5.4
[INFO] [stderr]     Checking winnow v1.0.4
[INFO] [stderr]    Compiling async-io v2.6.0
[INFO] [stderr]     Checking smallvec v1.15.1
[INFO] [stderr]     Checking ff v0.13.1
[INFO] [stderr]     Checking num-integer v0.1.46
[INFO] [stderr]     Checking futures-util v0.3.32
[INFO] [stderr]    Compiling zerocopy v0.8.48
[INFO] [stderr]     Checking ctutils v0.4.2
[INFO] [stderr]    Compiling tinystr v0.8.3
[INFO] [stderr]    Compiling unic-langid-impl v0.9.6
[INFO] [stderr]    Compiling rustc-hash v2.1.2
[INFO] [stderr]     Checking concurrent-queue v2.5.0
[INFO] [stderr]     Checking zeroize v1.9.0
[INFO] [stderr]     Checking base16ct v0.2.0
[INFO] [stderr]    Compiling type-map v0.5.1
[INFO] [stderr]     Checking group v0.13.0
[INFO] [stderr]     Checking async-channel v2.5.0
[INFO] [stderr]    Compiling thiserror v1.0.69
[INFO] [stderr]    Compiling unic-langid v0.9.6
[INFO] [stderr]     Checking der v0.7.10
[INFO] [stderr]    Compiling basic-toml v0.1.10
[INFO] [stderr]     Checking enumflags2 v0.7.12
[INFO] [stderr]    Compiling toml v0.5.11
[INFO] [stderr]     Checking cpufeatures v0.3.0
[INFO] [stderr]    Compiling intl-memoizer v0.5.3
[INFO] [stderr]    Compiling intl_pluralrules v7.0.2
[INFO] [stderr]    Compiling fluent-langneg v0.13.1
[INFO] [stderr]     Checking num-bigint v0.4.8
[INFO] [stderr]     Checking parking_lot_core v0.9.12
[INFO] [stderr]     Checking async-lock v3.4.2
[INFO] [stderr]    Compiling indexmap v2.14.0
[INFO] [stderr]    Compiling libc v0.2.186
[INFO] [stderr]     Checking same-file v1.0.6
[INFO] [stderr]    Compiling self_cell v1.2.2
[INFO] [stderr]     Checking anstyle v1.0.14
[INFO] [stderr]     Checking walkdir v2.5.0
[INFO] [stderr]     Checking parking_lot v0.12.5
[INFO] [stderr]     Checking tracing v0.1.44
[INFO] [stderr]    Compiling i18n-config v0.4.8
[INFO] [stderr]     Checking blocking v1.6.2
[INFO] [stderr]    Compiling curve25519-dalek v4.1.3
[INFO] [stderr]     Checking async-executor v1.14.0
[INFO] [stderr]     Checking num-iter v0.1.46
[INFO] [stderr]     Checking uuid v1.24.0
[INFO] [stderr]     Checking async-broadcast v0.7.2
[INFO] [stderr]     Checking num-complex v0.4.6
[INFO] [stderr]     Checking hybrid-array v0.4.14
[INFO] [stderr]    Compiling crypto-common v0.1.7
[INFO] [stderr]    Compiling block-buffer v0.10.4
[INFO] [stderr]    Compiling toml_edit v0.25.13+spec-1.1.0
[INFO] [stderr]    Compiling find-crate v0.6.3
[INFO] [stderr]    Compiling digest v0.10.7
[INFO] [stderr]     Checking anstyle-parse v1.0.0
[INFO] [stderr]    Compiling arc-swap v1.9.1
[INFO] [stderr]    Compiling curve25519-dalek-derive v0.1.1
[INFO] [stderr]    Compiling sha2 v0.10.9
[INFO] [stderr]    Compiling proc-macro-error-attr3 v3.1.0
[INFO] [stderr]     Checking anstyle-query v1.1.5
[INFO] [stderr]     Checking colorchoice v1.0.5
[INFO] [stderr]     Checking block-padding v0.3.3
[INFO] [stderr]     Checking crypto-bigint v0.5.5
[INFO] [stderr]     Checking universal-hash v0.5.1
[INFO] [stderr]     Checking sec1 v0.7.3
[INFO] [stderr]     Checking inout v0.1.4
[INFO] [stderr]     Checking polyval v0.6.2
[INFO] [stderr]     Checking cipher v0.4.4
[INFO] [stderr]     Checking aead v0.5.2
[INFO] [stderr]     Checking poly1305 v0.8.0
[INFO] [stderr]     Checking num-rational v0.4.2
[INFO] [stderr]    Compiling i18n-embed-impl v0.8.4
[INFO] [stderr]     Checking ghash v0.5.1
[INFO] [stderr]     Checking is_terminal_polyfill v1.70.2
[INFO] [stderr]     Checking anstream v1.0.0
[INFO] [stderr]     Checking hmac v0.12.1
[INFO] [stderr]     Checking crypto-common v0.2.2
[INFO] [stderr]    Compiling proc-macro-crate v3.5.0
[INFO] [stderr]     Checking block-buffer v0.12.1
[INFO] [stderr]    Compiling rust-embed-utils v8.11.0
[INFO] [stderr]     Checking inout v0.2.2
[INFO] [stderr]     Checking hkdf v0.12.4
[INFO] [stderr]     Checking aes v0.8.4
[INFO] [stderr]     Checking ctr v0.9.2
[INFO] [stderr]    Compiling rust-embed-impl v8.11.0
[INFO] [stderr]     Checking chacha20 v0.9.1
[INFO] [stderr]     Checking cbc v0.1.2
[INFO] [stderr]     Checking salsa20 v0.10.2
[INFO] [stderr]     Checking num v0.4.3
[INFO] [stderr]     Checking pbkdf2 v0.12.2
[INFO] [stderr]     Checking chacha20poly1305 v0.10.1
[INFO] [stderr]     Checking sha3 v0.10.9
[INFO] [stderr]     Checking hybrid-array v0.2.3
[INFO] [stderr]     Checking keyring-core v1.0.0
[INFO] [stderr]     Checking cipher v0.5.2
[INFO] [stderr]     Checking digest v0.11.3
[INFO] [stderr]     Checking universal-hash v0.6.1
[INFO] [stderr]     Checking kem v0.3.0-pre.0
[INFO] [stderr]     Checking secrecy v0.10.3
[INFO] [stderr]    Compiling pin-project-internal v1.1.11
[INFO] [stderr]     Checking nom v8.0.0
[INFO] [stderr]     Checking hmac v0.13.0
[INFO] [stderr]     Checking bech32 v0.11.1
[INFO] [stderr]     Checking chacha20 v0.10.1
[INFO] [stderr]     Checking aes-gcm v0.10.3
[INFO] [stderr]     Checking io_tee v0.1.1
[INFO] [stderr]    Compiling zvariant_derive v5.13.1
[INFO] [stderr]     Checking clap_lex v1.1.0
[INFO] [stderr]    Compiling rust-embed v8.11.0
[INFO] [stderr]    Compiling serde_json v1.0.151
[INFO] [stderr]     Checking option-ext v0.2.0
[INFO] [stderr]     Checking regex-automata v0.4.14
[INFO] [stderr]     Checking pbkdf2 v0.13.0
[INFO] [stderr]     Checking dirs-sys v0.5.0
[INFO] [stderr]     Checking salsa20 v0.11.0
[INFO] [stderr]     Checking clap_builder v4.6.5
[INFO] [stderr]     Checking sha2 v0.11.0
[INFO] [stderr]     Checking poly1305 v0.9.1
[INFO] [stderr]     Checking scrypt v0.11.0
[INFO] [stderr]     Checking aead v0.6.1
[INFO] [stderr]     Checking toml_parser v1.1.3+spec-1.1.0
[INFO] [stderr]     Checking serde_spanned v1.1.1
[INFO] [stderr]     Checking toml_datetime v1.1.1+spec-1.1.0
[INFO] [stderr]    Compiling proc-macro-error3 v3.1.0
[INFO] [stderr]     Checking toml_writer v1.1.2+spec-1.1.0
[INFO] [stderr]     Checking chrono v0.4.45
[INFO] [stderr]     Checking scrypt v0.12.0
[INFO] [stderr]     Checking toml v1.1.4+spec-1.1.0
[INFO] [stderr]     Checking elliptic-curve v0.13.8
[INFO] [stderr]     Checking futures-executor v0.3.32
[INFO] [stderr]     Checking x25519-dalek v2.0.1
[INFO] [stderr]     Checking chacha20poly1305 v0.11.0
[INFO] [stderr]     Checking rand v0.10.2
[INFO] [stderr]     Checking futures v0.3.32
[INFO] [stderr]     Checking cookie-factory v0.3.3
[INFO] [stderr]     Checking dirs v6.0.0
[INFO] [stderr]    Compiling zvariant v5.13.1
[INFO] [stderr]     Checking pin-project v1.1.11
[INFO] [stderr]     Checking primeorder v0.13.6
[INFO] [stderr]     Checking predicates-core v1.0.10
[INFO] [stderr]     Checking p256 v0.13.2
[INFO] [stderr]    Compiling anyhow v1.0.104
[INFO] [stderr]     Checking ml-kem v0.2.3
[INFO] [stderr]     Checking float-cmp v0.10.0
[INFO] [stderr]     Checking hpke v0.12.0
[INFO] [stderr]     Checking rtoolbox v0.0.5
[INFO] [stderr]    Compiling assert_cmd v2.2.2
[INFO] [stderr]     Checking roff v1.1.1
[INFO] [stderr]     Checking unicode-segmentation v1.13.2
[INFO] [stderr]     Checking predicates-tree v1.0.13
[INFO] [stderr]     Checking rpassword v7.5.4
[INFO] [stderr]     Checking wait-timeout v0.2.1
[INFO] [stderr]    Compiling thiserror-impl v2.0.19
[INFO] [stderr]    Compiling async-trait v0.1.91
[INFO] [stderr]    Compiling serde_repr v0.1.21
[INFO] [stderr]    Compiling clap_derive v4.6.4
[INFO] [stderr]     Checking fluent-syntax v0.12.0
[INFO] [stderr]     Checking ppv-lite86 v0.2.21
[INFO] [stderr]     Checking clap v4.6.5
[INFO] [stderr]     Checking regex v1.12.3
[INFO] [stderr]     Checking bstr v1.12.1
[INFO] [stderr]     Checking clap_complete v4.6.8
[INFO] [stderr]     Checking clap_mangen v0.3.1
[INFO] [stderr]     Checking polling v3.11.0
[INFO] [stderr]     Checking fs4 v1.1.0
[INFO] [stderr]     Checking tempfile v3.27.0
[INFO] [stderr]     Checking crossterm v0.29.0
[INFO] [stderr]    Compiling fluent-bundle v0.16.0
[INFO] [stderr]     Checking rand_chacha v0.3.1
[INFO] [stderr]    Compiling fluent v0.17.0
[INFO] [stderr]    Compiling i18n-embed v0.16.0
[INFO] [stderr]     Checking predicates v3.1.4
[INFO] [stderr]     Checking comfy-table v7.2.2
[INFO] [stderr]     Checking rand v0.8.7
[INFO] [stderr]     Checking async-signal v0.2.14
[INFO] [stderr]     Checking async-process v2.5.0
[INFO] [stderr]     Checking zbus_names v4.3.4
[INFO] [stderr]    Compiling i18n-embed-fl v0.10.1
[INFO] [stderr]     Checking age-core v0.12.0
[INFO] [stderr]     Checking age v0.12.1
[INFO] [stderr]    Compiling zbus_macros v5.18.0
[INFO] [stderr]     Checking zbus v5.18.0
[INFO] [stderr]     Checking secret-service v5.1.0
[INFO] [stderr]     Checking zbus-secret-service-keyring-store v1.0.0
[INFO] [stderr]     Checking keyring v4.1.6
[INFO] [stderr]     Checking envlt-core v0.5.1 (/opt/rustwide/workdir/crates/envlt-core)
[INFO] [stdout] error[E0432]: unresolved imports `rand::rngs::OsRng`, `rand::RngCore`
[INFO] [stdout]  --> crates/envlt-core/src/bundle/format.rs:7:12
[INFO] [stdout]   |
[INFO] [stdout] 7 | use rand::{rngs::OsRng, RngCore};
[INFO] [stdout]   |            ^^^^^^-----  ^^^^^^^ no `RngCore` in the root
[INFO] [stdout]   |                  |
[INFO] [stdout]   |                  no `OsRng` in `rngs`
[INFO] [stdout] 
[INFO] [stdout] 
[INFO] [stdout] error[E0432]: unresolved imports `rand::rngs::OsRng`, `rand::RngCore`
[INFO] [stdout]  --> crates/envlt-core/src/gen/mod.rs:2:12
[INFO] [stdout]   |
[INFO] [stdout] 2 | use rand::{rngs::OsRng, RngCore};
[INFO] [stdout]   |            ^^^^^^-----  ^^^^^^^ no `RngCore` in the root
[INFO] [stdout]   |                  |
[INFO] [stdout]   |                  no `OsRng` in `rngs`
[INFO] [stdout] 
[INFO] [stdout] 
[INFO] [stdout] error[E0432]: unresolved imports `rand::rngs::OsRng`, `rand::RngCore`
[INFO] [stdout]  --> crates/envlt-core/src/bundle/format.rs:7:12
[INFO] [stdout]   |
[INFO] [stdout] 7 | use rand::{rngs::OsRng, RngCore};
[INFO] [stdout]   |            ^^^^^^-----  ^^^^^^^ no `RngCore` in the root
[INFO] [stdout]   |                  |
[INFO] [stdout]   |                  no `OsRng` in `rngs`
[INFO] [stdout] 
[INFO] [stdout] 
[INFO] [stdout] error[E0432]: unresolved imports `rand::rngs::OsRng`, `rand::RngCore`
[INFO] [stdout]  --> crates/envlt-core/src/gen/mod.rs:2:12
[INFO] [stdout]   |
[INFO] [stdout] 2 | use rand::{rngs::OsRng, RngCore};
[INFO] [stdout]   |            ^^^^^^-----  ^^^^^^^ no `RngCore` in the root
[INFO] [stdout]   |                  |
[INFO] [stdout]   |                  no `OsRng` in `rngs`
[INFO] [stdout] 
[INFO] [stdout] 
[INFO] [stdout] warning: use of deprecated associated function `scrypt::Params::recommended`: use Params::RECOMMENDED instead
[INFO] [stdout]    --> crates/envlt-core/src/bundle/format.rs:186:30
[INFO] [stdout]     |
[INFO] [stdout] 186 |     let kdf_params = Params::recommended();
[INFO] [stdout]     |                              ^^^^^^^^^^^
[INFO] [stdout]     |
[INFO] [stdout]     = note: `#[warn(deprecated)]` on by default
[INFO] [stdout] 
[INFO] [stdout] 
[INFO] [stdout] warning: use of deprecated associated function `scrypt::Params::recommended`: use Params::RECOMMENDED instead
[INFO] [stdout]    --> crates/envlt-core/src/bundle/format.rs:186:30
[INFO] [stdout]     |
[INFO] [stdout] 186 |     let kdf_params = Params::recommended();
[INFO] [stdout]     |                              ^^^^^^^^^^^
[INFO] [stdout]     |
[INFO] [stdout]     = note: `#[warn(deprecated)]` on by default
[INFO] [stdout] 
[INFO] [stdout] 
[INFO] [stdout] warning: use of deprecated associated function `chacha20poly1305::aead::hybrid_array::Array::<T, U>::from_slice`: use `TryFrom` instead
[INFO] [stdout]    --> crates/envlt-core/src/bundle/format.rs:200:45
[INFO] [stdout]     |
[INFO] [stdout] 200 |     let cipher = ChaCha20Poly1305::new(Key::from_slice(key.as_slice()));
[INFO] [stdout]     |                                             ^^^^^^^^^^
[INFO] [stdout] 
[INFO] [stdout] 
[INFO] [stdout] warning: use of deprecated associated function `chacha20poly1305::aead::hybrid_array::Array::<T, U>::from_slice`: use `TryFrom` instead
[INFO] [stdout]    --> crates/envlt-core/src/bundle/format.rs:202:25
[INFO] [stdout]     |
[INFO] [stdout] 202 |         .encrypt(Nonce::from_slice(&nonce), plaintext.as_bytes())
[INFO] [stdout]     |                         ^^^^^^^^^^
[INFO] [stdout] 
[INFO] [stdout] 
[INFO] [stdout] error[E0061]: this function takes 3 arguments but 4 arguments were supplied
[INFO] [stdout]    --> crates/envlt-core/src/bundle/format.rs:228:22
[INFO] [stdout]     |
[INFO] [stdout] 228 |     let kdf_params = Params::new(
[INFO] [stdout]     |                      ^^^^^^^^^^^
[INFO] [stdout] ...
[INFO] [stdout] 232 |         BUNDLE_KEY_LEN,
[INFO] [stdout]     |         -------------- unexpected argument #4 of type `usize`
[INFO] [stdout]     |
[INFO] [stdout] note: associated function defined here
[INFO] [stdout]    --> /opt/rustwide/cargo-home/registry/src/index.crates.io-1949cf8c6b5b557f/scrypt-0.12.0/src/params.rs:60:12
[INFO] [stdout]     |
[INFO] [stdout]  60 |     pub fn new(log_n: u8, r: u32, p: u32) -> Result<Params, InvalidParams> {
[INFO] [stdout]     |            ^^^
[INFO] [stdout] help: remove the extra argument
[INFO] [stdout]     |
[INFO] [stdout] 231 -         archive.header.kdf_p,
[INFO] [stdout] 232 -         BUNDLE_KEY_LEN,
[INFO] [stdout] 231 +         archive.header.kdf_p,
[INFO] [stdout]     |
[INFO] [stdout] 
[INFO] [stdout] 
[INFO] [stdout] warning: use of deprecated associated function `chacha20poly1305::aead::hybrid_array::Array::<T, U>::from_slice`: use `TryFrom` instead
[INFO] [stdout]    --> crates/envlt-core/src/bundle/format.rs:236:45
[INFO] [stdout]     |
[INFO] [stdout] 236 |     let cipher = ChaCha20Poly1305::new(Key::from_slice(key.as_slice()));
[INFO] [stdout]     |                                             ^^^^^^^^^^
[INFO] [stdout] 
[INFO] [stdout] 
[INFO] [stdout] warning: use of deprecated associated function `chacha20poly1305::aead::hybrid_array::Array::<T, U>::from_slice`: use `TryFrom` instead
[INFO] [stdout]    --> crates/envlt-core/src/bundle/format.rs:243:29
[INFO] [stdout]     |
[INFO] [stdout] 243 |             .decrypt(Nonce::from_slice(&archive.nonce), payload.as_ref())
[INFO] [stdout]     |                             ^^^^^^^^^^
[INFO] [stdout] 
[INFO] [stdout] 
[INFO] [stdout] warning: use of deprecated associated function `chacha20poly1305::aead::hybrid_array::Array::<T, U>::from_slice`: use `TryFrom` instead
[INFO] [stdout]    --> crates/envlt-core/src/bundle/format.rs:200:45
[INFO] [stdout]     |
[INFO] [stdout] 200 |     let cipher = ChaCha20Poly1305::new(Key::from_slice(key.as_slice()));
[INFO] [stdout]     |                                             ^^^^^^^^^^
[INFO] [stdout] 
[INFO] [stdout] 
[INFO] [stdout] warning: use of deprecated associated function `chacha20poly1305::aead::hybrid_array::Array::<T, U>::from_slice`: use `TryFrom` instead
[INFO] [stdout]    --> crates/envlt-core/src/bundle/format.rs:202:25
[INFO] [stdout]     |
[INFO] [stdout] 202 |         .encrypt(Nonce::from_slice(&nonce), plaintext.as_bytes())
[INFO] [stdout]     |                         ^^^^^^^^^^
[INFO] [stdout] 
[INFO] [stdout] 
[INFO] [stdout] error[E0061]: this function takes 3 arguments but 4 arguments were supplied
[INFO] [stdout]    --> crates/envlt-core/src/bundle/format.rs:228:22
[INFO] [stdout]     |
[INFO] [stdout] 228 |     let kdf_params = Params::new(
[INFO] [stdout]     |                      ^^^^^^^^^^^
[INFO] [stdout] ...
[INFO] [stdout] 232 |         BUNDLE_KEY_LEN,
[INFO] [stdout]     |         -------------- unexpected argument #4 of type `usize`
[INFO] [stdout]     |
[INFO] [stdout] note: associated function defined here
[INFO] [stdout]    --> /opt/rustwide/cargo-home/registry/src/index.crates.io-1949cf8c6b5b557f/scrypt-0.12.0/src/params.rs:60:12
[INFO] [stdout]     |
[INFO] [stdout]  60 |     pub fn new(log_n: u8, r: u32, p: u32) -> Result<Params, InvalidParams> {
[INFO] [stdout]     |            ^^^
[INFO] [stdout] help: remove the extra argument
[INFO] [stdout]     |
[INFO] [stdout] 231 -         archive.header.kdf_p,
[INFO] [stdout] 232 -         BUNDLE_KEY_LEN,
[INFO] [stdout] 231 +         archive.header.kdf_p,
[INFO] [stdout]     |
[INFO] [stdout] 
[INFO] [stdout] 
[INFO] [stdout] warning: use of deprecated associated function `chacha20poly1305::aead::hybrid_array::Array::<T, U>::from_slice`: use `TryFrom` instead
[INFO] [stdout]    --> crates/envlt-core/src/bundle/format.rs:236:45
[INFO] [stdout]     |
[INFO] [stdout] 236 |     let cipher = ChaCha20Poly1305::new(Key::from_slice(key.as_slice()));
[INFO] [stdout]     |                                             ^^^^^^^^^^
[INFO] [stdout] 
[INFO] [stdout] 
[INFO] [stdout] warning: use of deprecated associated function `chacha20poly1305::aead::hybrid_array::Array::<T, U>::from_slice`: use `TryFrom` instead
[INFO] [stdout]    --> crates/envlt-core/src/bundle/format.rs:243:29
[INFO] [stdout]     |
[INFO] [stdout] 243 |             .decrypt(Nonce::from_slice(&archive.nonce), payload.as_ref())
[INFO] [stdout]     |                             ^^^^^^^^^^
[INFO] [stdout] 
[INFO] [stdout] 
[INFO] [stdout] error[E0061]: this function takes 3 arguments but 4 arguments were supplied
[INFO] [stdout]    --> crates/envlt-core/src/bundle/format.rs:434:22
[INFO] [stdout]     |
[INFO] [stdout] 434 |         let params = Params::new(17, 8, 1, 32).expect("legacy params");
[INFO] [stdout]     |                      ^^^^^^^^^^^           -- unexpected argument #4 of type `{integer}`
[INFO] [stdout]     |
[INFO] [stdout] note: associated function defined here
[INFO] [stdout]    --> /opt/rustwide/cargo-home/registry/src/index.crates.io-1949cf8c6b5b557f/scrypt-0.12.0/src/params.rs:60:12
[INFO] [stdout]     |
[INFO] [stdout]  60 |     pub fn new(log_n: u8, r: u32, p: u32) -> Result<Params, InvalidParams> {
[INFO] [stdout]     |            ^^^
[INFO] [stdout] help: remove the extra argument
[INFO] [stdout]     |
[INFO] [stdout] 434 -         let params = Params::new(17, 8, 1, 32).expect("legacy params");
[INFO] [stdout] 434 +         let params = Params::new(17, 8, 1).expect("legacy params");
[INFO] [stdout]     |
[INFO] [stdout] 
[INFO] [stdout] 
[INFO] [stdout] warning: use of deprecated associated function `chacha20poly1305::aead::hybrid_array::Array::<T, U>::from_slice`: use `TryFrom` instead
[INFO] [stdout]    --> crates/envlt-core/src/bundle/format.rs:438:49
[INFO] [stdout]     |
[INFO] [stdout] 438 |         let cipher = ChaCha20Poly1305::new(Key::from_slice(&key));
[INFO] [stdout]     |                                                 ^^^^^^^^^^
[INFO] [stdout] 
[INFO] [stdout] 
[INFO] [stdout] warning: use of deprecated associated function `chacha20poly1305::aead::hybrid_array::Array::<T, U>::from_slice`: use `TryFrom` instead
[INFO] [stdout]    --> crates/envlt-core/src/bundle/format.rs:440:29
[INFO] [stdout]     |
[INFO] [stdout] 440 |             .encrypt(Nonce::from_slice(&nonce), plaintext.as_bytes())
[INFO] [stdout]     |                             ^^^^^^^^^^
[INFO] [stdout] 
[INFO] [stdout] 
[INFO] [stdout] error[E0277]: expected an `FnOnce(std::io::Error)` closure, found `fn(EncryptError) -> EnvltError {EnvltError::AgeEncrypt}`
[INFO] [stdout]   --> crates/envlt-core/src/vault/crypto.rs:14:18
[INFO] [stdout]    |
[INFO] [stdout] 14 |         .map_err(EnvltError::AgeEncrypt)?;
[INFO] [stdout]    |          ------- ^^^^^^^^^^^^^^^^^^^^^^ expected an `FnOnce(std::io::Error)` closure, found `fn(EncryptError) -> EnvltError {EnvltError::AgeEncrypt}`
[INFO] [stdout]    |          |
[INFO] [stdout]    |          required by a bound introduced by this call
[INFO] [stdout]    |
[INFO] [stdout]    = help: the trait `FnOnce(std::io::Error)` is not implemented for fn item `fn(EncryptError) -> EnvltError {EnvltError::AgeEncrypt}`
[INFO] [stdout]    = note: expected a closure with signature `fn(std::io::Error)`
[INFO] [stdout]               found a closure with signature `fn(EncryptError)`
[INFO] [stdout] note: required by a bound in `std::result::Result::<T, E>::map_err`
[INFO] [stdout]   --> /rustc/3154cc1a3e6424e44f438a95007d043ed5ceaaf6/library/core/src/result.rs:961:4
[INFO] [stdout] 
[INFO] [stdout] 
[INFO] [stdout] error[E0599]: no associated function or constant named `Passphrase` found for struct `Decryptor<R>` in the current scope
[INFO] [stdout]   --> crates/envlt-core/src/vault/crypto.rs:25:20
[INFO] [stdout]    |
[INFO] [stdout] 25 |         Decryptor::Passphrase(decryptor) => decryptor
[INFO] [stdout]    |                    ^^^^^^^^^^ associated function or constant not found in `Decryptor<_>`
[INFO] [stdout] 
[INFO] [stdout] 
[INFO] [stdout] error[E0277]: expected an `FnOnce(std::io::Error)` closure, found `fn(EncryptError) -> error::EnvltError {error::EnvltError::AgeEncrypt}`
[INFO] [stdout]   --> crates/envlt-core/src/vault/crypto.rs:14:18
[INFO] [stdout]    |
[INFO] [stdout] 14 |         .map_err(EnvltError::AgeEncrypt)?;
[INFO] [stdout]    |          ------- ^^^^^^^^^^^^^^^^^^^^^^ expected an `FnOnce(std::io::Error)` closure, found `fn(EncryptError) -> error::EnvltError {error::EnvltError::AgeEncrypt}`
[INFO] [stdout]    |          |
[INFO] [stdout]    |          required by a bound introduced by this call
[INFO] [stdout]    |
[INFO] [stdout]    = help: the trait `FnOnce(std::io::Error)` is not implemented for fn item `fn(EncryptError) -> error::EnvltError {error::EnvltError::AgeEncrypt}`
[INFO] [stdout]    = note: expected a closure with signature `fn(std::io::Error)`
[INFO] [stdout]               found a closure with signature `fn(EncryptError)`
[INFO] [stdout] note: required by a bound in `std::result::Result::<T, E>::map_err`
[INFO] [stdout]   --> /rustc/3154cc1a3e6424e44f438a95007d043ed5ceaaf6/library/core/src/result.rs:961:4
[INFO] [stdout] 
[INFO] [stdout] 
[INFO] [stdout] error[E0599]: no associated function or constant named `Passphrase` found for struct `Decryptor<R>` in the current scope
[INFO] [stdout]   --> crates/envlt-core/src/vault/crypto.rs:25:20
[INFO] [stdout]    |
[INFO] [stdout] 25 |         Decryptor::Passphrase(decryptor) => decryptor
[INFO] [stdout]    |                    ^^^^^^^^^^ associated function or constant not found in `Decryptor<_>`
[INFO] [stdout] 
[INFO] [stdout] 
[INFO] [stdout] Some errors have detailed explanations: E0061, E0277, E0432, E0599.
[INFO] [stdout] 
[INFO] [stdout] For more information about an error, try `rustc --explain E0061`.
[INFO] [stdout] 
[INFO] [stderr] error: could not compile `envlt-core` (lib) due to 5 previous errors; 5 warnings emitted
[INFO] [stderr] warning: build failed, waiting for other jobs to finish...
[INFO] [stdout] Some errors have detailed explanations: E0061, E0277, E0432, E0599.
[INFO] [stdout] 
[INFO] [stdout] For more information about an error, try `rustc --explain E0061`.
[INFO] [stdout] 
[INFO] [stderr] error: could not compile `envlt-core` (lib test) due to 6 previous errors; 7 warnings emitted
[INFO] running `Command { std: "docker" "inspect" "214ae7c8827cd4d5f04848c206d9b230cd60de4c2e46605f81e6354018a0ae54", kill_on_drop: false }`
[INFO] running `Command { std: "docker" "rm" "-f" "214ae7c8827cd4d5f04848c206d9b230cd60de4c2e46605f81e6354018a0ae54", kill_on_drop: false }`
[INFO] [stdout] 214ae7c8827cd4d5f04848c206d9b230cd60de4c2e46605f81e6354018a0ae54
