[INFO] cloning repository https://github.com/oa1mgo/openclash-service
[INFO] running `Command { std: "git" "-c" "credential.helper=" "-c" "credential.helper=/workspace/cargo-home/bin/git-credential-null" "clone" "--bare" "https://github.com/oa1mgo/openclash-service" "/workspace/cache/git-repos/https%3A%2F%2Fgithub.com%2Foa1mgo%2Fopenclash-service", kill_on_drop: false }`
[INFO] [stderr] Cloning into bare repository '/workspace/cache/git-repos/https%3A%2F%2Fgithub.com%2Foa1mgo%2Fopenclash-service'...
[INFO] running `Command { std: "git" "rev-parse" "HEAD", kill_on_drop: false }`
[INFO] [stdout] 94c660d9f2a90ff62ed3a394cc73cf4bb15820d6
[INFO] checking oa1mgo/openclash-service against 3154cc1a3e6424e44f438a95007d043ed5ceaaf6+rustflags=-Znext-solver=coherence for pr-133502-30
[INFO] running `Command { std: "git" "clone" "/workspace/cache/git-repos/https%3A%2F%2Fgithub.com%2Foa1mgo%2Fopenclash-service" "/workspace/builds/worker-0-tc1/source", kill_on_drop: false }`
[INFO] [stderr] Cloning into '/workspace/builds/worker-0-tc1/source'...
[INFO] [stderr] done.
[INFO] started tweaking git repo https://github.com/oa1mgo/openclash-service
[INFO] finished tweaking git repo https://github.com/oa1mgo/openclash-service
[INFO] tweaked toml for git repo https://github.com/oa1mgo/openclash-service written to /workspace/builds/worker-0-tc1/source/Cargo.toml
[INFO] validating manifest of git repo https://github.com/oa1mgo/openclash-service on toolchain 3154cc1a3e6424e44f438a95007d043ed5ceaaf6
[INFO] running `Command { std: CARGO_HOME="/workspace/cargo-home" RUSTUP_HOME="/workspace/rustup-home" "/workspace/cargo-home/bin/cargo" "+3154cc1a3e6424e44f438a95007d043ed5ceaaf6" "metadata" "--manifest-path" "Cargo.toml" "--no-deps", kill_on_drop: false }`
[INFO] crate git repo https://github.com/oa1mgo/openclash-service already has a lockfile, it will not be regenerated
[INFO] running `Command { std: CARGO_HOME="/workspace/cargo-home" RUSTUP_HOME="/workspace/rustup-home" "/workspace/cargo-home/bin/cargo" "+3154cc1a3e6424e44f438a95007d043ed5ceaaf6" "fetch" "--manifest-path" "Cargo.toml", kill_on_drop: false }`
[INFO] [stderr]     Updating git repository `https://github.com/oa1mgo/openclash-logger.git`
[INFO] [stderr]     Updating crates.io index
[INFO] [stderr]     Updating git repository `https://github.com/oa1mgo/kode-bridge.git`
[INFO] [stderr]     Updating git repository `https://github.com/oa1mgo/sysproxy-rs`
[INFO] [stderr]  Downloading crates ...
[INFO] [stderr]   Downloaded lazy-regex v3.6.0
[INFO] [stderr]   Downloaded serial_test v3.5.0
[INFO] [stderr]   Downloaded lazy-regex-proc_macros v3.6.0
[INFO] [stderr]   Downloaded iptools v0.4.1
[INFO] [stderr]   Downloaded serial_test_derive v3.5.0
[INFO] [stderr]   Downloaded munge_macro v0.4.7
[INFO] [stderr]   Downloaded munge v0.4.7
[INFO] [stderr]   Downloaded ptr_meta v0.3.1
[INFO] [stderr]   Downloaded ptr_meta_derive v0.3.1
[INFO] [stderr]   Downloaded rkyv_derive v0.8.16
[INFO] [stderr]   Downloaded rend v0.5.3
[INFO] [stderr]   Downloaded rancor v0.1.1
[INFO] [stderr]   Downloaded path-tree v0.8.3
[INFO] [stderr]   Downloaded rkyv v0.8.16
[INFO] [stderr]   Downloaded flexi_logger v0.31.9
[INFO] running `Command { std: "docker" "create" "-v" "/var/lib/crater-agent-workspace/builds/worker-0-tc1/source:/opt/rustwide/workdir:ro,Z" "-v" "/var/lib/crater-agent-workspace/builds/worker-0-tc1/target:/opt/rustwide/target:rw,Z" "-v" "/var/lib/crater-agent-workspace/cargo-home:/opt/rustwide/cargo-home:ro,Z" "-v" "/var/lib/crater-agent-workspace/rustup-home:/opt/rustwide/rustup-home:ro,Z" "-m" "1610612736" "--network" "none" "ghcr.io/rust-lang/crates-build-env/linux@sha256:77db811e55d90add9212f6832c23229e3de5f1c1f9905e8cb07319ea15df73ac" "sleep" "infinity", kill_on_drop: false }`
[INFO] [stdout] 33ffb9c21ad6cca3c7dc790ea46b272b429605c7ae1a685e713d77b56c6f18d1
[INFO] running `Command { std: "docker" "start" "33ffb9c21ad6cca3c7dc790ea46b272b429605c7ae1a685e713d77b56c6f18d1", kill_on_drop: false }`
[INFO] running `Command { std: "docker" "inspect" "33ffb9c21ad6cca3c7dc790ea46b272b429605c7ae1a685e713d77b56c6f18d1", kill_on_drop: false }`
[INFO] running `Command { std: "docker" "exec" "-e" "SOURCE_DIR=/opt/rustwide/workdir" "-e" "CARGO_HOME=/opt/rustwide/cargo-home" "-e" "RUSTUP_HOME=/opt/rustwide/rustup-home" "-e" "CARGO_TARGET_DIR=/opt/rustwide/target" "-w" "/opt/rustwide/workdir" "--user" "0:0" "33ffb9c21ad6cca3c7dc790ea46b272b429605c7ae1a685e713d77b56c6f18d1" "/opt/rustwide/cargo-home/bin/cargo" "+3154cc1a3e6424e44f438a95007d043ed5ceaaf6" "metadata" "--no-deps" "--format-version=1", kill_on_drop: false }`
[INFO] running `Command { std: "docker" "inspect" "33ffb9c21ad6cca3c7dc790ea46b272b429605c7ae1a685e713d77b56c6f18d1", kill_on_drop: false }`
[INFO] running `Command { std: "docker" "exec" "-e" "SOURCE_DIR=/opt/rustwide/workdir" "-e" "CARGO_HOME=/opt/rustwide/cargo-home" "-e" "RUSTUP_HOME=/opt/rustwide/rustup-home" "-e" "CARGO_TARGET_DIR=/opt/rustwide/target" "-e" "CARGO_INCREMENTAL=0" "-e" "RUST_BACKTRACE=full" "-e" "RUSTFLAGS=--cap-lints=forbid -Znext-solver=coherence" "-e" "RUSTDOCFLAGS=--cap-lints=forbid" "-w" "/opt/rustwide/workdir" "--user" "0:0" "33ffb9c21ad6cca3c7dc790ea46b272b429605c7ae1a685e713d77b56c6f18d1" "/opt/rustwide/cargo-home/bin/cargo" "+3154cc1a3e6424e44f438a95007d043ed5ceaaf6" "check" "--frozen" "--all" "--all-targets" "--message-format=json", kill_on_drop: false }`
[INFO] [stderr]     Checking futures-channel v0.3.32
[INFO] [stderr]     Checking percent-encoding v2.3.2
[INFO] [stderr]     Checking winnow v1.0.2
[INFO] [stderr]     Checking tokio v1.52.3
[INFO] [stderr]     Checking serde v1.0.228
[INFO] [stderr]    Compiling doctest-file v1.1.1
[INFO] [stderr]     Checking toml_writer v1.1.1+spec-1.1.0
[INFO] [stderr]     Checking serde_json v1.0.150
[INFO] [stderr]     Checking tracing v0.1.44
[INFO] [stderr]     Checking rand v0.10.1
[INFO] [stderr]     Checking http v1.4.2
[INFO] [stderr]    Compiling serial_test_derive v3.5.0
[INFO] [stderr]     Checking path-tree v0.8.3
[INFO] [stderr]     Checking strum v0.28.0
[INFO] [stderr]     Checking form_urlencoded v1.2.2
[INFO] [stderr]     Checking url v2.5.8
[INFO] [stderr]     Checking futures-util v0.3.32
[INFO] [stderr]     Checking toml_parser v1.1.2+spec-1.1.0
[INFO] [stderr]     Checking toml v0.9.12+spec-1.1.0
[INFO] [stderr]     Checking openclash_service_ipc v2.6.1 (/opt/rustwide/workdir)
[INFO] [stderr]     Checking futures-executor v0.3.32
[INFO] [stderr]     Checking futures v0.3.32
[INFO] [stderr]     Checking serial_test v3.5.0
[INFO] [stderr]     Checking tokio-util v0.7.18
[INFO] [stderr]     Checking interprocess v2.4.2
[INFO] [stderr]     Checking tokio-stream v0.1.18
[INFO] [stderr]     Checking kode-bridge v0.4.2 (https://github.com/oa1mgo/kode-bridge.git?rev=9dc3ee4689e46252600b9c1b12d20961fce113b4#9dc3ee46)
[INFO] [stdout] error[E0432]: unresolved import `openclash_service_ipc::test_owner_credentials`
[INFO] [stdout]   --> tests/common.rs:3:47
[INFO] [stdout]    |
[INFO] [stdout]  3 | use openclash_service_ipc::{OwnerCredentials, test_owner_credentials};
[INFO] [stdout]    |                                               ^^^^^^^^^^^^^^^^^^^^^^ no `test_owner_credentials` in the root
[INFO] [stdout]    |
[INFO] [stdout] note: found an item that was configured out
[INFO] [stdout]   --> src/lib.rs:32:15
[INFO] [stdout]    |
[INFO] [stdout] 31 | #[cfg(feature = "test")]
[INFO] [stdout]    |       ---------------- the item is gated behind the `test` feature
[INFO] [stdout] 32 | pub use core::test_owner_credentials;
[INFO] [stdout]    |               ^^^^^^^^^^^^^^^^^^^^^^
[INFO] [stdout] 
[INFO] [stdout] 
[INFO] [stdout] error[E0432]: unresolved imports `openclash_service_ipc::connect`, `openclash_service_ipc::get_status`, `openclash_service_ipc::load_owner_desired_state`, `openclash_service_ipc::run_ipc_server`, `openclash_service_ipc::start_clash`, `openclash_service_ipc::stop_clash`, `openclash_service_ipc::stop_ipc_server`
[INFO] [stdout]   --> tests/test_start_from_start.rs:7:62
[INFO] [stdout]    |
[INFO] [stdout]  7 |         OwnerSessionProof, RuntimeBundle, StartClashRequest, connect, get_status,
[INFO] [stdout]    |                                                              ^^^^^^^  ^^^^^^^^^^ no `get_status` in the root
[INFO] [stdout]    |                                                              |
[INFO] [stdout]    |                                                              no `connect` in the root
[INFO] [stdout]  8 |         load_owner_desired_state, owner_key, run_ipc_server, start_clash, stop_clash,
[INFO] [stdout]    |         ^^^^^^^^^^^^^^^^^^^^^^^^             ^^^^^^^^^^^^^^  ^^^^^^^^^^^  ^^^^^^^^^^ no `stop_clash` in the root
[INFO] [stdout]    |         |                                    |               |
[INFO] [stdout]    |         |                                    |               no `start_clash` in the root
[INFO] [stdout]    |         |                                    no `run_ipc_server` in the root
[INFO] [stdout]    |         no `load_owner_desired_state` in the root
[INFO] [stdout]  9 |         stop_ipc_server,
[INFO] [stdout]    |         ^^^^^^^^^^^^^^^ no `stop_ipc_server` in the root
[INFO] [stdout]    |
[INFO] [stdout] note: found an item that was configured out
[INFO] [stdout]   --> src/lib.rs:25:51
[INFO] [stdout]    |
[INFO] [stdout] 21 | #[cfg(feature = "standalone")]
[INFO] [stdout]    |       ---------------------- the item is gated behind the `standalone` feature
[INFO] [stdout] ...
[INFO] [stdout] 25 |     cleanup_stale_owner_state, load_active_owner, load_owner_desired_state,
[INFO] [stdout]    |                                                   ^^^^^^^^^^^^^^^^^^^^^^^^
[INFO] [stdout] note: found an item that was configured out
[INFO] [stdout]   --> src/lib.rs:27:5
[INFO] [stdout]    |
[INFO] [stdout] 21 | #[cfg(feature = "standalone")]
[INFO] [stdout]    |       ---------------------- the item is gated behind the `standalone` feature
[INFO] [stdout] ...
[INFO] [stdout] 27 |     run_ipc_server, run_ipc_supervisor_until_shutdown, service_lifecycle_state,
[INFO] [stdout]    |     ^^^^^^^^^^^^^^
[INFO] [stdout] note: found an item that was configured out
[INFO] [stdout]   --> src/lib.rs:28:34
[INFO] [stdout]    |
[INFO] [stdout] 21 | #[cfg(feature = "standalone")]
[INFO] [stdout]    |       ---------------------- the item is gated behind the `standalone` feature
[INFO] [stdout] ...
[INFO] [stdout] 28 |     set_service_lifecycle_state, stop_ipc_server,
[INFO] [stdout]    |                                  ^^^^^^^^^^^^^^^
[INFO] [stdout] 
[INFO] [stdout] 
[INFO] [stdout] error[E0433]: cannot find module or crate `tokio` in this scope
[INFO] [stdout]   --> tests/test_start_from_start.rs:14:9
[INFO] [stdout]    |
[INFO] [stdout] 14 |     use tokio::task::JoinHandle;
[INFO] [stdout]    |         ^^^^^ use of unresolved module or unlinked crate `tokio`
[INFO] [stdout]    |
[INFO] [stdout]    = help: if you wanted to use a crate named `tokio`, use `cargo add tokio` to add it to your `Cargo.toml`
[INFO] [stdout] 
[INFO] [stdout] 
[INFO] [stdout] error[E0433]: cannot find module or crate `tokio` in this scope
[INFO] [stdout]   --> tests/test_start_from_start.rs:15:9
[INFO] [stdout]    |
[INFO] [stdout] 15 |     use tokio::time::{Duration, sleep};
[INFO] [stdout]    |         ^^^^^ use of unresolved module or unlinked crate `tokio`
[INFO] [stdout]    |
[INFO] [stdout]    = help: if you wanted to use a crate named `tokio`, use `cargo add tokio` to add it to your `Cargo.toml`
[INFO] [stdout] 
[INFO] [stdout] 
[INFO] [stdout] error[E0432]: unresolved import `anyhow`
[INFO] [stdout]  --> tests/test_start_from_start.rs:5:9
[INFO] [stdout]   |
[INFO] [stdout] 5 |     use anyhow::Result;
[INFO] [stdout]   |         ^^^^^^ use of unresolved module or unlinked crate `anyhow`
[INFO] [stdout]   |
[INFO] [stdout]   = help: if you wanted to use a crate named `anyhow`, use `cargo add anyhow` to add it to your `Cargo.toml`
[INFO] [stdout] 
[INFO] [stdout] 
[INFO] [stdout] error[E0432]: unresolved import `tracing`
[INFO] [stdout]   --> tests/test_start_from_start.rs:16:9
[INFO] [stdout]    |
[INFO] [stdout] 16 |     use tracing::info;
[INFO] [stdout]    |         ^^^^^^^ use of unresolved module or unlinked crate `tracing`
[INFO] [stdout]    |
[INFO] [stdout]    = help: if you wanted to use a crate named `tracing`, use `cargo add tracing` to add it to your `Cargo.toml`
[INFO] [stdout] 
[INFO] [stdout] 
[INFO] [stdout] error[E0433]: cannot find module or crate `tracing` in this scope
[INFO] [stdout]   --> tests/common.rs:24:9
[INFO] [stdout]    |
[INFO] [stdout] 24 |         tracing::info!("tracing initialized for tests");
[INFO] [stdout]    |         ^^^^^^^ use of unresolved module or unlinked crate `tracing`
[INFO] [stdout] 
[INFO] [stdout] 
[INFO] [stdout] error[E0433]: cannot find module or crate `tokio` in this scope
[INFO] [stdout]    --> tests/test_start_from_start.rs:171:7
[INFO] [stdout]     |
[INFO] [stdout] 171 |     #[tokio::test]
[INFO] [stdout]     |       ^^^^^ use of unresolved module or unlinked crate `tokio`
[INFO] [stdout] 
[INFO] [stdout] 
[INFO] [stdout] error[E0433]: cannot find module or crate `tracing_log` in this scope
[INFO] [stdout]  --> tests/common.rs:9:17
[INFO] [stdout]   |
[INFO] [stdout] 9 |         let _ = tracing_log::LogTracer::init();
[INFO] [stdout]   |                 ^^^^^^^^^^^ use of unresolved module or unlinked crate `tracing_log`
[INFO] [stdout]   |
[INFO] [stdout]   = help: if you wanted to use a crate named `tracing_log`, use `cargo add tracing_log` to add it to your `Cargo.toml`
[INFO] [stdout] 
[INFO] [stdout] 
[INFO] [stdout] error[E0432]: unresolved import `openclash_service_ipc::test_owner_credentials`
[INFO] [stdout]   --> tests/common.rs:3:47
[INFO] [stdout]    |
[INFO] [stdout]  3 | use openclash_service_ipc::{OwnerCredentials, test_owner_credentials};
[INFO] [stdout]    |                                               ^^^^^^^^^^^^^^^^^^^^^^ no `test_owner_credentials` in the root
[INFO] [stdout]    |
[INFO] [stdout] note: found an item that was configured out
[INFO] [stdout]   --> src/lib.rs:32:15
[INFO] [stdout]    |
[INFO] [stdout] 31 | #[cfg(feature = "test")]
[INFO] [stdout]    |       ---------------- the item is gated behind the `test` feature
[INFO] [stdout] 32 | pub use core::test_owner_credentials;
[INFO] [stdout]    |               ^^^^^^^^^^^^^^^^^^^^^^
[INFO] [stdout] 
[INFO] [stdout] 
[INFO] [stdout] error[E0433]: cannot find module or crate `tracing` in this scope
[INFO] [stdout]   --> tests/common.rs:24:9
[INFO] [stdout]    |
[INFO] [stdout] 24 |         tracing::info!("tracing initialized for tests");
[INFO] [stdout]    |         ^^^^^^^ use of unresolved module or unlinked crate `tracing`
[INFO] [stdout] 
[INFO] [stdout] 
[INFO] [stdout] error[E0433]: cannot find module or crate `tracing_subscriber` in this scope
[INFO] [stdout]   --> tests/common.rs:14:30
[INFO] [stdout]    |
[INFO] [stdout] 14 |             .with_env_filter(tracing_subscriber::EnvFilter::new(env_filter))
[INFO] [stdout]    |                              ^^^^^^^^^^^^^^^^^^ use of unresolved module or unlinked crate `tracing_subscriber`
[INFO] [stdout]    |
[INFO] [stdout]    = help: if you wanted to use a crate named `tracing_subscriber`, use `cargo add tracing_subscriber` to add it to your `Cargo.toml`
[INFO] [stdout] 
[INFO] [stdout] 
[INFO] [stdout] error[E0433]: cannot find module or crate `tracing_log` in this scope
[INFO] [stdout]  --> tests/common.rs:9:17
[INFO] [stdout]   |
[INFO] [stdout] 9 |         let _ = tracing_log::LogTracer::init();
[INFO] [stdout]   |                 ^^^^^^^^^^^ use of unresolved module or unlinked crate `tracing_log`
[INFO] [stdout]   |
[INFO] [stdout]   = help: if you wanted to use a crate named `tracing_log`, use `cargo add tracing_log` to add it to your `Cargo.toml`
[INFO] [stdout] 
[INFO] [stdout] 
[INFO] [stdout] error[E0433]: cannot find module or crate `tracing_subscriber` in this scope
[INFO] [stdout]   --> tests/common.rs:13:26
[INFO] [stdout]    |
[INFO] [stdout] 13 |         let subscriber = tracing_subscriber::fmt()
[INFO] [stdout]    |                          ^^^^^^^^^^^^^^^^^^ use of unresolved module or unlinked crate `tracing_subscriber`
[INFO] [stdout]    |
[INFO] [stdout]    = help: if you wanted to use a crate named `tracing_subscriber`, use `cargo add tracing_subscriber` to add it to your `Cargo.toml`
[INFO] [stdout] 
[INFO] [stdout] 
[INFO] [stdout] error[E0433]: cannot find module or crate `tracing_subscriber` in this scope
[INFO] [stdout]   --> tests/common.rs:14:30
[INFO] [stdout]    |
[INFO] [stdout] 14 |             .with_env_filter(tracing_subscriber::EnvFilter::new(env_filter))
[INFO] [stdout]    |                              ^^^^^^^^^^^^^^^^^^ use of unresolved module or unlinked crate `tracing_subscriber`
[INFO] [stdout]    |
[INFO] [stdout]    = help: if you wanted to use a crate named `tracing_subscriber`, use `cargo add tracing_subscriber` to add it to your `Cargo.toml`
[INFO] [stdout] 
[INFO] [stdout] 
[INFO] [stdout] Some errors have detailed explanations: E0432, E0433.
[INFO] [stdout] 
[INFO] [stdout] error[E0433]: cannot find module or crate `tracing_subscriber` in this scope
[INFO] [stdout]   --> tests/common.rs:13:26
[INFO] [stdout]    |
[INFO] [stdout] 13 |         let subscriber = tracing_subscriber::fmt()
[INFO] [stdout]    |                          ^^^^^^^^^^^^^^^^^^ use of unresolved module or unlinked crate `tracing_subscriber`
[INFO] [stdout]    |
[INFO] [stdout]    = help: if you wanted to use a crate named `tracing_subscriber`, use `cargo add tracing_subscriber` to add it to your `Cargo.toml`
[INFO] [stdout] 
[INFO] [stdout] 
[INFO] [stdout] For more information about an error, try `rustc --explain E0432`.
[INFO] [stdout] 
[INFO] [stdout] Some errors have detailed explanations: E0432, E0433.
[INFO] [stdout] 
[INFO] [stdout] For more information about an error, try `rustc --explain E0432`.
[INFO] [stdout] 
[INFO] [stderr] error: could not compile `openclash_service_ipc` (test "common") due to 5 previous errors
[INFO] [stderr] warning: build failed, waiting for other jobs to finish...
[INFO] [stderr] error: could not compile `openclash_service_ipc` (test "test_start_from_start") due to 11 previous errors
[INFO] [stdout] error[E0433]: cannot find module or crate `serde_json` in this scope
[INFO] [stdout]    --> src/core/structure.rs:394:23
[INFO] [stdout]     |
[INFO] [stdout] 394 |         let encoded = serde_json::to_vec(&request).expect("request should serialize");
[INFO] [stdout]     |                       ^^^^^^^^^^ use of unresolved module or unlinked crate `serde_json`
[INFO] [stdout]     |
[INFO] [stdout]     = help: if you wanted to use a crate named `serde_json`, use `cargo add serde_json` to add it to your `Cargo.toml`
[INFO] [stdout] 
[INFO] [stdout] 
[INFO] [stdout] error[E0433]: cannot find module or crate `serde_json` in this scope
[INFO] [stdout]    --> src/core/structure.rs:396:13
[INFO] [stdout]     |
[INFO] [stdout] 396 |             serde_json::from_slice(&encoded).expect("request should deserialize");
[INFO] [stdout]     |             ^^^^^^^^^^ use of unresolved module or unlinked crate `serde_json`
[INFO] [stdout]     |
[INFO] [stdout]     = help: if you wanted to use a crate named `serde_json`, use `cargo add serde_json` to add it to your `Cargo.toml`
[INFO] [stdout] 
[INFO] [stdout] 
[INFO] [stdout] For more information about this error, try `rustc --explain E0433`.
[INFO] [stdout] 
[INFO] [stderr] error: could not compile `openclash_service_ipc` (lib test) due to 2 previous errors
[INFO] running `Command { std: "docker" "inspect" "33ffb9c21ad6cca3c7dc790ea46b272b429605c7ae1a685e713d77b56c6f18d1", kill_on_drop: false }`
[INFO] running `Command { std: "docker" "rm" "-f" "33ffb9c21ad6cca3c7dc790ea46b272b429605c7ae1a685e713d77b56c6f18d1", kill_on_drop: false }`
[INFO] [stdout] 33ffb9c21ad6cca3c7dc790ea46b272b429605c7ae1a685e713d77b56c6f18d1
