[INFO] cloning repository https://github.com/nyx47rd/animecix-app
[INFO] running `Command { std: "git" "-c" "credential.helper=" "-c" "credential.helper=/workspace/cargo-home/bin/git-credential-null" "clone" "--bare" "https://github.com/nyx47rd/animecix-app" "/workspace/cache/git-repos/https%3A%2F%2Fgithub.com%2Fnyx47rd%2Fanimecix-app", kill_on_drop: false }`
[INFO] [stderr] Cloning into bare repository '/workspace/cache/git-repos/https%3A%2F%2Fgithub.com%2Fnyx47rd%2Fanimecix-app'...
[INFO] running `Command { std: "git" "rev-parse" "HEAD", kill_on_drop: false }`
[INFO] [stdout] fe189eb20ec3ae75df685b1144d759f0e484f567
[INFO] checking nyx47rd/animecix-app against 3154cc1a3e6424e44f438a95007d043ed5ceaaf6 for pr-133502-30
[INFO] running `Command { std: "git" "clone" "/workspace/cache/git-repos/https%3A%2F%2Fgithub.com%2Fnyx47rd%2Fanimecix-app" "/workspace/builds/worker-1-tc2/source", kill_on_drop: false }`
[INFO] [stderr] Cloning into '/workspace/builds/worker-1-tc2/source'...
[INFO] [stderr] done.
[INFO] started tweaking git repo https://github.com/nyx47rd/animecix-app
[INFO] finished tweaking git repo https://github.com/nyx47rd/animecix-app
[INFO] tweaked toml for git repo https://github.com/nyx47rd/animecix-app written to /workspace/builds/worker-1-tc2/source/Cargo.toml
[INFO] validating manifest of git repo https://github.com/nyx47rd/animecix-app on toolchain 3154cc1a3e6424e44f438a95007d043ed5ceaaf6
[INFO] running `Command { std: CARGO_HOME="/workspace/cargo-home" RUSTUP_HOME="/workspace/rustup-home" "/workspace/cargo-home/bin/cargo" "+3154cc1a3e6424e44f438a95007d043ed5ceaaf6" "metadata" "--manifest-path" "Cargo.toml" "--no-deps", kill_on_drop: false }`
[INFO] crate git repo https://github.com/nyx47rd/animecix-app already has a lockfile, it will not be regenerated
[INFO] running `Command { std: CARGO_HOME="/workspace/cargo-home" RUSTUP_HOME="/workspace/rustup-home" "/workspace/cargo-home/bin/cargo" "+3154cc1a3e6424e44f438a95007d043ed5ceaaf6" "fetch" "--manifest-path" "Cargo.toml", kill_on_drop: false }`
[INFO] [stderr] warning: `package.homepage` is redundant with `package.repository`
[INFO] [stderr]   --> Cargo.toml:42:12
[INFO] [stderr]    |
[INFO] [stderr] 42 | homepage = "https://github.com/veilzon/animecix-linux"
[INFO] [stderr]    |            ^^^^^^^^^^^^^^^^^^^^^^^^^^^^^^^^^^^^^^^^^^^
[INFO] [stderr] ...
[INFO] [stderr] 45 | repository = "https://github.com/veilzon/animecix-linux"
[INFO] [stderr]    |              -------------------------------------------
[INFO] [stderr]    |
[INFO] [stderr]    = note: `cargo::redundant_homepage` is set to `warn` by default
[INFO] [stderr] help: consider removing `package.homepage`
[INFO] [stderr] warning: `animecix` (manifest) generated 1 warning
[INFO] [stderr]     Blocking waiting for file lock on package cache
[INFO] running `Command { std: "docker" "create" "-v" "/var/lib/crater-agent-workspace/builds/worker-1-tc2/source:/opt/rustwide/workdir:ro,Z" "-v" "/var/lib/crater-agent-workspace/builds/worker-1-tc2/target:/opt/rustwide/target:rw,Z" "-v" "/var/lib/crater-agent-workspace/cargo-home:/opt/rustwide/cargo-home:ro,Z" "-v" "/var/lib/crater-agent-workspace/rustup-home:/opt/rustwide/rustup-home:ro,Z" "-m" "1610612736" "--network" "none" "ghcr.io/rust-lang/crates-build-env/linux@sha256:77db811e55d90add9212f6832c23229e3de5f1c1f9905e8cb07319ea15df73ac" "sleep" "infinity", kill_on_drop: false }`
[INFO] [stdout] 23991f911c4119ab1d06c018dbc5043d58aedd18f142f9e04bd7cf80f0c123ab
[INFO] running `Command { std: "docker" "start" "23991f911c4119ab1d06c018dbc5043d58aedd18f142f9e04bd7cf80f0c123ab", kill_on_drop: false }`
[INFO] running `Command { std: "docker" "inspect" "23991f911c4119ab1d06c018dbc5043d58aedd18f142f9e04bd7cf80f0c123ab", kill_on_drop: false }`
[INFO] running `Command { std: "docker" "exec" "-e" "SOURCE_DIR=/opt/rustwide/workdir" "-e" "CARGO_HOME=/opt/rustwide/cargo-home" "-e" "RUSTUP_HOME=/opt/rustwide/rustup-home" "-e" "CARGO_TARGET_DIR=/opt/rustwide/target" "-w" "/opt/rustwide/workdir" "--user" "0:0" "23991f911c4119ab1d06c018dbc5043d58aedd18f142f9e04bd7cf80f0c123ab" "/opt/rustwide/cargo-home/bin/cargo" "+3154cc1a3e6424e44f438a95007d043ed5ceaaf6" "metadata" "--no-deps" "--format-version=1", kill_on_drop: false }`
[INFO] running `Command { std: "docker" "inspect" "23991f911c4119ab1d06c018dbc5043d58aedd18f142f9e04bd7cf80f0c123ab", kill_on_drop: false }`
[INFO] running `Command { std: "docker" "exec" "-e" "SOURCE_DIR=/opt/rustwide/workdir" "-e" "CARGO_HOME=/opt/rustwide/cargo-home" "-e" "RUSTUP_HOME=/opt/rustwide/rustup-home" "-e" "CARGO_TARGET_DIR=/opt/rustwide/target" "-e" "CARGO_INCREMENTAL=0" "-e" "RUST_BACKTRACE=full" "-e" "RUSTFLAGS=--cap-lints=forbid" "-e" "RUSTDOCFLAGS=--cap-lints=forbid" "-w" "/opt/rustwide/workdir" "--user" "0:0" "23991f911c4119ab1d06c018dbc5043d58aedd18f142f9e04bd7cf80f0c123ab" "/opt/rustwide/cargo-home/bin/cargo" "+3154cc1a3e6424e44f438a95007d043ed5ceaaf6" "check" "--frozen" "--all" "--all-targets" "--message-format=json", kill_on_drop: false }`
[INFO] [stderr] warning: `package.homepage` is redundant with `package.repository`
[INFO] [stderr]   --> Cargo.toml:42:12
[INFO] [stderr]    |
[INFO] [stderr] 42 | homepage = "https://github.com/veilzon/animecix-linux"
[INFO] [stderr]    |            ^^^^^^^^^^^^^^^^^^^^^^^^^^^^^^^^^^^^^^^^^^^
[INFO] [stderr] ...
[INFO] [stderr] 45 | repository = "https://github.com/veilzon/animecix-linux"
[INFO] [stderr]    |              -------------------------------------------
[INFO] [stderr]    |
[INFO] [stderr]    = note: `cargo::redundant_homepage` is set to `warn` by default
[INFO] [stderr] help: consider removing `package.homepage`
[INFO] [stderr] warning: `animecix` (manifest) generated 1 warning
[INFO] [stderr]    Compiling libc v0.2.189
[INFO] [stderr]    Compiling proc-macro2 v1.0.107
[INFO] [stderr]    Compiling pkg-config v0.3.33
[INFO] [stderr]    Compiling hashbrown v0.17.1
[INFO] [stderr]    Compiling serde_core v1.0.229
[INFO] [stderr]    Compiling serde v1.0.229
[INFO] [stderr]    Compiling target-lexicon v0.12.16
[INFO] [stderr]    Compiling winnow v0.5.40
[INFO] [stderr]    Compiling smallvec v1.15.2
[INFO] [stderr]    Compiling heck v0.5.0
[INFO] [stderr]    Compiling version-compare v0.2.1
[INFO] [stderr]    Compiling quote v1.0.47
[INFO] [stderr]    Compiling indexmap v2.14.0
[INFO] [stderr]    Compiling cfg-expr v0.15.8
[INFO] [stderr]    Compiling syn v2.0.119
[INFO] [stderr]    Compiling syn v3.0.3
[INFO] [stderr]     Checking pin-project-lite v0.2.17
[INFO] [stderr]     Checking futures-core v0.3.34
[INFO] [stderr]     Checking futures-sink v0.3.34
[INFO] [stderr]     Checking futures-channel v0.3.34
[INFO] [stderr]     Checking memchr v2.8.3
[INFO] [stderr]     Checking slab v0.4.12
[INFO] [stderr]     Checking futures-io v0.3.34
[INFO] [stderr]     Checking futures-task v0.3.34
[INFO] [stderr]     Checking getrandom v0.2.17
[INFO] [stderr]     Checking bytes v1.12.1
[INFO] [stderr]     Checking stable_deref_trait v1.2.1
[INFO] [stderr]     Checking bitflags v2.13.1
[INFO] [stderr]    Compiling generic-array v0.14.7
[INFO] [stderr]     Checking mio v1.2.2
[INFO] [stderr]     Checking socket2 v0.6.5
[INFO] [stderr]    Compiling winnow v1.0.4
[INFO] [stderr]    Compiling jobserver v0.1.35
[INFO] [stderr]     Checking tokio v1.53.1
[INFO] [stderr]    Compiling cc v1.4.2
[INFO] [stderr]    Compiling toml_datetime v1.1.1+spec-1.1.0
[INFO] [stderr]     Checking http v1.5.0
[INFO] [stderr]     Checking rand_core v0.6.4
[INFO] [stderr]    Compiling glob v0.3.4
[INFO] [stderr]    Compiling clang-sys v1.9.1
[INFO] [stderr]     Checking crypto-common v0.1.7
[INFO] [stderr]     Checking litemap v0.8.2
[INFO] [stderr]    Compiling toml_datetime v0.6.3
[INFO] [stderr]    Compiling serde_spanned v0.6.9
[INFO] [stderr]     Checking writeable v0.6.3
[INFO] [stderr]     Checking subtle v2.6.1
[INFO] [stderr]    Compiling toml_edit v0.20.2
[INFO] [stderr]     Checking http-body v1.1.0
[INFO] [stderr]    Compiling minimal-lexical v0.2.1
[INFO] [stderr]     Checking zeroize v1.9.0
[INFO] [stderr]    Compiling toml_parser v1.1.3+spec-1.1.0
[INFO] [stderr]    Compiling icu_normalizer_data v2.2.0
[INFO] [stderr]    Compiling icu_properties_data v2.2.0
[INFO] [stderr]     Checking utf8_iter v1.0.4
[INFO] [stderr]    Compiling httparse v1.10.1
[INFO] [stderr]    Compiling regex-syntax v0.8.11
[INFO] [stderr]    Compiling libloading v0.8.9
[INFO] [stderr]    Compiling toml_edit v0.25.13+spec-1.1.0
[INFO] [stderr]    Compiling nom v7.1.3
[INFO] [stderr]    Compiling ring v0.17.14
[INFO] [stderr]     Checking rustls-pki-types v1.15.1
[INFO] [stderr]    Compiling synstructure v0.13.2
[INFO] [stderr]    Compiling futures-macro v0.3.34
[INFO] [stderr]    Compiling displaydoc v0.2.7
[INFO] [stderr]    Compiling proc-macro-crate v3.5.0
[INFO] [stderr]     Checking futures-util v0.3.34
[INFO] [stderr]    Compiling toml v0.8.2
[INFO] [stderr]    Compiling regex-automata v0.4.18
[INFO] [stderr]    Compiling bindgen v0.72.1
[INFO] [stderr]     Checking atomic-waker v1.1.2
[INFO] [stderr]    Compiling either v1.18.0
[INFO] [stderr]    Compiling system-deps v6.2.2
[INFO] [stderr]     Checking try-lock v0.2.5
[INFO] [stderr]     Checking want v0.3.1
[INFO] [stderr]    Compiling itertools v0.13.0
[INFO] [stderr]    Compiling cexpr v0.6.0
[INFO] [stderr]    Compiling zerofrom-derive v0.1.7
[INFO] [stderr]    Compiling yoke-derive v0.8.2
[INFO] [stderr]    Compiling glib-sys v0.19.8
[INFO] [stderr]    Compiling gobject-sys v0.19.8
[INFO] [stderr]    Compiling gio-sys v0.19.8
[INFO] [stderr]    Compiling zerovec-derive v0.11.3
[INFO] [stderr]    Compiling gdk-pixbuf-sys v0.19.8
[INFO] [stderr]    Compiling pango-sys v0.19.8
[INFO] [stderr]    Compiling cairo-sys-rs v0.19.2
[INFO] [stderr]     Checking zerofrom v0.1.8
[INFO] [stderr]     Checking yoke v0.8.3
[INFO] [stderr]    Compiling thiserror-impl v1.0.69
[INFO] [stderr]    Compiling glib-macros v0.19.9
[INFO] [stderr]     Checking zerotrie v0.2.4
[INFO] [stderr]    Compiling graphene-sys v0.19.8
[INFO] [stderr]    Compiling gdk4-sys v0.8.2
[INFO] [stderr]    Compiling regex v1.13.1
[INFO] [stderr]     Checking zerovec v0.11.6
[INFO] [stderr]     Checking thiserror v1.0.69
[INFO] [stderr]     Checking allocator-api2 v0.2.21
[INFO] [stderr]    Compiling rustc-hash v2.1.3
[INFO] [stderr]     Checking futures-executor v0.3.34
[INFO] [stderr]     Checking foldhash v0.2.0
[INFO] [stderr]     Checking equivalent v1.0.2
[INFO] [stderr]    Compiling gio v0.19.8
[INFO] [stderr]    Compiling shlex v1.3.0
[INFO] [stderr]     Checking tinystr v0.8.3
[INFO] [stderr]     Checking potential_utf v0.1.5
[INFO] [stderr]     Checking icu_collections v2.2.0
[INFO] [stderr]     Checking icu_locale_core v2.2.0
[INFO] [stderr]    Compiling gsk4-sys v0.8.2
[INFO] [stderr]    Compiling cmake v0.1.58
[INFO] [stderr]    Compiling fslock v0.2.1
[INFO] [stderr]    Compiling fs_extra v1.3.0
[INFO] [stderr]     Checking tower-service v0.3.3
[INFO] [stderr]    Compiling gtk4-sys v0.8.2
[INFO] [stderr]     Checking tokio-util v0.7.19
[INFO] [stderr]     Checking form_urlencoded v1.2.2
[INFO] [stderr]    Compiling zstd-sys v2.0.16+zstd.1.5.7
[INFO] [stderr]     Checking untrusted v0.9.0
[INFO] [stderr]    Compiling foreign-types-macros v0.2.4
[INFO] [stderr]     Checking icu_provider v2.2.0
[INFO] [stderr]     Checking sync_wrapper v1.0.2
[INFO] [stderr]    Compiling rustls v0.23.43
[INFO] [stderr]     Checking foreign-types-shared v0.3.1
[INFO] [stderr]     Checking icu_normalizer v2.2.0
[INFO] [stderr]     Checking icu_properties v2.2.0
[INFO] [stderr]     Checking ipnet v2.12.1
[INFO] [stderr]     Checking tower-layer v0.3.3
[INFO] [stderr]     Checking foreign-types v0.5.0
[INFO] [stderr]     Checking tower v0.5.3
[INFO] [stderr]    Compiling field-offset v0.3.6
[INFO] [stderr]     Checking tracing-core v0.1.36
[INFO] [stderr]     Checking http2 v0.5.20
[INFO] [stderr]    Compiling openssl-macros v0.1.1
[INFO] [stderr]     Checking rustls-webpki v0.103.13
[INFO] [stderr]     Checking inout v0.1.4
[INFO] [stderr]     Checking glib v0.19.9
[INFO] [stderr]    Compiling crc32fast v1.5.1
[INFO] [stderr]     Checking idna_adapter v1.2.2
[INFO] [stderr]     Checking idna v1.1.0
[INFO] [stderr]     Checking alloc-no-stdlib v2.0.4
[INFO] [stderr]     Checking url v2.5.8
[INFO] [stderr]    Compiling zstd-safe v7.2.4
[INFO] [stderr]    Compiling zmij v1.0.23
[INFO] [stderr]     Checking alloc-stdlib v0.2.4
[INFO] [stderr]     Checking cipher v0.4.4
[INFO] [stderr]     Checking tracing v0.1.44
[INFO] [stderr]     Checking wreq-proto v0.2.6
[INFO] [stderr]     Checking hyper v1.11.0
[INFO] [stderr]    Compiling libadwaita-sys v0.6.0
[INFO] [stderr]    Compiling serde_derive v1.0.229
[INFO] [stderr]     Checking http-body-util v0.1.4
[INFO] [stderr]     Checking universal-hash v0.5.1
[INFO] [stderr]     Checking block-buffer v0.10.4
[INFO] [stderr]     Checking base64 v0.22.1
[INFO] [stderr]    Compiling serde_json v1.0.151
[INFO] [stderr]     Checking adler2 v2.0.1
[INFO] [stderr]     Checking simd-adler32 v0.3.10
[INFO] [stderr]     Checking polyval v0.6.2
[INFO] [stderr]     Checking hyper-util v0.1.20
[INFO] [stderr]     Checking miniz_oxide v0.8.9
[INFO] [stderr]     Checking digest v0.10.7
[INFO] [stderr]     Checking wreq-rt v0.2.2-rc.4
[INFO] [stderr]     Checking brotli-decompressor v5.0.3
[INFO] [stderr]     Checking lru v0.18.2
[INFO] [stderr]    Compiling gtk4-macros v0.8.2
[INFO] [stderr]     Checking tokio-rustls v0.26.4
[INFO] [stderr]    Compiling typed-builder-macro v0.23.2
[INFO] [stderr]     Checking webpki-root-certs v1.0.9
[INFO] [stderr]     Checking webpki-roots v1.0.9
[INFO] [stderr]     Checking hyper-rustls v0.27.9
[INFO] [stderr]     Checking brotli v8.0.4
[INFO] [stderr]     Checking flate2 v1.1.9
[INFO] [stderr]     Checking ghash v0.5.1
[INFO] [stderr]     Checking ctr v0.9.2
[INFO] [stderr]     Checking aes v0.8.4
[INFO] [stderr]     Checking tower-http v0.6.11
[INFO] [stderr]     Checking aead v0.5.2
[INFO] [stderr]     Checking typed-builder v0.23.2
[INFO] [stderr]    Compiling animecix v1.2.6 (/opt/rustwide/workdir)
[INFO] [stderr]     Checking log v0.4.33
[INFO] [stderr]     Checking aes-gcm v0.10.3
[INFO] [stderr]     Checking sha2 v0.10.9
[INFO] [stderr]     Checking hmac v0.12.1
[INFO] [stderr]     Checking futures v0.3.34
[INFO] [stderr]     Checking serde_urlencoded v0.7.1
[INFO] [stderr]    Compiling btls-sys v0.5.6
[INFO] [stderr]     Checking reqwest v0.12.28
[INFO] [stderr]     Checking cairo-rs v0.19.4
[INFO] [stderr]     Checking graphene-rs v0.19.8
[INFO] [stderr]     Checking zstd v0.13.3
[INFO] [stderr]     Checking pango v0.19.8
[INFO] [stderr]     Checking gdk-pixbuf v0.19.8
[INFO] [stderr]     Checking gdk4 v0.8.2
[INFO] [stderr]     Checking gsk4 v0.8.2
[INFO] [stderr]     Checking gtk4 v0.8.2
[INFO] [stderr] error: could not compile `gtk4` (lib)
[INFO] [stderr] 
[INFO] [stderr] Caused by:
[INFO] [stderr]   process didn't exit successfully: `/opt/rustwide/rustup-home/toolchains/3154cc1a3e6424e44f438a95007d043ed5ceaaf6/bin/rustc --crate-name gtk4 --edition=2021 /opt/rustwide/cargo-home/registry/src/index.crates.io-1949cf8c6b5b557f/gtk4-0.8.2/src/lib.rs --error-format=json --json=diagnostic-rendered-ansi,artifacts,future-incompat,unused-externs-silent --crate-type lib --emit=dep-info,metadata -C embed-bitcode=no -C debuginfo=2 --cfg 'feature="v4_2"' --cfg 'feature="v4_4"' --cfg 'feature="v4_6"' --cfg 'feature="v4_8"' --check-cfg 'cfg(docsrs,test)' --check-cfg 'cfg(feature, values("blueprint", "gio_v2_80", "gnome_42", "gnome_43", "gnome_44", "gnome_45", "gnome_46", "unsafe-assume-initialized", "v4_10", "v4_12", "v4_14", "v4_16", "v4_2", "v4_4", "v4_6", "v4_8", "xml_validation"))' -C metadata=79a4511759ccd47d -C extra-filename=-f3dac3129a883be4 --out-dir /opt/rustwide/target/debug/build/gtk4/f3dac3129a883be4/out -L dependency=/opt/rustwide/target/debug/build/bitflags/8c15c6a7257a7294/out -L dependency=/opt/rustwide/target/debug/build/cairo-rs/da4a0e08ab33ed65/out -L dependency=/opt/rustwide/target/debug/build/cairo-sys-rs/3bc310b8f10e037a/out -L dependency=/opt/rustwide/target/debug/build/futures-channel/308a4123e7ffabe8/out -L dependency=/opt/rustwide/target/debug/build/futures-core/e61316190f86a7bd/out -L dependency=/opt/rustwide/target/debug/build/futures-executor/2d859e0c13f54ced/out -L dependency=/opt/rustwide/target/debug/build/futures-io/3982bdd4b44b9ff9/out -L dependency=/opt/rustwide/target/debug/build/futures-macro/03bc4cef85030a9a/out -L dependency=/opt/rustwide/target/debug/build/futures-sink/a9e9f8e9bd8fa6ef/out -L dependency=/opt/rustwide/target/debug/build/futures-task/e6dcbbfe3a416c43/out -L dependency=/opt/rustwide/target/debug/build/futures-util/199d53b6751c80df/out -L dependency=/opt/rustwide/target/debug/build/gdk-pixbuf-sys/d177b6968df3d43d/out -L dependency=/opt/rustwide/target/debug/build/gdk-pixbuf/9a80945eace75d59/out -L dependency=/opt/rustwide/target/debug/build/gdk4-sys/e37a5fe8206545ed/out -L dependency=/opt/rustwide/target/debug/build/gdk4/dd30c976ee21b777/out -L dependency=/opt/rustwide/target/debug/build/gio-sys/cc5d5e5fff80b267/out -L dependency=/opt/rustwide/target/debug/build/gio/dcf7df7249f796f5/out -L dependency=/opt/rustwide/target/debug/build/glib-macros/f73193b03702d2c2/out -L dependency=/opt/rustwide/target/debug/build/glib-sys/fceee72404a40271/out -L dependency=/opt/rustwide/target/debug/build/glib/3da6bd54314ab6ce/out -L dependency=/opt/rustwide/target/debug/build/gobject-sys/4136ca67541521b5/out -L dependency=/opt/rustwide/target/debug/build/graphene-rs/93263a5d51b706e8/out -L dependency=/opt/rustwide/target/debug/build/graphene-sys/a9a616eb19654607/out -L dependency=/opt/rustwide/target/debug/build/gsk4-sys/af0ced311f69ffa3/out -L dependency=/opt/rustwide/target/debug/build/libc/5b122225efee376b/out -L dependency=/opt/rustwide/target/debug/build/memchr/b924193483665774/out -L dependency=/opt/rustwide/target/debug/build/memoffset/d743d2c5d8788671/out -L dependency=/opt/rustwide/target/debug/build/pango-sys/a65de65c57ba95c7/out -L dependency=/opt/rustwide/target/debug/build/pango/0bb654b863416718/out -L dependency=/opt/rustwide/target/debug/build/pin-project-lite/7176d3be2b7ee2e1/out -L dependency=/opt/rustwide/target/debug/build/slab/101f873bca723251/out -L dependency=/opt/rustwide/target/debug/build/smallvec/4f8e4a825041d312/out -L dependency=/opt/rustwide/target/debug/build/thiserror-impl/2f3fcdc62161f92e/out -L dependency=/opt/rustwide/target/debug/build/thiserror/ccf58de2aeffd899/out --extern cairo=/opt/rustwide/target/debug/build/cairo-rs/da4a0e08ab33ed65/out/libcairo-da4a0e08ab33ed65.rmeta --extern field_offset=/opt/rustwide/target/debug/build/field-offset/b4a30dd8bde698a0/out/libfield_offset-b4a30dd8bde698a0.rmeta --extern futures_channel=/opt/rustwide/target/debug/build/futures-channel/308a4123e7ffabe8/out/libfutures_channel-308a4123e7ffabe8.rmeta --extern gdk_pixbuf=/opt/rustwide/target/debug/build/gdk-pixbuf/9a80945eace75d59/out/libgdk_pixbuf-9a80945eace75d59.rmeta --extern gdk=/opt/rustwide/target/debug/build/gdk4/dd30c976ee21b777/out/libgdk4-dd30c976ee21b777.rmeta --extern gio=/opt/rustwide/target/debug/build/gio/dcf7df7249f796f5/out/libgio-dcf7df7249f796f5.rmeta --extern glib=/opt/rustwide/target/debug/build/glib/3da6bd54314ab6ce/out/libglib-3da6bd54314ab6ce.rmeta --extern graphene=/opt/rustwide/target/debug/build/graphene-rs/93263a5d51b706e8/out/libgraphene-93263a5d51b706e8.rmeta --extern gsk=/opt/rustwide/target/debug/build/gsk4/c663ab13e8a64a00/out/libgsk4-c663ab13e8a64a00.rmeta --extern gtk4_macros=/opt/rustwide/target/debug/build/gtk4-macros/dd759e26439c653b/out/libgtk4_macros-dd759e26439c653b.so --extern ffi=/opt/rustwide/target/debug/build/gtk4-sys/7f38fde7514066d7/out/libgtk4_sys-7f38fde7514066d7.rmeta --extern libc=/opt/rustwide/target/debug/build/libc/5b122225efee376b/out/liblibc-5b122225efee376b.rmeta --extern pango=/opt/rustwide/target/debug/build/pango/0bb654b863416718/out/libpango-0bb654b863416718.rmeta --cap-lints allow --cap-lints=forbid --force-warn=unused_crate_dependencies` (signal: 9, SIGKILL: kill)
[INFO] [stderr] warning: build failed, waiting for other jobs to finish...
[INFO] [stderr] warning: btls-sys@0.5.6: applying post quantum crypto patch to boringssl
[INFO] [stderr] warning: btls-sys@0.5.6: applying patch to boringssl
[INFO] [stderr] warning: btls-sys@0.5.6: applying loongarch patch to boringssl
[INFO] [stderr] warning: btls-sys@0.5.6: applying windows cross compile patch to boringssl
[INFO] [stderr] error: failed to run custom build command for `btls-sys v0.5.6`
[INFO] [stderr] note: To improve backtraces for build dependencies, set the CARGO_PROFILE_DEV_BUILD_OVERRIDE_DEBUG=true environment variable to enable debug information generation.
[INFO] [stderr] 
[INFO] [stderr] Caused by:
[INFO] [stderr]   process didn't exit successfully: `/opt/rustwide/target/debug/build/btls-sys/b884819a4ce50084/out/build_script_main` (exit status: 101)
[INFO] [stderr]   --- stdout
[INFO] [stderr]   cargo:rerun-if-env-changed=BORING_BSSL_PATH_x86_64-unknown-linux-gnu
[INFO] [stderr]   cargo:rerun-if-env-changed=BORING_BSSL_PATH_x86_64_unknown_linux_gnu
[INFO] [stderr]   cargo:rerun-if-env-changed=HOST_BORING_BSSL_PATH
[INFO] [stderr]   cargo:rerun-if-env-changed=BORING_BSSL_PATH
[INFO] [stderr]   cargo:rerun-if-env-changed=BORING_BSSL_INCLUDE_PATH_x86_64-unknown-linux-gnu
[INFO] [stderr]   cargo:rerun-if-env-changed=BORING_BSSL_INCLUDE_PATH_x86_64_unknown_linux_gnu
[INFO] [stderr]   cargo:rerun-if-env-changed=HOST_BORING_BSSL_INCLUDE_PATH
[INFO] [stderr]   cargo:rerun-if-env-changed=BORING_BSSL_INCLUDE_PATH
[INFO] [stderr]   cargo:rerun-if-env-changed=BORING_BSSL_SOURCE_PATH_x86_64-unknown-linux-gnu
[INFO] [stderr]   cargo:rerun-if-env-changed=BORING_BSSL_SOURCE_PATH_x86_64_unknown_linux_gnu
[INFO] [stderr]   cargo:rerun-if-env-changed=HOST_BORING_BSSL_SOURCE_PATH
[INFO] [stderr]   cargo:rerun-if-env-changed=BORING_BSSL_SOURCE_PATH
[INFO] [stderr]   cargo:rerun-if-env-changed=BORING_BSSL_ASSUME_PATCHED_x86_64-unknown-linux-gnu
[INFO] [stderr]   cargo:rerun-if-env-changed=BORING_BSSL_ASSUME_PATCHED_x86_64_unknown_linux_gnu
[INFO] [stderr]   cargo:rerun-if-env-changed=HOST_BORING_BSSL_ASSUME_PATCHED
[INFO] [stderr]   cargo:rerun-if-env-changed=BORING_BSSL_ASSUME_PATCHED
[INFO] [stderr]   cargo:rerun-if-env-changed=BORING_BSSL_SYSROOT_x86_64-unknown-linux-gnu
[INFO] [stderr]   cargo:rerun-if-env-changed=BORING_BSSL_SYSROOT_x86_64_unknown_linux_gnu
[INFO] [stderr]   cargo:rerun-if-env-changed=HOST_BORING_BSSL_SYSROOT
[INFO] [stderr]   cargo:rerun-if-env-changed=BORING_BSSL_SYSROOT
[INFO] [stderr]   cargo:rerun-if-env-changed=BORING_BSSL_COMPILER_EXTERNAL_TOOLCHAIN_x86_64-unknown-linux-gnu
[INFO] [stderr]   cargo:rerun-if-env-changed=BORING_BSSL_COMPILER_EXTERNAL_TOOLCHAIN_x86_64_unknown_linux_gnu
[INFO] [stderr]   cargo:rerun-if-env-changed=HOST_BORING_BSSL_COMPILER_EXTERNAL_TOOLCHAIN
[INFO] [stderr]   cargo:rerun-if-env-changed=BORING_BSSL_COMPILER_EXTERNAL_TOOLCHAIN
[INFO] [stderr]   cargo:rerun-if-env-changed=DEBUG_x86_64-unknown-linux-gnu
[INFO] [stderr]   cargo:rerun-if-env-changed=DEBUG_x86_64_unknown_linux_gnu
[INFO] [stderr]   cargo:rerun-if-env-changed=HOST_DEBUG
[INFO] [stderr]   cargo:rerun-if-env-changed=DEBUG
[INFO] [stderr]   cargo:rerun-if-env-changed=OPT_LEVEL_x86_64-unknown-linux-gnu
[INFO] [stderr]   cargo:rerun-if-env-changed=OPT_LEVEL_x86_64_unknown_linux_gnu
[INFO] [stderr]   cargo:rerun-if-env-changed=HOST_OPT_LEVEL
[INFO] [stderr]   cargo:rerun-if-env-changed=OPT_LEVEL
[INFO] [stderr]   cargo:rerun-if-env-changed=ANDROID_NDK_HOME_x86_64-unknown-linux-gnu
[INFO] [stderr]   cargo:rerun-if-env-changed=ANDROID_NDK_HOME_x86_64_unknown_linux_gnu
[INFO] [stderr]   cargo:rerun-if-env-changed=HOST_ANDROID_NDK_HOME
[INFO] [stderr]   cargo:rerun-if-env-changed=ANDROID_NDK_HOME
[INFO] [stderr]   cargo:rerun-if-env-changed=CMAKE_TOOLCHAIN_FILE_x86_64-unknown-linux-gnu
[INFO] [stderr]   cargo:rerun-if-env-changed=CMAKE_TOOLCHAIN_FILE_x86_64_unknown_linux_gnu
[INFO] [stderr]   cargo:rerun-if-env-changed=HOST_CMAKE_TOOLCHAIN_FILE
[INFO] [stderr]   cargo:rerun-if-env-changed=CMAKE_TOOLCHAIN_FILE
[INFO] [stderr]   cargo:rerun-if-env-changed=BORING_BSSL_RUST_CPPLIB_x86_64-unknown-linux-gnu
[INFO] [stderr]   cargo:rerun-if-env-changed=BORING_BSSL_RUST_CPPLIB_x86_64_unknown_linux_gnu
[INFO] [stderr]   cargo:rerun-if-env-changed=HOST_BORING_BSSL_RUST_CPPLIB
[INFO] [stderr]   cargo:rerun-if-env-changed=BORING_BSSL_RUST_CPPLIB
[INFO] [stderr]   cargo:rerun-if-env-changed=CC_x86_64-unknown-linux-gnu
[INFO] [stderr]   cargo:rerun-if-env-changed=CC_x86_64_unknown_linux_gnu
[INFO] [stderr]   cargo:rerun-if-env-changed=HOST_CC
[INFO] [stderr]   cargo:rerun-if-env-changed=CXX_x86_64-unknown-linux-gnu
[INFO] [stderr]   cargo:rerun-if-env-changed=CXX_x86_64_unknown_linux_gnu
[INFO] [stderr]   cargo:rerun-if-env-changed=HOST_CXX
[INFO] [stderr]   cargo:rerun-if-env-changed=DOCS_RS
[INFO] [stderr]   cargo:rerun-if-env-changed=BORING_BSSL_INSTALL_DIR_x86_64-unknown-linux-gnu
[INFO] [stderr]   cargo:rerun-if-env-changed=BORING_BSSL_INSTALL_DIR_x86_64_unknown_linux_gnu
[INFO] [stderr]   cargo:rerun-if-env-changed=HOST_BORING_BSSL_INSTALL_DIR
[INFO] [stderr]   cargo:rerun-if-env-changed=BORING_BSSL_INSTALL_DIR
[INFO] [stderr]   Initialized empty Git repository in /opt/rustwide/target/debug/build/btls-sys/1511db20c9388131/out/boringssl/.git/
[INFO] [stderr]   cargo:warning=applying post quantum crypto patch to boringssl
[INFO] [stderr]   cargo:warning=applying patch to boringssl
[INFO] [stderr]   cargo:warning=applying loongarch patch to boringssl
[INFO] [stderr]   cargo:warning=applying windows cross compile patch to boringssl
[INFO] [stderr]   CMAKE_TOOLCHAIN_FILE_x86_64-unknown-linux-gnu = None
[INFO] [stderr]   CMAKE_TOOLCHAIN_FILE_x86_64_unknown_linux_gnu = None
[INFO] [stderr]   HOST_CMAKE_TOOLCHAIN_FILE = None
[INFO] [stderr]   CMAKE_TOOLCHAIN_FILE = None
[INFO] [stderr]   CMAKE_GENERATOR_x86_64-unknown-linux-gnu = None
[INFO] [stderr]   CMAKE_GENERATOR_x86_64_unknown_linux_gnu = None
[INFO] [stderr]   HOST_CMAKE_GENERATOR = None
[INFO] [stderr]   CMAKE_GENERATOR = None
[INFO] [stderr]   CMAKE_PREFIX_PATH_x86_64-unknown-linux-gnu = None
[INFO] [stderr]   CMAKE_PREFIX_PATH_x86_64_unknown_linux_gnu = None
[INFO] [stderr]   HOST_CMAKE_PREFIX_PATH = None
[INFO] [stderr]   CMAKE_PREFIX_PATH = None
[INFO] [stderr]   CMAKE_x86_64-unknown-linux-gnu = None
[INFO] [stderr]   CMAKE_x86_64_unknown_linux_gnu = None
[INFO] [stderr]   HOST_CMAKE = None
[INFO] [stderr]   CMAKE = None
[INFO] [stderr]   -- The C compiler identification is GNU 15.2.0
[INFO] [stderr]   -- Detecting C compiler ABI info
[INFO] [stderr]   -- Detecting C compiler ABI info - done
[INFO] [stderr]   -- Check for working C compiler: /usr/bin/cc - skipped
[INFO] [stderr]   -- Detecting C compile features
[INFO] [stderr]   -- Detecting C compile features - done
[INFO] [stderr]   -- The CXX compiler identification is GNU 15.2.0
[INFO] [stderr]   -- Detecting CXX compiler ABI info
[INFO] [stderr]   -- Detecting CXX compiler ABI info - done
[INFO] [stderr]   -- Check for working CXX compiler: /usr/bin/c++ - skipped
[INFO] [stderr]   -- Detecting CXX compile features
[INFO] [stderr]   -- Detecting CXX compile features - done
[INFO] [stderr]   -- Checking for module 'libunwind-generic>=1.3.0'
[INFO] [stderr]   --   Found libunwind-generic, version 1.8.3
[INFO] [stderr]   -- The ASM compiler identification is GNU
[INFO] [stderr]   -- Found assembler: /usr/bin/cc
[INFO] [stderr]   -- Performing Test CMAKE_HAVE_LIBC_PTHREAD
[INFO] [stderr]   -- Performing Test CMAKE_HAVE_LIBC_PTHREAD - Success
[INFO] [stderr]   -- Found Threads: TRUE
[INFO] [stderr]   -- Configuring done (4.3s)
[INFO] [stderr]   -- Generating done (0.6s)
[INFO] [stderr]   -- Build files have been written to: /opt/rustwide/target/debug/build/btls-sys/1511db20c9388131/out/build
[INFO] [stderr]   [  0%] Built target boringssl_prefix_symbols
[INFO] [stderr]   [  0%] Building ASM object CMakeFiles/fipsmodule.dir/gen/bcm/aes-gcm-avx2-x86_64-linux.S.o
[INFO] [stderr]   [  1%] Building ASM object CMakeFiles/fipsmodule.dir/gen/bcm/aes-gcm-avx2-x86_64-apple.S.o
[INFO] [stderr]   [  1%] Building CXX object CMakeFiles/fipsmodule.dir/crypto/fipsmodule/bcm.cc.o
[INFO] [stderr]   [  1%] Building ASM object CMakeFiles/fipsmodule.dir/gen/bcm/aesni-gcm-x86_64-linux.S.o
[INFO] [stderr]   [  3%] Building ASM object CMakeFiles/fipsmodule.dir/gen/bcm/aesni-x86-linux.S.o
[INFO] [stderr]   [  3%] Building ASM object CMakeFiles/fipsmodule.dir/gen/bcm/aes-gcm-avx512-x86_64-apple.S.o
[INFO] [stderr]   [  3%] Building ASM object CMakeFiles/fipsmodule.dir/gen/bcm/aesni-x86_64-apple.S.o
[INFO] [stderr]   [  3%] Building ASM object CMakeFiles/fipsmodule.dir/gen/bcm/aesni-gcm-x86_64-apple.S.o
[INFO] [stderr]   [  3%] Building ASM object CMakeFiles/fipsmodule.dir/gen/bcm/aes-gcm-avx512-x86_64-linux.S.o
[INFO] [stderr]   [  3%] Building ASM object CMakeFiles/fipsmodule.dir/gen/bcm/aesni-x86-apple.S.o
[INFO] [stderr]   [  3%] Building ASM object CMakeFiles/fipsmodule.dir/gen/bcm/aesv8-armv7-linux.S.o
[INFO] [stderr]   [  3%] Building ASM object CMakeFiles/fipsmodule.dir/gen/bcm/aesni-x86_64-linux.S.o
[INFO] [stderr]   [  3%] Building ASM object CMakeFiles/fipsmodule.dir/gen/bcm/aesv8-armv8-linux.S.o
[INFO] [stderr]   [  4%] Building ASM object CMakeFiles/fipsmodule.dir/gen/bcm/aesv8-armv8-win.S.o
[INFO] [stderr]   [  4%] Building ASM object CMakeFiles/fipsmodule.dir/gen/bcm/aesv8-gcm-armv8-linux.S.o
[INFO] [stderr]   [  4%] Building ASM object CMakeFiles/fipsmodule.dir/gen/bcm/aesv8-gcm-armv8-apple.S.o
[INFO] [stderr]   [  4%] Building ASM object CMakeFiles/fipsmodule.dir/gen/bcm/aesv8-gcm-armv8-win.S.o
[INFO] [stderr]   [  4%] Building ASM object CMakeFiles/fipsmodule.dir/gen/bcm/aesv8-armv8-apple.S.o
[INFO] [stderr]   [  4%] Building ASM object CMakeFiles/fipsmodule.dir/gen/bcm/armv4-mont-linux.S.o
[INFO] [stderr]   [  4%] Building ASM object CMakeFiles/fipsmodule.dir/gen/bcm/armv8-mont-linux.S.o
[INFO] [stderr]   [  6%] Building ASM object CMakeFiles/fipsmodule.dir/gen/bcm/armv8-mont-win.S.o
[INFO] [stderr]   [  6%] Building ASM object CMakeFiles/fipsmodule.dir/gen/bcm/armv8-mont-apple.S.o
[INFO] [stderr]   [  6%] Building ASM object CMakeFiles/fipsmodule.dir/gen/bcm/bn-586-apple.S.o
[INFO] [stderr]   [  6%] Building ASM object CMakeFiles/fipsmodule.dir/gen/bcm/bn-586-linux.S.o
[INFO] [stderr]   [  6%] Building ASM object CMakeFiles/fipsmodule.dir/gen/bcm/bn-armv8-apple.S.o
[INFO] [stderr]   [  6%] Building ASM object CMakeFiles/fipsmodule.dir/gen/bcm/bn-armv8-win.S.o
[INFO] [stderr]   [  6%] Building ASM object CMakeFiles/fipsmodule.dir/gen/bcm/bn-armv8-linux.S.o
[INFO] [stderr]   [  6%] Building ASM object CMakeFiles/fipsmodule.dir/gen/bcm/co-586-apple.S.o
[INFO] [stderr]   [  7%] Building ASM object CMakeFiles/fipsmodule.dir/gen/bcm/bsaes-armv7-linux.S.o
[INFO] [stderr]   [  7%] Building ASM object CMakeFiles/fipsmodule.dir/gen/bcm/co-586-linux.S.o
[INFO] [stderr]   [  7%] Building ASM object CMakeFiles/fipsmodule.dir/gen/bcm/ghash-armv4-linux.S.o
[INFO] [stderr]   [  7%] Building ASM object CMakeFiles/fipsmodule.dir/gen/bcm/ghash-neon-armv8-linux.S.o
[INFO] [stderr]   [  7%] Building ASM object CMakeFiles/fipsmodule.dir/gen/bcm/ghash-neon-armv8-apple.S.o
[INFO] [stderr]   [  7%] Building ASM object CMakeFiles/fipsmodule.dir/gen/bcm/ghash-ssse3-x86_64-linux.S.o
[INFO] [stderr]   [  7%] Building ASM object CMakeFiles/fipsmodule.dir/gen/bcm/ghash-neon-armv8-win.S.o
[INFO] [stderr]   [  9%] Building ASM object CMakeFiles/fipsmodule.dir/gen/bcm/ghash-ssse3-x86-apple.S.o
[INFO] [stderr]   [  9%] Building ASM object CMakeFiles/fipsmodule.dir/gen/bcm/ghash-ssse3-x86_64-apple.S.o
[INFO] [stderr]   [  9%] Building ASM object CMakeFiles/fipsmodule.dir/gen/bcm/ghash-ssse3-x86-linux.S.o
[INFO] [stderr]   [  9%] Building ASM object CMakeFiles/fipsmodule.dir/gen/bcm/ghash-x86-apple.S.o
[INFO] [stderr]   [ 11%] Building ASM object CMakeFiles/fipsmodule.dir/gen/bcm/ghash-x86_64-apple.S.o
[INFO] [stderr]   [ 11%] Building ASM object CMakeFiles/fipsmodule.dir/gen/bcm/ghash-x86-linux.S.o
[INFO] [stderr]   [ 11%] Building ASM object CMakeFiles/fipsmodule.dir/gen/bcm/ghash-x86_64-linux.S.o
[INFO] [stderr]   [ 11%] Building ASM object CMakeFiles/fipsmodule.dir/gen/bcm/ghashv8-armv7-linux.S.o
[INFO] [stderr]   [ 11%] Building ASM object CMakeFiles/fipsmodule.dir/gen/bcm/ghashv8-armv8-linux.S.o
[INFO] [stderr]   [ 11%] Building ASM object CMakeFiles/fipsmodule.dir/gen/bcm/ghashv8-armv8-apple.S.o
[INFO] [stderr]   [ 11%] Building ASM object CMakeFiles/fipsmodule.dir/gen/bcm/p256-armv8-asm-apple.S.o
[INFO] [stderr]   [ 11%] Building ASM object CMakeFiles/fipsmodule.dir/gen/bcm/ghashv8-armv8-win.S.o
[INFO] [stderr]   [ 12%] Building ASM object CMakeFiles/fipsmodule.dir/gen/bcm/p256-armv8-asm-linux.S.o
[INFO] [stderr]   [ 12%] Building ASM object CMakeFiles/fipsmodule.dir/gen/bcm/p256-armv8-asm-win.S.o
[INFO] [stderr]   [ 12%] Building ASM object CMakeFiles/fipsmodule.dir/gen/bcm/p256-x86_64-asm-apple.S.o
[INFO] [stderr]   [ 12%] Building ASM object CMakeFiles/fipsmodule.dir/gen/bcm/p256-x86_64-asm-linux.S.o
[INFO] [stderr]   [ 12%] Building ASM object CMakeFiles/fipsmodule.dir/gen/bcm/p256_beeu-armv8-asm-linux.S.o
[INFO] [stderr]   [ 12%] Building ASM object CMakeFiles/fipsmodule.dir/gen/bcm/p256_beeu-armv8-asm-apple.S.o
[INFO] [stderr]   [ 12%] Building ASM object CMakeFiles/fipsmodule.dir/gen/bcm/rdrand-x86_64-linux.S.o
[INFO] [stderr]   [ 12%] Building ASM object CMakeFiles/fipsmodule.dir/gen/bcm/p256_beeu-x86_64-asm-apple.S.o
[INFO] [stderr]   [ 14%] Building ASM object CMakeFiles/fipsmodule.dir/gen/bcm/p256_beeu-armv8-asm-win.S.o
[INFO] [stderr]   [ 14%] Building ASM object CMakeFiles/fipsmodule.dir/gen/bcm/rdrand-x86_64-apple.S.o
[INFO] [stderr]   [ 14%] Building ASM object CMakeFiles/fipsmodule.dir/gen/bcm/p256_beeu-x86_64-asm-linux.S.o
[INFO] [stderr]   [ 14%] Building ASM object CMakeFiles/fipsmodule.dir/gen/bcm/rsaz-avx2-apple.S.o
[INFO] [stderr]   [ 14%] Building ASM object CMakeFiles/fipsmodule.dir/gen/bcm/rsaz-avx2-linux.S.o
[INFO] [stderr]   [ 14%] Building ASM object CMakeFiles/fipsmodule.dir/gen/bcm/sha1-586-linux.S.o
[INFO] [stderr]   [ 15%] Building ASM object CMakeFiles/fipsmodule.dir/gen/bcm/sha1-586-apple.S.o
[INFO] [stderr]   [ 15%] Building ASM object CMakeFiles/fipsmodule.dir/gen/bcm/sha1-armv4-large-linux.S.o
[INFO] [stderr]   [ 15%] Building ASM object CMakeFiles/fipsmodule.dir/gen/bcm/sha1-armv8-apple.S.o
[INFO] [stderr]   [ 15%] Building ASM object CMakeFiles/fipsmodule.dir/gen/bcm/sha1-armv8-linux.S.o
[INFO] [stderr]   [ 15%] Building ASM object CMakeFiles/fipsmodule.dir/gen/bcm/sha1-armv8-win.S.o
[INFO] [stderr]   [ 15%] Building ASM object CMakeFiles/fipsmodule.dir/gen/bcm/sha1-x86_64-linux.S.o
[INFO] [stderr]   [ 17%] Building ASM object CMakeFiles/fipsmodule.dir/gen/bcm/sha1-x86_64-apple.S.o
[INFO] [stderr]   [ 17%] Building ASM object CMakeFiles/fipsmodule.dir/gen/bcm/sha256-586-apple.S.o
[INFO] [stderr]   [ 17%] Building ASM object CMakeFiles/fipsmodule.dir/gen/bcm/sha256-armv8-apple.S.o
[INFO] [stderr]   [ 17%] Building ASM object CMakeFiles/fipsmodule.dir/gen/bcm/sha256-armv4-linux.S.o
[INFO] [stderr]   [ 17%] Building ASM object CMakeFiles/fipsmodule.dir/gen/bcm/sha256-586-linux.S.o
[INFO] [stderr]   [ 17%] Building ASM object CMakeFiles/fipsmodule.dir/gen/bcm/sha256-armv8-linux.S.o
[INFO] [stderr]   [ 19%] Building ASM object CMakeFiles/fipsmodule.dir/gen/bcm/sha256-armv8-win.S.o
[INFO] [stderr]   [ 19%] Building ASM object CMakeFiles/fipsmodule.dir/gen/bcm/sha256-x86_64-apple.S.o
[INFO] [stderr]   [ 19%] Building ASM object CMakeFiles/fipsmodule.dir/gen/bcm/sha256-x86_64-linux.S.o
[INFO] [stderr]   [ 19%] Building ASM object CMakeFiles/fipsmodule.dir/gen/bcm/sha512-586-apple.S.o
[INFO] [stderr]   [ 19%] Building ASM object CMakeFiles/fipsmodule.dir/gen/bcm/sha512-586-linux.S.o
[INFO] [stderr]   [ 19%] Building ASM object CMakeFiles/fipsmodule.dir/gen/bcm/sha512-armv4-linux.S.o
[INFO] [stderr]   [ 20%] Building ASM object CMakeFiles/fipsmodule.dir/gen/bcm/sha512-armv8-apple.S.o
[INFO] [stderr]   [ 20%] Building ASM object CMakeFiles/fipsmodule.dir/gen/bcm/sha512-armv8-linux.S.o
[INFO] [stderr]   [ 20%] Building ASM object CMakeFiles/fipsmodule.dir/gen/bcm/sha512-armv8-win.S.o
[INFO] [stderr]   [ 20%] Building ASM object CMakeFiles/fipsmodule.dir/gen/bcm/sha512-x86_64-apple.S.o
[INFO] [stderr]   [ 20%] Building ASM object CMakeFiles/fipsmodule.dir/gen/bcm/sha512-x86_64-linux.S.o
[INFO] [stderr]   [ 20%] Building ASM object CMakeFiles/fipsmodule.dir/gen/bcm/vpaes-armv8-apple.S.o
[INFO] [stderr]   [ 20%] Building ASM object CMakeFiles/fipsmodule.dir/gen/bcm/vpaes-armv8-win.S.o
[INFO] [stderr]   [ 20%] Building ASM object CMakeFiles/fipsmodule.dir/gen/bcm/vpaes-armv7-linux.S.o
[INFO] [stderr]   [ 22%] Building ASM object CMakeFiles/fipsmodule.dir/gen/bcm/vpaes-armv8-linux.S.o
[INFO] [stderr]   [ 22%] Building ASM object CMakeFiles/fipsmodule.dir/gen/bcm/vpaes-x86-apple.S.o
[INFO] [stderr]   [ 22%] Building ASM object CMakeFiles/fipsmodule.dir/gen/bcm/vpaes-x86_64-apple.S.o
[INFO] [stderr]   [ 22%] Building ASM object CMakeFiles/fipsmodule.dir/gen/bcm/vpaes-x86-linux.S.o
[INFO] [stderr]   [ 22%] Building ASM object CMakeFiles/fipsmodule.dir/gen/bcm/vpaes-x86_64-linux.S.o
[INFO] [stderr]   [ 23%] Building ASM object CMakeFiles/fipsmodule.dir/gen/bcm/x86-mont-apple.S.o
[INFO] [stderr]   [ 23%] Building ASM object CMakeFiles/fipsmodule.dir/gen/bcm/x86_64-mont-apple.S.o
[INFO] [stderr]   [ 23%] Building ASM object CMakeFiles/fipsmodule.dir/gen/bcm/x86-mont-linux.S.o
[INFO] [stderr]   [ 23%] Building ASM object CMakeFiles/fipsmodule.dir/gen/bcm/x86_64-mont-linux.S.o
[INFO] [stderr]   [ 23%] Building ASM object CMakeFiles/fipsmodule.dir/gen/bcm/x86_64-mont5-linux.S.o
[INFO] [stderr]   [ 23%] Building ASM object CMakeFiles/fipsmodule.dir/gen/bcm/x86_64-mont5-apple.S.o
[INFO] [stderr]   [ 23%] Building ASM object CMakeFiles/fipsmodule.dir/third_party/fiat/asm/fiat_p256_adx_mul.S.o
[INFO] [stderr]   [ 25%] Building ASM object CMakeFiles/fipsmodule.dir/third_party/fiat/asm/fiat_p256_adx_sqr.S.o
[INFO] [stderr]   [ 25%] Built target fipsmodule
[INFO] [stderr]   [ 25%] Building CXX object CMakeFiles/crypto.dir/crypto/aes/aes.cc.o
[INFO] [stderr]   [ 25%] Building CXX object CMakeFiles/crypto.dir/crypto/asn1/a_bitstr.cc.o
[INFO] [stderr]   [ 25%] Building CXX object CMakeFiles/crypto.dir/crypto/asn1/a_dup.cc.o
[INFO] [stderr]   [ 25%] Building CXX object CMakeFiles/crypto.dir/crypto/asn1/a_d2i_fp.cc.o
[INFO] [stderr]   [ 26%] Building CXX object CMakeFiles/crypto.dir/crypto/asn1/a_bool.cc.o
[INFO] [stderr]   [ 26%] Building CXX object CMakeFiles/crypto.dir/crypto/asn1/a_gentm.cc.o
[INFO] [stderr]   [ 26%] Building CXX object CMakeFiles/crypto.dir/crypto/asn1/a_i2d_fp.cc.o
[INFO] [stderr]   [ 26%] Building CXX object CMakeFiles/crypto.dir/crypto/asn1/a_int.cc.o
[INFO] [stderr]   [ 28%] Building CXX object CMakeFiles/crypto.dir/crypto/asn1/a_mbstr.cc.o
[INFO] [stderr]   [ 28%] Building CXX object CMakeFiles/crypto.dir/crypto/asn1/a_object.cc.o
[INFO] [stderr]   [ 28%] Building CXX object CMakeFiles/crypto.dir/crypto/asn1/a_octet.cc.o
[INFO] [stderr]   [ 28%] Building CXX object CMakeFiles/crypto.dir/crypto/asn1/a_strex.cc.o
[INFO] [stderr]   [ 28%] Building CXX object CMakeFiles/crypto.dir/crypto/asn1/a_strnid.cc.o
[INFO] [stderr]   [ 28%] Building CXX object CMakeFiles/crypto.dir/crypto/asn1/a_time.cc.o
[INFO] [stderr]   [ 28%] Building CXX object CMakeFiles/crypto.dir/crypto/asn1/a_type.cc.o
[INFO] [stderr]   [ 30%] Building CXX object CMakeFiles/crypto.dir/crypto/asn1/a_utctm.cc.o
[INFO] [stderr]   [ 30%] Building CXX object CMakeFiles/crypto.dir/crypto/asn1/asn1_lib.cc.o
[INFO] [stderr]   [ 30%] Building CXX object CMakeFiles/crypto.dir/crypto/asn1/asn1_par.cc.o
[INFO] [stderr]   [ 30%] Building CXX object CMakeFiles/crypto.dir/crypto/asn1/asn_pack.cc.o
[INFO] [stderr]   [ 30%] Building CXX object CMakeFiles/crypto.dir/crypto/asn1/f_int.cc.o
[INFO] [stderr]   [ 30%] Building CXX object CMakeFiles/crypto.dir/crypto/asn1/f_string.cc.o
[INFO] [stderr]   [ 31%] Building CXX object CMakeFiles/crypto.dir/crypto/asn1/posix_time.cc.o
[INFO] [stderr]   [ 31%] Building CXX object CMakeFiles/crypto.dir/crypto/asn1/tasn_dec.cc.o
[INFO] [stderr]   [ 31%] Building CXX object CMakeFiles/crypto.dir/crypto/asn1/tasn_enc.cc.o
[INFO] [stderr]   [ 31%] Building CXX object CMakeFiles/crypto.dir/crypto/asn1/tasn_fre.cc.o
[INFO] [stderr]   [ 31%] Building CXX object CMakeFiles/crypto.dir/crypto/asn1/tasn_new.cc.o
[INFO] [stderr]   [ 31%] Building CXX object CMakeFiles/crypto.dir/crypto/asn1/tasn_typ.cc.o
[INFO] [stderr]   [ 31%] Building CXX object CMakeFiles/crypto.dir/crypto/asn1/tasn_utl.cc.o
[INFO] [stderr]   [ 33%] Building CXX object CMakeFiles/crypto.dir/crypto/base64/base64.cc.o
[INFO] [stderr]   [ 33%] Building CXX object CMakeFiles/crypto.dir/crypto/bio/bio.cc.o
[INFO] [stderr]   [ 33%] Building CXX object CMakeFiles/crypto.dir/crypto/bio/bio_mem.cc.o
[INFO] [stderr]   [ 33%] Building CXX object CMakeFiles/crypto.dir/crypto/bio/connect.cc.o
[INFO] [stderr]   [ 33%] Building CXX object CMakeFiles/crypto.dir/crypto/bio/errno.cc.o
[INFO] [stderr]   [ 33%] Building CXX object CMakeFiles/crypto.dir/crypto/bio/fd.cc.o
[INFO] [stderr]   [ 34%] Building CXX object CMakeFiles/crypto.dir/crypto/bio/file.cc.o
[INFO] [stderr]   [ 34%] Building CXX object CMakeFiles/crypto.dir/crypto/bio/hexdump.cc.o
[INFO] [stderr]   [ 34%] Building CXX object CMakeFiles/crypto.dir/crypto/bio/pair.cc.o
[INFO] [stderr]   [ 34%] Building CXX object CMakeFiles/crypto.dir/crypto/bio/printf.cc.o
[INFO] [stderr]   [ 34%] Building CXX object CMakeFiles/crypto.dir/crypto/bio/socket.cc.o
[INFO] [stderr]   [ 34%] Building CXX object CMakeFiles/crypto.dir/crypto/bio/socket_helper.cc.o
[INFO] [stderr]   [ 34%] Building CXX object CMakeFiles/crypto.dir/crypto/blake2/blake2.cc.o
[INFO] [stderr]   [ 36%] Building CXX object CMakeFiles/crypto.dir/crypto/bn/bn_asn1.cc.o
[INFO] [stderr]   [ 36%] Building CXX object CMakeFiles/crypto.dir/crypto/bn/div.cc.o
[INFO] [stderr]   [ 36%] Building CXX object CMakeFiles/crypto.dir/crypto/bn/convert.cc.o
[INFO] [stderr]   [ 36%] Building CXX object CMakeFiles/crypto.dir/crypto/bn/exponentiation.cc.o
[INFO] [stderr]   [ 36%] Building CXX object CMakeFiles/crypto.dir/crypto/bn/sqrt.cc.o
[INFO] [stderr]   [ 36%] Building CXX object CMakeFiles/crypto.dir/crypto/buf/buf.cc.o
[INFO] [stderr]   [ 38%] Building CXX object CMakeFiles/crypto.dir/crypto/bytestring/asn1_compat.cc.o
[INFO] [stderr]   [ 38%] Building CXX object CMakeFiles/crypto.dir/crypto/bytestring/ber.cc.o
[INFO] [stderr]   [ 38%] Building CXX object CMakeFiles/crypto.dir/crypto/bytestring/cbb.cc.o
[INFO] [stderr]   [ 38%] Building CXX object CMakeFiles/crypto.dir/crypto/bytestring/cbs.cc.o
[INFO] [stderr]   [ 38%] Building CXX object CMakeFiles/crypto.dir/crypto/bytestring/unicode.cc.o
[INFO] [stderr]   [ 38%] Building CXX object CMakeFiles/crypto.dir/crypto/chacha/chacha.cc.o
[INFO] [stderr]   [ 38%] Building CXX object CMakeFiles/crypto.dir/crypto/cipher/derive_key.cc.o
[INFO] [stderr]   [ 39%] Building CXX object CMakeFiles/crypto.dir/crypto/cipher/e_aesctrhmac.cc.o
[INFO] [stderr]   [ 39%] Building CXX object CMakeFiles/crypto.dir/crypto/cipher/e_aeseax.cc.o
[INFO] [stderr]   [ 39%] Building CXX object CMakeFiles/crypto.dir/crypto/cipher/e_aesgcmsiv.cc.o
[INFO] [stderr]   [ 39%] Building CXX object CMakeFiles/crypto.dir/crypto/cipher/e_chacha20poly1305.cc.o
[INFO] [stderr]   [ 39%] Building CXX object CMakeFiles/crypto.dir/crypto/cipher/e_des.cc.o
[INFO] [stderr]   [ 41%] Building CXX object CMakeFiles/crypto.dir/crypto/cipher/e_rc2.cc.o
[INFO] [stderr]   [ 41%] Building CXX object CMakeFiles/crypto.dir/crypto/cipher/e_null.cc.o
[INFO] [stderr]   [ 41%] Building CXX object CMakeFiles/crypto.dir/crypto/cipher/e_rc4.cc.o
[INFO] [stderr]   [ 41%] Building CXX object CMakeFiles/crypto.dir/crypto/cipher/e_tls.cc.o
[INFO] [stderr]   [ 41%] Building CXX object CMakeFiles/crypto.dir/crypto/cipher/get_cipher.cc.o
[INFO] [stderr]   [ 41%] Building CXX object CMakeFiles/crypto.dir/crypto/cipher/tls_cbc.cc.o
[INFO] [stderr]   [ 41%] Building CXX object CMakeFiles/crypto.dir/crypto/cms/cms.cc.o
[INFO] [stderr]   [ 42%] Building CXX object CMakeFiles/crypto.dir/crypto/cpu_aarch64_apple.cc.o
[INFO] [stderr]   [ 42%] Building CXX object CMakeFiles/crypto.dir/crypto/conf/conf.cc.o
[INFO] [stderr]   [ 42%] Building CXX object CMakeFiles/crypto.dir/crypto/cpu_aarch64_fuchsia.cc.o
[INFO] [stderr]   [ 42%] Building CXX object CMakeFiles/crypto.dir/crypto/cpu_aarch64_linux.cc.o
[INFO] [stderr]   [ 42%] Building CXX object CMakeFiles/crypto.dir/crypto/cpu_aarch64_openbsd.cc.o
[INFO] [stderr]   [ 42%] Building CXX object CMakeFiles/crypto.dir/crypto/cpu_aarch64_sysreg.cc.o
[INFO] [stderr]   [ 42%] Building CXX object CMakeFiles/crypto.dir/crypto/cpu_aarch64_win.cc.o
[INFO] [stderr]   [ 44%] Building CXX object CMakeFiles/crypto.dir/crypto/cpu_arm_freebsd.cc.o
[INFO] [stderr]   [ 44%] Building CXX object CMakeFiles/crypto.dir/crypto/cpu_arm_linux.cc.o
[INFO] [stderr]   [ 44%] Building CXX object CMakeFiles/crypto.dir/crypto/cpu_intel.cc.o
[INFO] [stderr]   [ 44%] Building CXX object CMakeFiles/crypto.dir/crypto/crypto.cc.o
[INFO] [stderr]   [ 44%] Building CXX object CMakeFiles/crypto.dir/crypto/curve25519/curve25519.cc.o
[INFO] [stderr]   [ 44%] Building CXX object CMakeFiles/crypto.dir/crypto/curve25519/curve25519_64_adx.cc.o
[INFO] [stderr]   [ 44%] Building CXX object CMakeFiles/crypto.dir/crypto/curve25519/spake25519.cc.o
[INFO] [stderr]   [ 46%] Building CXX object CMakeFiles/crypto.dir/crypto/des/des.cc.o
[INFO] [stderr]   [ 46%] Building CXX object CMakeFiles/crypto.dir/crypto/dh/dh_asn1.cc.o
[INFO] [stderr]   [ 46%] Building CXX object CMakeFiles/crypto.dir/crypto/dh/params.cc.o
[INFO] [stderr]   [ 46%] Building CXX object CMakeFiles/crypto.dir/crypto/digest/digest_extra.cc.o
[INFO] [stderr]   [ 46%] Building CXX object CMakeFiles/crypto.dir/crypto/dsa/dsa.cc.o
[INFO] [stderr]   [ 46%] Building CXX object CMakeFiles/crypto.dir/crypto/dsa/dsa_asn1.cc.o
[INFO] [stderr]   [ 47%] Building CXX object CMakeFiles/crypto.dir/crypto/ec/ec_asn1.cc.o
[INFO] [stderr]   [ 47%] Building CXX object CMakeFiles/crypto.dir/crypto/ec/ec_derive.cc.o
[INFO] [stderr]   [ 47%] Building CXX object CMakeFiles/crypto.dir/crypto/ec/hash_to_curve.cc.o
[INFO] [stderr]   [ 47%] Building CXX object CMakeFiles/crypto.dir/crypto/ecdh/ecdh.cc.o
[INFO] [stderr]   [ 47%] Building CXX object CMakeFiles/crypto.dir/crypto/ecdsa/ecdsa_asn1.cc.o
[INFO] [stderr]   [ 47%] Building CXX object CMakeFiles/crypto.dir/crypto/ecdsa/ecdsa_p1363.cc.o
[INFO] [stderr]   [ 47%] Building CXX object CMakeFiles/crypto.dir/crypto/engine/engine.cc.o
[INFO] [stderr]   [ 49%] Building CXX object CMakeFiles/crypto.dir/crypto/err/err.cc.o
[INFO] [stderr]   [ 49%] Building CXX object CMakeFiles/crypto.dir/crypto/evp/evp.cc.o
[INFO] [stderr]   [ 49%] Building CXX object CMakeFiles/crypto.dir/crypto/evp/evp_asn1.cc.o
[INFO] [stderr]   [ 49%] Building CXX object CMakeFiles/crypto.dir/crypto/evp/p_dh.cc.o
[INFO] [stderr]   [ 49%] Building CXX object CMakeFiles/crypto.dir/crypto/evp/evp_ctx.cc.o
[INFO] [stderr]   [ 49%] Building CXX object CMakeFiles/crypto.dir/crypto/evp/p_dsa.cc.o
[INFO] [stderr]   [ 50%] Building CXX object CMakeFiles/crypto.dir/crypto/evp/p_ec.cc.o
[INFO] [stderr]   [ 50%] Building CXX object CMakeFiles/crypto.dir/crypto/evp/p_ed25519.cc.o
[INFO] [stderr]   [ 50%] Building CXX object CMakeFiles/crypto.dir/crypto/evp/p_hkdf.cc.o
[INFO] [stderr]   [ 50%] Building CXX object CMakeFiles/crypto.dir/crypto/evp/p_mldsa.cc.o
[INFO] [stderr]   [ 50%] Building CXX object CMakeFiles/crypto.dir/crypto/evp/p_rsa.cc.o
[INFO] [stderr]   [ 50%] Building CXX object CMakeFiles/crypto.dir/crypto/evp/p_x25519.cc.o
[INFO] [stderr]   [ 50%] Building CXX object CMakeFiles/crypto.dir/crypto/evp/pbkdf.cc.o
[INFO] [stderr]   [ 52%] Building CXX object CMakeFiles/crypto.dir/crypto/evp/print.cc.o
[INFO] [stderr]   [ 52%] Building CXX object CMakeFiles/crypto.dir/crypto/evp/scrypt.cc.o
[INFO] [stderr]   [ 52%] Building CXX object CMakeFiles/crypto.dir/crypto/evp/sign.cc.o
[INFO] [stderr]   [ 52%] Building CXX object CMakeFiles/crypto.dir/crypto/ex_data.cc.o
[INFO] [stderr]   [ 52%] Building CXX object CMakeFiles/crypto.dir/crypto/fipsmodule/fips_shared_support.cc.o
[INFO] [stderr]   [ 52%] Building CXX object CMakeFiles/crypto.dir/crypto/fuzzer_mode.cc.o
[INFO] [stderr]   [ 53%] Building CXX object CMakeFiles/crypto.dir/crypto/hpke/hpke.cc.o
[INFO] [stderr]   [ 53%] Building CXX object CMakeFiles/crypto.dir/crypto/hrss/hrss.cc.o
[INFO] [stderr]   [ 53%] Building CXX object CMakeFiles/crypto.dir/crypto/kyber/kyber.cc.o
[INFO] [stderr]   [ 53%] Building CXX object CMakeFiles/crypto.dir/crypto/lhash/lhash.cc.o
[INFO] [stderr]   [ 53%] Building CXX object CMakeFiles/crypto.dir/crypto/md4/md4.cc.o
[INFO] [stderr]   [ 53%] Building CXX object CMakeFiles/crypto.dir/crypto/md5/md5.cc.o
[INFO] [stderr]   [ 53%] Building CXX object CMakeFiles/crypto.dir/crypto/mem.cc.o
[INFO] [stderr]   [ 55%] Building CXX object CMakeFiles/crypto.dir/crypto/mldsa/mldsa.cc.o
[INFO] [stderr]   [ 55%] Building CXX object CMakeFiles/crypto.dir/crypto/mlkem/mlkem.cc.o
[INFO] [stderr]   [ 55%] Building CXX object CMakeFiles/crypto.dir/crypto/obj/obj.cc.o
[INFO] [stderr]   [ 55%] Building CXX object CMakeFiles/crypto.dir/crypto/obj/obj_xref.cc.o
[INFO] [stderr]   [ 55%] Building CXX object CMakeFiles/crypto.dir/crypto/pem/pem_all.cc.o
[INFO] [stderr]   [ 55%] Building CXX object CMakeFiles/crypto.dir/crypto/pem/pem_info.cc.o
[INFO] [stderr]   [ 57%] Building CXX object CMakeFiles/crypto.dir/crypto/pem/pem_lib.cc.o
[INFO] [stderr]   [ 57%] Building CXX object CMakeFiles/crypto.dir/crypto/pem/pem_oth.cc.o
[INFO] [stderr]   [ 57%] Building CXX object CMakeFiles/crypto.dir/crypto/pem/pem_pk8.cc.o
[INFO] [stderr]   [ 57%] Building CXX object CMakeFiles/crypto.dir/crypto/pem/pem_pkey.cc.o
[INFO] [stderr]   [ 57%] Building CXX object CMakeFiles/crypto.dir/crypto/pem/pem_x509.cc.o
[INFO] [stderr]   [ 57%] Building CXX object CMakeFiles/crypto.dir/crypto/pem/pem_xaux.cc.o
[INFO] [stderr]   [ 57%] Building CXX object CMakeFiles/crypto.dir/crypto/pkcs7/pkcs7.cc.o
[INFO] [stderr]   [ 58%] Building CXX object CMakeFiles/crypto.dir/crypto/pkcs7/pkcs7_x509.cc.o
[INFO] [stderr]   [ 58%] Building CXX object CMakeFiles/crypto.dir/crypto/pkcs8/p5_pbev2.cc.o
[INFO] [stderr]   [ 58%] Building CXX object CMakeFiles/crypto.dir/crypto/pkcs8/pkcs8.cc.o
[INFO] [stderr]   [ 58%] Building CXX object CMakeFiles/crypto.dir/crypto/pkcs8/pkcs8_x509.cc.o
[INFO] [stderr]   [ 58%] Building CXX object CMakeFiles/crypto.dir/crypto/poly1305/poly1305.cc.o
[INFO] [stderr]   [ 58%] Building CXX object CMakeFiles/crypto.dir/crypto/poly1305/poly1305_arm.cc.o
[INFO] [stderr]   [ 60%] Building CXX object CMakeFiles/crypto.dir/crypto/poly1305/poly1305_vec.cc.o
[INFO] [stderr]   [ 60%] Building CXX object CMakeFiles/crypto.dir/crypto/pool/pool.cc.o
[INFO] [stderr]   [ 60%] Building CXX object CMakeFiles/crypto.dir/crypto/rand/deterministic.cc.o
[INFO] [stderr]   [ 60%] Building CXX object CMakeFiles/crypto.dir/crypto/rand/fork_detect.cc.o
[INFO] [stderr]   [ 60%] Building CXX object CMakeFiles/crypto.dir/crypto/rand/forkunsafe.cc.o
[INFO] [stderr]   [ 60%] Building CXX object CMakeFiles/crypto.dir/crypto/rand/getentropy.cc.o
[INFO] [stderr]   [ 60%] Building CXX object CMakeFiles/crypto.dir/crypto/rand/ios.cc.o
[INFO] [stderr]   [ 61%] Building CXX object CMakeFiles/crypto.dir/crypto/rand/passive.cc.o
[INFO] [stderr]   [ 61%] Building CXX object CMakeFiles/crypto.dir/crypto/rand/rand.cc.o
[INFO] [stderr]   [ 61%] Building CXX object CMakeFiles/crypto.dir/crypto/rand/trusty.cc.o
[INFO] [stderr]   [ 61%] Building CXX object CMakeFiles/crypto.dir/crypto/rand/urandom.cc.o
[INFO] [stderr]   [ 61%] Building CXX object CMakeFiles/crypto.dir/crypto/rand/windows.cc.o
[INFO] [stderr]   [ 61%] Building CXX object CMakeFiles/crypto.dir/crypto/rc4/rc4.cc.o
[INFO] [stderr]   [ 63%] Building CXX object CMakeFiles/crypto.dir/crypto/refcount.cc.o
[INFO] [stderr]   [ 63%] Building CXX object CMakeFiles/crypto.dir/crypto/rsa/rsa_asn1.cc.o
[INFO] [stderr]   [ 63%] Building CXX object CMakeFiles/crypto.dir/crypto/rsa/rsa_crypt.cc.o
[INFO] [stderr]   [ 63%] Building CXX object CMakeFiles/crypto.dir/crypto/rsa/rsa_extra.cc.o
[INFO] [stderr]   [ 63%] Building CXX object CMakeFiles/crypto.dir/crypto/rsa/rsa_print.cc.o
[INFO] [stderr]   [ 63%] Building CXX object CMakeFiles/crypto.dir/crypto/sha/sha1.cc.o
[INFO] [stderr]   [ 63%] Building CXX object CMakeFiles/crypto.dir/crypto/sha/sha256.cc.o
[INFO] [stderr]   [ 65%] Building CXX object CMakeFiles/crypto.dir/crypto/sha/sha512.cc.o
[INFO] [stderr]   [ 65%] Building CXX object CMakeFiles/crypto.dir/crypto/siphash/siphash.cc.o
[INFO] [stderr]   [ 65%] Building CXX object CMakeFiles/crypto.dir/crypto/slhdsa/slhdsa.cc.o
[INFO] [stderr]   [ 65%] Building CXX object CMakeFiles/crypto.dir/crypto/spake2plus/spake2plus.cc.o
[INFO] [stderr]   [ 65%] Building CXX object CMakeFiles/crypto.dir/crypto/stack/stack.cc.o
[INFO] [stderr]   [ 65%] Building CXX object CMakeFiles/crypto.dir/crypto/thread.cc.o
[INFO] [stderr]   [ 66%] Building CXX object CMakeFiles/crypto.dir/crypto/thread_none.cc.o
[INFO] [stderr]   [ 66%] Building CXX object CMakeFiles/crypto.dir/crypto/thread_pthread.cc.o
[INFO] [stderr]   [ 66%] Building CXX object CMakeFiles/crypto.dir/crypto/thread_win.cc.o
[INFO] [stderr]   [ 66%] Building CXX object CMakeFiles/crypto.dir/crypto/trust_token/pmbtoken.cc.o
[INFO] [stderr]   [ 66%] Building CXX object CMakeFiles/crypto.dir/crypto/trust_token/trust_token.cc.o
[INFO] [stderr]   [ 66%] Building CXX object CMakeFiles/crypto.dir/crypto/trust_token/voprf.cc.o
[INFO] [stderr]   [ 66%] Building CXX object CMakeFiles/crypto.dir/crypto/x509/a_digest.cc.o
[INFO] [stderr]   [ 66%] Building CXX object CMakeFiles/crypto.dir/crypto/x509/a_verify.cc.o
[INFO] [stderr]   [ 68%] Building CXX object CMakeFiles/crypto.dir/crypto/x509/a_sign.cc.o
[INFO] [stderr]   [ 68%] Building CXX object CMakeFiles/crypto.dir/crypto/x509/algorithm.cc.o
[INFO] [stderr]   [ 68%] Building CXX object CMakeFiles/crypto.dir/crypto/x509/asn1_gen.cc.o
[INFO] [stderr]   [ 68%] Building CXX object CMakeFiles/crypto.dir/crypto/x509/by_dir.cc.o
[INFO] [stderr]   [ 68%] Building CXX object CMakeFiles/crypto.dir/crypto/x509/by_file.cc.o
[INFO] [stderr]   [ 69%] Building CXX object CMakeFiles/crypto.dir/crypto/x509/i2d_pr.cc.o
[INFO] [stderr]   [ 69%] Building CXX object CMakeFiles/crypto.dir/crypto/x509/name_print.cc.o
[INFO] [stderr]   [ 69%] Building CXX object CMakeFiles/crypto.dir/crypto/x509/policy.cc.o
[INFO] [stderr]   [ 69%] Building CXX object CMakeFiles/crypto.dir/crypto/x509/rsa_pss.cc.o
[INFO] [stderr]   [ 69%] Building CXX object CMakeFiles/crypto.dir/crypto/x509/t_crl.cc.o
[INFO] [stderr]   [ 69%] Building CXX object CMakeFiles/crypto.dir/crypto/x509/t_req.cc.o
[INFO] [stderr]   [ 69%] Building CXX object CMakeFiles/crypto.dir/crypto/x509/t_x509.cc.o
[INFO] [stderr]   [ 71%] Building CXX object CMakeFiles/crypto.dir/crypto/x509/t_x509a.cc.o
[INFO] [stderr]   [ 71%] Building CXX object CMakeFiles/crypto.dir/crypto/x509/v3_akey.cc.o
[INFO] [stderr]   [ 71%] Building CXX object CMakeFiles/crypto.dir/crypto/x509/v3_akeya.cc.o
[INFO] [stderr]   [ 71%] Building CXX object CMakeFiles/crypto.dir/crypto/x509/v3_alt.cc.o
[INFO] [stderr]   [ 71%] Building CXX object CMakeFiles/crypto.dir/crypto/x509/v3_bcons.cc.o
[INFO] [stderr]   [ 71%] Building CXX object CMakeFiles/crypto.dir/crypto/x509/v3_bitst.cc.o
[INFO] [stderr]   [ 73%] Building CXX object CMakeFiles/crypto.dir/crypto/x509/v3_conf.cc.o
[INFO] [stderr]   [ 73%] Building CXX object CMakeFiles/crypto.dir/crypto/x509/v3_cpols.cc.o
[INFO] [stderr]   [ 73%] Building CXX object CMakeFiles/crypto.dir/crypto/x509/v3_enum.cc.o
[INFO] [stderr]   [ 73%] Building CXX object CMakeFiles/crypto.dir/crypto/x509/v3_crld.cc.o
[INFO] [stderr]   [ 73%] Building CXX object CMakeFiles/crypto.dir/crypto/x509/v3_extku.cc.o
[INFO] [stderr]   [ 73%] Building CXX object CMakeFiles/crypto.dir/crypto/x509/v3_genn.cc.o
[INFO] [stderr]   [ 73%] Building CXX object CMakeFiles/crypto.dir/crypto/x509/v3_ia5.cc.o
[INFO] [stderr]   [ 74%] Building CXX object CMakeFiles/crypto.dir/crypto/x509/v3_info.cc.o
[INFO] [stderr]   [ 74%] Building CXX object CMakeFiles/crypto.dir/crypto/x509/v3_int.cc.o
[INFO] [stderr]   [ 74%] Building CXX object CMakeFiles/crypto.dir/crypto/x509/v3_lib.cc.o
[INFO] [stderr]   [ 74%] Building CXX object CMakeFiles/crypto.dir/crypto/x509/v3_ncons.cc.o
[INFO] [stderr]   [ 74%] Building CXX object CMakeFiles/crypto.dir/crypto/x509/v3_ocsp.cc.o
[INFO] [stderr]   [ 74%] Building CXX object CMakeFiles/crypto.dir/crypto/x509/v3_pcons.cc.o
[INFO] [stderr]   [ 76%] Building CXX object CMakeFiles/crypto.dir/crypto/x509/v3_pmaps.cc.o
[INFO] [stderr]   [ 76%] Building CXX object CMakeFiles/crypto.dir/crypto/x509/v3_prn.cc.o
[INFO] [stderr]   [ 76%] Building CXX object CMakeFiles/crypto.dir/crypto/x509/v3_purp.cc.o
[INFO] [stderr]   [ 76%] Building CXX object CMakeFiles/crypto.dir/crypto/x509/v3_skey.cc.o
[INFO] [stderr]   [ 76%] Building CXX object CMakeFiles/crypto.dir/crypto/x509/v3_utl.cc.o
[INFO] [stderr]   [ 76%] Building CXX object CMakeFiles/crypto.dir/crypto/x509/x509.cc.o
[INFO] [stderr]   [ 77%] Building CXX object CMakeFiles/crypto.dir/crypto/x509/x509_cmp.cc.o
[INFO] [stderr]   [ 77%] Building CXX object CMakeFiles/crypto.dir/crypto/x509/x509_att.cc.o
[INFO] [stderr]   [ 77%] Building CXX object CMakeFiles/crypto.dir/crypto/x509/x509_def.cc.o
[INFO] [stderr]   [ 77%] Building CXX object CMakeFiles/crypto.dir/crypto/x509/x509_d2.cc.o
[INFO] [stderr]   [ 77%] Building CXX object CMakeFiles/crypto.dir/crypto/x509/x509_ext.cc.o
[INFO] [stderr]   [ 77%] Building CXX object CMakeFiles/crypto.dir/crypto/x509/x509_lu.cc.o
[INFO] [stderr]   [ 77%] Building CXX object CMakeFiles/crypto.dir/crypto/x509/x509_obj.cc.o
[INFO] [stderr]   [ 79%] Building CXX object CMakeFiles/crypto.dir/crypto/x509/x509_req.cc.o
[INFO] [stderr]   [ 79%] Building CXX object CMakeFiles/crypto.dir/crypto/x509/x509_set.cc.o
[INFO] [stderr]   [ 79%] Building CXX object CMakeFiles/crypto.dir/crypto/x509/x509_trs.cc.o
[INFO] [stderr]   [ 79%] Building CXX object CMakeFiles/crypto.dir/crypto/x509/x509_txt.cc.o
[INFO] [stderr]   [ 79%] Building CXX object CMakeFiles/crypto.dir/crypto/x509/x509_v3.cc.o
[INFO] [stderr]   [ 79%] Building CXX object CMakeFiles/crypto.dir/crypto/x509/x509_vfy.cc.o
[INFO] [stderr]   [ 79%] Building CXX object CMakeFiles/crypto.dir/crypto/x509/x509_vpm.cc.o
[INFO] [stderr]   [ 80%] Building CXX object CMakeFiles/crypto.dir/crypto/x509/x509cset.cc.o
[INFO] [stderr]   [ 80%] Building CXX object CMakeFiles/crypto.dir/crypto/x509/x509name.cc.o
[INFO] [stderr]   [ 80%] Building CXX object CMakeFiles/crypto.dir/crypto/x509/x509rset.cc.o
[INFO] [stderr]   [ 80%] Building CXX object CMakeFiles/crypto.dir/crypto/x509/x509spki.cc.o
[INFO] [stderr]   [ 80%] Building CXX object CMakeFiles/crypto.dir/crypto/x509/x_algor.cc.o
[INFO] [stderr]   [ 80%] Building CXX object CMakeFiles/crypto.dir/crypto/x509/x_all.cc.o
[INFO] [stderr]   [ 82%] Building CXX object CMakeFiles/crypto.dir/crypto/x509/x_attrib.cc.o
[INFO] [stderr]   [ 82%] Building CXX object CMakeFiles/crypto.dir/crypto/x509/x_crl.cc.o
[INFO] [stderr]   [ 82%] Building CXX object CMakeFiles/crypto.dir/crypto/x509/x_exten.cc.o
[INFO] [stderr]   [ 82%] Building CXX object CMakeFiles/crypto.dir/crypto/x509/x_name.cc.o
[INFO] [stderr]   [ 82%] Building CXX object CMakeFiles/crypto.dir/crypto/x509/x_pubkey.cc.o
[INFO] [stderr]   [ 82%] Building CXX object CMakeFiles/crypto.dir/crypto/x509/x_req.cc.o
[INFO] [stderr]   [ 82%] Building CXX object CMakeFiles/crypto.dir/crypto/x509/x_sig.cc.o
[INFO] [stderr]   [ 84%] Building CXX object CMakeFiles/crypto.dir/crypto/x509/x_spki.cc.o
[INFO] [stderr]   [ 84%] Building CXX object CMakeFiles/crypto.dir/crypto/x509/x_x509.cc.o
[INFO] [stderr]   [ 84%] Building CXX object CMakeFiles/crypto.dir/crypto/x509/x_x509a.cc.o
[INFO] [stderr]   [ 84%] Building CXX object CMakeFiles/crypto.dir/crypto/xwing/xwing.cc.o
[INFO] [stderr]   [ 84%] Building CXX object CMakeFiles/crypto.dir/gen/crypto/err_data.cc.o
[INFO] [stderr]   [ 84%] Building ASM object CMakeFiles/crypto.dir/crypto/curve25519/asm/x25519-asm-arm.S.o
[INFO] [stderr]   [ 85%] Building ASM object CMakeFiles/crypto.dir/crypto/hrss/asm/poly_rq_mul.S.o
[INFO] [stderr]   [ 85%] Building ASM object CMakeFiles/crypto.dir/crypto/poly1305/poly1305_arm_asm.S.o
[INFO] [stderr]   [ 85%] Building ASM object CMakeFiles/crypto.dir/gen/crypto/aes128gcmsiv-x86_64-apple.S.o
[INFO] [stderr]   [ 85%] Building ASM object CMakeFiles/crypto.dir/gen/crypto/chacha-armv4-linux.S.o
[INFO] [stderr]   [ 85%] Building ASM object CMakeFiles/crypto.dir/gen/crypto/aes128gcmsiv-x86_64-linux.S.o
[INFO] [stderr]   [ 85%] Building ASM object CMakeFiles/crypto.dir/gen/crypto/chacha-armv8-apple.S.o
[INFO] [stderr]   [ 85%] Building ASM object CMakeFiles/crypto.dir/gen/crypto/chacha-armv8-linux.S.o
[INFO] [stderr]   [ 85%] Building ASM object CMakeFiles/crypto.dir/gen/crypto/chacha-x86-apple.S.o
[INFO] [stderr]   [ 87%] Building ASM object CMakeFiles/crypto.dir/gen/crypto/chacha-armv8-win.S.o
[INFO] [stderr]   [ 87%] Building ASM object CMakeFiles/crypto.dir/gen/crypto/chacha-x86-linux.S.o
[INFO] [stderr]   [ 87%] Building ASM object CMakeFiles/crypto.dir/gen/crypto/chacha-x86_64-apple.S.o
[INFO] [stderr]   [ 87%] Building ASM object CMakeFiles/crypto.dir/gen/crypto/chacha-x86_64-linux.S.o
[INFO] [stderr]   [ 87%] Building ASM object CMakeFiles/crypto.dir/gen/crypto/chacha20_poly1305_armv8-apple.S.o
[INFO] [stderr]   [ 88%] Building ASM object CMakeFiles/crypto.dir/gen/crypto/chacha20_poly1305_armv8-linux.S.o
[INFO] [stderr]   [ 88%] Building ASM object CMakeFiles/crypto.dir/gen/crypto/chacha20_poly1305_x86_64-apple.S.o
[INFO] [stderr]   [ 88%] Building ASM object CMakeFiles/crypto.dir/gen/crypto/chacha20_poly1305_x86_64-linux.S.o
[INFO] [stderr]   [ 88%] Building ASM object CMakeFiles/crypto.dir/gen/crypto/chacha20_poly1305_armv8-win.S.o
[INFO] [stderr]   [ 88%] Building ASM object CMakeFiles/crypto.dir/gen/crypto/md5-586-apple.S.o
[INFO] [stderr]   [ 88%] Building ASM object CMakeFiles/crypto.dir/gen/crypto/md5-586-linux.S.o
[INFO] [stderr]   [ 88%] Building ASM object CMakeFiles/crypto.dir/gen/crypto/md5-x86_64-apple.S.o
[INFO] [stderr]   [ 88%] Building ASM object CMakeFiles/crypto.dir/third_party/fiat/asm/fiat_curve25519_adx_mul.S.o
[INFO] [stderr]   [ 88%] Building ASM object CMakeFiles/crypto.dir/third_party/fiat/asm/fiat_curve25519_adx_square.S.o
[INFO] [stderr]   [ 90%] Building ASM object CMakeFiles/crypto.dir/gen/crypto/md5-x86_64-linux.S.o
[INFO] [stderr]   [ 90%] Linking CXX static library libcrypto.a
[INFO] [stderr]   [ 90%] Built target crypto
[INFO] [stderr]   [ 92%] Building CXX object CMakeFiles/ssl.dir/ssl/encrypted_client_hello.cc.o
[INFO] [stderr]   [ 92%] Building CXX object CMakeFiles/ssl.dir/ssl/d1_srtp.cc.o
[INFO] [stderr]   [ 92%] Building CXX object CMakeFiles/ssl.dir/ssl/d1_both.cc.o
[INFO] [stderr]   [ 93%] Building CXX object CMakeFiles/ssl.dir/ssl/bio_ssl.cc.o
[INFO] [stderr]   [ 93%] Building CXX object CMakeFiles/ssl.dir/ssl/dtls_record.cc.o
[INFO] [stderr]   [ 93%] Building CXX object CMakeFiles/ssl.dir/ssl/d1_pkt.cc.o
[INFO] [stderr]   [ 93%] Building CXX object CMakeFiles/ssl.dir/ssl/dtls_method.cc.o
[INFO] [stderr]   [ 93%] Building CXX object CMakeFiles/ssl.dir/ssl/d1_lib.cc.o
[INFO] [stderr]   [ 93%] Building CXX object CMakeFiles/ssl.dir/ssl/extensions.cc.o
[INFO] [stderr]   [ 93%] Building CXX object CMakeFiles/ssl.dir/ssl/handoff.cc.o
[INFO] [stderr]   [ 93%] Building CXX object CMakeFiles/ssl.dir/ssl/handshake.cc.o
[INFO] [stderr]   [ 93%] Building CXX object CMakeFiles/ssl.dir/ssl/handshake_client.cc.o
[INFO] [stderr]   [ 93%] Building CXX object CMakeFiles/ssl.dir/ssl/handshake_server.cc.o
[INFO] [stderr]   [ 95%] Building CXX object CMakeFiles/ssl.dir/ssl/s3_both.cc.o
[INFO] [stderr]   [ 95%] Building CXX object CMakeFiles/ssl.dir/ssl/s3_lib.cc.o
[INFO] [stderr]   [ 95%] Building CXX object CMakeFiles/ssl.dir/ssl/s3_pkt.cc.o
[INFO] [stderr] 
[INFO] [stderr]   --- stderr
[INFO] [stderr]   hint: Using 'master' as the name for the initial branch. This default branch name
[INFO] [stderr]   hint: will change to "main" in Git 3.0. To configure the initial branch name
[INFO] [stderr]   hint: to use in all of your new repositories, which will suppress this warning,
[INFO] [stderr]   hint: call:
[INFO] [stderr]   hint:
[INFO] [stderr]   hint: 	git config --global init.defaultBranch <name>
[INFO] [stderr]   hint:
[INFO] [stderr]   hint: Names commonly chosen instead of 'master' are 'main', 'trunk' and
[INFO] [stderr]   hint: 'development'. The just-created branch can be renamed via this command:
[INFO] [stderr]   hint:
[INFO] [stderr]   hint: 	git branch -m <name>
[INFO] [stderr]   hint:
[INFO] [stderr]   hint: Disable this message with "git config set advice.defaultBranchName false"
[INFO] [stderr]   Checking patch crypto/obj/obj_dat.h...
[INFO] [stderr]   Checking patch crypto/obj/obj_mac.num...
[INFO] [stderr]   Checking patch crypto/obj/objects.txt...
[INFO] [stderr]   Checking patch include/openssl/nid.h...
[INFO] [stderr]   Checking patch include/openssl/ssl.h...
[INFO] [stderr]   Checking patch ssl/extensions.cc...
[INFO] [stderr]   Checking patch ssl/internal.h...
[INFO] [stderr]   Checking patch ssl/ssl_key_share.cc...
[INFO] [stderr]   Checking patch ssl/ssl_lib.cc...
[INFO] [stderr]   Checking patch ssl/ssl_test.cc...
[INFO] [stderr]   Checking patch ssl/test/runner/basic_tests.go...
[INFO] [stderr]   Checking patch ssl/test/runner/cbc_tests.go...
[INFO] [stderr]   Checking patch ssl/test/runner/common.go...
[INFO] [stderr]   Checking patch ssl/test/runner/curve_tests.go...
[INFO] [stderr]   Checking patch ssl/test/runner/ech_tests.go...
[INFO] [stderr]   Checking patch ssl/test/runner/extension_tests.go...
[INFO] [stderr]   Checking patch ssl/test/runner/key_update_tests.go...
[INFO] [stderr]   Checking patch tool/client.cc...
[INFO] [stderr]   Applied patch crypto/obj/obj_dat.h cleanly.
[INFO] [stderr]   Applied patch crypto/obj/obj_mac.num cleanly.
[INFO] [stderr]   Applied patch crypto/obj/objects.txt cleanly.
[INFO] [stderr]   Applied patch include/openssl/nid.h cleanly.
[INFO] [stderr]   Applied patch include/openssl/ssl.h cleanly.
[INFO] [stderr]   Applied patch ssl/extensions.cc cleanly.
[INFO] [stderr]   Applied patch ssl/internal.h cleanly.
[INFO] [stderr]   Applied patch ssl/ssl_key_share.cc cleanly.
[INFO] [stderr]   Applied patch ssl/ssl_lib.cc cleanly.
[INFO] [stderr]   Applied patch ssl/ssl_test.cc cleanly.
[INFO] [stderr]   Applied patch ssl/test/runner/basic_tests.go cleanly.
[INFO] [stderr]   Applied patch ssl/test/runner/cbc_tests.go cleanly.
[INFO] [stderr]   Applied patch ssl/test/runner/common.go cleanly.
[INFO] [stderr]   Applied patch ssl/test/runner/curve_tests.go cleanly.
[INFO] [stderr]   Applied patch ssl/test/runner/ech_tests.go cleanly.
[INFO] [stderr]   Applied patch ssl/test/runner/extension_tests.go cleanly.
[INFO] [stderr]   Applied patch ssl/test/runner/key_update_tests.go cleanly.
[INFO] [stderr]   Applied patch tool/client.cc cleanly.
[INFO] [stderr]   /opt/rustwide/cargo-home/registry/src/index.crates.io-1949cf8c6b5b557f/btls-sys-0.5.6/patches/boringssl.patch:91: trailing whitespace.
[INFO] [stderr]    private:  
[INFO] [stderr]   /opt/rustwide/cargo-home/registry/src/index.crates.io-1949cf8c6b5b557f/btls-sys-0.5.6/patches/boringssl.patch:426: trailing whitespace.
[INFO] [stderr]     
[INFO] [stderr]   /opt/rustwide/cargo-home/registry/src/index.crates.io-1949cf8c6b5b557f/btls-sys-0.5.6/patches/boringssl.patch:715: trailing whitespace.
[INFO] [stderr]         
[INFO] [stderr]   /opt/rustwide/cargo-home/registry/src/index.crates.io-1949cf8c6b5b557f/btls-sys-0.5.6/patches/boringssl.patch:721: trailing whitespace.
[INFO] [stderr]         if (!DH_generate_key(dh) || 
[INFO] [stderr]   /opt/rustwide/cargo-home/registry/src/index.crates.io-1949cf8c6b5b557f/btls-sys-0.5.6/patches/boringssl.patch:729: trailing whitespace.
[INFO] [stderr]         if (peer_point == nullptr || 
[INFO] [stderr]   Checking patch crypto/cipher/e_tls.cc...
[INFO] [stderr]   Checking patch crypto/mem_internal.h...
[INFO] [stderr]   Checking patch include/openssl/aead.h...
[INFO] [stderr]   Checking patch include/openssl/nid.h...
[INFO] [stderr]   Checking patch include/openssl/ssl.h...
[INFO] [stderr]   Checking patch include/openssl/tls1.h...
[INFO] [stderr]   Checking patch ssl/extensions.cc...
[INFO] [stderr]   Checking patch ssl/handshake_client.cc...
[INFO] [stderr]   Checking patch ssl/internal.h...
[INFO] [stderr]   Checking patch ssl/ssl_cipher.cc...
[INFO] [stderr]   Checking patch ssl/ssl_key_share.cc...
[INFO] [stderr]   Checking patch ssl/ssl_lib.cc...
[INFO] [stderr]   Checking patch ssl/ssl_privkey.cc...
[INFO] [stderr]   Applied patch crypto/cipher/e_tls.cc cleanly.
[INFO] [stderr]   Applied patch crypto/mem_internal.h cleanly.
[INFO] [stderr]   Applied patch include/openssl/aead.h cleanly.
[INFO] [stderr]   Applied patch include/openssl/nid.h cleanly.
[INFO] [stderr]   Applied patch include/openssl/ssl.h cleanly.
[INFO] [stderr]   Applied patch include/openssl/tls1.h cleanly.
[INFO] [stderr]   Applied patch ssl/extensions.cc cleanly.
[INFO] [stderr]   Applied patch ssl/handshake_client.cc cleanly.
[INFO] [stderr]   Applied patch ssl/internal.h cleanly.
[INFO] [stderr]   Applied patch ssl/ssl_cipher.cc cleanly.
[INFO] [stderr]   Applied patch ssl/ssl_key_share.cc cleanly.
[INFO] [stderr]   Applied patch ssl/ssl_lib.cc cleanly.
[INFO] [stderr]   Applied patch ssl/ssl_privkey.cc cleanly.
[INFO] [stderr]   warning: squelched 4 whitespace errors
[INFO] [stderr]   warning: 9 lines applied after fixing whitespace errors.
[INFO] [stderr]   Checking patch include/openssl/target.h...
[INFO] [stderr]   Applied patch include/openssl/target.h cleanly.
[INFO] [stderr]   Checking patch third_party/fiat/p256_64.h...
[INFO] [stderr]   Hunk #2 succeeded at 178 (offset -3 lines).
[INFO] [stderr]   Hunk #3 succeeded at 493 (offset -4 lines).
[INFO] [stderr]   Applied patch third_party/fiat/p256_64.h cleanly.
[INFO] [stderr]   running: cd "/opt/rustwide/target/debug/build/btls-sys/1511db20c9388131/out/build" && CMAKE_BUILD_PARALLEL_LEVEL="8" CMAKE_PREFIX_PATH="" LC_ALL="C" "cmake" "/opt/rustwide/target/debug/build/btls-sys/1511db20c9388131/out/boringssl" "-B" "/opt/rustwide/target/debug/build/btls-sys/1511db20c9388131/out/build" "-DCMAKE_INSTALL_PREFIX=/opt/rustwide/target/debug/build/btls-sys/1511db20c9388131/out" "-DCMAKE_C_FLAGS= -ffunction-sections -fdata-sections -fPIC -m64 -w" "-DCMAKE_C_COMPILER=/usr/bin/cc" "-DCMAKE_CXX_FLAGS= -ffunction-sections -fdata-sections -fPIC -m64 -w" "-DCMAKE_CXX_COMPILER=/usr/bin/c++" "-DCMAKE_ASM_FLAGS= -ffunction-sections -fdata-sections -fPIC -m64 -w" "-DCMAKE_ASM_COMPILER=/usr/bin/cc" "-DCMAKE_BUILD_TYPE=Debug"
[INFO] [stderr]   running: cd "/opt/rustwide/target/debug/build/btls-sys/1511db20c9388131/out/build" && CMAKE_BUILD_PARALLEL_LEVEL="8" LC_ALL="C" MAKEFLAGS="-j --jobserver-fds=4,5 --jobserver-auth=4,5" "cmake" "--build" "/opt/rustwide/target/debug/build/btls-sys/1511db20c9388131/out/build" "--target" "ssl" "--config" "Debug"
[INFO] [stderr]   gmake: warning: -j8 forced in submake: resetting jobserver mode.
[INFO] [stderr]   c++: fatal error: Killed signal terminated program cc1plus
[INFO] [stderr]   compilation terminated.
[INFO] [stderr]   gmake[3]: *** [CMakeFiles/ssl.dir/build.make:191: CMakeFiles/ssl.dir/ssl/extensions.cc.o] Error 1
[INFO] [stderr]   gmake[3]: *** Waiting for unfinished jobs....
[INFO] [stderr]   gmake[2]: *** [CMakeFiles/Makefile2:1251: CMakeFiles/ssl.dir/all] Error 2
[INFO] [stderr]   gmake[1]: *** [CMakeFiles/Makefile2:1258: CMakeFiles/ssl.dir/rule] Error 2
[INFO] [stderr]   gmake: *** [Makefile:608: ssl] Error 2
[INFO] [stderr] 
[INFO] [stderr]   thread 'main' (2287) panicked at /opt/rustwide/cargo-home/registry/src/index.crates.io-1949cf8c6b5b557f/cmake-0.1.58/src/lib.rs:1132:5:
[INFO] [stderr] 
[INFO] [stderr]   command did not execute successfully, got: exit status: 2
[INFO] [stderr] 
[INFO] [stderr]   build script failed, must exit now
[INFO] [stderr]   stack backtrace:
[INFO] [stderr]      0:     0x60216ca3ed01 - std[3164a59e47d3bde]::backtrace_rs::backtrace::libunwind::trace
[INFO] [stderr]                                  at /rustc/3154cc1a3e6424e44f438a95007d043ed5ceaaf6/library/std/src/../../backtrace/src/backtrace/libunwind.rs:117:9
[INFO] [stderr]      1:     0x60216ca3ed01 - std[3164a59e47d3bde]::backtrace_rs::backtrace::trace_unsynchronized::<std[3164a59e47d3bde]::sys::backtrace::_print_fmt::{closure#1}>
[INFO] [stderr]                                  at /rustc/3154cc1a3e6424e44f438a95007d043ed5ceaaf6/library/std/src/../../backtrace/src/backtrace/mod.rs:66:14
[INFO] [stderr]      2:     0x60216ca3ed01 - std[3164a59e47d3bde]::sys::backtrace::_print_fmt
[INFO] [stderr]                                  at /rustc/3154cc1a3e6424e44f438a95007d043ed5ceaaf6/library/std/src/sys/backtrace.rs:74:9
[INFO] [stderr]      3:     0x60216ca3ed01 - <<std[3164a59e47d3bde]::sys::backtrace::BacktraceLock>::print::DisplayBacktrace as core[934024a1e6126fb4]::fmt::Display>::fmt
[INFO] [stderr]                                  at /rustc/3154cc1a3e6424e44f438a95007d043ed5ceaaf6/library/std/src/sys/backtrace.rs:44:26
[INFO] [stderr]      4:     0x60216ca571da - <core[934024a1e6126fb4]::fmt::rt::Argument>::fmt
[INFO] [stderr]                                  at /rustc/3154cc1a3e6424e44f438a95007d043ed5ceaaf6/library/core/src/fmt/rt.rs:152:76
[INFO] [stderr]      5:     0x60216ca571da - core[934024a1e6126fb4]::fmt::write
[INFO] [stderr]      6:     0x60216ca453bc - core[934024a1e6126fb4]::io::write::default_write_fmt::<std[3164a59e47d3bde]::sys::stdio::unix::Stderr>
[INFO] [stderr]                                  at /rustc/3154cc1a3e6424e44f438a95007d043ed5ceaaf6/library/core/src/io/write.rs:402:11
[INFO] [stderr]      7:     0x60216ca453bc - <std[3164a59e47d3bde]::sys::stdio::unix::Stderr as core[934024a1e6126fb4]::io::write::Write>::write_fmt
[INFO] [stderr]                                  at /rustc/3154cc1a3e6424e44f438a95007d043ed5ceaaf6/library/core/src/io/write.rs:335:13
[INFO] [stderr]      8:     0x60216ca181a6 - <std[3164a59e47d3bde]::sys::backtrace::BacktraceLock>::print
[INFO] [stderr]                                  at /rustc/3154cc1a3e6424e44f438a95007d043ed5ceaaf6/library/std/src/sys/backtrace.rs:47:9
[INFO] [stderr]      9:     0x60216ca181a6 - std[3164a59e47d3bde]::panicking::default_hook::{closure#0}
[INFO] [stderr]                                  at /rustc/3154cc1a3e6424e44f438a95007d043ed5ceaaf6/library/std/src/panicking.rs:289:27
[INFO] [stderr]     10:     0x60216ca35911 - std[3164a59e47d3bde]::panicking::default_hook
[INFO] [stderr]                                  at /rustc/3154cc1a3e6424e44f438a95007d043ed5ceaaf6/library/std/src/panicking.rs:316:9
[INFO] [stderr]     11:     0x60216ca35c3b - std[3164a59e47d3bde]::panicking::panic_with_hook
[INFO] [stderr]                                  at /rustc/3154cc1a3e6424e44f438a95007d043ed5ceaaf6/library/std/src/panicking.rs:811:13
[INFO] [stderr]     12:     0x60216ca18252 - std[3164a59e47d3bde]::panicking::panic_handler::{closure#0}
[INFO] [stderr]                                  at /rustc/3154cc1a3e6424e44f438a95007d043ed5ceaaf6/library/std/src/panicking.rs:685:13
[INFO] [stderr]     13:     0x60216ca10da9 - std[3164a59e47d3bde]::sys::backtrace::__rust_end_short_backtrace::<std[3164a59e47d3bde]::panicking::panic_handler::{closure#0}, !>
[INFO] [stderr]                                  at /rustc/3154cc1a3e6424e44f438a95007d043ed5ceaaf6/library/std/src/sys/backtrace.rs:182:18
[INFO] [stderr]     14:     0x60216ca18e4d - __rustc[2e7b49d4226056d3]::rust_begin_unwind
[INFO] [stderr]                                  at /rustc/3154cc1a3e6424e44f438a95007d043ed5ceaaf6/library/std/src/panicking.rs:676:5
[INFO] [stderr]     15:     0x60216ca57a7c - core[934024a1e6126fb4]::panicking::panic_fmt
[INFO] [stderr]                                  at /rustc/3154cc1a3e6424e44f438a95007d043ed5ceaaf6/library/core/src/panicking.rs:80:14
[INFO] [stderr]     16:     0x60216c4e9d47 - cmake[2c3999bb73d95522]::fail
[INFO] [stderr]     17:     0x60216c4e99d3 - cmake[2c3999bb73d95522]::run
[INFO] [stderr]     18:     0x60216c4efa65 - <cmake[2c3999bb73d95522]::Config>::build
[INFO] [stderr]     19:     0x60216c4d00b0 - build_script_main[c57be35e7690b88d]::build_boringssl_or_get_prebuilt::{closure#0}
[INFO] [stderr]     20:     0x60216c4cc0a7 - <std[3164a59e47d3bde]::sync::once_lock::OnceLock<std[3164a59e47d3bde]::path::PathBuf>>::get_or_init::<build_script_main[c57be35e7690b88d]::build_boringssl_or_get_prebuilt::{closure#0}>::{closure#0}
[INFO] [stderr]     21:     0x60216c4cbfcc - <std[3164a59e47d3bde]::sync::once_lock::OnceLock<std[3164a59e47d3bde]::path::PathBuf>>::initialize::<<std[3164a59e47d3bde]::sync::once_lock::OnceLock<std[3164a59e47d3bde]::path::PathBuf>>::get_or_init<build_script_main[c57be35e7690b88d]::build_boringssl_or_get_prebuilt::{closure#0}>::{closure#0}, !>::{closure#0}
[INFO] [stderr]     22:     0x60216c4bdb02 - <std[3164a59e47d3bde]::sync::once::Once>::call_once_force::<<std[3164a59e47d3bde]::sync::once_lock::OnceLock<std[3164a59e47d3bde]::path::PathBuf>>::initialize<<std[3164a59e47d3bde]::sync::once_lock::OnceLock<std[3164a59e47d3bde]::path::PathBuf>>::get_or_init<build_script_main[c57be35e7690b88d]::build_boringssl_or_get_prebuilt::{closure#0}>::{closure#0}, !>::{closure#0}>::{closure#0}
[INFO] [stderr]     23:     0x60216ca1db79 - <std[3164a59e47d3bde]::sys::sync::once::futex::Once>::call
[INFO] [stderr]                                  at /rustc/3154cc1a3e6424e44f438a95007d043ed5ceaaf6/library/std/src/sys/sync/once/futex.rs:183:21
[INFO] [stderr]     24:     0x60216c4b9378 - <std[3164a59e47d3bde]::sync::once::Once>::call_once_force::<<std[3164a59e47d3bde]::sync::once_lock::OnceLock<std[3164a59e47d3bde]::path::PathBuf>>::initialize<<std[3164a59e47d3bde]::sync::once_lock::OnceLock<std[3164a59e47d3bde]::path::PathBuf>>::get_or_init<build_script_main[c57be35e7690b88d]::build_boringssl_or_get_prebuilt::{closure#0}>::{closure#0}, !>::{closure#0}>
[INFO] [stderr]     25:     0x60216c4c9edc - <std[3164a59e47d3bde]::sync::once_lock::OnceLock<std[3164a59e47d3bde]::path::PathBuf>>::initialize::<<std[3164a59e47d3bde]::sync::once_lock::OnceLock<std[3164a59e47d3bde]::path::PathBuf>>::get_or_init<build_script_main[c57be35e7690b88d]::build_boringssl_or_get_prebuilt::{closure#0}>::{closure#0}, !>
[INFO] [stderr]     26:     0x60216c4c9fc3 - <std[3164a59e47d3bde]::sync::once_lock::OnceLock<std[3164a59e47d3bde]::path::PathBuf>>::get_or_try_init::<<std[3164a59e47d3bde]::sync::once_lock::OnceLock<std[3164a59e47d3bde]::path::PathBuf>>::get_or_init<build_script_main[c57be35e7690b88d]::build_boringssl_or_get_prebuilt::{closure#0}>::{closure#0}, !>
[INFO] [stderr]     27:     0x60216c4c9ef6 - <std[3164a59e47d3bde]::sync::once_lock::OnceLock<std[3164a59e47d3bde]::path::PathBuf>>::get_or_init::<build_script_main[c57be35e7690b88d]::build_boringssl_or_get_prebuilt::{closure#0}>
[INFO] [stderr]     28:     0x60216c4d6e90 - build_script_main[c57be35e7690b88d]::build_boringssl_or_get_prebuilt
[INFO] [stderr]     29:     0x60216c4d47a9 - build_script_main[c57be35e7690b88d]::emit_link_directives
[INFO] [stderr]     30:     0x60216c4d7fdf - build_script_main[c57be35e7690b88d]::run
[INFO] [stderr]     31:     0x60216c4d83ec - build_script_main[c57be35e7690b88d]::main
[INFO] [stderr]     32:     0x60216c4c81eb - <fn() -> std[3164a59e47d3bde]::process::ExitCode as core[934024a1e6126fb4]::ops::function::FnOnce<()>>::call_once
[INFO] [stderr]     33:     0x60216c4c4e2e - std[3164a59e47d3bde]::sys::backtrace::__rust_begin_short_backtrace::<fn() -> std[3164a59e47d3bde]::process::ExitCode, std[3164a59e47d3bde]::process::ExitCode>
[INFO] [stderr]     34:     0x60216c4cc0d9 - std[3164a59e47d3bde]::rt::lang_start::<std[3164a59e47d3bde]::process::ExitCode>::{closure#0}
[INFO] [stderr]     35:     0x60216ca34c08 - <&dyn core[934024a1e6126fb4]::ops::function::Fn<(), Output = i32> + core[934024a1e6126fb4]::marker::Sync + core[934024a1e6126fb4]::panic::unwind_safe::RefUnwindSafe as core[934024a1e6126fb4]::ops::function::FnOnce<()>>::call_once
[INFO] [stderr]                                  at /rustc/3154cc1a3e6424e44f438a95007d043ed5ceaaf6/library/core/src/ops/function.rs:287:21
[INFO] [stderr]     36:     0x60216ca34c08 - std[3164a59e47d3bde]::panicking::catch_unwind::do_call::<&dyn core[934024a1e6126fb4]::ops::function::Fn<(), Output = i32> + core[934024a1e6126fb4]::marker::Sync + core[934024a1e6126fb4]::panic::unwind_safe::RefUnwindSafe, i32>
[INFO] [stderr]                                  at /rustc/3154cc1a3e6424e44f438a95007d043ed5ceaaf6/library/std/src/panicking.rs:573:43
[INFO] [stderr]     37:     0x60216ca34c08 - std[3164a59e47d3bde]::panicking::catch_unwind::<i32, &dyn core[934024a1e6126fb4]::ops::function::Fn<(), Output = i32> + core[934024a1e6126fb4]::marker::Sync + core[934024a1e6126fb4]::panic::unwind_safe::RefUnwindSafe>
[INFO] [stderr]                                  at /rustc/3154cc1a3e6424e44f438a95007d043ed5ceaaf6/library/std/src/panicking.rs:541:19
[INFO] [stderr]     38:     0x60216ca34c08 - std[3164a59e47d3bde]::panic::catch_unwind::<&dyn core[934024a1e6126fb4]::ops::function::Fn<(), Output = i32> + core[934024a1e6126fb4]::marker::Sync + core[934024a1e6126fb4]::panic::unwind_safe::RefUnwindSafe, i32>
[INFO] [stderr]                                  at /rustc/3154cc1a3e6424e44f438a95007d043ed5ceaaf6/library/std/src/panic.rs:359:14
[INFO] [stderr]     39:     0x60216ca34c08 - std[3164a59e47d3bde]::rt::lang_start_internal::{closure#0}
[INFO] [stderr]                                  at /rustc/3154cc1a3e6424e44f438a95007d043ed5ceaaf6/library/std/src/rt.rs:175:24
[INFO] [stderr]     40:     0x60216ca34c08 - std[3164a59e47d3bde]::panicking::catch_unwind::do_call::<std[3164a59e47d3bde]::rt::lang_start_internal::{closure#0}, isize>
[INFO] [stderr]                                  at /rustc/3154cc1a3e6424e44f438a95007d043ed5ceaaf6/library/std/src/panicking.rs:573:43
[INFO] [stderr]     41:     0x60216ca34c08 - std[3164a59e47d3bde]::panicking::catch_unwind::<isize, std[3164a59e47d3bde]::rt::lang_start_internal::{closure#0}>
[INFO] [stderr]                                  at /rustc/3154cc1a3e6424e44f438a95007d043ed5ceaaf6/library/std/src/panicking.rs:541:19
[INFO] [stderr]     42:     0x60216ca34c08 - std[3164a59e47d3bde]::panic::catch_unwind::<std[3164a59e47d3bde]::rt::lang_start_internal::{closure#0}, isize>
[INFO] [stderr]                                  at /rustc/3154cc1a3e6424e44f438a95007d043ed5ceaaf6/library/std/src/panic.rs:359:14
[INFO] [stderr]     43:     0x60216ca34c08 - std[3164a59e47d3bde]::rt::lang_start_internal
[INFO] [stderr]                                  at /rustc/3154cc1a3e6424e44f438a95007d043ed5ceaaf6/library/std/src/rt.rs:171:5
[INFO] [stderr]     44:     0x60216c4cad31 - std[3164a59e47d3bde]::rt::lang_start::<std[3164a59e47d3bde]::process::ExitCode>
[INFO] [stderr]     45:     0x60216c4d8655 - main
[INFO] [stderr]     46:     0x716cd9c82601 - <unknown>
[INFO] [stderr]     47:     0x716cd9c82718 - __libc_start_main
[INFO] [stderr]     48:     0x60216c4b8ea5 - _start
[INFO] [stderr]     49:                0x0 - <unknown>
[INFO] running `Command { std: "docker" "inspect" "23991f911c4119ab1d06c018dbc5043d58aedd18f142f9e04bd7cf80f0c123ab", kill_on_drop: false }`
[INFO] running `Command { std: "docker" "rm" "-f" "23991f911c4119ab1d06c018dbc5043d58aedd18f142f9e04bd7cf80f0c123ab", kill_on_drop: false }`
[INFO] [stdout] 23991f911c4119ab1d06c018dbc5043d58aedd18f142f9e04bd7cf80f0c123ab
