[INFO] cloning repository https://github.com/nutypebuddha/L
[INFO] running `Command { std: "git" "-c" "credential.helper=" "-c" "credential.helper=/workspace/cargo-home/bin/git-credential-null" "clone" "--bare" "https://github.com/nutypebuddha/L" "/workspace/cache/git-repos/https%3A%2F%2Fgithub.com%2Fnutypebuddha%2FL", kill_on_drop: false }`
[INFO] [stderr] Cloning into bare repository '/workspace/cache/git-repos/https%3A%2F%2Fgithub.com%2Fnutypebuddha%2FL'...
[INFO] running `Command { std: "git" "rev-parse" "HEAD", kill_on_drop: false }`
[INFO] [stdout] 6e8956d2bcedfdba921a81c73dc4d2abf6ec1e0c
[INFO] checking nutypebuddha/L against 3154cc1a3e6424e44f438a95007d043ed5ceaaf6 for pr-133502-30
[INFO] running `Command { std: "git" "clone" "/workspace/cache/git-repos/https%3A%2F%2Fgithub.com%2Fnutypebuddha%2FL" "/workspace/builds/worker-6-tc2/source", kill_on_drop: false }`
[INFO] [stderr] Cloning into '/workspace/builds/worker-6-tc2/source'...
[INFO] [stderr] done.
[INFO] removed /workspace/builds/worker-6-tc2/source/.cargo/config.toml
[INFO] started tweaking git repo https://github.com/nutypebuddha/L
[INFO] finished tweaking git repo https://github.com/nutypebuddha/L
[INFO] tweaked toml for git repo https://github.com/nutypebuddha/L written to /workspace/builds/worker-6-tc2/source/Cargo.toml
[INFO] validating manifest of git repo https://github.com/nutypebuddha/L on toolchain 3154cc1a3e6424e44f438a95007d043ed5ceaaf6
[INFO] running `Command { std: CARGO_HOME="/workspace/cargo-home" RUSTUP_HOME="/workspace/rustup-home" "/workspace/cargo-home/bin/cargo" "+3154cc1a3e6424e44f438a95007d043ed5ceaaf6" "metadata" "--manifest-path" "Cargo.toml" "--no-deps", kill_on_drop: false }`
[INFO] crate git repo https://github.com/nutypebuddha/L already has a lockfile, it will not be regenerated
[INFO] running `Command { std: CARGO_HOME="/workspace/cargo-home" RUSTUP_HOME="/workspace/rustup-home" "/workspace/cargo-home/bin/cargo" "+3154cc1a3e6424e44f438a95007d043ed5ceaaf6" "fetch" "--manifest-path" "Cargo.toml", kill_on_drop: false }`
[INFO] [stderr] warning: `package.homepage` is redundant with `package.repository`
[INFO] [stderr]  --> proof/laverna-wasm/Cargo.toml:9:12
[INFO] [stderr]   |
[INFO] [stderr] 8 | repository = "https://github.com/nutypebuddha/lai"
[INFO] [stderr]   |              -------------------------------------
[INFO] [stderr] 9 | homepage = "https://github.com/nutypebuddha/lai"
[INFO] [stderr]   |            ^^^^^^^^^^^^^^^^^^^^^^^^^^^^^^^^^^^^^
[INFO] [stderr]   |
[INFO] [stderr]   = note: `cargo::redundant_homepage` is set to `warn` by default
[INFO] [stderr] help: consider removing `package.homepage`
[INFO] [stderr] warning: `laverna-wasm` (manifest) generated 1 warning
[INFO] [stderr] warning: `package.homepage` is redundant with `package.repository`
[INFO] [stderr]   --> proof/Cargo.toml:10:12
[INFO] [stderr]    |
[INFO] [stderr]  9 | repository = "https://github.com/nutypebuddha/L"
[INFO] [stderr]    |              -----------------------------------
[INFO] [stderr] 10 | homepage = "https://github.com/nutypebuddha/L"
[INFO] [stderr]    |            ^^^^^^^^^^^^^^^^^^^^^^^^^^^^^^^^^^^
[INFO] [stderr]    |
[INFO] [stderr]    = note: `cargo::redundant_homepage` is set to `warn` by default
[INFO] [stderr] help: consider removing `package.homepage`
[INFO] [stderr] warning: `laverna` (manifest) generated 1 warning
[INFO] running `Command { std: "docker" "create" "-v" "/var/lib/crater-agent-workspace/builds/worker-6-tc2/source:/opt/rustwide/workdir:ro,Z" "-v" "/var/lib/crater-agent-workspace/builds/worker-6-tc2/target:/opt/rustwide/target:rw,Z" "-v" "/var/lib/crater-agent-workspace/cargo-home:/opt/rustwide/cargo-home:ro,Z" "-v" "/var/lib/crater-agent-workspace/rustup-home:/opt/rustwide/rustup-home:ro,Z" "-m" "1610612736" "--network" "none" "ghcr.io/rust-lang/crates-build-env/linux@sha256:77db811e55d90add9212f6832c23229e3de5f1c1f9905e8cb07319ea15df73ac" "sleep" "infinity", kill_on_drop: false }`
[INFO] [stdout] 45bc0e25f9996de9bf7bbed3886b317c98993c4ecb241bb4f758ba6275b106d2
[INFO] running `Command { std: "docker" "start" "45bc0e25f9996de9bf7bbed3886b317c98993c4ecb241bb4f758ba6275b106d2", kill_on_drop: false }`
[INFO] running `Command { std: "docker" "inspect" "45bc0e25f9996de9bf7bbed3886b317c98993c4ecb241bb4f758ba6275b106d2", kill_on_drop: false }`
[INFO] running `Command { std: "docker" "exec" "-e" "SOURCE_DIR=/opt/rustwide/workdir" "-e" "CARGO_HOME=/opt/rustwide/cargo-home" "-e" "RUSTUP_HOME=/opt/rustwide/rustup-home" "-e" "CARGO_TARGET_DIR=/opt/rustwide/target" "-w" "/opt/rustwide/workdir" "--user" "0:0" "45bc0e25f9996de9bf7bbed3886b317c98993c4ecb241bb4f758ba6275b106d2" "/opt/rustwide/cargo-home/bin/cargo" "+3154cc1a3e6424e44f438a95007d043ed5ceaaf6" "metadata" "--no-deps" "--format-version=1", kill_on_drop: false }`
[INFO] running `Command { std: "docker" "inspect" "45bc0e25f9996de9bf7bbed3886b317c98993c4ecb241bb4f758ba6275b106d2", kill_on_drop: false }`
[INFO] running `Command { std: "docker" "exec" "-e" "SOURCE_DIR=/opt/rustwide/workdir" "-e" "CARGO_HOME=/opt/rustwide/cargo-home" "-e" "RUSTUP_HOME=/opt/rustwide/rustup-home" "-e" "CARGO_TARGET_DIR=/opt/rustwide/target" "-e" "CARGO_INCREMENTAL=0" "-e" "RUST_BACKTRACE=full" "-e" "RUSTFLAGS=--cap-lints=forbid" "-e" "RUSTDOCFLAGS=--cap-lints=forbid" "-w" "/opt/rustwide/workdir" "--user" "0:0" "45bc0e25f9996de9bf7bbed3886b317c98993c4ecb241bb4f758ba6275b106d2" "/opt/rustwide/cargo-home/bin/cargo" "+3154cc1a3e6424e44f438a95007d043ed5ceaaf6" "check" "--frozen" "--all" "--all-targets" "--message-format=json", kill_on_drop: false }`
[INFO] [stderr] warning: `package.homepage` is redundant with `package.repository`
[INFO] [stderr]  --> proof/laverna-wasm/Cargo.toml:9:12
[INFO] [stderr]   |
[INFO] [stderr] 8 | repository = "https://github.com/nutypebuddha/lai"
[INFO] [stderr]   |              -------------------------------------
[INFO] [stderr] 9 | homepage = "https://github.com/nutypebuddha/lai"
[INFO] [stderr]   |            ^^^^^^^^^^^^^^^^^^^^^^^^^^^^^^^^^^^^^
[INFO] [stderr]   |
[INFO] [stderr]   = note: `cargo::redundant_homepage` is set to `warn` by default
[INFO] [stderr] help: consider removing `package.homepage`
[INFO] [stderr] warning: `laverna-wasm` (manifest) generated 1 warning
[INFO] [stderr] warning: `package.homepage` is redundant with `package.repository`
[INFO] [stderr]   --> proof/Cargo.toml:10:12
[INFO] [stderr]    |
[INFO] [stderr]  9 | repository = "https://github.com/nutypebuddha/L"
[INFO] [stderr]    |              -----------------------------------
[INFO] [stderr] 10 | homepage = "https://github.com/nutypebuddha/L"
[INFO] [stderr]    |            ^^^^^^^^^^^^^^^^^^^^^^^^^^^^^^^^^^^
[INFO] [stderr]    |
[INFO] [stderr]    = note: `cargo::redundant_homepage` is set to `warn` by default
[INFO] [stderr] help: consider removing `package.homepage`
[INFO] [stderr] warning: `laverna` (manifest) generated 1 warning
[INFO] [stderr]    Compiling unicode-ident v1.0.24
[INFO] [stderr]    Compiling libc v0.2.189
[INFO] [stderr]     Checking cfg-if v1.0.4
[INFO] [stderr]    Compiling serde_json v1.0.151
[INFO] [stderr]    Compiling num-traits v0.2.19
[INFO] [stderr]     Checking hashbrown v0.16.1
[INFO] [stderr]     Checking clap_lex v1.0.1
[INFO] [stderr]    Compiling crossbeam-utils v0.8.22
[INFO] [stderr]    Compiling crossbeam-epoch v0.9.20
[INFO] [stderr]    Compiling proc-macro2 v1.0.107
[INFO] [stderr]     Checking clap_builder v4.5.61
[INFO] [stderr]    Compiling crossbeam-deque v0.8.7
[INFO] [stderr]     Checking toml_write v0.1.2
[INFO] [stderr]     Checking winnow v0.7.15
[INFO] [stderr]    Compiling quote v1.0.47
[INFO] [stderr]     Checking indexmap v2.11.4
[INFO] [stderr]    Compiling syn v3.0.3
[INFO] [stderr]    Compiling syn v2.0.119
[INFO] [stderr]    Compiling rayon-core v1.12.1
[INFO] [stderr]     Checking either v1.17.0
[INFO] [stderr]     Checking half v2.4.1
[INFO] [stderr]     Checking plotters-backend v0.3.7
[INFO] [stderr]     Checking ciborium-io v0.2.2
[INFO] [stderr]     Checking plotters-svg v0.3.7
[INFO] [stderr]     Checking ciborium-ll v0.2.2
[INFO] [stderr]     Checking itertools v0.10.5
[INFO] [stderr]    Compiling athena v0.1.0 (/opt/rustwide/workdir/athena)
[INFO] [stderr]     Checking cast v0.3.0
[INFO] [stderr]     Checking plotters v0.3.7
[INFO] [stderr]     Checking rayon v1.10.0
[INFO] [stderr]     Checking vsop87 v3.0.0
[INFO] [stderr]     Checking errno v0.3.14
[INFO] [stderr]     Checking signal-hook-registry v1.4.8
[INFO] [stderr]     Checking socket2 v0.6.5
[INFO] [stderr]     Checking mio v1.2.2
[INFO] [stderr]     Checking is-terminal v0.4.17
[INFO] [stderr]     Checking astro v2.0.0
[INFO] [stderr]     Checking oorandom v11.1.5
[INFO] [stderr]     Checking anes v0.1.6
[INFO] [stderr]     Checking criterion-plot v0.5.0
[INFO] [stderr]     Checking log v0.4.33
[INFO] [stderr]    Compiling httparse v1.10.1
[INFO] [stderr]    Compiling thiserror v1.0.69
[INFO] [stderr]     Checking lai-gate v0.1.0 (/opt/rustwide/workdir/gate)
[INFO] [stderr]     Checking siphasher v1.0.3
[INFO] [stderr]     Checking phf_shared v0.12.1
[INFO] [stderr]     Checking http v1.5.0
[INFO] [stderr]     Checking iana-time-zone v0.1.65
[INFO] [stderr]    Compiling chrono-tz v0.10.4
[INFO] [stderr]    Compiling anyhow v1.0.104
[INFO] [stderr]     Checking phf v0.12.1
[INFO] [stderr]     Checking utf8-zero v0.8.1
[INFO] [stderr]     Checking foldhash v0.1.5
[INFO] [stderr]    Compiling getrandom v0.3.4
[INFO] [stderr]     Checking option-ext v0.2.0
[INFO] [stderr]     Checking urlencoding v2.1.3
[INFO] [stderr]     Checking dirs-sys v0.4.1
[INFO] [stderr]     Checking hashbrown v0.15.5
[INFO] [stderr]     Checking fixedbitset v0.5.7
[INFO] [stderr]     Checking ureq-proto v0.5.3
[INFO] [stderr]    Compiling zerocopy v0.8.56
[INFO] [stderr]    Compiling laverna v0.4.2 (/opt/rustwide/workdir/proof)
[INFO] [stderr]    Compiling find-msvc-tools v0.1.10
[INFO] [stderr]    Compiling ahash v0.8.12
[INFO] [stderr]     Checking dirs v5.0.1
[INFO] [stderr]    Compiling cc v1.4.2
[INFO] [stderr]     Checking petgraph v0.8.3
[INFO] [stderr]    Compiling rustix v1.1.4
[INFO] [stderr]     Checking uuid v1.20.0
[INFO] [stderr]    Compiling object v0.36.7
[INFO] [stderr]    Compiling cpp_demangle v0.4.5
[INFO] [stderr]     Checking debugid v0.8.0
[INFO] [stderr]    Compiling serde_derive v1.0.229
[INFO] [stderr]    Compiling thiserror-impl v2.0.20
[INFO] [stderr]    Compiling tokio-macros v2.7.2
[INFO] [stderr]     Checking memmap2 v0.9.11
[INFO] [stderr]     Checking bitflags v2.13.1
[INFO] [stderr]     Checking arrayvec v0.7.8
[INFO] [stderr]     Checking tokio v1.53.1
[INFO] [stderr]     Checking gimli v0.31.1
[INFO] [stderr]     Checking thiserror v2.0.20
[INFO] [stderr]    Compiling symbolic-demangle v12.15.5
[INFO] [stderr]    Compiling findshlibs v0.10.2
[INFO] [stderr]     Checking stable_deref_trait v1.2.1
[INFO] [stderr]     Checking bytemuck v1.25.2
[INFO] [stderr]     Checking symbolic-common v12.15.5
[INFO] [stderr]     Checking rgb v0.8.53
[INFO] [stderr]     Checking num-format v0.4.4
[INFO] [stderr]    Compiling clap_derive v4.5.61
[INFO] [stderr]    Compiling thiserror-impl v1.0.69
[INFO] [stderr]    Compiling equator-macro v0.4.2
[INFO] [stderr]     Checking equator v0.4.2
[INFO] [stderr]     Checking addr2line v0.24.2
[INFO] [stderr]     Checking quick-xml v0.26.0
[INFO] [stderr]     Checking serde v1.0.229
[INFO] [stderr]     Checking str_stack v0.1.1
[INFO] [stderr]    Compiling pprof v0.14.1
[INFO] [stderr]     Checking bitflags v1.3.2
[INFO] [stderr]     Checking fastrand v2.5.0
[INFO] [stderr]     Checking clap v4.5.61
[INFO] [stderr]     Checking nix v0.26.4
[INFO] [stderr]     Checking aligned-vec v0.6.4
[INFO] [stderr]     Checking tempfile v3.27.0
[INFO] [stderr]     Checking spin v0.10.1
[INFO] [stderr]     Checking smallvec v1.15.2
[INFO] [stderr]     Checking serde_spanned v0.6.9
[INFO] [stderr]     Checking toml_datetime v0.6.11
[INFO] [stderr]     Checking xalen-time v0.6.0 (/opt/rustwide/workdir/thirdparty/xalen-time)
[INFO] [stderr]     Checking tinytemplate v1.2.1
[INFO] [stderr]     Checking ciborium v0.2.2
[INFO] [stderr]     Checking toml_edit v0.22.27
[INFO] [stderr]     Checking lai-core v0.1.0 (/opt/rustwide/workdir/lai-core)
[INFO] [stderr]     Checking xalen-coords v0.6.0 (/opt/rustwide/workdir/thirdparty/xalen-coords)
[INFO] [stderr]     Checking chrono v0.4.45
[INFO] [stderr]     Checking xalen-stars v0.6.0 (/opt/rustwide/workdir/thirdparty/xalen-stars)
[INFO] [stderr]     Checking criterion v0.5.1
[INFO] [stderr]     Checking ureq v3.2.1
[INFO] [stderr]     Checking xalen-houses v0.6.0 (/opt/rustwide/workdir/thirdparty/xalen-houses)
[INFO] [stderr]     Checking inferno v0.11.21
[INFO] [stderr]     Checking xalen-ayanamsa v0.6.0 (/opt/rustwide/workdir/thirdparty/xalen-ayanamsa)
[INFO] [stderr]     Checking xalen-vedic v0.6.0 (/opt/rustwide/workdir/thirdparty/xalen-vedic)
[INFO] [stderr]    Compiling wasm-bindgen-shared v0.2.117
[INFO] [stderr]     Checking toml v0.8.23
[INFO] [stderr]    Compiling wasm-bindgen v0.2.117
[INFO] [stderr]    Compiling wasm-bindgen-macro-support v0.2.117
[INFO] [stderr]     Checking backtrace v0.3.74
[INFO] [stdout] error[E0432]: unresolved import `athena::mcp`
[INFO] [stdout]   --> athena/tests/mcp_integration.rs:10:13
[INFO] [stdout]    |
[INFO] [stdout] 10 | use athena::mcp::{AthenaMCP, AthenaRequest, AthenaResponse};
[INFO] [stdout]    |             ^^^ could not find `mcp` in `athena`
[INFO] [stdout]    |
[INFO] [stdout] note: found an item that was configured out
[INFO] [stdout]   --> athena/src/lib.rs:46:9
[INFO] [stdout]    |
[INFO] [stdout] 45 | #[cfg(feature = "mcp")]
[INFO] [stdout]    |       --------------- the item is gated behind the `mcp` feature
[INFO] [stdout] 46 | pub mod mcp;
[INFO] [stdout]    |         ^^^
[INFO] [stdout] 
[INFO] [stdout] 
[INFO] [stdout] error[E0432]: unresolved import `athena::mcp`
[INFO] [stdout]    --> athena/tests/mcp_integration.rs:114:17
[INFO] [stdout]     |
[INFO] [stdout] 114 |     use athena::mcp::AthenaMCP;
[INFO] [stdout]     |                 ^^^ could not find `mcp` in `athena`
[INFO] [stdout]     |
[INFO] [stdout] note: found an item that was configured out
[INFO] [stdout]    --> athena/src/lib.rs:46:9
[INFO] [stdout]     |
[INFO] [stdout]  45 | #[cfg(feature = "mcp")]
[INFO] [stdout]     |       --------------- the item is gated behind the `mcp` feature
[INFO] [stdout]  46 | pub mod mcp;
[INFO] [stdout]     |         ^^^
[INFO] [stdout] 
[INFO] [stdout] 
[INFO] [stdout] error[E0433]: cannot find `mcp` in `athena`
[INFO] [stdout]    --> athena/tests/mcp_integration.rs:278:50
[INFO] [stdout]     |
[INFO] [stdout] 278 | fn setup_handler_with_many_entities() -> athena::mcp::McpHandler {
[INFO] [stdout]     |                                                  ^^^ could not find `mcp` in `athena`
[INFO] [stdout]     |
[INFO] [stdout] note: found an item that was configured out
[INFO] [stdout]    --> athena/src/lib.rs:46:9
[INFO] [stdout]     |
[INFO] [stdout]  45 | #[cfg(feature = "mcp")]
[INFO] [stdout]     |       --------------- the item is gated behind the `mcp` feature
[INFO] [stdout]  46 | pub mod mcp;
[INFO] [stdout]     |         ^^^
[INFO] [stdout] 
[INFO] [stdout] 
[INFO] [stdout] error[E0433]: cannot find `mcp` in `athena`
[INFO] [stdout]    --> athena/tests/mcp_integration.rs:302:13
[INFO] [stdout]     |
[INFO] [stdout] 302 |     athena::mcp::McpHandler::new(AthenaMCP::with_entities(registry, entities))
[INFO] [stdout]     |             ^^^ could not find `mcp` in `athena`
[INFO] [stdout]     |
[INFO] [stdout] note: found an item that was configured out
[INFO] [stdout]    --> athena/src/lib.rs:46:9
[INFO] [stdout]     |
[INFO] [stdout]  45 | #[cfg(feature = "mcp")]
[INFO] [stdout]     |       --------------- the item is gated behind the `mcp` feature
[INFO] [stdout]  46 | pub mod mcp;
[INFO] [stdout]     |         ^^^
[INFO] [stdout] 
[INFO] [stdout] 
[INFO] [stdout] error[E0433]: cannot find module or crate `rmcp` in this scope
[INFO] [stdout]    --> athena/tests/mcp_integration.rs:306:30
[INFO] [stdout]     |
[INFO] [stdout] 306 | fn tool_result_json(result: &rmcp::model::CallToolResult) -> serde_json::Value {
[INFO] [stdout]     |                              ^^^^ use of unresolved module or unlinked crate `rmcp`
[INFO] [stdout]     |
[INFO] [stdout]     = help: if you wanted to use a crate named `rmcp`, use `cargo add rmcp` to add it to your `Cargo.toml`
[INFO] [stdout] 
[INFO] [stdout] 
[INFO] [stdout] Some errors have detailed explanations: E0432, E0433.
[INFO] [stdout] 
[INFO] [stdout] For more information about an error, try `rustc --explain E0432`.
[INFO] [stdout] 
[INFO] [stderr] error: could not compile `athena` (test "mcp_integration") due to 5 previous errors
[INFO] [stderr] warning: build failed, waiting for other jobs to finish...
[INFO] [stderr] warning: unused dependency `xalen-time`
[INFO] [stderr]   --> thirdparty/xalen-coords/Cargo.toml:16:1
[INFO] [stderr]    |
[INFO] [stderr] 16 | xalen-time = { path = "../xalen-time" }
[INFO] [stderr]    | ^^^^^^^^^^^^^^^^^^^^^^^^^^^^^^^^^^^^^^^
[INFO] [stderr]    |
[INFO] [stderr]    = note: `cargo::unused_dependencies` is set to `warn` by default
[INFO] [stderr] help: consider removing the dependency on `xalen-time`
[INFO] [stderr] warning: `xalen-coords` (manifest) generated 1 warning
[INFO] [stderr] warning: unused dependency `thiserror`
[INFO] [stderr]   --> thirdparty/xalen-time/Cargo.toml:15:1
[INFO] [stderr]    |
[INFO] [stderr] 15 | thiserror = "2"
[INFO] [stderr]    | ^^^^^^^^^^^^^^^
[INFO] [stderr]    |
[INFO] [stderr]    = note: `cargo::unused_dependencies` is set to `warn` by default
[INFO] [stderr] help: consider removing the dependency on `thiserror`
[INFO] [stderr] warning: `xalen-time` (manifest) generated 1 warning
[INFO] [stderr] warning: unused dependency `xalen-ayanamsa`
[INFO] [stderr]   --> thirdparty/xalen-vedic/Cargo.toml:15:1
[INFO] [stderr]    |
[INFO] [stderr] 15 | xalen-ayanamsa = { path = "../xalen-ayanamsa" }
[INFO] [stderr]    | ^^^^^^^^^^^^^^^^^^^^^^^^^^^^^^^^^^^^^^^^^^^^^^^
[INFO] [stderr]    |
[INFO] [stderr]    = note: `cargo::unused_dependencies` is set to `warn` by default
[INFO] [stderr] help: consider removing the dependency on `xalen-ayanamsa`
[INFO] [stderr] warning: `xalen-vedic` (manifest) generated 1 warning
[INFO] running `Command { std: "docker" "inspect" "45bc0e25f9996de9bf7bbed3886b317c98993c4ecb241bb4f758ba6275b106d2", kill_on_drop: false }`
[INFO] running `Command { std: "docker" "rm" "-f" "45bc0e25f9996de9bf7bbed3886b317c98993c4ecb241bb4f758ba6275b106d2", kill_on_drop: false }`
[INFO] [stdout] 45bc0e25f9996de9bf7bbed3886b317c98993c4ecb241bb4f758ba6275b106d2
