[INFO] cloning repository https://github.com/nonontb/actor-chat
[INFO] running `Command { std: "git" "-c" "credential.helper=" "-c" "credential.helper=/workspace/cargo-home/bin/git-credential-null" "clone" "--bare" "https://github.com/nonontb/actor-chat" "/workspace/cache/git-repos/https%3A%2F%2Fgithub.com%2Fnonontb%2Factor-chat", kill_on_drop: false }`
[INFO] [stderr] Cloning into bare repository '/workspace/cache/git-repos/https%3A%2F%2Fgithub.com%2Fnonontb%2Factor-chat'...
[INFO] running `Command { std: "git" "rev-parse" "HEAD", kill_on_drop: false }`
[INFO] [stdout] 047f93f3fcfbfc47d34731bb8d46bff55dabbd1e
[INFO] checking nonontb/actor-chat against 3154cc1a3e6424e44f438a95007d043ed5ceaaf6+rustflags=-Znext-solver=coherence for pr-133502-30
[INFO] running `Command { std: "git" "clone" "/workspace/cache/git-repos/https%3A%2F%2Fgithub.com%2Fnonontb%2Factor-chat" "/workspace/builds/worker-0-tc1/source", kill_on_drop: false }`
[INFO] [stderr] Cloning into '/workspace/builds/worker-0-tc1/source'...
[INFO] [stderr] done.
[INFO] started tweaking git repo https://github.com/nonontb/actor-chat
[INFO] finished tweaking git repo https://github.com/nonontb/actor-chat
[INFO] tweaked toml for git repo https://github.com/nonontb/actor-chat written to /workspace/builds/worker-0-tc1/source/Cargo.toml
[INFO] validating manifest of git repo https://github.com/nonontb/actor-chat on toolchain 3154cc1a3e6424e44f438a95007d043ed5ceaaf6
[INFO] running `Command { std: CARGO_HOME="/workspace/cargo-home" RUSTUP_HOME="/workspace/rustup-home" "/workspace/cargo-home/bin/cargo" "+3154cc1a3e6424e44f438a95007d043ed5ceaaf6" "metadata" "--manifest-path" "Cargo.toml" "--no-deps", kill_on_drop: false }`
[INFO] crate git repo https://github.com/nonontb/actor-chat already has a lockfile, it will not be regenerated
[INFO] running `Command { std: CARGO_HOME="/workspace/cargo-home" RUSTUP_HOME="/workspace/rustup-home" "/workspace/cargo-home/bin/cargo" "+3154cc1a3e6424e44f438a95007d043ed5ceaaf6" "fetch" "--manifest-path" "Cargo.toml", kill_on_drop: false }`
[INFO] [stderr] warning: unused workspace dependency `futures-channel`
[INFO] [stderr]  --> Cargo.toml:9:1
[INFO] [stderr]   |
[INFO] [stderr] 9 | futures-channel = "0.3.32"
[INFO] [stderr]   | ^^^^^^^^^^^^^^^
[INFO] [stderr]   |
[INFO] [stderr]   = note: `cargo::unused_workspace_dependencies` is set to `warn` by default
[INFO] [stderr] help: consider removing the workspace dependency `futures-channel`
[INFO] [stderr] warning: workspace (manifest) generated 1 warning
[INFO] [stderr]  Downloading crates ...
[INFO] [stderr]   Downloaded warp v0.4.3
[INFO] [stderr]   Downloaded bcrypt v0.19.2
[INFO] running `Command { std: "docker" "create" "-v" "/var/lib/crater-agent-workspace/builds/worker-0-tc1/source:/opt/rustwide/workdir:ro,Z" "-v" "/var/lib/crater-agent-workspace/builds/worker-0-tc1/target:/opt/rustwide/target:rw,Z" "-v" "/var/lib/crater-agent-workspace/cargo-home:/opt/rustwide/cargo-home:ro,Z" "-v" "/var/lib/crater-agent-workspace/rustup-home:/opt/rustwide/rustup-home:ro,Z" "-m" "1610612736" "--network" "none" "ghcr.io/rust-lang/crates-build-env/linux@sha256:77db811e55d90add9212f6832c23229e3de5f1c1f9905e8cb07319ea15df73ac" "sleep" "infinity", kill_on_drop: false }`
[INFO] [stdout] 40714235d88a1615a0ae6b2668b1e5d1c450cfd348c587446f1974b0ee1eb4bf
[INFO] running `Command { std: "docker" "start" "40714235d88a1615a0ae6b2668b1e5d1c450cfd348c587446f1974b0ee1eb4bf", kill_on_drop: false }`
[INFO] running `Command { std: "docker" "inspect" "40714235d88a1615a0ae6b2668b1e5d1c450cfd348c587446f1974b0ee1eb4bf", kill_on_drop: false }`
[INFO] running `Command { std: "docker" "exec" "-e" "SOURCE_DIR=/opt/rustwide/workdir" "-e" "CARGO_HOME=/opt/rustwide/cargo-home" "-e" "RUSTUP_HOME=/opt/rustwide/rustup-home" "-e" "CARGO_TARGET_DIR=/opt/rustwide/target" "-w" "/opt/rustwide/workdir" "--user" "0:0" "40714235d88a1615a0ae6b2668b1e5d1c450cfd348c587446f1974b0ee1eb4bf" "/opt/rustwide/cargo-home/bin/cargo" "+3154cc1a3e6424e44f438a95007d043ed5ceaaf6" "metadata" "--no-deps" "--format-version=1", kill_on_drop: false }`
[INFO] running `Command { std: "docker" "inspect" "40714235d88a1615a0ae6b2668b1e5d1c450cfd348c587446f1974b0ee1eb4bf", kill_on_drop: false }`
[INFO] running `Command { std: "docker" "exec" "-e" "SOURCE_DIR=/opt/rustwide/workdir" "-e" "CARGO_HOME=/opt/rustwide/cargo-home" "-e" "RUSTUP_HOME=/opt/rustwide/rustup-home" "-e" "CARGO_TARGET_DIR=/opt/rustwide/target" "-e" "CARGO_INCREMENTAL=0" "-e" "RUST_BACKTRACE=full" "-e" "RUSTFLAGS=--cap-lints=forbid -Znext-solver=coherence" "-e" "RUSTDOCFLAGS=--cap-lints=forbid" "-w" "/opt/rustwide/workdir" "--user" "0:0" "40714235d88a1615a0ae6b2668b1e5d1c450cfd348c587446f1974b0ee1eb4bf" "/opt/rustwide/cargo-home/bin/cargo" "+3154cc1a3e6424e44f438a95007d043ed5ceaaf6" "check" "--frozen" "--all" "--all-targets" "--message-format=json", kill_on_drop: false }`
[INFO] [stderr] warning: unused workspace dependency `futures-channel`
[INFO] [stderr]  --> Cargo.toml:9:1
[INFO] [stderr]   |
[INFO] [stderr] 9 | futures-channel = "0.3.32"
[INFO] [stderr]   | ^^^^^^^^^^^^^^^
[INFO] [stderr]   |
[INFO] [stderr]   = note: `cargo::unused_workspace_dependencies` is set to `warn` by default
[INFO] [stderr] help: consider removing the workspace dependency `futures-channel`
[INFO] [stderr] warning: workspace (manifest) generated 1 warning
[INFO] [stderr]     Checking bytes v1.12.0
[INFO] [stderr]    Compiling syn v2.0.118
[INFO] [stderr]    Compiling cc v1.2.65
[INFO] [stderr]     Checking memchr v2.8.2
[INFO] [stderr]    Compiling serde_json v1.0.150
[INFO] [stderr]    Compiling zerocopy v0.8.52
[INFO] [stderr]     Checking getrandom v0.3.4
[INFO] [stderr]    Compiling futures-core v0.3.32
[INFO] [stderr]     Checking sha1 v0.10.6
[INFO] [stderr]     Checking rand_core v0.9.5
[INFO] [stderr]     Checking data-encoding v2.11.0
[INFO] [stderr]    Compiling futures-sink v0.3.32
[INFO] [stderr]    Compiling crossbeam-utils v0.8.21
[INFO] [stderr]    Compiling serde_core v1.0.228
[INFO] [stderr]    Compiling getrandom v0.4.3
[INFO] [stderr]     Checking http v1.4.2
[INFO] [stderr]     Checking futures-util v0.3.32
[INFO] [stderr]     Checking inout v0.2.2
[INFO] [stderr]    Compiling futures-io v0.3.32
[INFO] [stderr]    Compiling thiserror v2.0.18
[INFO] [stderr]    Compiling futures-task v0.3.32
[INFO] [stderr]     Checking http-body v1.0.1
[INFO] [stderr]     Checking http-body-util v0.1.3
[INFO] [stderr]     Checking headers-core v0.3.0
[INFO] [stderr]     Checking cipher v0.5.2
[INFO] [stderr]    Compiling openssl-sys v0.9.117
[INFO] [stderr]    Compiling libsqlite3-sys v0.37.0
[INFO] [stderr]    Compiling tokio v1.52.3
[INFO] [stderr]    Compiling concurrent-queue v2.5.0
[INFO] [stderr]    Compiling openssl v0.10.81
[INFO] [stderr]     Checking blowfish v0.10.0
[INFO] [stderr]    Compiling event-listener v5.4.1
[INFO] [stderr]    Compiling futures-intrusive v0.5.0
[INFO] [stderr]     Checking headers v0.4.1
[INFO] [stderr]    Compiling crossbeam-queue v0.3.12
[INFO] [stderr]    Compiling spin v0.9.8
[INFO] [stderr]     Checking parking_lot_core v0.9.12
[INFO] [stderr]     Checking bcrypt v0.19.2
[INFO] [stderr]     Checking parking_lot v0.12.5
[INFO] [stderr]    Compiling native-tls v0.2.18
[INFO] [stderr]    Compiling flume v0.12.0
[INFO] [stderr]    Compiling futures-channel v0.3.32
[INFO] [stderr]    Compiling futures-executor v0.3.32
[INFO] [stderr]    Compiling synstructure v0.13.2
[INFO] [stderr]     Checking ppv-lite86 v0.2.21
[INFO] [stderr]     Checking regex-automata v0.4.14
[INFO] [stderr]     Checking uuid v1.23.4
[INFO] [stderr]    Compiling syn v3.0.3
[INFO] [stderr]     Checking rand_chacha v0.9.0
[INFO] [stderr]     Checking dotenv v0.15.0
[INFO] [stderr]     Checking rand v0.9.4
[INFO] [stderr]    Compiling zerofrom-derive v0.1.7
[INFO] [stderr]    Compiling yoke-derive v0.8.2
[INFO] [stderr]    Compiling zerovec-derive v0.11.3
[INFO] [stderr]    Compiling displaydoc v0.2.6
[INFO] [stderr]    Compiling tokio-macros v2.7.0
[INFO] [stderr]    Compiling tracing-attributes v0.1.31
[INFO] [stderr]    Compiling thiserror-impl v2.0.18
[INFO] [stderr]     Checking zerofrom v0.1.8
[INFO] [stderr]     Checking yoke v0.8.3
[INFO] [stderr]    Compiling serde_derive v1.0.228
[INFO] [stderr]     Checking zerovec v0.11.6
[INFO] [stderr]     Checking tinystr v0.8.3
[INFO] [stderr]     Checking tracing v0.1.44
[INFO] [stderr]     Checking icu_locale_core v2.2.0
[INFO] [stderr]     Checking potential_utf v0.1.5
[INFO] [stderr]     Checking zerotrie v0.2.4
[INFO] [stderr]     Checking icu_collections v2.2.0
[INFO] [stderr]     Checking icu_provider v2.2.0
[INFO] [stderr]     Checking icu_normalizer v2.2.0
[INFO] [stderr]     Checking icu_properties v2.2.0
[INFO] [stderr]     Checking tungstenite v0.29.0
[INFO] [stderr]    Compiling pin-project-internal v1.1.13
[INFO] [stderr]     Checking serde v1.0.228
[INFO] [stderr]     Checking idna_adapter v1.2.2
[INFO] [stderr]     Checking idna v1.1.0
[INFO] [stderr]     Checking url v2.5.8
[INFO] [stderr]     Checking serde_urlencoded v0.7.1
[INFO] [stderr]     Checking pin-project v1.1.13
[INFO] [stderr]    Compiling tokio-stream v0.1.18
[INFO] [stderr]    Compiling either v1.16.0
[INFO] [stderr]     Checking tokio-util v0.7.18
[INFO] [stderr]     Checking tokio-tungstenite v0.29.0
[INFO] [stderr]    Compiling openssl-macros v0.1.1
[INFO] [stderr]     Checking tower v0.5.3
[INFO] [stderr]     Checking h2 v0.4.15
[INFO] [stderr]     Checking sqlx-core v0.9.0
[INFO] [stderr]    Compiling async-trait v0.1.89
[INFO] [stderr]     Checking tower-http v0.6.11
[INFO] [stderr]    Compiling clap_derive v4.6.4
[INFO] [stderr]     Checking matchers v0.2.0
[INFO] [stderr]     Checking tracing-subscriber v0.3.23
[INFO] [stderr]     Checking clap v4.6.6
[INFO] [stderr]     Checking tokio-native-tls v0.3.1
[INFO] [stderr]     Checking tungstenite v0.26.2
[INFO] [stderr]     Checking sqlx-sqlite v0.9.0
[INFO] [stderr]     Checking tokio-tungstenite v0.26.2
[INFO] [stderr]     Checking hyper v1.10.1
[INFO] [stderr]     Checking hyper-util v0.1.20
[INFO] [stderr]    Compiling sqlx-macros-core v0.9.0
[INFO] [stderr]     Checking warp v0.4.3
[INFO] [stderr]     Checking hyper-tls v0.6.0
[INFO] [stderr]     Checking reqwest v0.12.28
[INFO] [stderr]    Compiling sqlx-macros v0.9.0
[INFO] [stderr]     Checking sqlx v0.9.0
[INFO] [stderr]     Checking model v0.1.0 (/opt/rustwide/workdir/crates/model)
[INFO] [stderr]     Checking db v0.1.0 (/opt/rustwide/workdir/crates/db)
[INFO] [stderr]     Checking client v0.1.0 (/opt/rustwide/workdir/crates/client)
[INFO] [stdout] error: error returned from database: (code: 14) unable to open database file
[INFO] [stdout]    --> crates/db/src/member.rs:138:9
[INFO] [stdout]     |
[INFO] [stdout] 138 | /         sqlx::query!(
[INFO] [stdout] 139 | |             "UPDATE room_members SET last_seen_at = datetime(last_seen_at, '+1 second') WHERE room_id = ? AND login = ?",
[INFO] [stdout] 140 | |             room_id, login
[INFO] [stdout] 141 | |         )
[INFO] [stdout]     | |_________^
[INFO] [stdout]     |
[INFO] [stdout]     = note: this error originates in the macro `$crate::sqlx_macros::expand_query` which comes from the expansion of the macro `sqlx::query` (in Nightly builds, run with -Z macro-backtrace for more info)
[INFO] [stdout] 
[INFO] [stdout] 
[INFO] [stdout] error: error returned from database: (code: 14) unable to open database file
[INFO] [stdout]    --> crates/db/src/member.rs:218:9
[INFO] [stdout]     |
[INFO] [stdout] 218 | /         sqlx::query!(
[INFO] [stdout] 219 | |             "INSERT OR IGNORE INTO room_members (room_id, login) VALUES (?, ?)",
[INFO] [stdout] 220 | |             room_id,
[INFO] [stdout] 221 | |             login,
[INFO] [stdout] 222 | |         )
[INFO] [stdout]     | |_________^
[INFO] [stdout]     |
[INFO] [stdout]     = note: this error originates in the macro `$crate::sqlx_macros::expand_query` which comes from the expansion of the macro `sqlx::query` (in Nightly builds, run with -Z macro-backtrace for more info)
[INFO] [stdout] 
[INFO] [stdout] 
[INFO] [stdout] error: error returned from database: (code: 14) unable to open database file
[INFO] [stdout]    --> crates/db/src/member.rs:227:9
[INFO] [stdout]     |
[INFO] [stdout] 227 | /         sqlx::query_as!(
[INFO] [stdout] 228 | |             RoomMember,
[INFO] [stdout] 229 | |             "SELECT room_id as 'room_id!', login, joined_at, last_seen_at
[INFO] [stdout] 230 | |              FROM room_members WHERE room_id = ? AND login = ?",
[INFO] [stdout] 231 | |             room_id,
[INFO] [stdout] 232 | |             login,
[INFO] [stdout] 233 | |         )
[INFO] [stdout]     | |_________^
[INFO] [stdout]     |
[INFO] [stdout]     = note: this error originates in the macro `$crate::sqlx_macros::expand_query` which comes from the expansion of the macro `sqlx::query_as` (in Nightly builds, run with -Z macro-backtrace for more info)
[INFO] [stdout] 
[INFO] [stdout] 
[INFO] [stdout] error: error returned from database: (code: 14) unable to open database file
[INFO] [stdout]    --> crates/db/src/member.rs:243:19
[INFO] [stdout]     |
[INFO] [stdout] 243 |           let res = sqlx::query!(
[INFO] [stdout]     |  ___________________^
[INFO] [stdout] 244 | |             "DELETE FROM room_members WHERE room_id = ? AND login = ?",
[INFO] [stdout] 245 | |             room_id,
[INFO] [stdout] 246 | |             login,
[INFO] [stdout] 247 | |         )
[INFO] [stdout]     | |_________^
[INFO] [stdout]     |
[INFO] [stdout]     = note: this error originates in the macro `$crate::sqlx_macros::expand_query` which comes from the expansion of the macro `sqlx::query` (in Nightly builds, run with -Z macro-backtrace for more info)
[INFO] [stdout] 
[INFO] [stdout] 
[INFO] [stdout] error: error returned from database: (code: 14) unable to open database file
[INFO] [stdout]    --> crates/db/src/member.rs:255:19
[INFO] [stdout]     |
[INFO] [stdout] 255 |           let row = sqlx::query!(
[INFO] [stdout]     |  ___________________^
[INFO] [stdout] 256 | |             "SELECT COUNT(*) as count FROM room_members WHERE room_id = ?",
[INFO] [stdout] 257 | |             room_id,
[INFO] [stdout] 258 | |         )
[INFO] [stdout]     | |_________^
[INFO] [stdout]     |
[INFO] [stdout]     = note: this error originates in the macro `$crate::sqlx_macros::expand_query` which comes from the expansion of the macro `sqlx::query` (in Nightly builds, run with -Z macro-backtrace for more info)
[INFO] [stdout] 
[INFO] [stdout] 
[INFO] [stdout] error: error returned from database: (code: 14) unable to open database file
[INFO] [stdout]    --> crates/db/src/member.rs:266:21
[INFO] [stdout]     |
[INFO] [stdout] 266 |           let rooms = sqlx::query_as!(
[INFO] [stdout]     |  _____________________^
[INFO] [stdout] 267 | |             Room,
[INFO] [stdout] 268 | |             "SELECT r.id as 'id!', r.name, r.created_at
[INFO] [stdout] 269 | |              FROM rooms r
[INFO] [stdout] ...   |
[INFO] [stdout] 272 | |             login,
[INFO] [stdout] 273 | |         )
[INFO] [stdout]     | |_________^
[INFO] [stdout]     |
[INFO] [stdout]     = note: this error originates in the macro `$crate::sqlx_macros::expand_query` which comes from the expansion of the macro `sqlx::query_as` (in Nightly builds, run with -Z macro-backtrace for more info)
[INFO] [stdout] 
[INFO] [stdout] 
[INFO] [stdout] error: error returned from database: (code: 14) unable to open database file
[INFO] [stdout]    --> crates/db/src/member.rs:281:9
[INFO] [stdout]     |
[INFO] [stdout] 281 | /         sqlx::query!(
[INFO] [stdout] 282 | |             "UPDATE room_members SET last_seen_at = CURRENT_TIMESTAMP
[INFO] [stdout] 283 | |              WHERE room_id = ? AND login = ?",
[INFO] [stdout] 284 | |             room_id,
[INFO] [stdout] 285 | |             login,
[INFO] [stdout] 286 | |         )
[INFO] [stdout]     | |_________^
[INFO] [stdout]     |
[INFO] [stdout]     = note: this error originates in the macro `$crate::sqlx_macros::expand_query` which comes from the expansion of the macro `sqlx::query` (in Nightly builds, run with -Z macro-backtrace for more info)
[INFO] [stdout] 
[INFO] [stdout] 
[INFO] [stdout] error: error returned from database: (code: 14) unable to open database file
[INFO] [stdout]    --> crates/db/src/member.rs:294:9
[INFO] [stdout]     |
[INFO] [stdout] 294 | /         sqlx::query!(
[INFO] [stdout] 295 | |             "UPDATE room_members SET last_seen_at = CURRENT_TIMESTAMP WHERE login = ?",
[INFO] [stdout] 296 | |             login,
[INFO] [stdout] 297 | |         )
[INFO] [stdout]     | |_________^
[INFO] [stdout]     |
[INFO] [stdout]     = note: this error originates in the macro `$crate::sqlx_macros::expand_query` which comes from the expansion of the macro `sqlx::query` (in Nightly builds, run with -Z macro-backtrace for more info)
[INFO] [stdout] 
[INFO] [stdout] 
[INFO] [stdout] error: error returned from database: (code: 14) unable to open database file
[INFO] [stdout]    --> crates/db/src/member.rs:305:19
[INFO] [stdout]     |
[INFO] [stdout] 305 |           let row = sqlx::query!(
[INFO] [stdout]     |  ___________________^
[INFO] [stdout] 306 | |             "SELECT last_seen_at FROM room_members WHERE room_id = ? AND login = ?",
[INFO] [stdout] 307 | |             room_id,
[INFO] [stdout] 308 | |             login,
[INFO] [stdout] 309 | |         )
[INFO] [stdout]     | |_________^
[INFO] [stdout]     |
[INFO] [stdout]     = note: this error originates in the macro `$crate::sqlx_macros::expand_query` which comes from the expansion of the macro `sqlx::query` (in Nightly builds, run with -Z macro-backtrace for more info)
[INFO] [stdout] 
[INFO] [stdout] 
[INFO] [stdout] error: error returned from database: (code: 14) unable to open database file
[INFO] [stdout]    --> crates/db/src/message.rs:175:19
[INFO] [stdout]     |
[INFO] [stdout] 175 |           let row = sqlx::query_as!(
[INFO] [stdout]     |  ___________________^
[INFO] [stdout] 176 | |             Message,
[INFO] [stdout] 177 | |             "INSERT INTO messages (room_id, login, content)
[INFO] [stdout] 178 | |              VALUES (?, ?, ?)
[INFO] [stdout] ...   |
[INFO] [stdout] 182 | |             content,
[INFO] [stdout] 183 | |         )
[INFO] [stdout]     | |_________^
[INFO] [stdout]     |
[INFO] [stdout]     = note: this error originates in the macro `$crate::sqlx_macros::expand_query` which comes from the expansion of the macro `sqlx::query_as` (in Nightly builds, run with -Z macro-backtrace for more info)
[INFO] [stdout] 
[INFO] [stdout] 
[INFO] [stdout] error: error returned from database: (code: 14) unable to open database file
[INFO] [stdout]    --> crates/db/src/message.rs:191:20
[INFO] [stdout]     |
[INFO] [stdout] 191 |           let rows = sqlx::query_as!(
[INFO] [stdout]     |  ____________________^
[INFO] [stdout] 192 | |             Message,
[INFO] [stdout] 193 | |             "SELECT id as 'id!', room_id as 'room_id!', login, content, created_at
[INFO] [stdout] 194 | |              FROM messages
[INFO] [stdout] ...   |
[INFO] [stdout] 199 | |             limit,
[INFO] [stdout] 200 | |         )
[INFO] [stdout]     | |_________^
[INFO] [stdout]     |
[INFO] [stdout]     = note: this error originates in the macro `$crate::sqlx_macros::expand_query` which comes from the expansion of the macro `sqlx::query_as` (in Nightly builds, run with -Z macro-backtrace for more info)
[INFO] [stdout] 
[INFO] [stdout] 
[INFO] [stdout] error: error returned from database: (code: 14) unable to open database file
[INFO] [stdout]    --> crates/db/src/message.rs:213:20
[INFO] [stdout]     |
[INFO] [stdout] 213 |           let rows = sqlx::query_as!(
[INFO] [stdout]     |  ____________________^
[INFO] [stdout] 214 | |             Message,
[INFO] [stdout] 215 | |             "SELECT id as 'id!', room_id as 'room_id!', login, content, created_at
[INFO] [stdout] 216 | |              FROM messages
[INFO] [stdout] ...   |
[INFO] [stdout] 222 | |             limit,
[INFO] [stdout] 223 | |         )
[INFO] [stdout]     | |_________^
[INFO] [stdout]     |
[INFO] [stdout]     = note: this error originates in the macro `$crate::sqlx_macros::expand_query` which comes from the expansion of the macro `sqlx::query_as` (in Nightly builds, run with -Z macro-backtrace for more info)
[INFO] [stdout] 
[INFO] [stdout] 
[INFO] [stdout] error: error returned from database: (code: 14) unable to open database file
[INFO] [stdout]    --> crates/db/src/message.rs:236:20
[INFO] [stdout]     |
[INFO] [stdout] 236 |           let rows = sqlx::query_as!(
[INFO] [stdout]     |  ____________________^
[INFO] [stdout] 237 | |             Message,
[INFO] [stdout] 238 | |             "SELECT id as 'id!', room_id as 'room_id!', login, content, created_at
[INFO] [stdout] 239 | |              FROM messages
[INFO] [stdout] ...   |
[INFO] [stdout] 245 | |             limit,
[INFO] [stdout] 246 | |         )
[INFO] [stdout]     | |_________^
[INFO] [stdout]     |
[INFO] [stdout]     = note: this error originates in the macro `$crate::sqlx_macros::expand_query` which comes from the expansion of the macro `sqlx::query_as` (in Nightly builds, run with -Z macro-backtrace for more info)
[INFO] [stdout] 
[INFO] [stdout] 
[INFO] [stdout] error: error returned from database: (code: 14) unable to open database file
[INFO] [stdout]    --> crates/db/src/room.rs:125:9
[INFO] [stdout]     |
[INFO] [stdout] 125 | /         sqlx::query_as!(
[INFO] [stdout] 126 | |             Room,
[INFO] [stdout] 127 | |             "INSERT INTO rooms (name) VALUES (?) RETURNING id as 'id!', name, created_at",
[INFO] [stdout] 128 | |             name
[INFO] [stdout] 129 | |         )
[INFO] [stdout]     | |_________^
[INFO] [stdout]     |
[INFO] [stdout]     = note: this error originates in the macro `$crate::sqlx_macros::expand_query` which comes from the expansion of the macro `sqlx::query_as` (in Nightly builds, run with -Z macro-backtrace for more info)
[INFO] [stdout] 
[INFO] [stdout] 
[INFO] [stdout] error: error returned from database: (code: 14) unable to open database file
[INFO] [stdout]    --> crates/db/src/room.rs:141:21
[INFO] [stdout]     |
[INFO] [stdout] 141 |         let rooms = sqlx::query_as!(Room, "SELECT id as 'id!', name, created_at FROM rooms")
[INFO] [stdout]     |                     ^^^^^^^^^^^^^^^^^^^^^^^^^^^^^^^^^^^^^^^^^^^^^^^^^^^^^^^^^^^^^^^^^^^^^^^^
[INFO] [stdout]     |
[INFO] [stdout]     = note: this error originates in the macro `$crate::sqlx_macros::expand_query` which comes from the expansion of the macro `sqlx::query_as` (in Nightly builds, run with -Z macro-backtrace for more info)
[INFO] [stdout] 
[INFO] [stdout] 
[INFO] [stdout] error: error returned from database: (code: 14) unable to open database file
[INFO] [stdout]    --> crates/db/src/room.rs:150:9
[INFO] [stdout]     |
[INFO] [stdout] 150 |         sqlx::query!("DELETE FROM rooms WHERE id = ?", room_id)
[INFO] [stdout]     |         ^^^^^^^^^^^^^^^^^^^^^^^^^^^^^^^^^^^^^^^^^^^^^^^^^^^^^^^
[INFO] [stdout]     |
[INFO] [stdout]     = note: this error originates in the macro `$crate::sqlx_macros::expand_query` which comes from the expansion of the macro `sqlx::query` (in Nightly builds, run with -Z macro-backtrace for more info)
[INFO] [stdout] 
[INFO] [stdout] 
[INFO] [stdout] error: error returned from database: (code: 14) unable to open database file
[INFO] [stdout]    --> crates/db/src/room.rs:157:9
[INFO] [stdout]     |
[INFO] [stdout] 157 | /         sqlx::query_as!(
[INFO] [stdout] 158 | |             Room,
[INFO] [stdout] 159 | |             "SELECT id as 'id!', name, created_at FROM rooms WHERE name = ?",
[INFO] [stdout] 160 | |             name
[INFO] [stdout] 161 | |         )
[INFO] [stdout]     | |_________^
[INFO] [stdout]     |
[INFO] [stdout]     = note: this error originates in the macro `$crate::sqlx_macros::expand_query` which comes from the expansion of the macro `sqlx::query_as` (in Nightly builds, run with -Z macro-backtrace for more info)
[INFO] [stdout] 
[INFO] [stdout] 
[INFO] [stdout] error: error returned from database: (code: 14) unable to open database file
[INFO] [stdout]   --> crates/db/src/session.rs:25:19
[INFO] [stdout]    |
[INFO] [stdout] 25 |           let row = sqlx::query_as!(
[INFO] [stdout]    |  ___________________^
[INFO] [stdout] 26 | |             Session,
[INFO] [stdout] 27 | |             "INSERT INTO sessions (login, token) VALUES (?, ?) RETURNING id as 'id!', login, token,  created_at",
[INFO] [stdout] 28 | |             login, token_str,
[INFO] [stdout] 29 | |         )
[INFO] [stdout]    | |_________^
[INFO] [stdout]    |
[INFO] [stdout]    = note: this error originates in the macro `$crate::sqlx_macros::expand_query` which comes from the expansion of the macro `sqlx::query_as` (in Nightly builds, run with -Z macro-backtrace for more info)
[INFO] [stdout] 
[INFO] [stdout] 
[INFO] [stdout] error: error returned from database: (code: 14) unable to open database file
[INFO] [stdout]   --> crates/db/src/session.rs:37:19
[INFO] [stdout]    |
[INFO] [stdout] 37 |   ...   let row = sqlx::query_as!(
[INFO] [stdout]    |  _________________^
[INFO] [stdout] 38 | | ...       Session,
[INFO] [stdout] 39 | | ...       "SELECT id as 'id!', login, token, created_at FROM sessions WHERE token = ? AND datetime(created_at) > datetime('now', '...
[INFO] [stdout] 40 | | ...       token
[INFO] [stdout] 41 | | ...   )
[INFO] [stdout]    | |_______^
[INFO] [stdout]    |
[INFO] [stdout]    = note: this error originates in the macro `$crate::sqlx_macros::expand_query` which comes from the expansion of the macro `sqlx::query_as` (in Nightly builds, run with -Z macro-backtrace for more info)
[INFO] [stdout] 
[INFO] [stdout] 
[INFO] [stdout] error: error returned from database: (code: 14) unable to open database file
[INFO] [stdout]   --> crates/db/src/session.rs:49:19
[INFO] [stdout]    |
[INFO] [stdout] 49 |         let res = sqlx::query!("DELETE FROM sessions WHERE id = ?", id)
[INFO] [stdout]    |                   ^^^^^^^^^^^^^^^^^^^^^^^^^^^^^^^^^^^^^^^^^^^^^^^^^^^^^
[INFO] [stdout]    |
[INFO] [stdout]    = note: this error originates in the macro `$crate::sqlx_macros::expand_query` which comes from the expansion of the macro `sqlx::query` (in Nightly builds, run with -Z macro-backtrace for more info)
[INFO] [stdout] 
[INFO] [stdout] 
[INFO] [stdout] error: error returned from database: (code: 14) unable to open database file
[INFO] [stdout]    --> crates/db/src/member.rs:218:9
[INFO] [stdout]     |
[INFO] [stdout] 218 | /         sqlx::query!(
[INFO] [stdout] 219 | |             "INSERT OR IGNORE INTO room_members (room_id, login) VALUES (?, ?)",
[INFO] [stdout] 220 | |             room_id,
[INFO] [stdout] 221 | |             login,
[INFO] [stdout] 222 | |         )
[INFO] [stdout]     | |_________^
[INFO] [stdout]     |
[INFO] [stdout]     = note: this error originates in the macro `$crate::sqlx_macros::expand_query` which comes from the expansion of the macro `sqlx::query` (in Nightly builds, run with -Z macro-backtrace for more info)
[INFO] [stdout] 
[INFO] [stdout] 
[INFO] [stdout] error: error returned from database: (code: 14) unable to open database file
[INFO] [stdout]   --> crates/db/src/session.rs:63:19
[INFO] [stdout]    |
[INFO] [stdout] 63 |         let res = sqlx::query!("DELETE FROM sessions")
[INFO] [stdout]    |                   ^^^^^^^^^^^^^^^^^^^^^^^^^^^^^^^^^^^^
[INFO] [stdout]    |
[INFO] [stdout]    = note: this error originates in the macro `$crate::sqlx_macros::expand_query` which comes from the expansion of the macro `sqlx::query` (in Nightly builds, run with -Z macro-backtrace for more info)
[INFO] [stdout] 
[INFO] [stdout] 
[INFO] [stdout] error: error returned from database: (code: 14) unable to open database file
[INFO] [stdout]    --> crates/db/src/member.rs:227:9
[INFO] [stdout]     |
[INFO] [stdout] 227 | /         sqlx::query_as!(
[INFO] [stdout] 228 | |             RoomMember,
[INFO] [stdout] 229 | |             "SELECT room_id as 'room_id!', login, joined_at, last_seen_at
[INFO] [stdout] 230 | |              FROM room_members WHERE room_id = ? AND login = ?",
[INFO] [stdout] 231 | |             room_id,
[INFO] [stdout] 232 | |             login,
[INFO] [stdout] 233 | |         )
[INFO] [stdout]     | |_________^
[INFO] [stdout]     |
[INFO] [stdout]     = note: this error originates in the macro `$crate::sqlx_macros::expand_query` which comes from the expansion of the macro `sqlx::query_as` (in Nightly builds, run with -Z macro-backtrace for more info)
[INFO] [stdout] 
[INFO] [stdout] 
[INFO] [stdout] error: error returned from database: (code: 14) unable to open database file
[INFO] [stdout]    --> crates/db/src/member.rs:243:19
[INFO] [stdout]     |
[INFO] [stdout] 243 |           let res = sqlx::query!(
[INFO] [stdout]     |  ___________________^
[INFO] [stdout] 244 | |             "DELETE FROM room_members WHERE room_id = ? AND login = ?",
[INFO] [stdout] 245 | |             room_id,
[INFO] [stdout] 246 | |             login,
[INFO] [stdout] 247 | |         )
[INFO] [stdout]     | |_________^
[INFO] [stdout]     |
[INFO] [stdout]     = note: this error originates in the macro `$crate::sqlx_macros::expand_query` which comes from the expansion of the macro `sqlx::query` (in Nightly builds, run with -Z macro-backtrace for more info)
[INFO] [stdout] 
[INFO] [stdout] 
[INFO] [stdout] error: error returned from database: (code: 14) unable to open database file
[INFO] [stdout]    --> crates/db/src/member.rs:255:19
[INFO] [stdout]     |
[INFO] [stdout] 255 |           let row = sqlx::query!(
[INFO] [stdout]     |  ___________________^
[INFO] [stdout] 256 | |             "SELECT COUNT(*) as count FROM room_members WHERE room_id = ?",
[INFO] [stdout] 257 | |             room_id,
[INFO] [stdout] 258 | |         )
[INFO] [stdout]     | |_________^
[INFO] [stdout]     |
[INFO] [stdout]     = note: this error originates in the macro `$crate::sqlx_macros::expand_query` which comes from the expansion of the macro `sqlx::query` (in Nightly builds, run with -Z macro-backtrace for more info)
[INFO] [stdout] 
[INFO] [stdout] 
[INFO] [stdout] error: error returned from database: (code: 14) unable to open database file
[INFO] [stdout]    --> crates/db/src/member.rs:266:21
[INFO] [stdout]     |
[INFO] [stdout] 266 |           let rooms = sqlx::query_as!(
[INFO] [stdout]     |  _____________________^
[INFO] [stdout] 267 | |             Room,
[INFO] [stdout] 268 | |             "SELECT r.id as 'id!', r.name, r.created_at
[INFO] [stdout] 269 | |              FROM rooms r
[INFO] [stdout] ...   |
[INFO] [stdout] 272 | |             login,
[INFO] [stdout] 273 | |         )
[INFO] [stdout]     | |_________^
[INFO] [stdout]     |
[INFO] [stdout]     = note: this error originates in the macro `$crate::sqlx_macros::expand_query` which comes from the expansion of the macro `sqlx::query_as` (in Nightly builds, run with -Z macro-backtrace for more info)
[INFO] [stdout] 
[INFO] [stdout] 
[INFO] [stdout] error: error returned from database: (code: 14) unable to open database file
[INFO] [stdout]    --> crates/db/src/member.rs:281:9
[INFO] [stdout]     |
[INFO] [stdout] 281 | /         sqlx::query!(
[INFO] [stdout] 282 | |             "UPDATE room_members SET last_seen_at = CURRENT_TIMESTAMP
[INFO] [stdout] 283 | |              WHERE room_id = ? AND login = ?",
[INFO] [stdout] 284 | |             room_id,
[INFO] [stdout] 285 | |             login,
[INFO] [stdout] 286 | |         )
[INFO] [stdout]     | |_________^
[INFO] [stdout]     |
[INFO] [stdout]     = note: this error originates in the macro `$crate::sqlx_macros::expand_query` which comes from the expansion of the macro `sqlx::query` (in Nightly builds, run with -Z macro-backtrace for more info)
[INFO] [stdout] 
[INFO] [stdout] 
[INFO] [stdout] error: error returned from database: (code: 14) unable to open database file
[INFO] [stdout]    --> crates/db/src/member.rs:294:9
[INFO] [stdout]     |
[INFO] [stdout] 294 | /         sqlx::query!(
[INFO] [stdout] 295 | |             "UPDATE room_members SET last_seen_at = CURRENT_TIMESTAMP WHERE login = ?",
[INFO] [stdout] 296 | |             login,
[INFO] [stdout] 297 | |         )
[INFO] [stdout]     | |_________^
[INFO] [stdout]     |
[INFO] [stdout]     = note: this error originates in the macro `$crate::sqlx_macros::expand_query` which comes from the expansion of the macro `sqlx::query` (in Nightly builds, run with -Z macro-backtrace for more info)
[INFO] [stdout] 
[INFO] [stdout] 
[INFO] [stdout] error: error returned from database: (code: 14) unable to open database file
[INFO] [stdout]    --> crates/db/src/member.rs:305:19
[INFO] [stdout]     |
[INFO] [stdout] 305 |           let row = sqlx::query!(
[INFO] [stdout]     |  ___________________^
[INFO] [stdout] 306 | |             "SELECT last_seen_at FROM room_members WHERE room_id = ? AND login = ?",
[INFO] [stdout] 307 | |             room_id,
[INFO] [stdout] 308 | |             login,
[INFO] [stdout] 309 | |         )
[INFO] [stdout]     | |_________^
[INFO] [stdout]     |
[INFO] [stdout]     = note: this error originates in the macro `$crate::sqlx_macros::expand_query` which comes from the expansion of the macro `sqlx::query` (in Nightly builds, run with -Z macro-backtrace for more info)
[INFO] [stdout] 
[INFO] [stdout] 
[INFO] [stdout] error: error returned from database: (code: 14) unable to open database file
[INFO] [stdout]    --> crates/db/src/message.rs:118:9
[INFO] [stdout]     |
[INFO] [stdout] 118 | /         sqlx::query!(
[INFO] [stdout] 119 | |             "INSERT INTO messages (room_id, login, content, created_at) VALUES (?, ?, ?, ?)",
[INFO] [stdout] 120 | |             room_id, "alice", "old msg", "2020-01-01 00:00:00"
[INFO] [stdout] 121 | |         )
[INFO] [stdout]     | |_________^
[INFO] [stdout]     |
[INFO] [stdout]     = note: this error originates in the macro `$crate::sqlx_macros::expand_query` which comes from the expansion of the macro `sqlx::query` (in Nightly builds, run with -Z macro-backtrace for more info)
[INFO] [stdout] 
[INFO] [stdout] 
[INFO] [stdout] error: error returned from database: (code: 14) unable to open database file
[INFO] [stdout]   --> crates/db/src/user.rs:34:19
[INFO] [stdout]    |
[INFO] [stdout] 34 |           let row = sqlx::query_as!(
[INFO] [stdout]    |  ___________________^
[INFO] [stdout] 35 | |             User,
[INFO] [stdout] 36 | |             "INSERT INTO users (display_name, login, password) VALUES (?, ?, ?) RETURNING *",
[INFO] [stdout] 37 | |             display_name,
[INFO] [stdout] 38 | |             login,
[INFO] [stdout] 39 | |             pwd
[INFO] [stdout] 40 | |         )
[INFO] [stdout]    | |_________^
[INFO] [stdout]    |
[INFO] [stdout]    = note: this error originates in the macro `$crate::sqlx_macros::expand_query` which comes from the expansion of the macro `sqlx::query_as` (in Nightly builds, run with -Z macro-backtrace for more info)
[INFO] [stdout] 
[INFO] [stdout] 
[INFO] [stdout] error: error returned from database: (code: 14) unable to open database file
[INFO] [stdout]   --> crates/db/src/user.rs:49:9
[INFO] [stdout]    |
[INFO] [stdout] 49 | /         sqlx::query_as!(
[INFO] [stdout] 50 | |             User,
[INFO] [stdout] 51 | |             "SELECT id as 'id!', display_name, login,  password
[INFO] [stdout] 52 | |             FROM users WHERE login = ?",
[INFO] [stdout] 53 | |             login
[INFO] [stdout] 54 | |         )
[INFO] [stdout]    | |_________^
[INFO] [stdout]    |
[INFO] [stdout]    = note: this error originates in the macro `$crate::sqlx_macros::expand_query` which comes from the expansion of the macro `sqlx::query_as` (in Nightly builds, run with -Z macro-backtrace for more info)
[INFO] [stdout] 
[INFO] [stdout] 
[INFO] [stdout] error: error returned from database: (code: 14) unable to open database file
[INFO] [stdout]   --> crates/db/src/user.rs:65:13
[INFO] [stdout]    |
[INFO] [stdout] 65 |             sqlx::query_as!(User, "SELECT id, display_name, login, password FROM users")
[INFO] [stdout]    |             ^^^^^^^^^^^^^^^^^^^^^^^^^^^^^^^^^^^^^^^^^^^^^^^^^^^^^^^^^^^^^^^^^^^^^^^^^^^^
[INFO] [stdout]    |
[INFO] [stdout]    = note: this error originates in the macro `$crate::sqlx_macros::expand_query` which comes from the expansion of the macro `sqlx::query_as` (in Nightly builds, run with -Z macro-backtrace for more info)
[INFO] [stdout] 
[INFO] [stdout] 
[INFO] [stdout] error: error returned from database: (code: 14) unable to open database file
[INFO] [stdout]   --> crates/db/src/user.rs:76:19
[INFO] [stdout]    |
[INFO] [stdout] 76 |           let res = sqlx::query!(
[INFO] [stdout]    |  ___________________^
[INFO] [stdout] 77 | |             "
[INFO] [stdout] 78 | |             DELETE FROM users
[INFO] [stdout] 79 | |             WHERE login = ?
[INFO] [stdout] 80 | |             ",
[INFO] [stdout] 81 | |             user.login
[INFO] [stdout] 82 | |         )
[INFO] [stdout]    | |_________^
[INFO] [stdout]    |
[INFO] [stdout]    = note: this error originates in the macro `$crate::sqlx_macros::expand_query` which comes from the expansion of the macro `sqlx::query` (in Nightly builds, run with -Z macro-backtrace for more info)
[INFO] [stdout] 
[INFO] [stdout] 
[INFO] [stdout] error: error returned from database: (code: 14) unable to open database file
[INFO] [stdout]    --> crates/db/src/message.rs:175:19
[INFO] [stdout]     |
[INFO] [stdout] 175 |           let row = sqlx::query_as!(
[INFO] [stdout]     |  ___________________^
[INFO] [stdout] 176 | |             Message,
[INFO] [stdout] 177 | |             "INSERT INTO messages (room_id, login, content)
[INFO] [stdout] 178 | |              VALUES (?, ?, ?)
[INFO] [stdout] ...   |
[INFO] [stdout] 182 | |             content,
[INFO] [stdout] 183 | |         )
[INFO] [stdout]     | |_________^
[INFO] [stdout]     |
[INFO] [stdout]     = note: this error originates in the macro `$crate::sqlx_macros::expand_query` which comes from the expansion of the macro `sqlx::query_as` (in Nightly builds, run with -Z macro-backtrace for more info)
[INFO] [stdout] 
[INFO] [stdout] 
[INFO] [stdout] error: error returned from database: (code: 14) unable to open database file
[INFO] [stdout]    --> crates/db/src/message.rs:191:20
[INFO] [stdout]     |
[INFO] [stdout] 191 |           let rows = sqlx::query_as!(
[INFO] [stdout]     |  ____________________^
[INFO] [stdout] 192 | |             Message,
[INFO] [stdout] 193 | |             "SELECT id as 'id!', room_id as 'room_id!', login, content, created_at
[INFO] [stdout] 194 | |              FROM messages
[INFO] [stdout] ...   |
[INFO] [stdout] 199 | |             limit,
[INFO] [stdout] 200 | |         )
[INFO] [stdout]     | |_________^
[INFO] [stdout]     |
[INFO] [stdout]     = note: this error originates in the macro `$crate::sqlx_macros::expand_query` which comes from the expansion of the macro `sqlx::query_as` (in Nightly builds, run with -Z macro-backtrace for more info)
[INFO] [stdout] 
[INFO] [stdout] 
[INFO] [stdout] error: error returned from database: (code: 14) unable to open database file
[INFO] [stdout]    --> crates/db/src/message.rs:213:20
[INFO] [stdout]     |
[INFO] [stdout] 213 |           let rows = sqlx::query_as!(
[INFO] [stdout]     |  ____________________^
[INFO] [stdout] 214 | |             Message,
[INFO] [stdout] 215 | |             "SELECT id as 'id!', room_id as 'room_id!', login, content, created_at
[INFO] [stdout] 216 | |              FROM messages
[INFO] [stdout] ...   |
[INFO] [stdout] 222 | |             limit,
[INFO] [stdout] 223 | |         )
[INFO] [stdout]     | |_________^
[INFO] [stdout]     |
[INFO] [stdout]     = note: this error originates in the macro `$crate::sqlx_macros::expand_query` which comes from the expansion of the macro `sqlx::query_as` (in Nightly builds, run with -Z macro-backtrace for more info)
[INFO] [stdout] 
[INFO] [stdout] 
[INFO] [stdout] error: error returned from database: (code: 14) unable to open database file
[INFO] [stdout]    --> crates/db/src/message.rs:236:20
[INFO] [stdout]     |
[INFO] [stdout] 236 |           let rows = sqlx::query_as!(
[INFO] [stdout]     |  ____________________^
[INFO] [stdout] 237 | |             Message,
[INFO] [stdout] 238 | |             "SELECT id as 'id!', room_id as 'room_id!', login, content, created_at
[INFO] [stdout] 239 | |              FROM messages
[INFO] [stdout] ...   |
[INFO] [stdout] 245 | |             limit,
[INFO] [stdout] 246 | |         )
[INFO] [stdout]     | |_________^
[INFO] [stdout]     |
[INFO] [stdout]     = note: this error originates in the macro `$crate::sqlx_macros::expand_query` which comes from the expansion of the macro `sqlx::query_as` (in Nightly builds, run with -Z macro-backtrace for more info)
[INFO] [stdout] 
[INFO] [stdout] 
[INFO] [stdout] warning: method call on a diverging inference variable
[INFO] [stdout]    --> crates/db/src/member.rs:236:10
[INFO] [stdout]     |
[INFO] [stdout] 236 |         .ok_or(DBError::NoRecord {
[INFO] [stdout]     |          ^^^^^
[INFO] [stdout]     |
[INFO] [stdout]     = help: consider providing a type annotation
[INFO] [stdout]     = warning: this was previously accepted by the compiler but is being phased out; it will become a hard error in a future release!
[INFO] [stdout]     = note: for more information, see issue #156047 <https://github.com/rust-lang/rust/issues/156047>
[INFO] [stdout]     = note: `#[warn(method_call_on_diverging_infer_var)]` (part of `#[warn(future_incompatible)]`) on by default
[INFO] [stdout] 
[INFO] [stdout] 
[INFO] [stdout] error: error returned from database: (code: 14) unable to open database file
[INFO] [stdout]    --> crates/db/src/room.rs:125:9
[INFO] [stdout]     |
[INFO] [stdout] 125 | /         sqlx::query_as!(
[INFO] [stdout] 126 | |             Room,
[INFO] [stdout] 127 | |             "INSERT INTO rooms (name) VALUES (?) RETURNING id as 'id!', name, created_at",
[INFO] [stdout] 128 | |             name
[INFO] [stdout] 129 | |         )
[INFO] [stdout]     | |_________^
[INFO] [stdout]     |
[INFO] [stdout]     = note: this error originates in the macro `$crate::sqlx_macros::expand_query` which comes from the expansion of the macro `sqlx::query_as` (in Nightly builds, run with -Z macro-backtrace for more info)
[INFO] [stdout] 
[INFO] [stdout] 
[INFO] [stdout] error: error returned from database: (code: 14) unable to open database file
[INFO] [stdout]    --> crates/db/src/room.rs:141:21
[INFO] [stdout]     |
[INFO] [stdout] 141 |         let rooms = sqlx::query_as!(Room, "SELECT id as 'id!', name, created_at FROM rooms")
[INFO] [stdout]     |                     ^^^^^^^^^^^^^^^^^^^^^^^^^^^^^^^^^^^^^^^^^^^^^^^^^^^^^^^^^^^^^^^^^^^^^^^^
[INFO] [stdout]     |
[INFO] [stdout]     = note: this error originates in the macro `$crate::sqlx_macros::expand_query` which comes from the expansion of the macro `sqlx::query_as` (in Nightly builds, run with -Z macro-backtrace for more info)
[INFO] [stdout] 
[INFO] [stdout] 
[INFO] [stdout] error: error returned from database: (code: 14) unable to open database file
[INFO] [stdout]    --> crates/db/src/room.rs:150:9
[INFO] [stdout]     |
[INFO] [stdout] 150 |         sqlx::query!("DELETE FROM rooms WHERE id = ?", room_id)
[INFO] [stdout]     |         ^^^^^^^^^^^^^^^^^^^^^^^^^^^^^^^^^^^^^^^^^^^^^^^^^^^^^^^
[INFO] [stdout]     |
[INFO] [stdout]     = note: this error originates in the macro `$crate::sqlx_macros::expand_query` which comes from the expansion of the macro `sqlx::query` (in Nightly builds, run with -Z macro-backtrace for more info)
[INFO] [stdout] 
[INFO] [stdout] 
[INFO] [stdout] error: error returned from database: (code: 14) unable to open database file
[INFO] [stdout]    --> crates/db/src/room.rs:157:9
[INFO] [stdout]     |
[INFO] [stdout] 157 | /         sqlx::query_as!(
[INFO] [stdout] 158 | |             Room,
[INFO] [stdout] 159 | |             "SELECT id as 'id!', name, created_at FROM rooms WHERE name = ?",
[INFO] [stdout] 160 | |             name
[INFO] [stdout] 161 | |         )
[INFO] [stdout]     | |_________^
[INFO] [stdout]     |
[INFO] [stdout]     = note: this error originates in the macro `$crate::sqlx_macros::expand_query` which comes from the expansion of the macro `sqlx::query_as` (in Nightly builds, run with -Z macro-backtrace for more info)
[INFO] [stdout] 
[INFO] [stdout] 
[INFO] [stdout] error: error returned from database: (code: 14) unable to open database file
[INFO] [stdout]   --> crates/db/src/session.rs:25:19
[INFO] [stdout]    |
[INFO] [stdout] 25 |           let row = sqlx::query_as!(
[INFO] [stdout]    |  ___________________^
[INFO] [stdout] 26 | |             Session,
[INFO] [stdout] 27 | |             "INSERT INTO sessions (login, token) VALUES (?, ?) RETURNING id as 'id!', login, token,  created_at",
[INFO] [stdout] 28 | |             login, token_str,
[INFO] [stdout] 29 | |         )
[INFO] [stdout]    | |_________^
[INFO] [stdout]    |
[INFO] [stdout]    = note: this error originates in the macro `$crate::sqlx_macros::expand_query` which comes from the expansion of the macro `sqlx::query_as` (in Nightly builds, run with -Z macro-backtrace for more info)
[INFO] [stdout] 
[INFO] [stdout] 
[INFO] [stdout] error: error returned from database: (code: 14) unable to open database file
[INFO] [stdout]   --> crates/db/src/session.rs:37:19
[INFO] [stdout]    |
[INFO] [stdout] 37 |   ...   let row = sqlx::query_as!(
[INFO] [stdout]    |  _________________^
[INFO] [stdout] 38 | | ...       Session,
[INFO] [stdout] 39 | | ...       "SELECT id as 'id!', login, token, created_at FROM sessions WHERE token = ? AND datetime(created_at) > datetime('now', '...
[INFO] [stdout] 40 | | ...       token
[INFO] [stdout] 41 | | ...   )
[INFO] [stdout]    | |_______^
[INFO] [stdout]    |
[INFO] [stdout]    = note: this error originates in the macro `$crate::sqlx_macros::expand_query` which comes from the expansion of the macro `sqlx::query_as` (in Nightly builds, run with -Z macro-backtrace for more info)
[INFO] [stdout] 
[INFO] [stdout] 
[INFO] [stdout] error: error returned from database: (code: 14) unable to open database file
[INFO] [stdout]   --> crates/db/src/session.rs:49:19
[INFO] [stdout]    |
[INFO] [stdout] 49 |         let res = sqlx::query!("DELETE FROM sessions WHERE id = ?", id)
[INFO] [stdout]    |                   ^^^^^^^^^^^^^^^^^^^^^^^^^^^^^^^^^^^^^^^^^^^^^^^^^^^^^
[INFO] [stdout]    |
[INFO] [stdout]    = note: this error originates in the macro `$crate::sqlx_macros::expand_query` which comes from the expansion of the macro `sqlx::query` (in Nightly builds, run with -Z macro-backtrace for more info)
[INFO] [stdout] 
[INFO] [stdout] 
[INFO] [stdout] error: error returned from database: (code: 14) unable to open database file
[INFO] [stdout]   --> crates/db/src/session.rs:63:19
[INFO] [stdout]    |
[INFO] [stdout] 63 |         let res = sqlx::query!("DELETE FROM sessions")
[INFO] [stdout]    |                   ^^^^^^^^^^^^^^^^^^^^^^^^^^^^^^^^^^^^
[INFO] [stdout]    |
[INFO] [stdout]    = note: this error originates in the macro `$crate::sqlx_macros::expand_query` which comes from the expansion of the macro `sqlx::query` (in Nightly builds, run with -Z macro-backtrace for more info)
[INFO] [stdout] 
[INFO] [stdout] 
[INFO] [stdout] error: error returned from database: (code: 14) unable to open database file
[INFO] [stdout]    --> crates/db/src/session.rs:127:9
[INFO] [stdout]     |
[INFO] [stdout] 127 | /         sqlx::query!(
[INFO] [stdout] 128 | |             "INSERT INTO sessions (login, token, created_at) VALUES (?, ?, datetime('now', '-25 hours'))",
[INFO] [stdout] 129 | |             "bob",
[INFO] [stdout] 130 | |             token,
[INFO] [stdout] 131 | |         )
[INFO] [stdout]     | |_________^
[INFO] [stdout]     |
[INFO] [stdout]     = note: this error originates in the macro `$crate::sqlx_macros::expand_query` which comes from the expansion of the macro `sqlx::query` (in Nightly builds, run with -Z macro-backtrace for more info)
[INFO] [stdout] 
[INFO] [stdout] 
[INFO] [stdout] error: error returned from database: (code: 14) unable to open database file
[INFO] [stdout]    --> crates/db/src/session.rs:147:9
[INFO] [stdout]     |
[INFO] [stdout] 147 | /         sqlx::query!(
[INFO] [stdout] 148 | |             "INSERT INTO sessions (login, token, created_at) VALUES (?, ?, datetime('now', '-23 hours'))",
[INFO] [stdout] 149 | |             "carol",
[INFO] [stdout] 150 | |             token,
[INFO] [stdout] 151 | |         )
[INFO] [stdout]     | |_________^
[INFO] [stdout]     |
[INFO] [stdout]     = note: this error originates in the macro `$crate::sqlx_macros::expand_query` which comes from the expansion of the macro `sqlx::query` (in Nightly builds, run with -Z macro-backtrace for more info)
[INFO] [stdout] 
[INFO] [stdout] 
[INFO] [stdout] error: error returned from database: (code: 14) unable to open database file
[INFO] [stdout]   --> crates/db/src/user.rs:34:19
[INFO] [stdout]    |
[INFO] [stdout] 34 |           let row = sqlx::query_as!(
[INFO] [stdout]    |  ___________________^
[INFO] [stdout] 35 | |             User,
[INFO] [stdout] 36 | |             "INSERT INTO users (display_name, login, password) VALUES (?, ?, ?) RETURNING *",
[INFO] [stdout] 37 | |             display_name,
[INFO] [stdout] 38 | |             login,
[INFO] [stdout] 39 | |             pwd
[INFO] [stdout] 40 | |         )
[INFO] [stdout]    | |_________^
[INFO] [stdout]    |
[INFO] [stdout]    = note: this error originates in the macro `$crate::sqlx_macros::expand_query` which comes from the expansion of the macro `sqlx::query_as` (in Nightly builds, run with -Z macro-backtrace for more info)
[INFO] [stdout] 
[INFO] [stdout] 
[INFO] [stdout] error: error returned from database: (code: 14) unable to open database file
[INFO] [stdout]   --> crates/db/src/user.rs:49:9
[INFO] [stdout]    |
[INFO] [stdout] 49 | /         sqlx::query_as!(
[INFO] [stdout] 50 | |             User,
[INFO] [stdout] 51 | |             "SELECT id as 'id!', display_name, login,  password
[INFO] [stdout] 52 | |             FROM users WHERE login = ?",
[INFO] [stdout] 53 | |             login
[INFO] [stdout] 54 | |         )
[INFO] [stdout]    | |_________^
[INFO] [stdout]    |
[INFO] [stdout]    = note: this error originates in the macro `$crate::sqlx_macros::expand_query` which comes from the expansion of the macro `sqlx::query_as` (in Nightly builds, run with -Z macro-backtrace for more info)
[INFO] [stdout] 
[INFO] [stdout] 
[INFO] [stdout] error: error returned from database: (code: 14) unable to open database file
[INFO] [stdout]   --> crates/db/src/user.rs:65:13
[INFO] [stdout]    |
[INFO] [stdout] 65 |             sqlx::query_as!(User, "SELECT id, display_name, login, password FROM users")
[INFO] [stdout]    |             ^^^^^^^^^^^^^^^^^^^^^^^^^^^^^^^^^^^^^^^^^^^^^^^^^^^^^^^^^^^^^^^^^^^^^^^^^^^^
[INFO] [stdout]    |
[INFO] [stdout]    = note: this error originates in the macro `$crate::sqlx_macros::expand_query` which comes from the expansion of the macro `sqlx::query_as` (in Nightly builds, run with -Z macro-backtrace for more info)
[INFO] [stdout] 
[INFO] [stdout] 
[INFO] [stdout] error: error returned from database: (code: 14) unable to open database file
[INFO] [stdout]   --> crates/db/src/user.rs:76:19
[INFO] [stdout]    |
[INFO] [stdout] 76 |           let res = sqlx::query!(
[INFO] [stdout]    |  ___________________^
[INFO] [stdout] 77 | |             "
[INFO] [stdout] 78 | |             DELETE FROM users
[INFO] [stdout] 79 | |             WHERE login = ?
[INFO] [stdout] 80 | |             ",
[INFO] [stdout] 81 | |             user.login
[INFO] [stdout] 82 | |         )
[INFO] [stdout]    | |_________^
[INFO] [stdout]    |
[INFO] [stdout]    = note: this error originates in the macro `$crate::sqlx_macros::expand_query` which comes from the expansion of the macro `sqlx::query` (in Nightly builds, run with -Z macro-backtrace for more info)
[INFO] [stdout] 
[INFO] [stdout] 
[INFO] [stdout] error[E0599]: no method named `ok_or` found for type `!` in the current scope
[INFO] [stdout]    --> crates/db/src/member.rs:236:10
[INFO] [stdout]     |
[INFO] [stdout] 227 |         sqlx::query_as!(
[INFO] [stdout] 228 |             RoomMember,
[INFO] [stdout] 229 |             "SELECT room_id as 'room_id!', login, joined_at, last_seen_at
[INFO] [stdout] 230 |              FROM room_members WHERE room_id = ? AND login = ?",
[INFO] [stdout] 231 |             room_id,
[INFO] [stdout] 232 |             login,
[INFO] [stdout] 233 |         )
[INFO] [stdout] 234 |         .fetch_optional(&self.pool)
[INFO] [stdout] 235 |         .await?
[INFO] [stdout] 236 |         .ok_or(DBError::NoRecord {
[INFO] [stdout]     |          ^^^^^ method not found in `!`
[INFO] [stdout] 
[INFO] [stdout] 
[INFO] [stdout] warning: method call on a diverging inference variable
[INFO] [stdout]    --> crates/db/src/member.rs:251:16
[INFO] [stdout]     |
[INFO] [stdout] 251 |         Ok(res.rows_affected())
[INFO] [stdout]     |                ^^^^^^^^^^^^^
[INFO] [stdout]     |
[INFO] [stdout]     = help: consider providing a type annotation
[INFO] [stdout]     = warning: this was previously accepted by the compiler but is being phased out; it will become a hard error in a future release!
[INFO] [stdout]     = note: for more information, see issue #156047 <https://github.com/rust-lang/rust/issues/156047>
[INFO] [stdout] 
[INFO] [stdout] 
[INFO] [stdout] error[E0599]: no method named `rows_affected` found for type `!` in the current scope
[INFO] [stdout]    --> crates/db/src/member.rs:251:16
[INFO] [stdout]     |
[INFO] [stdout] 251 |         Ok(res.rows_affected())
[INFO] [stdout]     |                ^^^^^^^^^^^^^ method not found in `!`
[INFO] [stdout] 
[INFO] [stdout] 
[INFO] [stdout] warning: method call on a diverging inference variable
[INFO] [stdout]    --> crates/db/src/member.rs:312:10
[INFO] [stdout]     |
[INFO] [stdout] 312 |         .ok_or(DBError::NoRecord {
[INFO] [stdout]     |          ^^^^^
[INFO] [stdout]     |
[INFO] [stdout]     = help: consider providing a type annotation
[INFO] [stdout]     = warning: this was previously accepted by the compiler but is being phased out; it will become a hard error in a future release!
[INFO] [stdout]     = note: for more information, see issue #156047 <https://github.com/rust-lang/rust/issues/156047>
[INFO] [stdout] 
[INFO] [stdout] 
[INFO] [stdout] error[E0599]: no method named `ok_or` found for type `!` in the current scope
[INFO] [stdout]    --> crates/db/src/member.rs:312:10
[INFO] [stdout]     |
[INFO] [stdout] 305 |         let row = sqlx::query!(
[INFO] [stdout] 306 |             "SELECT last_seen_at FROM room_members WHERE room_id = ? AND login = ?",
[INFO] [stdout] 307 |             room_id,
[INFO] [stdout] 308 |             login,
[INFO] [stdout] 309 |         )
[INFO] [stdout] 310 |         .fetch_optional(&self.pool)
[INFO] [stdout] 311 |         .await?
[INFO] [stdout] 312 |         .ok_or(DBError::NoRecord {
[INFO] [stdout]     |          ^^^^^ method not found in `!`
[INFO] [stdout] 
[INFO] [stdout] 
[INFO] [stdout] warning: method call on a diverging inference variable
[INFO] [stdout]    --> crates/db/src/room.rs:164:10
[INFO] [stdout]     |
[INFO] [stdout] 164 |         .ok_or(DBError::NoRecord {
[INFO] [stdout]     |          ^^^^^
[INFO] [stdout]     |
[INFO] [stdout]     = help: consider providing a type annotation
[INFO] [stdout]     = warning: this was previously accepted by the compiler but is being phased out; it will become a hard error in a future release!
[INFO] [stdout]     = note: for more information, see issue #156047 <https://github.com/rust-lang/rust/issues/156047>
[INFO] [stdout] 
[INFO] [stdout] 
[INFO] [stdout] error[E0599]: no method named `ok_or` found for type `!` in the current scope
[INFO] [stdout]    --> crates/db/src/room.rs:164:10
[INFO] [stdout]     |
[INFO] [stdout] 157 |         sqlx::query_as!(
[INFO] [stdout] 158 |             Room,
[INFO] [stdout] 159 |             "SELECT id as 'id!', name, created_at FROM rooms WHERE name = ?",
[INFO] [stdout] 160 |             name
[INFO] [stdout] 161 |         )
[INFO] [stdout] 162 |         .fetch_optional(&self.pool)
[INFO] [stdout] 163 |         .await?
[INFO] [stdout] 164 |         .ok_or(DBError::NoRecord {
[INFO] [stdout]     |          ^^^^^ method not found in `!`
[INFO] [stdout] 
[INFO] [stdout] 
[INFO] [stdout] warning: method call on a diverging inference variable
[INFO] [stdout]   --> crates/db/src/session.rs:53:16
[INFO] [stdout]    |
[INFO] [stdout] 53 |         if res.rows_affected() == 0 {
[INFO] [stdout]    |                ^^^^^^^^^^^^^
[INFO] [stdout]    |
[INFO] [stdout]    = help: consider providing a type annotation
[INFO] [stdout]    = warning: this was previously accepted by the compiler but is being phased out; it will become a hard error in a future release!
[INFO] [stdout]    = note: for more information, see issue #156047 <https://github.com/rust-lang/rust/issues/156047>
[INFO] [stdout] 
[INFO] [stdout] 
[INFO] [stdout] error[E0599]: no method named `rows_affected` found for type `!` in the current scope
[INFO] [stdout]   --> crates/db/src/session.rs:53:16
[INFO] [stdout]    |
[INFO] [stdout] 53 |         if res.rows_affected() == 0 {
[INFO] [stdout]    |                ^^^^^^^^^^^^^ method not found in `!`
[INFO] [stdout] 
[INFO] [stdout] 
[INFO] [stdout] error[E0599]: no method named `rows_affected` found for type `!` in the current scope
[INFO] [stdout]   --> crates/db/src/session.rs:59:16
[INFO] [stdout]    |
[INFO] [stdout] 59 |         Ok(res.rows_affected())
[INFO] [stdout]    |                ^^^^^^^^^^^^^ method not found in `!`
[INFO] [stdout] 
[INFO] [stdout] 
[INFO] [stdout] warning: unreachable call
[INFO] [stdout]   --> crates/db/src/session.rs:59:16
[INFO] [stdout]    |
[INFO] [stdout] 59 |         Ok(res.rows_affected())
[INFO] [stdout]    |            --- ^^^^^^^^^^^^^ unreachable call
[INFO] [stdout]    |            |
[INFO] [stdout]    |            any code following this expression is unreachable
[INFO] [stdout]    |
[INFO] [stdout]    = note: `#[warn(unreachable_code)]` (part of `#[warn(unused)]`) on by default
[INFO] [stdout] 
[INFO] [stdout] 
[INFO] [stdout] warning: method call on a diverging inference variable
[INFO] [stdout]   --> crates/db/src/session.rs:67:16
[INFO] [stdout]    |
[INFO] [stdout] 67 |         Ok(res.rows_affected())
[INFO] [stdout]    |                ^^^^^^^^^^^^^
[INFO] [stdout]    |
[INFO] [stdout]    = help: consider providing a type annotation
[INFO] [stdout]    = warning: this was previously accepted by the compiler but is being phased out; it will become a hard error in a future release!
[INFO] [stdout]    = note: for more information, see issue #156047 <https://github.com/rust-lang/rust/issues/156047>
[INFO] [stdout] 
[INFO] [stdout] 
[INFO] [stdout] error[E0599]: no method named `rows_affected` found for type `!` in the current scope
[INFO] [stdout]   --> crates/db/src/session.rs:67:16
[INFO] [stdout]    |
[INFO] [stdout] 67 |         Ok(res.rows_affected())
[INFO] [stdout]    |                ^^^^^^^^^^^^^ method not found in `!`
[INFO] [stdout] 
[INFO] [stdout] 
[INFO] [stdout] warning: method call on a diverging inference variable
[INFO] [stdout]    --> crates/db/src/member.rs:236:10
[INFO] [stdout]     |
[INFO] [stdout] 236 |         .ok_or(DBError::NoRecord {
[INFO] [stdout]     |          ^^^^^
[INFO] [stdout]     |
[INFO] [stdout]     = help: consider providing a type annotation
[INFO] [stdout]     = warning: this was previously accepted by the compiler but is being phased out; it will become a hard error in a future release!
[INFO] [stdout]     = note: for more information, see issue #156047 <https://github.com/rust-lang/rust/issues/156047>
[INFO] [stdout]     = note: `#[warn(method_call_on_diverging_infer_var)]` (part of `#[warn(future_incompatible)]`) on by default
[INFO] [stdout] 
[INFO] [stdout] 
[INFO] [stdout] warning: method call on a diverging inference variable
[INFO] [stdout]   --> crates/db/src/user.rs:57:10
[INFO] [stdout]    |
[INFO] [stdout] 57 |         .ok_or(DBError::NoRecord {
[INFO] [stdout]    |          ^^^^^
[INFO] [stdout]    |
[INFO] [stdout]    = help: consider providing a type annotation
[INFO] [stdout]    = warning: this was previously accepted by the compiler but is being phased out; it will become a hard error in a future release!
[INFO] [stdout]    = note: for more information, see issue #156047 <https://github.com/rust-lang/rust/issues/156047>
[INFO] [stdout] 
[INFO] [stdout] 
[INFO] [stdout] error[E0599]: no method named `ok_or` found for type `!` in the current scope
[INFO] [stdout]   --> crates/db/src/user.rs:57:10
[INFO] [stdout]    |
[INFO] [stdout] 49 |         sqlx::query_as!(
[INFO] [stdout] 50 |             User,
[INFO] [stdout] 51 |             "SELECT id as 'id!', display_name, login,  password
[INFO] [stdout] 52 |             FROM users WHERE login = ?",
[INFO] [stdout] 53 |             login
[INFO] [stdout] 54 |         )
[INFO] [stdout] 55 |         .fetch_optional(&self.pool)
[INFO] [stdout] 56 |         .await?
[INFO] [stdout] 57 |         .ok_or(DBError::NoRecord {
[INFO] [stdout]    |          ^^^^^ method not found in `!`
[INFO] [stdout] 
[INFO] [stdout] 
[INFO] [stdout] warning: method call on a diverging inference variable
[INFO] [stdout]   --> crates/db/src/user.rs:69:22
[INFO] [stdout]    |
[INFO] [stdout] 69 |         if all_users.is_empty() {
[INFO] [stdout]    |                      ^^^^^^^^
[INFO] [stdout]    |
[INFO] [stdout]    = help: consider providing a type annotation
[INFO] [stdout]    = warning: this was previously accepted by the compiler but is being phased out; it will become a hard error in a future release!
[INFO] [stdout]    = note: for more information, see issue #156047 <https://github.com/rust-lang/rust/issues/156047>
[INFO] [stdout] 
[INFO] [stdout] 
[INFO] [stdout] error[E0599]: no method named `is_empty` found for type `!` in the current scope
[INFO] [stdout]   --> crates/db/src/user.rs:69:22
[INFO] [stdout]    |
[INFO] [stdout] 69 |         if all_users.is_empty() {
[INFO] [stdout]    |                      ^^^^^^^^ method not found in `!`
[INFO] [stdout] 
[INFO] [stdout] 
[INFO] [stdout] warning: unreachable call
[INFO] [stdout]   --> crates/db/src/user.rs:72:9
[INFO] [stdout]    |
[INFO] [stdout] 72 |         Ok(all_users)
[INFO] [stdout]    |         ^^ --------- any code following this expression is unreachable
[INFO] [stdout]    |         |
[INFO] [stdout]    |         unreachable call
[INFO] [stdout] 
[INFO] [stdout] 
[INFO] [stdout] warning: method call on a diverging inference variable
[INFO] [stdout]   --> crates/db/src/user.rs:86:16
[INFO] [stdout]    |
[INFO] [stdout] 86 |         if res.rows_affected() == 0 {
[INFO] [stdout]    |                ^^^^^^^^^^^^^
[INFO] [stdout]    |
[INFO] [stdout]    = help: consider providing a type annotation
[INFO] [stdout]    = warning: this was previously accepted by the compiler but is being phased out; it will become a hard error in a future release!
[INFO] [stdout]    = note: for more information, see issue #156047 <https://github.com/rust-lang/rust/issues/156047>
[INFO] [stdout] 
[INFO] [stdout] 
[INFO] [stdout] error[E0599]: no method named `rows_affected` found for type `!` in the current scope
[INFO] [stdout]   --> crates/db/src/user.rs:86:16
[INFO] [stdout]    |
[INFO] [stdout] 86 |         if res.rows_affected() == 0 {
[INFO] [stdout]    |                ^^^^^^^^^^^^^ method not found in `!`
[INFO] [stdout] 
[INFO] [stdout] 
[INFO] [stdout] error[E0599]: no method named `ok_or` found for type `!` in the current scope
[INFO] [stdout]    --> crates/db/src/member.rs:236:10
[INFO] [stdout]     |
[INFO] [stdout] 227 |         sqlx::query_as!(
[INFO] [stdout] 228 |             RoomMember,
[INFO] [stdout] 229 |             "SELECT room_id as 'room_id!', login, joined_at, last_seen_at
[INFO] [stdout] 230 |              FROM room_members WHERE room_id = ? AND login = ?",
[INFO] [stdout] 231 |             room_id,
[INFO] [stdout] 232 |             login,
[INFO] [stdout] 233 |         )
[INFO] [stdout] 234 |         .fetch_optional(&self.pool)
[INFO] [stdout] 235 |         .await?
[INFO] [stdout] 236 |         .ok_or(DBError::NoRecord {
[INFO] [stdout]     |          ^^^^^ method not found in `!`
[INFO] [stdout] 
[INFO] [stdout] 
[INFO] [stdout] warning: method call on a diverging inference variable
[INFO] [stdout]    --> crates/db/src/member.rs:251:16
[INFO] [stdout]     |
[INFO] [stdout] 251 |         Ok(res.rows_affected())
[INFO] [stdout]     |                ^^^^^^^^^^^^^
[INFO] [stdout]     |
[INFO] [stdout]     = help: consider providing a type annotation
[INFO] [stdout]     = warning: this was previously accepted by the compiler but is being phased out; it will become a hard error in a future release!
[INFO] [stdout]     = note: for more information, see issue #156047 <https://github.com/rust-lang/rust/issues/156047>
[INFO] [stdout] 
[INFO] [stdout] 
[INFO] [stdout] error[E0599]: no method named `rows_affected` found for type `!` in the current scope
[INFO] [stdout]    --> crates/db/src/member.rs:251:16
[INFO] [stdout]     |
[INFO] [stdout] 251 |         Ok(res.rows_affected())
[INFO] [stdout]     |                ^^^^^^^^^^^^^ method not found in `!`
[INFO] [stdout] 
[INFO] [stdout] 
[INFO] [stdout] error[E0599]: no method named `rows_affected` found for type `!` in the current scope
[INFO] [stdout]   --> crates/db/src/user.rs:92:16
[INFO] [stdout]    |
[INFO] [stdout] 92 |         Ok(res.rows_affected())
[INFO] [stdout]    |                ^^^^^^^^^^^^^ method not found in `!`
[INFO] [stdout] 
[INFO] [stdout] 
[INFO] [stdout] warning: unreachable call
[INFO] [stdout]   --> crates/db/src/user.rs:92:16
[INFO] [stdout]    |
[INFO] [stdout] 92 |         Ok(res.rows_affected())
[INFO] [stdout]    |            --- ^^^^^^^^^^^^^ unreachable call
[INFO] [stdout]    |            |
[INFO] [stdout]    |            any code following this expression is unreachable
[INFO] [stdout] 
[INFO] [stdout] 
[INFO] [stdout] warning: method call on a diverging inference variable
[INFO] [stdout]    --> crates/db/src/member.rs:312:10
[INFO] [stdout]     |
[INFO] [stdout] 312 |         .ok_or(DBError::NoRecord {
[INFO] [stdout]     |          ^^^^^
[INFO] [stdout]     |
[INFO] [stdout]     = help: consider providing a type annotation
[INFO] [stdout]     = warning: this was previously accepted by the compiler but is being phased out; it will become a hard error in a future release!
[INFO] [stdout]     = note: for more information, see issue #156047 <https://github.com/rust-lang/rust/issues/156047>
[INFO] [stdout] 
[INFO] [stdout] 
[INFO] [stdout] error[E0599]: no method named `ok_or` found for type `!` in the current scope
[INFO] [stdout]    --> crates/db/src/member.rs:312:10
[INFO] [stdout]     |
[INFO] [stdout] 305 |         let row = sqlx::query!(
[INFO] [stdout] 306 |             "SELECT last_seen_at FROM room_members WHERE room_id = ? AND login = ?",
[INFO] [stdout] 307 |             room_id,
[INFO] [stdout] 308 |             login,
[INFO] [stdout] 309 |         )
[INFO] [stdout] 310 |         .fetch_optional(&self.pool)
[INFO] [stdout] 311 |         .await?
[INFO] [stdout] 312 |         .ok_or(DBError::NoRecord {
[INFO] [stdout]     |          ^^^^^ method not found in `!`
[INFO] [stdout] 
[INFO] [stdout] 
[INFO] [stdout] For more information about this error, try `rustc --explain E0599`.
[INFO] [stdout] 
[INFO] [stdout] warning: method call on a diverging inference variable
[INFO] [stdout]    --> crates/db/src/room.rs:164:10
[INFO] [stdout]     |
[INFO] [stdout] 164 |         .ok_or(DBError::NoRecord {
[INFO] [stdout]     |          ^^^^^
[INFO] [stdout]     |
[INFO] [stdout]     = help: consider providing a type annotation
[INFO] [stdout]     = warning: this was previously accepted by the compiler but is being phased out; it will become a hard error in a future release!
[INFO] [stdout]     = note: for more information, see issue #156047 <https://github.com/rust-lang/rust/issues/156047>
[INFO] [stdout] 
[INFO] [stdout] 
[INFO] [stderr] error: could not compile `db` (lib) due to 35 previous errors; 21 warnings emitted
[INFO] [stderr] warning: build failed, waiting for other jobs to finish...
[INFO] [stdout] error[E0599]: no method named `ok_or` found for type `!` in the current scope
[INFO] [stdout]    --> crates/db/src/room.rs:164:10
[INFO] [stdout]     |
[INFO] [stdout] 157 |         sqlx::query_as!(
[INFO] [stdout] 158 |             Room,
[INFO] [stdout] 159 |             "SELECT id as 'id!', name, created_at FROM rooms WHERE name = ?",
[INFO] [stdout] 160 |             name
[INFO] [stdout] 161 |         )
[INFO] [stdout] 162 |         .fetch_optional(&self.pool)
[INFO] [stdout] 163 |         .await?
[INFO] [stdout] 164 |         .ok_or(DBError::NoRecord {
[INFO] [stdout]     |          ^^^^^ method not found in `!`
[INFO] [stdout] 
[INFO] [stdout] 
[INFO] [stdout] warning: method call on a diverging inference variable
[INFO] [stdout]   --> crates/db/src/session.rs:53:16
[INFO] [stdout]    |
[INFO] [stdout] 53 |         if res.rows_affected() == 0 {
[INFO] [stdout]    |                ^^^^^^^^^^^^^
[INFO] [stdout]    |
[INFO] [stdout]    = help: consider providing a type annotation
[INFO] [stdout]    = warning: this was previously accepted by the compiler but is being phased out; it will become a hard error in a future release!
[INFO] [stdout]    = note: for more information, see issue #156047 <https://github.com/rust-lang/rust/issues/156047>
[INFO] [stdout] 
[INFO] [stdout] 
[INFO] [stdout] error[E0599]: no method named `rows_affected` found for type `!` in the current scope
[INFO] [stdout]   --> crates/db/src/session.rs:53:16
[INFO] [stdout]    |
[INFO] [stdout] 53 |         if res.rows_affected() == 0 {
[INFO] [stdout]    |                ^^^^^^^^^^^^^ method not found in `!`
[INFO] [stdout] 
[INFO] [stdout] 
[INFO] [stdout] error[E0599]: no method named `rows_affected` found for type `!` in the current scope
[INFO] [stdout]   --> crates/db/src/session.rs:59:16
[INFO] [stdout]    |
[INFO] [stdout] 59 |         Ok(res.rows_affected())
[INFO] [stdout]    |                ^^^^^^^^^^^^^ method not found in `!`
[INFO] [stdout] 
[INFO] [stdout] 
[INFO] [stdout] warning: unreachable call
[INFO] [stdout]   --> crates/db/src/session.rs:59:16
[INFO] [stdout]    |
[INFO] [stdout] 59 |         Ok(res.rows_affected())
[INFO] [stdout]    |            --- ^^^^^^^^^^^^^ unreachable call
[INFO] [stdout]    |            |
[INFO] [stdout]    |            any code following this expression is unreachable
[INFO] [stdout]    |
[INFO] [stdout]    = note: `#[warn(unreachable_code)]` (part of `#[warn(unused)]`) on by default
[INFO] [stdout] 
[INFO] [stdout] 
[INFO] [stdout] warning: method call on a diverging inference variable
[INFO] [stdout]   --> crates/db/src/session.rs:67:16
[INFO] [stdout]    |
[INFO] [stdout] 67 |         Ok(res.rows_affected())
[INFO] [stdout]    |                ^^^^^^^^^^^^^
[INFO] [stdout]    |
[INFO] [stdout]    = help: consider providing a type annotation
[INFO] [stdout]    = warning: this was previously accepted by the compiler but is being phased out; it will become a hard error in a future release!
[INFO] [stdout]    = note: for more information, see issue #156047 <https://github.com/rust-lang/rust/issues/156047>
[INFO] [stdout] 
[INFO] [stdout] 
[INFO] [stdout] error[E0599]: no method named `rows_affected` found for type `!` in the current scope
[INFO] [stdout]   --> crates/db/src/session.rs:67:16
[INFO] [stdout]    |
[INFO] [stdout] 67 |         Ok(res.rows_affected())
[INFO] [stdout]    |                ^^^^^^^^^^^^^ method not found in `!`
[INFO] [stdout] 
[INFO] [stdout] 
[INFO] [stdout] warning: method call on a diverging inference variable
[INFO] [stdout]   --> crates/db/src/user.rs:57:10
[INFO] [stdout]    |
[INFO] [stdout] 57 |         .ok_or(DBError::NoRecord {
[INFO] [stdout]    |          ^^^^^
[INFO] [stdout]    |
[INFO] [stdout]    = help: consider providing a type annotation
[INFO] [stdout]    = warning: this was previously accepted by the compiler but is being phased out; it will become a hard error in a future release!
[INFO] [stdout]    = note: for more information, see issue #156047 <https://github.com/rust-lang/rust/issues/156047>
[INFO] [stdout] 
[INFO] [stdout] 
[INFO] [stdout] error[E0599]: no method named `ok_or` found for type `!` in the current scope
[INFO] [stdout]   --> crates/db/src/user.rs:57:10
[INFO] [stdout]    |
[INFO] [stdout] 49 |         sqlx::query_as!(
[INFO] [stdout] 50 |             User,
[INFO] [stdout] 51 |             "SELECT id as 'id!', display_name, login,  password
[INFO] [stdout] 52 |             FROM users WHERE login = ?",
[INFO] [stdout] 53 |             login
[INFO] [stdout] 54 |         )
[INFO] [stdout] 55 |         .fetch_optional(&self.pool)
[INFO] [stdout] 56 |         .await?
[INFO] [stdout] 57 |         .ok_or(DBError::NoRecord {
[INFO] [stdout]    |          ^^^^^ method not found in `!`
[INFO] [stdout] 
[INFO] [stdout] 
[INFO] [stdout] warning: method call on a diverging inference variable
[INFO] [stdout]   --> crates/db/src/user.rs:69:22
[INFO] [stdout]    |
[INFO] [stdout] 69 |         if all_users.is_empty() {
[INFO] [stdout]    |                      ^^^^^^^^
[INFO] [stdout]    |
[INFO] [stdout]    = help: consider providing a type annotation
[INFO] [stdout]    = warning: this was previously accepted by the compiler but is being phased out; it will become a hard error in a future release!
[INFO] [stdout]    = note: for more information, see issue #156047 <https://github.com/rust-lang/rust/issues/156047>
[INFO] [stdout] 
[INFO] [stdout] 
[INFO] [stdout] error[E0599]: no method named `is_empty` found for type `!` in the current scope
[INFO] [stdout]   --> crates/db/src/user.rs:69:22
[INFO] [stdout]    |
[INFO] [stdout] 69 |         if all_users.is_empty() {
[INFO] [stdout]    |                      ^^^^^^^^ method not found in `!`
[INFO] [stdout] 
[INFO] [stdout] 
[INFO] [stdout] warning: unreachable call
[INFO] [stdout]   --> crates/db/src/user.rs:72:9
[INFO] [stdout]    |
[INFO] [stdout] 72 |         Ok(all_users)
[INFO] [stdout]    |         ^^ --------- any code following this expression is unreachable
[INFO] [stdout]    |         |
[INFO] [stdout]    |         unreachable call
[INFO] [stdout] 
[INFO] [stdout] 
[INFO] [stdout] warning: method call on a diverging inference variable
[INFO] [stdout]   --> crates/db/src/user.rs:86:16
[INFO] [stdout]    |
[INFO] [stdout] 86 |         if res.rows_affected() == 0 {
[INFO] [stdout]    |                ^^^^^^^^^^^^^
[INFO] [stdout]    |
[INFO] [stdout]    = help: consider providing a type annotation
[INFO] [stdout]    = warning: this was previously accepted by the compiler but is being phased out; it will become a hard error in a future release!
[INFO] [stdout]    = note: for more information, see issue #156047 <https://github.com/rust-lang/rust/issues/156047>
[INFO] [stdout] 
[INFO] [stdout] 
[INFO] [stdout] error[E0599]: no method named `rows_affected` found for type `!` in the current scope
[INFO] [stdout]   --> crates/db/src/user.rs:86:16
[INFO] [stdout]    |
[INFO] [stdout] 86 |         if res.rows_affected() == 0 {
[INFO] [stdout]    |                ^^^^^^^^^^^^^ method not found in `!`
[INFO] [stdout] 
[INFO] [stdout] 
[INFO] [stdout] error[E0599]: no method named `rows_affected` found for type `!` in the current scope
[INFO] [stdout]   --> crates/db/src/user.rs:92:16
[INFO] [stdout]    |
[INFO] [stdout] 92 |         Ok(res.rows_affected())
[INFO] [stdout]    |                ^^^^^^^^^^^^^ method not found in `!`
[INFO] [stdout] 
[INFO] [stdout] 
[INFO] [stdout] warning: unreachable call
[INFO] [stdout]   --> crates/db/src/user.rs:92:16
[INFO] [stdout]    |
[INFO] [stdout] 92 |         Ok(res.rows_affected())
[INFO] [stdout]    |            --- ^^^^^^^^^^^^^ unreachable call
[INFO] [stdout]    |            |
[INFO] [stdout]    |            any code following this expression is unreachable
[INFO] [stdout] 
[INFO] [stdout] 
[INFO] [stdout] For more information about this error, try `rustc --explain E0599`.
[INFO] [stdout] 
[INFO] [stderr] error: could not compile `db` (lib test) due to 39 previous errors; 21 warnings emitted
[INFO] [stderr] warning: unused dependency `anyhow`
[INFO] [stderr]   --> crates/db/Cargo.toml:14:1
[INFO] [stderr]    |
[INFO] [stderr] 14 | anyhow = { workspace = true }
[INFO] [stderr]    | ^^^^^^^^^^^^^^^^^^^^^^^^^^^^^
[INFO] [stderr]    |
[INFO] [stderr]    = note: `cargo::unused_dependencies` is set to `warn` by default
[INFO] [stderr] help: consider removing the dependency on `anyhow`
[INFO] [stderr] warning: unused dependency `model`
[INFO] [stderr]  --> crates/db/Cargo.toml:7:1
[INFO] [stderr]   |
[INFO] [stderr] 7 | model = { path = "../model"}
[INFO] [stderr]   | ^^^^^^^^^^^^^^^^^^^^^^^^^^^^
[INFO] [stderr]   |
[INFO] [stderr] help: consider removing the dependency on `model`
[INFO] [stderr] warning: `db` (manifest) generated 2 warnings
[INFO] [stderr] warning: unused dependency `bcrypt`
[INFO] [stderr]   --> crates/model/Cargo.toml:11:1
[INFO] [stderr]    |
[INFO] [stderr] 11 | bcrypt = { workspace = true }
[INFO] [stderr]    | ^^^^^^^^^^^^^^^^^^^^^^^^^^^^^
[INFO] [stderr]    |
[INFO] [stderr]    = note: `cargo::unused_dependencies` is set to `warn` by default
[INFO] [stderr] help: consider removing the dependency on `bcrypt`
[INFO] [stderr] warning: unused dependency `warp`
[INFO] [stderr]   --> crates/model/Cargo.toml:10:1
[INFO] [stderr]    |
[INFO] [stderr] 10 | warp = { workspace = true }
[INFO] [stderr]    | ^^^^^^^^^^^^^^^^^^^^^^^^^^^
[INFO] [stderr]    |
[INFO] [stderr] help: consider removing the dependency on `warp`
[INFO] [stderr] warning: `model` (manifest) generated 2 warnings
[INFO] running `Command { std: "docker" "inspect" "40714235d88a1615a0ae6b2668b1e5d1c450cfd348c587446f1974b0ee1eb4bf", kill_on_drop: false }`
[INFO] running `Command { std: "docker" "rm" "-f" "40714235d88a1615a0ae6b2668b1e5d1c450cfd348c587446f1974b0ee1eb4bf", kill_on_drop: false }`
[INFO] [stdout] 40714235d88a1615a0ae6b2668b1e5d1c450cfd348c587446f1974b0ee1eb4bf
