[INFO] cloning repository https://github.com/nokor-dev/portico
[INFO] running `Command { std: "git" "-c" "credential.helper=" "-c" "credential.helper=/workspace/cargo-home/bin/git-credential-null" "clone" "--bare" "https://github.com/nokor-dev/portico" "/workspace/cache/git-repos/https%3A%2F%2Fgithub.com%2Fnokor-dev%2Fportico", kill_on_drop: false }`
[INFO] [stderr] Cloning into bare repository '/workspace/cache/git-repos/https%3A%2F%2Fgithub.com%2Fnokor-dev%2Fportico'...
[INFO] running `Command { std: "git" "rev-parse" "HEAD", kill_on_drop: false }`
[INFO] [stdout] a2af59b3c04033ac331b6280df3a1f44083bb59e
[INFO] checking nokor-dev/portico against 3154cc1a3e6424e44f438a95007d043ed5ceaaf6 for pr-133502-30
[INFO] running `Command { std: "git" "clone" "/workspace/cache/git-repos/https%3A%2F%2Fgithub.com%2Fnokor-dev%2Fportico" "/workspace/builds/worker-0-tc2/source", kill_on_drop: false }`
[INFO] [stderr] Cloning into '/workspace/builds/worker-0-tc2/source'...
[INFO] [stderr] done.
[INFO] started tweaking git repo https://github.com/nokor-dev/portico
[INFO] finished tweaking git repo https://github.com/nokor-dev/portico
[INFO] tweaked toml for git repo https://github.com/nokor-dev/portico written to /workspace/builds/worker-0-tc2/source/Cargo.toml
[INFO] validating manifest of git repo https://github.com/nokor-dev/portico on toolchain 3154cc1a3e6424e44f438a95007d043ed5ceaaf6
[INFO] running `Command { std: CARGO_HOME="/workspace/cargo-home" RUSTUP_HOME="/workspace/rustup-home" "/workspace/cargo-home/bin/cargo" "+3154cc1a3e6424e44f438a95007d043ed5ceaaf6" "metadata" "--manifest-path" "Cargo.toml" "--no-deps", kill_on_drop: false }`
[INFO] crate git repo https://github.com/nokor-dev/portico already has a lockfile, it will not be regenerated
[INFO] running `Command { std: CARGO_HOME="/workspace/cargo-home" RUSTUP_HOME="/workspace/rustup-home" "/workspace/cargo-home/bin/cargo" "+3154cc1a3e6424e44f438a95007d043ed5ceaaf6" "fetch" "--manifest-path" "Cargo.toml", kill_on_drop: false }`
[INFO] running `Command { std: "docker" "create" "-v" "/var/lib/crater-agent-workspace/builds/worker-0-tc2/source:/opt/rustwide/workdir:ro,Z" "-v" "/var/lib/crater-agent-workspace/builds/worker-0-tc2/target:/opt/rustwide/target:rw,Z" "-v" "/var/lib/crater-agent-workspace/cargo-home:/opt/rustwide/cargo-home:ro,Z" "-v" "/var/lib/crater-agent-workspace/rustup-home:/opt/rustwide/rustup-home:ro,Z" "-m" "1610612736" "--network" "none" "ghcr.io/rust-lang/crates-build-env/linux@sha256:77db811e55d90add9212f6832c23229e3de5f1c1f9905e8cb07319ea15df73ac" "sleep" "infinity", kill_on_drop: false }`
[INFO] [stdout] 57f9106107413f3d9a8cdc315aaddc25ac68e7686cda4e8b98475237883e77d8
[INFO] running `Command { std: "docker" "start" "57f9106107413f3d9a8cdc315aaddc25ac68e7686cda4e8b98475237883e77d8", kill_on_drop: false }`
[INFO] running `Command { std: "docker" "inspect" "57f9106107413f3d9a8cdc315aaddc25ac68e7686cda4e8b98475237883e77d8", kill_on_drop: false }`
[INFO] running `Command { std: "docker" "exec" "-e" "SOURCE_DIR=/opt/rustwide/workdir" "-e" "CARGO_HOME=/opt/rustwide/cargo-home" "-e" "RUSTUP_HOME=/opt/rustwide/rustup-home" "-e" "CARGO_TARGET_DIR=/opt/rustwide/target" "-w" "/opt/rustwide/workdir" "--user" "0:0" "57f9106107413f3d9a8cdc315aaddc25ac68e7686cda4e8b98475237883e77d8" "/opt/rustwide/cargo-home/bin/cargo" "+3154cc1a3e6424e44f438a95007d043ed5ceaaf6" "metadata" "--no-deps" "--format-version=1", kill_on_drop: false }`
[INFO] running `Command { std: "docker" "inspect" "57f9106107413f3d9a8cdc315aaddc25ac68e7686cda4e8b98475237883e77d8", kill_on_drop: false }`
[INFO] running `Command { std: "docker" "exec" "-e" "SOURCE_DIR=/opt/rustwide/workdir" "-e" "CARGO_HOME=/opt/rustwide/cargo-home" "-e" "RUSTUP_HOME=/opt/rustwide/rustup-home" "-e" "CARGO_TARGET_DIR=/opt/rustwide/target" "-e" "CARGO_INCREMENTAL=0" "-e" "RUST_BACKTRACE=full" "-e" "RUSTFLAGS=--cap-lints=forbid" "-e" "RUSTDOCFLAGS=--cap-lints=forbid" "-w" "/opt/rustwide/workdir" "--user" "0:0" "57f9106107413f3d9a8cdc315aaddc25ac68e7686cda4e8b98475237883e77d8" "/opt/rustwide/cargo-home/bin/cargo" "+3154cc1a3e6424e44f438a95007d043ed5ceaaf6" "check" "--frozen" "--all" "--all-targets" "--message-format=json", kill_on_drop: false }`
[INFO] [stderr]    Compiling syn v3.0.5
[INFO] [stderr]    Compiling typenum v1.20.1
[INFO] [stderr]    Compiling icu_properties_data v2.3.0
[INFO] [stderr]    Compiling icu_normalizer_data v2.3.0
[INFO] [stderr]    Compiling find-msvc-tools v0.1.12
[INFO] [stderr]     Checking futures-core v0.3.34
[INFO] [stderr]    Compiling zerofrom v0.1.8
[INFO] [stderr]    Compiling serde_core v1.0.229
[INFO] [stderr]    Compiling stable_deref_trait v1.2.1
[INFO] [stderr]    Compiling cc v1.4.5
[INFO] [stderr]     Checking errno v0.3.14
[INFO] [stderr]    Compiling yoke v0.8.3
[INFO] [stderr]     Checking mio v1.2.3
[INFO] [stderr]    Compiling num-traits v0.2.19
[INFO] [stderr]     Checking signal-hook-registry v1.4.8
[INFO] [stderr]     Checking tracing-core v0.1.36
[INFO] [stderr]    Compiling zerocopy v0.8.57
[INFO] [stderr]     Checking log v0.4.34
[INFO] [stderr]     Checking futures-sink v0.3.34
[INFO] [stderr]    Compiling serde_json v1.0.151
[INFO] [stderr]    Compiling rustls v0.23.44
[INFO] [stderr]     Checking getrandom v0.2.17
[INFO] [stderr]     Checking litemap v0.8.3
[INFO] [stderr]     Checking tracing v0.1.44
[INFO] [stderr]     Checking writeable v0.6.4
[INFO] [stderr]    Compiling crossbeam-utils v0.8.23
[INFO] [stderr]     Checking slab v0.4.12
[INFO] [stderr]     Checking futures-task v0.3.34
[INFO] [stderr]    Compiling subtle v2.6.1
[INFO] [stderr]     Checking futures-io v0.3.34
[INFO] [stderr]    Compiling utf8_iter v1.0.4
[INFO] [stderr]     Checking http v1.5.0
[INFO] [stderr]    Compiling thiserror v2.0.20
[INFO] [stderr]    Compiling zeroize v1.9.0
[INFO] [stderr]    Compiling pin-project-lite v0.2.17
[INFO] [stderr]    Compiling rustls-pki-types v1.15.1
[INFO] [stderr]     Checking crypto-common v0.1.7
[INFO] [stderr]     Checking futures-channel v0.3.34
[INFO] [stderr]    Compiling scopeguard v1.2.0
[INFO] [stderr]    Compiling once_cell v1.21.4
[INFO] [stderr]    Compiling generic-array v0.14.7
[INFO] [stderr]    Compiling ring v0.17.14
[INFO] [stderr]    Compiling untrusted v0.9.0
[INFO] [stderr]    Compiling hybrid-array v0.4.15
[INFO] [stderr]    Compiling lock_api v0.4.14
[INFO] [stderr]     Checking digest v0.10.7
[INFO] [stderr]     Checking http-body v1.1.0
[INFO] [stderr]    Compiling block-buffer v0.10.4
[INFO] [stderr]    Compiling socket2 v0.6.5
[INFO] [stderr]    Compiling percent-encoding v2.3.2
[INFO] [stderr]     Checking hashbrown v0.17.1
[INFO] [stderr]    Compiling bytes v1.12.1
[INFO] [stderr]    Compiling tinyvec_macros v0.1.1
[INFO] [stderr]    Compiling memchr v2.8.3
[INFO] [stderr]    Compiling tinyvec v1.13.2
[INFO] [stderr]     Checking indexmap v2.14.2
[INFO] [stderr]    Compiling tokio v1.53.1
[INFO] [stderr]    Compiling hashbrown v0.15.5
[INFO] [stderr]    Compiling form_urlencoded v1.2.2
[INFO] [stderr]    Compiling webpki-roots v1.0.9
[INFO] [stderr]    Compiling rand_core v0.6.4
[INFO] [stderr]     Checking sync_wrapper v1.0.2
[INFO] [stderr]    Compiling cpufeatures v0.2.17
[INFO] [stderr]    Compiling unicase v2.9.0
[INFO] [stderr]    Compiling iana-time-zone v0.1.65
[INFO] [stderr]    Compiling parking v2.2.1
[INFO] [stderr]    Compiling crc-catalog v2.5.0
[INFO] [stderr]    Compiling getrandom v0.4.3
[INFO] [stderr]    Compiling futures-util v0.3.34
[INFO] [stderr]    Compiling crc v3.4.0
[INFO] [stderr]    Compiling serde_derive v1.0.229
[INFO] [stderr]    Compiling zerovec-derive v0.11.6
[INFO] [stderr]    Compiling displaydoc v0.2.7
[INFO] [stderr]    Compiling tokio-macros v2.7.2
[INFO] [stderr]    Compiling zerovec v0.11.8
[INFO] [stderr]    Compiling zerotrie v0.2.5
[INFO] [stderr]    Compiling futures-macro v0.3.34
[INFO] [stderr]    Compiling thiserror-impl v2.0.20
[INFO] [stderr]     Checking rustls-webpki v0.103.15
[INFO] [stderr]     Checking tinystr v0.8.4
[INFO] [stderr]     Checking icu_locale_core v2.3.0
[INFO] [stderr]    Compiling potential_utf v0.1.6
[INFO] [stderr]     Checking icu_collections v2.3.0
[INFO] [stderr]     Checking icu_provider v2.3.1
[INFO] [stderr]    Compiling ppv-lite86 v0.2.21
[INFO] [stderr]     Checking icu_properties v2.3.0
[INFO] [stderr]     Checking serde v1.0.229
[INFO] [stderr]     Checking smallvec v1.16.0
[INFO] [stderr]    Compiling rand_chacha v0.3.1
[INFO] [stderr]     Checking parking_lot_core v0.9.12
[INFO] [stderr]     Checking parking_lot v0.12.5
[INFO] [stderr]     Checking icu_normalizer v2.3.0
[INFO] [stderr]    Compiling either v1.18.0
[INFO] [stderr]     Checking idna_adapter v1.2.2
[INFO] [stderr]     Checking idna v1.1.0
[INFO] [stderr]    Compiling futures-intrusive v0.5.0
[INFO] [stderr]     Checking url v2.5.8
[INFO] [stderr]    Compiling tokio-stream v0.1.19
[INFO] [stderr]    Compiling event-listener v5.4.2
[INFO] [stderr]    Compiling chrono v0.4.45
[INFO] [stderr]    Compiling crossbeam-queue v0.3.14
[INFO] [stderr]    Compiling mime_guess v2.0.5
[INFO] [stderr]    Compiling sha2 v0.10.9
[INFO] [stderr]    Compiling webpki-roots v0.26.11
[INFO] [stderr]    Compiling hashlink v0.10.0
[INFO] [stderr]    Compiling unicode-normalization v0.1.25
[INFO] [stderr]    Compiling crypto-common v0.2.2
[INFO] [stderr]    Compiling block-buffer v0.12.1
[INFO] [stderr]    Compiling hmac v0.12.1
[INFO] [stderr]    Compiling proc-macro2-diagnostics v0.10.1
[INFO] [stderr]    Compiling base64 v0.22.1
[INFO] [stderr]     Checking ipnet v2.12.2
[INFO] [stderr]    Compiling const-oid v0.10.2
[INFO] [stderr]    Compiling unicode-bidi v0.3.18
[INFO] [stderr]    Compiling unicode-properties v0.1.4
[INFO] [stderr]    Compiling uuid v1.26.1
[INFO] [stderr]    Compiling digest v0.11.3
[INFO] [stderr]    Compiling stringprep v0.1.5
[INFO] [stderr]    Compiling hkdf v0.12.4
[INFO] [stderr]    Compiling rand v0.8.8
[INFO] [stderr]    Compiling atoi v2.0.0
[INFO] [stderr]    Compiling md-5 v0.10.6
[INFO] [stderr]     Checking http-body-util v0.1.5
[INFO] [stderr]    Compiling time-core v0.1.9
[INFO] [stderr]    Compiling sqlx-core v0.8.6
[INFO] [stderr]    Compiling yansi v1.0.1
[INFO] [stderr]    Compiling byteorder v1.5.0
[INFO] [stderr]    Compiling hex v0.4.3
[INFO] [stderr]    Compiling num-conv v0.2.2
[INFO] [stderr]    Compiling home v0.5.12
[INFO] [stderr]    Compiling dotenvy v0.15.7
[INFO] [stderr]    Compiling bitflags v2.13.2
[INFO] [stderr]    Compiling whoami v1.6.1
[INFO] [stderr]    Compiling cpufeatures v0.3.1
[INFO] [stderr]    Compiling sha2 v0.11.0
[INFO] [stderr]    Compiling time-macros v0.2.32
[INFO] [stderr]     Checking serde_urlencoded v0.7.1
[INFO] [stderr]     Checking hyper v1.11.1
[INFO] [stderr]     Checking tower v0.5.3
[INFO] [stderr]     Checking toml_datetime v0.6.11
[INFO] [stderr]     Checking serde_spanned v0.6.9
[INFO] [stderr]    Compiling cookie v0.18.2
[INFO] [stderr]    Compiling uncased v0.9.10
[INFO] [stderr]     Checking winnow v0.7.15
[INFO] [stderr]     Checking lazy_static v1.5.0
[INFO] [stderr]     Checking toml_write v0.1.2
[INFO] [stderr]     Checking deranged v0.5.8
[INFO] [stderr]     Checking regex-syntax v0.8.11
[INFO] [stderr]    Compiling mime v0.3.17
[INFO] [stderr]     Checking hyper-util v0.1.20
[INFO] [stderr]    Compiling protobuf v2.28.0
[INFO] [stderr]    Compiling sqlx-postgres v0.8.6
[INFO] [stderr]     Checking time v0.3.55
[INFO] [stderr]     Checking regex-automata v0.4.18
[INFO] [stderr]     Checking tokio-rustls v0.26.5
[INFO] [stderr]    Compiling rust-embed-utils v8.12.0
[INFO] [stderr]    Compiling pear_codegen v0.2.9
[INFO] [stderr]     Checking toml_edit v0.22.27
[INFO] [stderr]     Checking axum-core v0.5.6
[INFO] [stderr]     Checking serde_path_to_error v0.1.20
[INFO] [stderr]    Compiling figment v0.10.19
[INFO] [stderr]    Compiling thiserror-impl v1.0.69
[INFO] [stderr]     Checking inlinable_string v0.1.15
[INFO] [stderr]     Checking matchit v0.8.4
[INFO] [stderr]    Compiling prometheus v0.13.4
[INFO] [stderr]     Checking pear v0.2.9
[INFO] [stderr]     Checking matchers v0.2.0
[INFO] [stderr]    Compiling rust-embed-impl v8.12.0
[INFO] [stderr]     Checking thiserror v1.0.69
[INFO] [stderr]     Checking hyper-rustls v0.27.9
[INFO] [stderr]     Checking toml v0.8.23
[INFO] [stderr]     Checking axum v0.8.9
[INFO] [stderr]     Checking sharded-slab v0.1.7
[INFO] [stderr]     Checking tower-http v0.6.11
[INFO] [stderr]     Checking tokio-util v0.7.19
[INFO] [stderr]     Checking tracing-log v0.2.0
[INFO] [stderr]     Checking thread_local v1.1.10
[INFO] [stderr]     Checking nu-ansi-term v0.50.3
[INFO] [stderr]    Compiling portico v0.1.0 (/opt/rustwide/workdir)
[INFO] [stderr]     Checking tracing-subscriber v0.3.23
[INFO] [stderr] warning: portico@0.1.0: admin-ui/dist/index.html was missing; embedded a placeholder. Run `make admin-ui` for the real portal.
[INFO] [stderr]     Checking reqwest v0.12.28
[INFO] [stderr]     Checking rust-embed v8.12.0
[INFO] [stderr]    Compiling sqlx-macros-core v0.8.6
[INFO] [stderr]    Compiling sqlx-macros v0.8.6
[INFO] [stderr]     Checking sqlx v0.8.6
[INFO] [stderr]     Checking axum-extra v0.10.3
[INFO] [stdout] error: #[derive(RustEmbed)] folder '/opt/rustwide/workdir/admin-ui/dist' does not exist. cwd: '/opt/rustwide/workdir'
[INFO] [stdout]   --> src/admin.rs:33:1
[INFO] [stdout]    |
[INFO] [stdout] 33 | / #[folder = "admin-ui/dist"]
[INFO] [stdout] 34 | | struct AdminAssets;
[INFO] [stdout]    | |___________________^
[INFO] [stdout] 
[INFO] [stdout] 
[INFO] [stdout] error: #[derive(RustEmbed)] folder '/opt/rustwide/workdir/admin-ui/dist' does not exist. cwd: '/opt/rustwide/workdir'
[INFO] [stdout]   --> src/admin.rs:33:1
[INFO] [stdout]    |
[INFO] [stdout] 33 | / #[folder = "admin-ui/dist"]
[INFO] [stdout] 34 | | struct AdminAssets;
[INFO] [stdout]    | |___________________^
[INFO] [stdout] 
[INFO] [stdout] 
[INFO] [stdout] error[E0599]: no associated function or constant named `get` found for struct `AdminAssets` in the current scope
[INFO] [stdout]    --> src/admin.rs:240:41
[INFO] [stdout]     |
[INFO] [stdout]  34 | struct AdminAssets;
[INFO] [stdout]     | ------------------ associated function or constant `get` not found for this struct
[INFO] [stdout] ...
[INFO] [stdout] 240 |     if let Some(content) = AdminAssets::get(path) {
[INFO] [stdout]     |                                         ^^^ associated function or constant not found in `AdminAssets`
[INFO] [stdout]     |
[INFO] [stdout]     = help: items from traits can only be used if the trait is implemented and in scope
[INFO] [stdout]     = note: the following traits define an item `get`, perhaps you need to implement one of them:
[INFO] [stdout]             candidate #1: `Embed`
[INFO] [stdout]             candidate #2: `Row`
[INFO] [stdout]             candidate #3: `SliceIndex`
[INFO] [stdout]             candidate #4: `icu_collections::codepointtrie::cptrie::TypedCodePointTrie`
[INFO] [stdout]             candidate #5: `icu_properties::names::PropertyEnumToValueNameLookup`
[INFO] [stdout]             candidate #6: `icu_provider::baked::DataStore`
[INFO] [stdout]             candidate #7: `prometheus::core::Atomic`
[INFO] [stdout]             candidate #8: `protobuf::reflect::repeated::ReflectRepeated`
[INFO] [stdout]             candidate #9: `protobuf::reflect::repeated::ReflectRepeatedEnum`
[INFO] [stdout]             candidate #10: `protobuf::reflect::repeated::ReflectRepeatedMessage`
[INFO] [stdout]             candidate #11: `rustls::server::server_conn::StoresServerSessions`
[INFO] [stdout]             candidate #12: `toml_edit::table::TableLike`
[INFO] [stdout] 
[INFO] [stdout] 
[INFO] [stdout] error[E0599]: no associated function or constant named `get` found for struct `AdminAssets` in the current scope
[INFO] [stdout]    --> src/admin.rs:246:45
[INFO] [stdout]     |
[INFO] [stdout]  34 | struct AdminAssets;
[INFO] [stdout]     | ------------------ associated function or constant `get` not found for this struct
[INFO] [stdout] ...
[INFO] [stdout] 246 |         if let Some(content) = AdminAssets::get("index.html") {
[INFO] [stdout]     |                                             ^^^ associated function or constant not found in `AdminAssets`
[INFO] [stdout]     |
[INFO] [stdout]     = help: items from traits can only be used if the trait is implemented and in scope
[INFO] [stdout]     = note: the following traits define an item `get`, perhaps you need to implement one of them:
[INFO] [stdout]             candidate #1: `Embed`
[INFO] [stdout]             candidate #2: `Row`
[INFO] [stdout]             candidate #3: `SliceIndex`
[INFO] [stdout]             candidate #4: `icu_collections::codepointtrie::cptrie::TypedCodePointTrie`
[INFO] [stdout]             candidate #5: `icu_properties::names::PropertyEnumToValueNameLookup`
[INFO] [stdout]             candidate #6: `icu_provider::baked::DataStore`
[INFO] [stdout]             candidate #7: `prometheus::core::Atomic`
[INFO] [stdout]             candidate #8: `protobuf::reflect::repeated::ReflectRepeated`
[INFO] [stdout]             candidate #9: `protobuf::reflect::repeated::ReflectRepeatedEnum`
[INFO] [stdout]             candidate #10: `protobuf::reflect::repeated::ReflectRepeatedMessage`
[INFO] [stdout]             candidate #11: `rustls::server::server_conn::StoresServerSessions`
[INFO] [stdout]             candidate #12: `toml_edit::table::TableLike`
[INFO] [stdout] 
[INFO] [stdout] 
[INFO] [stdout] error[E0599]: no associated function or constant named `get` found for struct `AdminAssets` in the current scope
[INFO] [stdout]    --> src/admin.rs:240:41
[INFO] [stdout]     |
[INFO] [stdout]  34 | struct AdminAssets;
[INFO] [stdout]     | ------------------ associated function or constant `get` not found for this struct
[INFO] [stdout] ...
[INFO] [stdout] 240 |     if let Some(content) = AdminAssets::get(path) {
[INFO] [stdout]     |                                         ^^^ associated function or constant not found in `AdminAssets`
[INFO] [stdout]     |
[INFO] [stdout]     = help: items from traits can only be used if the trait is implemented and in scope
[INFO] [stdout]     = note: the following traits define an item `get`, perhaps you need to implement one of them:
[INFO] [stdout]             candidate #1: `Embed`
[INFO] [stdout]             candidate #2: `Row`
[INFO] [stdout]             candidate #3: `SliceIndex`
[INFO] [stdout]             candidate #4: `icu_collections::codepointtrie::cptrie::TypedCodePointTrie`
[INFO] [stdout]             candidate #5: `icu_properties::names::PropertyEnumToValueNameLookup`
[INFO] [stdout]             candidate #6: `icu_provider::baked::DataStore`
[INFO] [stdout]             candidate #7: `prometheus::core::Atomic`
[INFO] [stdout]             candidate #8: `protobuf::reflect::repeated::ReflectRepeated`
[INFO] [stdout]             candidate #9: `protobuf::reflect::repeated::ReflectRepeatedEnum`
[INFO] [stdout]             candidate #10: `protobuf::reflect::repeated::ReflectRepeatedMessage`
[INFO] [stdout]             candidate #11: `rustls::server::server_conn::StoresServerSessions`
[INFO] [stdout]             candidate #12: `toml_edit::table::TableLike`
[INFO] [stdout] 
[INFO] [stdout] 
[INFO] [stdout] error[E0599]: no associated function or constant named `get` found for struct `AdminAssets` in the current scope
[INFO] [stdout]    --> src/admin.rs:246:45
[INFO] [stdout]     |
[INFO] [stdout]  34 | struct AdminAssets;
[INFO] [stdout]     | ------------------ associated function or constant `get` not found for this struct
[INFO] [stdout] ...
[INFO] [stdout] 246 |         if let Some(content) = AdminAssets::get("index.html") {
[INFO] [stdout]     |                                             ^^^ associated function or constant not found in `AdminAssets`
[INFO] [stdout]     |
[INFO] [stdout]     = help: items from traits can only be used if the trait is implemented and in scope
[INFO] [stdout]     = note: the following traits define an item `get`, perhaps you need to implement one of them:
[INFO] [stdout]             candidate #1: `Embed`
[INFO] [stdout]             candidate #2: `Row`
[INFO] [stdout]             candidate #3: `SliceIndex`
[INFO] [stdout]             candidate #4: `icu_collections::codepointtrie::cptrie::TypedCodePointTrie`
[INFO] [stdout]             candidate #5: `icu_properties::names::PropertyEnumToValueNameLookup`
[INFO] [stdout]             candidate #6: `icu_provider::baked::DataStore`
[INFO] [stdout]             candidate #7: `prometheus::core::Atomic`
[INFO] [stdout]             candidate #8: `protobuf::reflect::repeated::ReflectRepeated`
[INFO] [stdout]             candidate #9: `protobuf::reflect::repeated::ReflectRepeatedEnum`
[INFO] [stdout]             candidate #10: `protobuf::reflect::repeated::ReflectRepeatedMessage`
[INFO] [stdout]             candidate #11: `rustls::server::server_conn::StoresServerSessions`
[INFO] [stdout]             candidate #12: `toml_edit::table::TableLike`
[INFO] [stdout] 
[INFO] [stdout] 
[INFO] [stdout] For more information about this error, try `rustc --explain E0599`.
[INFO] [stdout] 
[INFO] [stdout] For more information about this error, try `rustc --explain E0599`.
[INFO] [stdout] 
[INFO] [stderr] warning: portico@0.1.0: admin-ui/dist/index.html was missing; embedded a placeholder. Run `make admin-ui` for the real portal.
[INFO] [stderr] error: could not compile `portico` (lib) due to 3 previous errors
[INFO] [stderr] warning: build failed, waiting for other jobs to finish...
[INFO] [stderr] warning: portico@0.1.0: admin-ui/dist/index.html was missing; embedded a placeholder. Run `make admin-ui` for the real portal.
[INFO] [stderr] error: could not compile `portico` (lib test) due to 3 previous errors
[INFO] running `Command { std: "docker" "inspect" "57f9106107413f3d9a8cdc315aaddc25ac68e7686cda4e8b98475237883e77d8", kill_on_drop: false }`
[INFO] running `Command { std: "docker" "rm" "-f" "57f9106107413f3d9a8cdc315aaddc25ac68e7686cda4e8b98475237883e77d8", kill_on_drop: false }`
[INFO] [stdout] 57f9106107413f3d9a8cdc315aaddc25ac68e7686cda4e8b98475237883e77d8
