[INFO] cloning repository https://github.com/nizzo-dev/HeadroomRoute
[INFO] running `Command { std: "git" "-c" "credential.helper=" "-c" "credential.helper=/workspace/cargo-home/bin/git-credential-null" "clone" "--bare" "https://github.com/nizzo-dev/HeadroomRoute" "/workspace/cache/git-repos/https%3A%2F%2Fgithub.com%2Fnizzo-dev%2FHeadroomRoute", kill_on_drop: false }`
[INFO] [stderr] Cloning into bare repository '/workspace/cache/git-repos/https%3A%2F%2Fgithub.com%2Fnizzo-dev%2FHeadroomRoute'...
[INFO] running `Command { std: "git" "rev-parse" "HEAD", kill_on_drop: false }`
[INFO] [stdout] 4a0a2e84caf851c9e5cea5b7860e32ae79df051d
[INFO] checking nizzo-dev/HeadroomRoute against 3154cc1a3e6424e44f438a95007d043ed5ceaaf6 for pr-133502-30
[INFO] running `Command { std: "git" "clone" "/workspace/cache/git-repos/https%3A%2F%2Fgithub.com%2Fnizzo-dev%2FHeadroomRoute" "/workspace/builds/worker-0-tc2/source", kill_on_drop: false }`
[INFO] [stderr] Cloning into '/workspace/builds/worker-0-tc2/source'...
[INFO] [stderr] done.
[INFO] started tweaking git repo https://github.com/nizzo-dev/HeadroomRoute
[INFO] finished tweaking git repo https://github.com/nizzo-dev/HeadroomRoute
[INFO] tweaked toml for git repo https://github.com/nizzo-dev/HeadroomRoute written to /workspace/builds/worker-0-tc2/source/Cargo.toml
[INFO] validating manifest of git repo https://github.com/nizzo-dev/HeadroomRoute on toolchain 3154cc1a3e6424e44f438a95007d043ed5ceaaf6
[INFO] running `Command { std: CARGO_HOME="/workspace/cargo-home" RUSTUP_HOME="/workspace/rustup-home" "/workspace/cargo-home/bin/cargo" "+3154cc1a3e6424e44f438a95007d043ed5ceaaf6" "metadata" "--manifest-path" "Cargo.toml" "--no-deps", kill_on_drop: false }`
[INFO] crate git repo https://github.com/nizzo-dev/HeadroomRoute already has a lockfile, it will not be regenerated
[INFO] running `Command { std: CARGO_HOME="/workspace/cargo-home" RUSTUP_HOME="/workspace/rustup-home" "/workspace/cargo-home/bin/cargo" "+3154cc1a3e6424e44f438a95007d043ed5ceaaf6" "fetch" "--manifest-path" "Cargo.toml", kill_on_drop: false }`
[INFO] running `Command { std: "docker" "create" "-v" "/var/lib/crater-agent-workspace/builds/worker-0-tc2/source:/opt/rustwide/workdir:ro,Z" "-v" "/var/lib/crater-agent-workspace/builds/worker-0-tc2/target:/opt/rustwide/target:rw,Z" "-v" "/var/lib/crater-agent-workspace/cargo-home:/opt/rustwide/cargo-home:ro,Z" "-v" "/var/lib/crater-agent-workspace/rustup-home:/opt/rustwide/rustup-home:ro,Z" "-m" "1610612736" "--network" "none" "ghcr.io/rust-lang/crates-build-env/linux@sha256:77db811e55d90add9212f6832c23229e3de5f1c1f9905e8cb07319ea15df73ac" "sleep" "infinity", kill_on_drop: false }`
[INFO] [stdout] eb7c5019fe60c1537aa7d62c0da8c6e985e9bf241d97f322fbf92dda58f5d377
[INFO] running `Command { std: "docker" "start" "eb7c5019fe60c1537aa7d62c0da8c6e985e9bf241d97f322fbf92dda58f5d377", kill_on_drop: false }`
[INFO] running `Command { std: "docker" "inspect" "eb7c5019fe60c1537aa7d62c0da8c6e985e9bf241d97f322fbf92dda58f5d377", kill_on_drop: false }`
[INFO] running `Command { std: "docker" "exec" "-e" "SOURCE_DIR=/opt/rustwide/workdir" "-e" "CARGO_HOME=/opt/rustwide/cargo-home" "-e" "RUSTUP_HOME=/opt/rustwide/rustup-home" "-e" "CARGO_TARGET_DIR=/opt/rustwide/target" "-w" "/opt/rustwide/workdir" "--user" "0:0" "eb7c5019fe60c1537aa7d62c0da8c6e985e9bf241d97f322fbf92dda58f5d377" "/opt/rustwide/cargo-home/bin/cargo" "+3154cc1a3e6424e44f438a95007d043ed5ceaaf6" "metadata" "--no-deps" "--format-version=1", kill_on_drop: false }`
[INFO] running `Command { std: "docker" "inspect" "eb7c5019fe60c1537aa7d62c0da8c6e985e9bf241d97f322fbf92dda58f5d377", kill_on_drop: false }`
[INFO] running `Command { std: "docker" "exec" "-e" "SOURCE_DIR=/opt/rustwide/workdir" "-e" "CARGO_HOME=/opt/rustwide/cargo-home" "-e" "RUSTUP_HOME=/opt/rustwide/rustup-home" "-e" "CARGO_TARGET_DIR=/opt/rustwide/target" "-e" "CARGO_INCREMENTAL=0" "-e" "RUST_BACKTRACE=full" "-e" "RUSTFLAGS=--cap-lints=forbid" "-e" "RUSTDOCFLAGS=--cap-lints=forbid" "-w" "/opt/rustwide/workdir" "--user" "0:0" "eb7c5019fe60c1537aa7d62c0da8c6e985e9bf241d97f322fbf92dda58f5d377" "/opt/rustwide/cargo-home/bin/cargo" "+3154cc1a3e6424e44f438a95007d043ed5ceaaf6" "check" "--frozen" "--all" "--all-targets" "--message-format=json", kill_on_drop: false }`
[INFO] [stderr]    Compiling find-msvc-tools v0.1.9
[INFO] [stderr]    Compiling pkg-config v0.3.33
[INFO] [stderr]     Checking litemap v0.8.2
[INFO] [stderr]    Compiling serde_core v1.0.229
[INFO] [stderr]     Checking writeable v0.6.3
[INFO] [stderr]     Checking futures-sink v0.3.33
[INFO] [stderr]     Checking http v1.4.2
[INFO] [stderr]     Checking log v0.4.33
[INFO] [stderr]    Compiling icu_normalizer_data v2.2.0
[INFO] [stderr]    Compiling icu_properties_data v2.2.0
[INFO] [stderr]     Checking futures-io v0.3.33
[INFO] [stderr]     Checking futures-task v0.3.33
[INFO] [stderr]    Compiling zerovec-derive v0.11.3
[INFO] [stderr]    Compiling displaydoc v0.2.6
[INFO] [stderr]    Compiling openssl v0.10.81
[INFO] [stderr]    Compiling openssl-macros v0.1.1
[INFO] [stderr]    Compiling syn v3.0.3
[INFO] [stderr]    Compiling zerocopy v0.8.55
[INFO] [stderr]    Compiling cc v1.4.0
[INFO] [stderr]    Compiling native-tls v0.2.18
[INFO] [stderr]     Checking futures-util v0.3.33
[INFO] [stderr]     Checking futures-channel v0.3.33
[INFO] [stderr]     Checking openssl-probe v0.2.1
[INFO] [stderr]     Checking getrandom v0.3.4
[INFO] [stderr]     Checking sync_wrapper v1.0.2
[INFO] [stderr]     Checking ipnet v2.12.0
[INFO] [stderr]     Checking indexmap v2.14.0
[INFO] [stderr]     Checking crc32fast v1.5.0
[INFO] [stderr]    Compiling vte_generate_state_changes v0.1.2
[INFO] [stderr]     Checking winnow v1.0.4
[INFO] [stderr]     Checking rand_core v0.9.5
[INFO] [stderr]     Checking simd-adler32 v0.3.10
[INFO] [stderr]     Checking zlib-rs v0.6.6
[INFO] [stderr]     Checking bumpalo v3.20.3
[INFO] [stderr]     Checking vte v0.11.1
[INFO] [stderr]     Checking toml_writer v1.1.2+spec-1.1.0
[INFO] [stderr]     Checking windows-link v0.2.1
[INFO] [stderr]     Checking zerotrie v0.2.4
[INFO] [stderr]     Checking winnow v0.7.15
[INFO] [stderr]     Checking windows-sys v0.61.2
[INFO] [stderr]     Checking zopfli v0.8.3
[INFO] [stderr]     Checking toml_parser v1.1.3+spec-1.1.0
[INFO] [stderr]     Checking sha2 v0.10.9
[INFO] [stderr]     Checking anyhow v1.0.104
[INFO] [stderr]     Checking vt100 v0.15.2
[INFO] [stderr]     Checking http-body v1.1.0
[INFO] [stderr]     Checking hyper v1.11.0
[INFO] [stderr]     Checking http-body-util v0.1.4
[INFO] [stderr]     Checking zerovec v0.11.6
[INFO] [stderr]    Compiling openssl-sys v0.9.117
[INFO] [stderr]     Checking flate2 v1.1.9
[INFO] [stderr]     Checking tinystr v0.8.3
[INFO] [stderr]     Checking potential_utf v0.1.5
[INFO] [stderr]     Checking icu_collections v2.2.0
[INFO] [stderr]     Checking icu_locale_core v2.2.0
[INFO] [stderr]     Checking zip v4.6.1
[INFO] [stderr]    Compiling serde_derive v1.0.229
[INFO] [stderr]     Checking icu_provider v2.2.0
[INFO] [stderr]     Checking icu_normalizer v2.2.0
[INFO] [stderr]     Checking icu_properties v2.2.0
[INFO] [stderr]     Checking serde_spanned v1.1.1
[INFO] [stderr]     Checking serde_json v1.0.151
[INFO] [stderr]     Checking toml_datetime v0.7.5+spec-1.1.0
[INFO] [stderr]     Checking toml_edit v0.23.10+spec-1.0.0
[INFO] [stderr]     Checking tower v0.5.3
[INFO] [stderr]     Checking hyper-util v0.1.20
[INFO] [stderr]     Checking idna_adapter v1.2.2
[INFO] [stderr]     Checking idna v1.1.0
[INFO] [stderr]     Checking url v2.5.8
[INFO] [stderr]     Checking tower-http v0.6.11
[INFO] [stderr]     Checking serde v1.0.229
[INFO] [stderr]     Checking ppv-lite86 v0.2.21
[INFO] [stderr]     Checking serde_urlencoded v0.7.1
[INFO] [stderr]     Checking chrono v0.4.45
[INFO] [stderr]     Checking rand_chacha v0.9.0
[INFO] [stderr]     Checking tokio-native-tls v0.3.1
[INFO] [stderr]     Checking hyper-tls v0.6.0
[INFO] [stderr]     Checking rand v0.9.5
[INFO] [stderr]     Checking reqwest v0.12.28
[INFO] [stderr]     Checking headroom-route v0.9.6 (/opt/rustwide/workdir)
[INFO] [stdout] error[E0601]: `main` function not found in crate `HeadroomRouteCLI`
[INFO] [stdout]    --> src/cli.rs:173:2
[INFO] [stdout]     |
[INFO] [stdout] 173 | }
[INFO] [stdout]     |  ^ consider adding a `main` function to `src/cli.rs`
[INFO] [stdout] 
[INFO] [stdout] 
[INFO] [stdout] For more information about this error, try `rustc --explain E0601`.
[INFO] [stdout] 
[INFO] [stderr] error: could not compile `headroom-route` (bin "HeadroomRouteCLI") due to 1 previous error
[INFO] [stderr] warning: build failed, waiting for other jobs to finish...
[INFO] [stdout] error[E0432]: unresolved import `crate::sqlite`
[INFO] [stdout]   --> src/config.rs:3:5
[INFO] [stdout]    |
[INFO] [stdout]  3 |     sqlite,
[INFO] [stdout]    |     ^^^^^^ no `sqlite` in the root
[INFO] [stdout]    |
[INFO] [stdout] note: found an item that was configured out
[INFO] [stdout]   --> src/main.rs:17:5
[INFO] [stdout]    |
[INFO] [stdout] 17 | mod sqlite;
[INFO] [stdout]    |     ^^^^^^
[INFO] [stdout]    |
[INFO] [stdout]   ::: src/sqlite.rs:1:8
[INFO] [stdout]    |
[INFO] [stdout]  1 | #![cfg(windows)]
[INFO] [stdout]    |        ------- the item is gated here
[INFO] [stdout] 
[INFO] [stdout] 
[INFO] [stdout] error[E0433]: cannot find `windows` in `os`
[INFO] [stdout]  --> src/config/file_io.rs:6:9
[INFO] [stdout]   |
[INFO] [stdout] 6 |     os::windows::ffi::OsStrExt,
[INFO] [stdout]   |         ^^^^^^^ could not find `windows` in `os`
[INFO] [stdout]   |
[INFO] [stdout] note: found an item that was configured out
[INFO] [stdout]  --> /rustc/3154cc1a3e6424e44f438a95007d043ed5ceaaf6/library/std/src/os/mod.rs:62:4
[INFO] [stdout]   |
[INFO] [stdout]   = note: the item is gated behind the `windows` feature
[INFO] [stdout] 
[INFO] [stdout] 
[INFO] [stdout] error[E0432]: unresolved import `crate::sqlite`
[INFO] [stdout]   --> src/config/discovery.rs:4:5
[INFO] [stdout]    |
[INFO] [stdout]  4 |     sqlite,
[INFO] [stdout]    |     ^^^^^^ no `sqlite` in the root
[INFO] [stdout]    |
[INFO] [stdout]    = help: consider importing this unresolved item through its public re-export instead:
[INFO] [stdout]            crate::config::sqlite
[INFO] [stdout] note: found an item that was configured out
[INFO] [stdout]   --> src/main.rs:17:5
[INFO] [stdout]    |
[INFO] [stdout] 17 | mod sqlite;
[INFO] [stdout]    |     ^^^^^^
[INFO] [stdout]    |
[INFO] [stdout]   ::: src/sqlite.rs:1:8
[INFO] [stdout]    |
[INFO] [stdout]  1 | #![cfg(windows)]
[INFO] [stdout]    |        ------- the item is gated here
[INFO] [stdout] 
[INFO] [stdout] 
[INFO] [stdout] error[E0433]: cannot find `windows` in `os`
[INFO] [stdout]   --> src/proxy/server.rs:77:18
[INFO] [stdout]    |
[INFO] [stdout] 77 |     use std::os::windows::process::CommandExt;
[INFO] [stdout]    |                  ^^^^^^^ could not find `windows` in `os`
[INFO] [stdout]    |
[INFO] [stdout] note: found an item that was configured out
[INFO] [stdout]   --> /rustc/3154cc1a3e6424e44f438a95007d043ed5ceaaf6/library/std/src/os/mod.rs:62:4
[INFO] [stdout]    |
[INFO] [stdout]    = note: the item is gated behind the `windows` feature
[INFO] [stdout] 
[INFO] [stdout] 
[INFO] [stdout] error[E0432]: unresolved import `crate::sqlite`
[INFO] [stdout]   --> src/config/model_sync.rs:3:5
[INFO] [stdout]    |
[INFO] [stdout]  3 |     sqlite,
[INFO] [stdout]    |     ^^^^^^ no `sqlite` in the root
[INFO] [stdout]    |
[INFO] [stdout]    = help: consider importing this unresolved item through its public re-export instead:
[INFO] [stdout]            crate::config::sqlite
[INFO] [stdout] note: found an item that was configured out
[INFO] [stdout]   --> src/main.rs:17:5
[INFO] [stdout]    |
[INFO] [stdout] 17 | mod sqlite;
[INFO] [stdout]    |     ^^^^^^
[INFO] [stdout]    |
[INFO] [stdout]   ::: src/sqlite.rs:1:8
[INFO] [stdout]    |
[INFO] [stdout]  1 | #![cfg(windows)]
[INFO] [stdout]    |        ------- the item is gated here
[INFO] [stdout] 
[INFO] [stdout] 
[INFO] [stdout] error[E0432]: unresolved import `crate::updater`
[INFO] [stdout]   --> src/worker.rs:7:5
[INFO] [stdout]    |
[INFO] [stdout]  7 |     updater,
[INFO] [stdout]    |     ^^^^^^^ no `updater` in the root
[INFO] [stdout]    |
[INFO] [stdout] note: found an item that was configured out
[INFO] [stdout]   --> src/main.rs:21:5
[INFO] [stdout]    |
[INFO] [stdout] 21 | mod updater;
[INFO] [stdout]    |     ^^^^^^^
[INFO] [stdout]    |
[INFO] [stdout]   ::: src/updater/mod.rs:1:8
[INFO] [stdout]    |
[INFO] [stdout]  1 | #![cfg(windows)]
[INFO] [stdout]    |        ------- the item is gated here
[INFO] [stdout] 
[INFO] [stdout] 
[INFO] [stdout] error[E0432]: unresolved import `crate::sqlite`
[INFO] [stdout]   --> src/config.rs:3:5
[INFO] [stdout]    |
[INFO] [stdout]  3 |     sqlite,
[INFO] [stdout]    |     ^^^^^^ no `sqlite` in the root
[INFO] [stdout]    |
[INFO] [stdout] note: found an item that was configured out
[INFO] [stdout]   --> src/main.rs:17:5
[INFO] [stdout]    |
[INFO] [stdout] 17 | mod sqlite;
[INFO] [stdout]    |     ^^^^^^
[INFO] [stdout]    |
[INFO] [stdout]   ::: src/sqlite.rs:1:8
[INFO] [stdout]    |
[INFO] [stdout]  1 | #![cfg(windows)]
[INFO] [stdout]    |        ------- the item is gated here
[INFO] [stdout] 
[INFO] [stdout] 
[INFO] [stdout] error[E0433]: cannot find `windows` in `os`
[INFO] [stdout]  --> src/config/file_io.rs:6:9
[INFO] [stdout]   |
[INFO] [stdout] 6 |     os::windows::ffi::OsStrExt,
[INFO] [stdout]   |         ^^^^^^^ could not find `windows` in `os`
[INFO] [stdout]   |
[INFO] [stdout] note: found an item that was configured out
[INFO] [stdout]  --> /rustc/3154cc1a3e6424e44f438a95007d043ed5ceaaf6/library/std/src/os/mod.rs:62:4
[INFO] [stdout]   |
[INFO] [stdout]   = note: the item is gated behind the `windows` feature
[INFO] [stdout] 
[INFO] [stdout] 
[INFO] [stdout] error[E0433]: cannot find `windows` in `os`
[INFO] [stdout]    --> src/main.rs:558:18
[INFO] [stdout]     |
[INFO] [stdout] 558 |     use std::os::windows::process::CommandExt;
[INFO] [stdout]     |                  ^^^^^^^ could not find `windows` in `os`
[INFO] [stdout]     |
[INFO] [stdout] note: found an item that was configured out
[INFO] [stdout]    --> /rustc/3154cc1a3e6424e44f438a95007d043ed5ceaaf6/library/std/src/os/mod.rs:62:4
[INFO] [stdout]     |
[INFO] [stdout]     = note: the item is gated behind the `windows` feature
[INFO] [stdout] 
[INFO] [stdout] 
[INFO] [stdout] error[E0432]: unresolved import `crate::sqlite`
[INFO] [stdout]   --> src/worker/cc_switch_watch.rs:3:5
[INFO] [stdout]    |
[INFO] [stdout]  3 |     sqlite::{self, ProviderRow},
[INFO] [stdout]    |     ^^^^^^ could not find `sqlite` in the crate root
[INFO] [stdout]    |
[INFO] [stdout] note: found an item that was configured out
[INFO] [stdout]   --> src/main.rs:17:5
[INFO] [stdout]    |
[INFO] [stdout] 17 | mod sqlite;
[INFO] [stdout]    |     ^^^^^^
[INFO] [stdout]    |
[INFO] [stdout]   ::: src/sqlite.rs:1:8
[INFO] [stdout]    |
[INFO] [stdout]  1 | #![cfg(windows)]
[INFO] [stdout]    |        ------- the item is gated here
[INFO] [stdout] 
[INFO] [stdout] 
[INFO] [stdout] error[E0432]: unresolved import `crate::sqlite`
[INFO] [stdout]   --> src/config/discovery.rs:4:5
[INFO] [stdout]    |
[INFO] [stdout]  4 |     sqlite,
[INFO] [stdout]    |     ^^^^^^ no `sqlite` in the root
[INFO] [stdout]    |
[INFO] [stdout]    = help: consider importing this unresolved item through its public re-export instead:
[INFO] [stdout]            crate::config::sqlite
[INFO] [stdout] note: found an item that was configured out
[INFO] [stdout]   --> src/main.rs:17:5
[INFO] [stdout]    |
[INFO] [stdout] 17 | mod sqlite;
[INFO] [stdout]    |     ^^^^^^
[INFO] [stdout]    |
[INFO] [stdout]   ::: src/sqlite.rs:1:8
[INFO] [stdout]    |
[INFO] [stdout]  1 | #![cfg(windows)]
[INFO] [stdout]    |        ------- the item is gated here
[INFO] [stdout] 
[INFO] [stdout] 
[INFO] [stdout] error[E0433]: cannot find `windows` in `os`
[INFO] [stdout]   --> src/proxy/server.rs:77:18
[INFO] [stdout]    |
[INFO] [stdout] 77 |     use std::os::windows::process::CommandExt;
[INFO] [stdout]    |                  ^^^^^^^ could not find `windows` in `os`
[INFO] [stdout]    |
[INFO] [stdout] note: found an item that was configured out
[INFO] [stdout]   --> /rustc/3154cc1a3e6424e44f438a95007d043ed5ceaaf6/library/std/src/os/mod.rs:62:4
[INFO] [stdout]    |
[INFO] [stdout]    = note: the item is gated behind the `windows` feature
[INFO] [stdout] 
[INFO] [stdout] 
[INFO] [stdout] error[E0432]: unresolved import `crate::sqlite`
[INFO] [stdout]   --> src/config/model_sync.rs:3:5
[INFO] [stdout]    |
[INFO] [stdout]  3 |     sqlite,
[INFO] [stdout]    |     ^^^^^^ no `sqlite` in the root
[INFO] [stdout]    |
[INFO] [stdout]    = help: consider importing this unresolved item through its public re-export instead:
[INFO] [stdout]            crate::config::sqlite
[INFO] [stdout] note: found an item that was configured out
[INFO] [stdout]   --> src/main.rs:17:5
[INFO] [stdout]    |
[INFO] [stdout] 17 | mod sqlite;
[INFO] [stdout]    |     ^^^^^^
[INFO] [stdout]    |
[INFO] [stdout]   ::: src/sqlite.rs:1:8
[INFO] [stdout]    |
[INFO] [stdout]  1 | #![cfg(windows)]
[INFO] [stdout]    |        ------- the item is gated here
[INFO] [stdout] 
[INFO] [stdout] 
[INFO] [stdout] error[E0432]: unresolved import `crate::updater`
[INFO] [stdout]   --> src/worker.rs:7:5
[INFO] [stdout]    |
[INFO] [stdout]  7 |     updater,
[INFO] [stdout]    |     ^^^^^^^ no `updater` in the root
[INFO] [stdout]    |
[INFO] [stdout] note: found an item that was configured out
[INFO] [stdout]   --> src/main.rs:21:5
[INFO] [stdout]    |
[INFO] [stdout] 21 | mod updater;
[INFO] [stdout]    |     ^^^^^^^
[INFO] [stdout]    |
[INFO] [stdout]   ::: src/updater/mod.rs:1:8
[INFO] [stdout]    |
[INFO] [stdout]  1 | #![cfg(windows)]
[INFO] [stdout]    |        ------- the item is gated here
[INFO] [stdout] 
[INFO] [stdout] 
[INFO] [stdout] error[E0433]: cannot find `windows` in `os`
[INFO] [stdout]    --> src/main.rs:558:18
[INFO] [stdout]     |
[INFO] [stdout] 558 |     use std::os::windows::process::CommandExt;
[INFO] [stdout]     |                  ^^^^^^^ could not find `windows` in `os`
[INFO] [stdout]     |
[INFO] [stdout] note: found an item that was configured out
[INFO] [stdout]    --> /rustc/3154cc1a3e6424e44f438a95007d043ed5ceaaf6/library/std/src/os/mod.rs:62:4
[INFO] [stdout]     |
[INFO] [stdout]     = note: the item is gated behind the `windows` feature
[INFO] [stdout] 
[INFO] [stdout] 
[INFO] [stdout] error[E0432]: unresolved import `crate::sqlite`
[INFO] [stdout]   --> src/worker/cc_switch_watch.rs:3:5
[INFO] [stdout]    |
[INFO] [stdout]  3 |     sqlite::{self, ProviderRow},
[INFO] [stdout]    |     ^^^^^^ could not find `sqlite` in the crate root
[INFO] [stdout]    |
[INFO] [stdout] note: found an item that was configured out
[INFO] [stdout]   --> src/main.rs:17:5
[INFO] [stdout]    |
[INFO] [stdout] 17 | mod sqlite;
[INFO] [stdout]    |     ^^^^^^
[INFO] [stdout]    |
[INFO] [stdout]   ::: src/sqlite.rs:1:8
[INFO] [stdout]    |
[INFO] [stdout]  1 | #![cfg(windows)]
[INFO] [stdout]    |        ------- the item is gated here
[INFO] [stdout] 
[INFO] [stdout] 
[INFO] [stdout] warning: unused imports: `REPLACEFILE_WRITE_THROUGH` and `ReplaceFileW`
[INFO] [stdout]   --> src/config/file_io.rs:10:47
[INFO] [stdout]    |
[INFO] [stdout] 10 | use windows_sys::Win32::Storage::FileSystem::{REPLACEFILE_WRITE_THROUGH, ReplaceFileW};
[INFO] [stdout]    |                                               ^^^^^^^^^^^^^^^^^^^^^^^^^  ^^^^^^^^^^^^
[INFO] [stdout]    |
[INFO] [stdout]    = note: `#[warn(unused_imports)]` (part of `#[warn(unused)]`) on by default
[INFO] [stdout] 
[INFO] [stdout] 
[INFO] [stdout] warning: unused imports: `REPLACEFILE_WRITE_THROUGH` and `ReplaceFileW`
[INFO] [stdout]   --> src/config/file_io.rs:10:47
[INFO] [stdout]    |
[INFO] [stdout] 10 | use windows_sys::Win32::Storage::FileSystem::{REPLACEFILE_WRITE_THROUGH, ReplaceFileW};
[INFO] [stdout]    |                                               ^^^^^^^^^^^^^^^^^^^^^^^^^  ^^^^^^^^^^^^
[INFO] [stdout]    |
[INFO] [stdout]    = note: `#[warn(unused_imports)]` (part of `#[warn(unused)]`) on by default
[INFO] [stdout] 
[INFO] [stdout] 
[INFO] [stdout] error[E0599]: no method named `creation_flags` found for mutable reference `&mut Command` in the current scope
[INFO] [stdout]    --> src/proxy/server.rs:83:10
[INFO] [stdout]     |
[INFO] [stdout]  81 |     let process_name = std::process::Command::new("tasklist.exe")
[INFO] [stdout]  82 |         .args(["/FI", filter.as_str(), "/FO", "CSV", "/NH"])
[INFO] [stdout]  83 |         .creation_flags(0x08000000)
[INFO] [stdout]     |          ^^^^^^^^^^^^^^ method not found in `&mut Command`
[INFO] [stdout]     |
[INFO] [stdout]     = help: items from traits can only be used if the trait is implemented and in scope
[INFO] [stdout] note: `CommandCreationFlags` defines an item `creation_flags`, perhaps you need to implement it
[INFO] [stdout]    --> src/cli_identity.rs:136:1
[INFO] [stdout]     |
[INFO] [stdout] 136 | trait CommandCreationFlags {
[INFO] [stdout]     | ^^^^^^^^^^^^^^^^^^^^^^^^^^
[INFO] [stdout] 
[INFO] [stdout] 
[INFO] [stdout] error[E0599]: no method named `creation_flags` found for mutable reference `&mut Command` in the current scope
[INFO] [stdout]    --> src/proxy/server.rs:165:10
[INFO] [stdout]     |
[INFO] [stdout] 163 |     let output = std::process::Command::new("netstat.exe")
[INFO] [stdout] 164 |         .args(["-ano", "-p", "tcp"])
[INFO] [stdout] 165 |         .creation_flags(0x08000000)
[INFO] [stdout]     |          ^^^^^^^^^^^^^^ method not found in `&mut Command`
[INFO] [stdout]     |
[INFO] [stdout]     = help: items from traits can only be used if the trait is implemented and in scope
[INFO] [stdout] note: `CommandCreationFlags` defines an item `creation_flags`, perhaps you need to implement it
[INFO] [stdout]    --> src/cli_identity.rs:136:1
[INFO] [stdout]     |
[INFO] [stdout] 136 | trait CommandCreationFlags {
[INFO] [stdout]     | ^^^^^^^^^^^^^^^^^^^^^^^^^^
[INFO] [stdout] 
[INFO] [stdout] 
[INFO] [stdout] error[E0599]: no method named `creation_flags` found for mutable reference `&mut Command` in the current scope
[INFO] [stdout]    --> src/proxy/server.rs:187:10
[INFO] [stdout]     |
[INFO] [stdout] 185 |     let status = std::process::Command::new("taskkill.exe")
[INFO] [stdout] 186 |         .args(["/PID", &pid.to_string(), "/T", "/F"])
[INFO] [stdout] 187 |         .creation_flags(0x08000000)
[INFO] [stdout]     |          ^^^^^^^^^^^^^^ method not found in `&mut Command`
[INFO] [stdout]     |
[INFO] [stdout]     = help: items from traits can only be used if the trait is implemented and in scope
[INFO] [stdout] note: `CommandCreationFlags` defines an item `creation_flags`, perhaps you need to implement it
[INFO] [stdout]    --> src/cli_identity.rs:136:1
[INFO] [stdout]     |
[INFO] [stdout] 136 | trait CommandCreationFlags {
[INFO] [stdout]     | ^^^^^^^^^^^^^^^^^^^^^^^^^^
[INFO] [stdout] 
[INFO] [stdout] 
[INFO] [stdout] error[E0599]: no method named `creation_flags` found for mutable reference `&mut Command` in the current scope
[INFO] [stdout]    --> src/proxy/server.rs:83:10
[INFO] [stdout]     |
[INFO] [stdout]  81 |     let process_name = std::process::Command::new("tasklist.exe")
[INFO] [stdout]  82 |         .args(["/FI", filter.as_str(), "/FO", "CSV", "/NH"])
[INFO] [stdout]  83 |         .creation_flags(0x08000000)
[INFO] [stdout]     |          ^^^^^^^^^^^^^^ method not found in `&mut Command`
[INFO] [stdout]     |
[INFO] [stdout]     = help: items from traits can only be used if the trait is implemented and in scope
[INFO] [stdout] note: `CommandCreationFlags` defines an item `creation_flags`, perhaps you need to implement it
[INFO] [stdout]    --> src/cli_identity.rs:136:1
[INFO] [stdout]     |
[INFO] [stdout] 136 | trait CommandCreationFlags {
[INFO] [stdout]     | ^^^^^^^^^^^^^^^^^^^^^^^^^^
[INFO] [stdout] 
[INFO] [stdout] 
[INFO] [stdout] error[E0599]: no method named `creation_flags` found for mutable reference `&mut Command` in the current scope
[INFO] [stdout]    --> src/proxy/server.rs:165:10
[INFO] [stdout]     |
[INFO] [stdout] 163 |     let output = std::process::Command::new("netstat.exe")
[INFO] [stdout] 164 |         .args(["-ano", "-p", "tcp"])
[INFO] [stdout] 165 |         .creation_flags(0x08000000)
[INFO] [stdout]     |          ^^^^^^^^^^^^^^ method not found in `&mut Command`
[INFO] [stdout]     |
[INFO] [stdout]     = help: items from traits can only be used if the trait is implemented and in scope
[INFO] [stdout] note: `CommandCreationFlags` defines an item `creation_flags`, perhaps you need to implement it
[INFO] [stdout]    --> src/cli_identity.rs:136:1
[INFO] [stdout]     |
[INFO] [stdout] 136 | trait CommandCreationFlags {
[INFO] [stdout]     | ^^^^^^^^^^^^^^^^^^^^^^^^^^
[INFO] [stdout] 
[INFO] [stdout] 
[INFO] [stdout] error[E0599]: no method named `creation_flags` found for mutable reference `&mut Command` in the current scope
[INFO] [stdout]    --> src/proxy/server.rs:187:10
[INFO] [stdout]     |
[INFO] [stdout] 185 |     let status = std::process::Command::new("taskkill.exe")
[INFO] [stdout] 186 |         .args(["/PID", &pid.to_string(), "/T", "/F"])
[INFO] [stdout] 187 |         .creation_flags(0x08000000)
[INFO] [stdout]     |          ^^^^^^^^^^^^^^ method not found in `&mut Command`
[INFO] [stdout]     |
[INFO] [stdout]     = help: items from traits can only be used if the trait is implemented and in scope
[INFO] [stdout] note: `CommandCreationFlags` defines an item `creation_flags`, perhaps you need to implement it
[INFO] [stdout]    --> src/cli_identity.rs:136:1
[INFO] [stdout]     |
[INFO] [stdout] 136 | trait CommandCreationFlags {
[INFO] [stdout]     | ^^^^^^^^^^^^^^^^^^^^^^^^^^
[INFO] [stdout] 
[INFO] [stdout] 
[INFO] [stdout] error[E0599]: no method named `creation_flags` found for mutable reference `&mut Command` in the current scope
[INFO] [stdout]    --> src/worker.rs:610:10
[INFO] [stdout]     |
[INFO] [stdout] 608 |     let output = Command::new("netstat.exe")
[INFO] [stdout] 609 |         .args(["-ano", "-p", "tcp"])
[INFO] [stdout] 610 |         .creation_flags(0x08000000)
[INFO] [stdout]     |          ^^^^^^^^^^^^^^ method not found in `&mut Command`
[INFO] [stdout]     |
[INFO] [stdout]     = help: items from traits can only be used if the trait is implemented and in scope
[INFO] [stdout] note: `CommandCreationFlags` defines an item `creation_flags`, perhaps you need to implement it
[INFO] [stdout]    --> src/cli_identity.rs:136:1
[INFO] [stdout]     |
[INFO] [stdout] 136 | trait CommandCreationFlags {
[INFO] [stdout]     | ^^^^^^^^^^^^^^^^^^^^^^^^^^
[INFO] [stdout] 
[INFO] [stdout] 
[INFO] [stdout] error[E0599]: no method named `creation_flags` found for mutable reference `&mut Command` in the current scope
[INFO] [stdout]    --> src/worker.rs:632:10
[INFO] [stdout]     |
[INFO] [stdout] 630 |     let status = Command::new("taskkill.exe")
[INFO] [stdout] 631 |         .args(["/PID", &pid.to_string(), "/T", "/F"])
[INFO] [stdout] 632 |         .creation_flags(0x08000000)
[INFO] [stdout]     |          ^^^^^^^^^^^^^^ method not found in `&mut Command`
[INFO] [stdout]     |
[INFO] [stdout]     = help: items from traits can only be used if the trait is implemented and in scope
[INFO] [stdout] note: `CommandCreationFlags` defines an item `creation_flags`, perhaps you need to implement it
[INFO] [stdout]    --> src/cli_identity.rs:136:1
[INFO] [stdout]     |
[INFO] [stdout] 136 | trait CommandCreationFlags {
[INFO] [stdout]     | ^^^^^^^^^^^^^^^^^^^^^^^^^^
[INFO] [stdout] 
[INFO] [stdout] 
[INFO] [stdout] error[E0433]: cannot find module or crate `approval` in this scope
[INFO] [stdout]    --> src/main.rs:243:16
[INFO] [stdout]     |
[INFO] [stdout] 243 |         return approval::run_cli_command(&args[1..]).map(|_| ());
[INFO] [stdout]     |                ^^^^^^^^ use of unresolved module or unlinked crate `approval`
[INFO] [stdout]     |
[INFO] [stdout] note: found an item that was configured out
[INFO] [stdout]    --> src/main.rs:3:5
[INFO] [stdout]     |
[INFO] [stdout]   3 | mod approval;
[INFO] [stdout]     |     ^^^^^^^^
[INFO] [stdout]     |
[INFO] [stdout]    ::: src/approval.rs:1:8
[INFO] [stdout]     |
[INFO] [stdout]   1 | #![cfg(windows)]
[INFO] [stdout]     |        ------- the item is gated here
[INFO] [stdout] help: to make use of source file src/approval.rs, use `mod approval` in this file to declare the module
[INFO] [stdout]     |
[INFO] [stdout]   3 + mod approval;
[INFO] [stdout]     |
[INFO] [stdout] 
[INFO] [stdout] 
[INFO] [stdout] error[E0433]: cannot find module or crate `tray` in this scope
[INFO] [stdout]    --> src/main.rs:246:16
[INFO] [stdout]     |
[INFO] [stdout] 246 |         return tray::run_approval_host();
[INFO] [stdout]     |                ^^^^ use of unresolved module or unlinked crate `tray`
[INFO] [stdout]     |
[INFO] [stdout] note: found an item that was configured out
[INFO] [stdout]    --> src/main.rs:20:5
[INFO] [stdout]     |
[INFO] [stdout]  20 | mod tray;
[INFO] [stdout]     |     ^^^^
[INFO] [stdout]     |
[INFO] [stdout]    ::: src/tray.rs:1:8
[INFO] [stdout]     |
[INFO] [stdout]   1 | #![cfg(windows)]
[INFO] [stdout]     |        ------- the item is gated here
[INFO] [stdout] help: to make use of source file src/tray.rs, use `mod tray` in this file to declare the module
[INFO] [stdout]     |
[INFO] [stdout]   3 + mod tray;
[INFO] [stdout]     |
[INFO] [stdout] 
[INFO] [stdout] 
[INFO] [stdout] error[E0433]: cannot find module or crate `tray` in this scope
[INFO] [stdout]    --> src/main.rs:405:9
[INFO] [stdout]     |
[INFO] [stdout] 405 |         tray::run(app.clone(), should_auto_open_precheck(first_run, &args))
[INFO] [stdout]     |         ^^^^ use of unresolved module or unlinked crate `tray`
[INFO] [stdout]     |
[INFO] [stdout] note: found an item that was configured out
[INFO] [stdout]    --> src/main.rs:20:5
[INFO] [stdout]     |
[INFO] [stdout]  20 | mod tray;
[INFO] [stdout]     |     ^^^^
[INFO] [stdout]     |
[INFO] [stdout]    ::: src/tray.rs:1:8
[INFO] [stdout]     |
[INFO] [stdout]   1 | #![cfg(windows)]
[INFO] [stdout]     |        ------- the item is gated here
[INFO] [stdout] help: to make use of source file src/tray.rs, use `mod tray` in this file to declare the module
[INFO] [stdout]     |
[INFO] [stdout]   3 + mod tray;
[INFO] [stdout]     |
[INFO] [stdout] 
[INFO] [stdout] 
[INFO] [stdout] error[E0433]: cannot find module or crate `sqlite` in this scope
[INFO] [stdout]    --> src/main.rs:475:15
[INFO] [stdout]     |
[INFO] [stdout] 475 |         match sqlite::current_provider(&config.cc_switch_db, "codex") {
[INFO] [stdout]     |               ^^^^^^ use of unresolved module or unlinked crate `sqlite`
[INFO] [stdout]     |
[INFO] [stdout] note: found an item that was configured out
[INFO] [stdout]    --> src/main.rs:17:5
[INFO] [stdout]     |
[INFO] [stdout]  17 | mod sqlite;
[INFO] [stdout]     |     ^^^^^^
[INFO] [stdout]     |
[INFO] [stdout]    ::: src/sqlite.rs:1:8
[INFO] [stdout]     |
[INFO] [stdout]   1 | #![cfg(windows)]
[INFO] [stdout]     |        ------- the item is gated here
[INFO] [stdout] help: to make use of source file src/sqlite.rs, use `mod sqlite` in this file to declare the module
[INFO] [stdout]     |
[INFO] [stdout]   3 + mod sqlite;
[INFO] [stdout]     |
[INFO] [stdout] 
[INFO] [stdout] 
[INFO] [stdout] error[E0433]: cannot find module or crate `sqlite` in this scope
[INFO] [stdout]    --> src/main.rs:485:15
[INFO] [stdout]     |
[INFO] [stdout] 485 |         match sqlite::current_provider(&config.cc_switch_db, "claude") {
[INFO] [stdout]     |               ^^^^^^ use of unresolved module or unlinked crate `sqlite`
[INFO] [stdout]     |
[INFO] [stdout] note: found an item that was configured out
[INFO] [stdout]    --> src/main.rs:17:5
[INFO] [stdout]     |
[INFO] [stdout]  17 | mod sqlite;
[INFO] [stdout]     |     ^^^^^^
[INFO] [stdout]     |
[INFO] [stdout]    ::: src/sqlite.rs:1:8
[INFO] [stdout]     |
[INFO] [stdout]   1 | #![cfg(windows)]
[INFO] [stdout]     |        ------- the item is gated here
[INFO] [stdout] help: to make use of source file src/sqlite.rs, use `mod sqlite` in this file to declare the module
[INFO] [stdout]     |
[INFO] [stdout]   3 + mod sqlite;
[INFO] [stdout]     |
[INFO] [stdout] 
[INFO] [stdout] 
[INFO] [stdout] error[E0599]: no method named `creation_flags` found for mutable reference `&mut Command` in the current scope
[INFO] [stdout]    --> src/main.rs:562:10
[INFO] [stdout]     |
[INFO] [stdout] 560 |     std::process::Command::new(executable)
[INFO] [stdout] 561 |         .arg(format!("--wait-exit={old_pid}"))
[INFO] [stdout] 562 |         .creation_flags(0x08000000)
[INFO] [stdout]     |          ^^^^^^^^^^^^^^ method not found in `&mut Command`
[INFO] [stdout]     |
[INFO] [stdout]     = help: items from traits can only be used if the trait is implemented and in scope
[INFO] [stdout] note: `CommandCreationFlags` defines an item `creation_flags`, perhaps you need to implement it
[INFO] [stdout]    --> src/cli_identity.rs:136:1
[INFO] [stdout]     |
[INFO] [stdout] 136 | trait CommandCreationFlags {
[INFO] [stdout]     | ^^^^^^^^^^^^^^^^^^^^^^^^^^
[INFO] [stdout] 
[INFO] [stdout] 
[INFO] [stdout] error[E0599]: no method named `creation_flags` found for mutable reference `&mut Command` in the current scope
[INFO] [stdout]    --> src/worker.rs:610:10
[INFO] [stdout]     |
[INFO] [stdout] 608 |     let output = Command::new("netstat.exe")
[INFO] [stdout] 609 |         .args(["-ano", "-p", "tcp"])
[INFO] [stdout] 610 |         .creation_flags(0x08000000)
[INFO] [stdout]     |          ^^^^^^^^^^^^^^ method not found in `&mut Command`
[INFO] [stdout]     |
[INFO] [stdout]     = help: items from traits can only be used if the trait is implemented and in scope
[INFO] [stdout] note: `CommandCreationFlags` defines an item `creation_flags`, perhaps you need to implement it
[INFO] [stdout]    --> src/cli_identity.rs:136:1
[INFO] [stdout]     |
[INFO] [stdout] 136 | trait CommandCreationFlags {
[INFO] [stdout]     | ^^^^^^^^^^^^^^^^^^^^^^^^^^
[INFO] [stdout] 
[INFO] [stdout] 
[INFO] [stdout] error[E0599]: no method named `creation_flags` found for mutable reference `&mut Command` in the current scope
[INFO] [stdout]    --> src/worker.rs:632:10
[INFO] [stdout]     |
[INFO] [stdout] 630 |     let status = Command::new("taskkill.exe")
[INFO] [stdout] 631 |         .args(["/PID", &pid.to_string(), "/T", "/F"])
[INFO] [stdout] 632 |         .creation_flags(0x08000000)
[INFO] [stdout]     |          ^^^^^^^^^^^^^^ method not found in `&mut Command`
[INFO] [stdout]     |
[INFO] [stdout]     = help: items from traits can only be used if the trait is implemented and in scope
[INFO] [stdout] note: `CommandCreationFlags` defines an item `creation_flags`, perhaps you need to implement it
[INFO] [stdout]    --> src/cli_identity.rs:136:1
[INFO] [stdout]     |
[INFO] [stdout] 136 | trait CommandCreationFlags {
[INFO] [stdout]     | ^^^^^^^^^^^^^^^^^^^^^^^^^^
[INFO] [stdout] 
[INFO] [stdout] 
[INFO] [stdout] error[E0433]: cannot find module or crate `approval` in this scope
[INFO] [stdout]    --> src/main.rs:243:16
[INFO] [stdout]     |
[INFO] [stdout] 243 |         return approval::run_cli_command(&args[1..]).map(|_| ());
[INFO] [stdout]     |                ^^^^^^^^ use of unresolved module or unlinked crate `approval`
[INFO] [stdout]     |
[INFO] [stdout] note: found an item that was configured out
[INFO] [stdout]    --> src/main.rs:3:5
[INFO] [stdout]     |
[INFO] [stdout]   3 | mod approval;
[INFO] [stdout]     |     ^^^^^^^^
[INFO] [stdout]     |
[INFO] [stdout]    ::: src/approval.rs:1:8
[INFO] [stdout]     |
[INFO] [stdout]   1 | #![cfg(windows)]
[INFO] [stdout]     |        ------- the item is gated here
[INFO] [stdout] help: to make use of source file src/approval.rs, use `mod approval` in this file to declare the module
[INFO] [stdout]     |
[INFO] [stdout]   3 + mod approval;
[INFO] [stdout]     |
[INFO] [stdout] 
[INFO] [stdout] 
[INFO] [stdout] error[E0433]: cannot find module or crate `tray` in this scope
[INFO] [stdout]    --> src/main.rs:246:16
[INFO] [stdout]     |
[INFO] [stdout] 246 |         return tray::run_approval_host();
[INFO] [stdout]     |                ^^^^ use of unresolved module or unlinked crate `tray`
[INFO] [stdout]     |
[INFO] [stdout] note: found an item that was configured out
[INFO] [stdout]    --> src/main.rs:20:5
[INFO] [stdout]     |
[INFO] [stdout]  20 | mod tray;
[INFO] [stdout]     |     ^^^^
[INFO] [stdout]     |
[INFO] [stdout]    ::: src/tray.rs:1:8
[INFO] [stdout]     |
[INFO] [stdout]   1 | #![cfg(windows)]
[INFO] [stdout]     |        ------- the item is gated here
[INFO] [stdout] help: to make use of source file src/tray.rs, use `mod tray` in this file to declare the module
[INFO] [stdout]     |
[INFO] [stdout]   3 + mod tray;
[INFO] [stdout]     |
[INFO] [stdout] 
[INFO] [stdout] 
[INFO] [stdout] error[E0433]: cannot find module or crate `tray` in this scope
[INFO] [stdout]    --> src/main.rs:405:9
[INFO] [stdout]     |
[INFO] [stdout] 405 |         tray::run(app.clone(), should_auto_open_precheck(first_run, &args))
[INFO] [stdout]     |         ^^^^ use of unresolved module or unlinked crate `tray`
[INFO] [stdout]     |
[INFO] [stdout] note: found an item that was configured out
[INFO] [stdout]    --> src/main.rs:20:5
[INFO] [stdout]     |
[INFO] [stdout]  20 | mod tray;
[INFO] [stdout]     |     ^^^^
[INFO] [stdout]     |
[INFO] [stdout]    ::: src/tray.rs:1:8
[INFO] [stdout]     |
[INFO] [stdout]   1 | #![cfg(windows)]
[INFO] [stdout]     |        ------- the item is gated here
[INFO] [stdout] help: to make use of source file src/tray.rs, use `mod tray` in this file to declare the module
[INFO] [stdout]     |
[INFO] [stdout]   3 + mod tray;
[INFO] [stdout]     |
[INFO] [stdout] 
[INFO] [stdout] 
[INFO] [stdout] error[E0433]: cannot find module or crate `sqlite` in this scope
[INFO] [stdout]    --> src/main.rs:475:15
[INFO] [stdout]     |
[INFO] [stdout] 475 |         match sqlite::current_provider(&config.cc_switch_db, "codex") {
[INFO] [stdout]     |               ^^^^^^ use of unresolved module or unlinked crate `sqlite`
[INFO] [stdout]     |
[INFO] [stdout] note: found an item that was configured out
[INFO] [stdout]    --> src/main.rs:17:5
[INFO] [stdout]     |
[INFO] [stdout]  17 | mod sqlite;
[INFO] [stdout]     |     ^^^^^^
[INFO] [stdout]     |
[INFO] [stdout]    ::: src/sqlite.rs:1:8
[INFO] [stdout]     |
[INFO] [stdout]   1 | #![cfg(windows)]
[INFO] [stdout]     |        ------- the item is gated here
[INFO] [stdout] help: to make use of source file src/sqlite.rs, use `mod sqlite` in this file to declare the module
[INFO] [stdout]     |
[INFO] [stdout]   3 + mod sqlite;
[INFO] [stdout]     |
[INFO] [stdout] 
[INFO] [stdout] 
[INFO] [stdout] error[E0433]: cannot find module or crate `sqlite` in this scope
[INFO] [stdout]    --> src/main.rs:485:15
[INFO] [stdout]     |
[INFO] [stdout] 485 |         match sqlite::current_provider(&config.cc_switch_db, "claude") {
[INFO] [stdout]     |               ^^^^^^ use of unresolved module or unlinked crate `sqlite`
[INFO] [stdout]     |
[INFO] [stdout] note: found an item that was configured out
[INFO] [stdout]    --> src/main.rs:17:5
[INFO] [stdout]     |
[INFO] [stdout]  17 | mod sqlite;
[INFO] [stdout]     |     ^^^^^^
[INFO] [stdout]     |
[INFO] [stdout]    ::: src/sqlite.rs:1:8
[INFO] [stdout]     |
[INFO] [stdout]   1 | #![cfg(windows)]
[INFO] [stdout]     |        ------- the item is gated here
[INFO] [stdout] help: to make use of source file src/sqlite.rs, use `mod sqlite` in this file to declare the module
[INFO] [stdout]     |
[INFO] [stdout]   3 + mod sqlite;
[INFO] [stdout]     |
[INFO] [stdout] 
[INFO] [stdout] 
[INFO] [stdout] error[E0599]: no method named `creation_flags` found for mutable reference `&mut Command` in the current scope
[INFO] [stdout]    --> src/main.rs:562:10
[INFO] [stdout]     |
[INFO] [stdout] 560 |     std::process::Command::new(executable)
[INFO] [stdout] 561 |         .arg(format!("--wait-exit={old_pid}"))
[INFO] [stdout] 562 |         .creation_flags(0x08000000)
[INFO] [stdout]     |          ^^^^^^^^^^^^^^ method not found in `&mut Command`
[INFO] [stdout]     |
[INFO] [stdout]     = help: items from traits can only be used if the trait is implemented and in scope
[INFO] [stdout] note: `CommandCreationFlags` defines an item `creation_flags`, perhaps you need to implement it
[INFO] [stdout]    --> src/cli_identity.rs:136:1
[INFO] [stdout]     |
[INFO] [stdout] 136 | trait CommandCreationFlags {
[INFO] [stdout]     | ^^^^^^^^^^^^^^^^^^^^^^^^^^
[INFO] [stdout] 
[INFO] [stdout] 
[INFO] [stdout] Some errors have detailed explanations: E0432, E0433, E0599.
[INFO] [stdout] 
[INFO] [stdout] For more information about an error, try `rustc --explain E0432`.
[INFO] [stdout] 
[INFO] [stderr] error: could not compile `headroom-route` (bin "HeadroomRoute") due to 19 previous errors; 1 warning emitted
[INFO] [stdout] Some errors have detailed explanations: E0432, E0433, E0599.
[INFO] [stdout] 
[INFO] [stdout] For more information about an error, try `rustc --explain E0432`.
[INFO] [stdout] 
[INFO] [stderr] error: could not compile `headroom-route` (bin "HeadroomRoute" test) due to 19 previous errors; 1 warning emitted
[INFO] [stderr] warning: unused dependency `vt100`
[INFO] [stderr]   --> Cargo.toml:16:1
[INFO] [stderr]    |
[INFO] [stderr] 16 | vt100 = "0.15"
[INFO] [stderr]    | ^^^^^^^^^^^^^^
[INFO] [stderr]    |
[INFO] [stderr]    = note: `cargo::unused_dependencies` is set to `warn` by default
[INFO] [stderr] help: consider removing the dependency on `vt100`
[INFO] [stderr] warning: `headroom-route` (manifest) generated 1 warning
[INFO] running `Command { std: "docker" "inspect" "eb7c5019fe60c1537aa7d62c0da8c6e985e9bf241d97f322fbf92dda58f5d377", kill_on_drop: false }`
[INFO] running `Command { std: "docker" "rm" "-f" "eb7c5019fe60c1537aa7d62c0da8c6e985e9bf241d97f322fbf92dda58f5d377", kill_on_drop: false }`
[INFO] [stdout] eb7c5019fe60c1537aa7d62c0da8c6e985e9bf241d97f322fbf92dda58f5d377
