[INFO] cloning repository https://github.com/niuwoai/willdeep-rs
[INFO] running `Command { std: "git" "-c" "credential.helper=" "-c" "credential.helper=/workspace/cargo-home/bin/git-credential-null" "clone" "--bare" "https://github.com/niuwoai/willdeep-rs" "/workspace/cache/git-repos/https%3A%2F%2Fgithub.com%2Fniuwoai%2Fwilldeep-rs", kill_on_drop: false }`
[INFO] [stderr] Cloning into bare repository '/workspace/cache/git-repos/https%3A%2F%2Fgithub.com%2Fniuwoai%2Fwilldeep-rs'...
[INFO] running `Command { std: "git" "rev-parse" "HEAD", kill_on_drop: false }`
[INFO] [stdout] 9b7fdd135d579bcad8f0288e04394b0747c8bfc7
[INFO] checking niuwoai/willdeep-rs against 3154cc1a3e6424e44f438a95007d043ed5ceaaf6 for pr-133502-30
[INFO] running `Command { std: "git" "clone" "/workspace/cache/git-repos/https%3A%2F%2Fgithub.com%2Fniuwoai%2Fwilldeep-rs" "/workspace/builds/worker-2-tc2/source", kill_on_drop: false }`
[INFO] [stderr] Cloning into '/workspace/builds/worker-2-tc2/source'...
[INFO] [stderr] done.
[INFO] started tweaking git repo https://github.com/niuwoai/willdeep-rs
[INFO] finished tweaking git repo https://github.com/niuwoai/willdeep-rs
[INFO] tweaked toml for git repo https://github.com/niuwoai/willdeep-rs written to /workspace/builds/worker-2-tc2/source/Cargo.toml
[INFO] validating manifest of git repo https://github.com/niuwoai/willdeep-rs on toolchain 3154cc1a3e6424e44f438a95007d043ed5ceaaf6
[INFO] running `Command { std: CARGO_HOME="/workspace/cargo-home" RUSTUP_HOME="/workspace/rustup-home" "/workspace/cargo-home/bin/cargo" "+3154cc1a3e6424e44f438a95007d043ed5ceaaf6" "metadata" "--manifest-path" "Cargo.toml" "--no-deps", kill_on_drop: false }`
[INFO] crate git repo https://github.com/niuwoai/willdeep-rs already has a lockfile, it will not be regenerated
[INFO] running `Command { std: CARGO_HOME="/workspace/cargo-home" RUSTUP_HOME="/workspace/rustup-home" "/workspace/cargo-home/bin/cargo" "+3154cc1a3e6424e44f438a95007d043ed5ceaaf6" "fetch" "--manifest-path" "Cargo.toml", kill_on_drop: false }`
[INFO] running `Command { std: "docker" "create" "-v" "/var/lib/crater-agent-workspace/builds/worker-2-tc2/source:/opt/rustwide/workdir:ro,Z" "-v" "/var/lib/crater-agent-workspace/builds/worker-2-tc2/target:/opt/rustwide/target:rw,Z" "-v" "/var/lib/crater-agent-workspace/cargo-home:/opt/rustwide/cargo-home:ro,Z" "-v" "/var/lib/crater-agent-workspace/rustup-home:/opt/rustwide/rustup-home:ro,Z" "-m" "1610612736" "--network" "none" "ghcr.io/rust-lang/crates-build-env/linux@sha256:77db811e55d90add9212f6832c23229e3de5f1c1f9905e8cb07319ea15df73ac" "sleep" "infinity", kill_on_drop: false }`
[INFO] [stdout] 3c45f5af8a15fa3f1eb5172457427d781fe9e0e4530a9403c1219b248ee8cb66
[INFO] running `Command { std: "docker" "start" "3c45f5af8a15fa3f1eb5172457427d781fe9e0e4530a9403c1219b248ee8cb66", kill_on_drop: false }`
[INFO] running `Command { std: "docker" "inspect" "3c45f5af8a15fa3f1eb5172457427d781fe9e0e4530a9403c1219b248ee8cb66", kill_on_drop: false }`
[INFO] running `Command { std: "docker" "exec" "-e" "SOURCE_DIR=/opt/rustwide/workdir" "-e" "CARGO_HOME=/opt/rustwide/cargo-home" "-e" "RUSTUP_HOME=/opt/rustwide/rustup-home" "-e" "CARGO_TARGET_DIR=/opt/rustwide/target" "-w" "/opt/rustwide/workdir" "--user" "0:0" "3c45f5af8a15fa3f1eb5172457427d781fe9e0e4530a9403c1219b248ee8cb66" "/opt/rustwide/cargo-home/bin/cargo" "+3154cc1a3e6424e44f438a95007d043ed5ceaaf6" "metadata" "--no-deps" "--format-version=1", kill_on_drop: false }`
[INFO] running `Command { std: "docker" "inspect" "3c45f5af8a15fa3f1eb5172457427d781fe9e0e4530a9403c1219b248ee8cb66", kill_on_drop: false }`
[INFO] running `Command { std: "docker" "exec" "-e" "SOURCE_DIR=/opt/rustwide/workdir" "-e" "CARGO_HOME=/opt/rustwide/cargo-home" "-e" "RUSTUP_HOME=/opt/rustwide/rustup-home" "-e" "CARGO_TARGET_DIR=/opt/rustwide/target" "-e" "CARGO_INCREMENTAL=0" "-e" "RUST_BACKTRACE=full" "-e" "RUSTFLAGS=--cap-lints=forbid" "-e" "RUSTDOCFLAGS=--cap-lints=forbid" "-w" "/opt/rustwide/workdir" "--user" "0:0" "3c45f5af8a15fa3f1eb5172457427d781fe9e0e4530a9403c1219b248ee8cb66" "/opt/rustwide/cargo-home/bin/cargo" "+3154cc1a3e6424e44f438a95007d043ed5ceaaf6" "check" "--frozen" "--all" "--all-targets" "--message-format=json", kill_on_drop: false }`
[INFO] [stderr]     Checking log v0.4.33
[INFO] [stderr]    Compiling proc-macro2 v1.0.107
[INFO] [stderr]     Checking smallvec v1.15.2
[INFO] [stderr]     Checking futures-core v0.3.33
[INFO] [stderr]    Compiling serde_core v1.0.229
[INFO] [stderr]     Checking bitflags v2.13.1
[INFO] [stderr]     Checking errno v0.3.14
[INFO] [stderr]     Checking getrandom v0.2.17
[INFO] [stderr]    Compiling find-msvc-tools v0.1.10
[INFO] [stderr]     Checking signal-hook-registry v1.4.8
[INFO] [stderr]     Checking mio v1.2.2
[INFO] [stderr]     Checking zeroize v1.9.0
[INFO] [stderr]    Compiling unicase v2.9.0
[INFO] [stderr]    Compiling httparse v1.10.1
[INFO] [stderr]     Checking futures-sink v0.3.33
[INFO] [stderr]     Checking http-body v1.1.0
[INFO] [stderr]     Checking slab v0.4.12
[INFO] [stderr]     Checking rustls-pki-types v1.15.1
[INFO] [stderr]     Checking futures-task v0.3.33
[INFO] [stderr]    Compiling cc v1.4.2
[INFO] [stderr]     Checking tracing v0.1.44
[INFO] [stderr]    Compiling rustls v0.23.43
[INFO] [stderr]    Compiling quote v1.0.47
[INFO] [stderr]     Checking tower-service v0.3.3
[INFO] [stderr]    Compiling serde v1.0.229
[INFO] [stderr]    Compiling serde_json v1.0.151
[INFO] [stderr]     Checking try-lock v0.2.5
[INFO] [stderr]     Checking sync_wrapper v1.0.2
[INFO] [stderr]     Checking want v0.3.1
[INFO] [stderr]     Checking futures-channel v0.3.33
[INFO] [stderr]     Checking atomic-waker v1.1.2
[INFO] [stderr]     Checking tower-layer v0.3.3
[INFO] [stderr]     Checking httpdate v1.0.3
[INFO] [stderr]     Checking webpki-roots v1.0.9
[INFO] [stderr]    Compiling syn v3.0.3
[INFO] [stderr]    Compiling syn v2.0.119
[INFO] [stderr]     Checking mime v0.3.17
[INFO] [stderr]    Compiling thiserror v2.0.20
[INFO] [stderr]     Checking ipnet v2.12.1
[INFO] [stderr]     Checking getrandom v0.4.3
[INFO] [stderr]     Checking http-body-util v0.1.4
[INFO] [stderr]    Compiling mime_guess v2.0.5
[INFO] [stderr]    Compiling zerocopy v0.8.56
[INFO] [stderr]    Compiling typenum v1.20.1
[INFO] [stderr]    Compiling rustversion v1.0.23
[INFO] [stderr]    Compiling crossbeam-utils v0.8.22
[INFO] [stderr]     Checking digest v0.10.7
[INFO] [stderr]     Checking aho-corasick v1.1.5
[INFO] [stderr]    Compiling signal-hook v0.3.18
[INFO] [stderr]     Checking cpufeatures v0.2.17
[INFO] [stderr]    Compiling crossbeam-epoch v0.9.20
[INFO] [stderr]    Compiling ring v0.17.14
[INFO] [stderr]    Compiling crc32fast v1.5.0
[INFO] [stderr]    Compiling num-traits v0.2.19
[INFO] [stderr]     Checking parking_lot_core v0.9.12
[INFO] [stderr]    Compiling hybrid-array v0.4.14
[INFO] [stderr]     Checking regex-automata v0.4.18
[INFO] [stderr]     Checking uuid v1.24.0
[INFO] [stderr]    Compiling strsim v0.11.1
[INFO] [stderr]    Compiling ident_case v1.0.1
[INFO] [stderr]    Compiling rustix v1.1.4
[INFO] [stderr]    Compiling crossbeam-deque v0.8.7
[INFO] [stderr]     Checking anstyle-parse v1.0.0
[INFO] [stderr]    Compiling crypto-common v0.2.2
[INFO] [stderr]    Compiling block-buffer v0.12.1
[INFO] [stderr]     Checking parking_lot v0.12.5
[INFO] [stderr]     Checking getrandom v0.3.4
[INFO] [stderr]     Checking sha1 v0.10.7
[INFO] [stderr]    Compiling darling_core v0.24.0
[INFO] [stderr]     Checking bstr v1.13.0
[INFO] [stderr]     Checking is_terminal_polyfill v1.70.2
[INFO] [stderr]    Compiling rustix v0.38.44
[INFO] [stderr]     Checking anstyle v1.0.14
[INFO] [stderr]    Compiling synstructure v0.13.2
[INFO] [stderr]     Checking anstyle-query v1.1.5
[INFO] [stderr]     Checking linux-raw-sys v0.12.1
[INFO] [stderr]     Checking colorchoice v1.0.5
[INFO] [stderr]    Compiling const-oid v0.10.2
[INFO] [stderr]    Compiling digest v0.11.3
[INFO] [stderr]     Checking anstream v1.0.0
[INFO] [stderr]     Checking globset v0.4.20
[INFO] [stderr]     Checking flate2 v1.1.9
[INFO] [stderr]     Checking ppv-lite86 v0.2.21
[INFO] [stderr]     Checking rand_core v0.9.5
[INFO] [stderr]     Checking rustls-webpki v0.103.13
[INFO] [stderr]     Checking signal-hook-mio v0.2.5
[INFO] [stderr]    Compiling tokio-macros v2.7.2
[INFO] [stderr]    Compiling displaydoc v0.2.7
[INFO] [stderr]    Compiling serde_derive v1.0.229
[INFO] [stderr]    Compiling zerofrom-derive v0.1.7
[INFO] [stderr]    Compiling yoke-derive v0.8.2
[INFO] [stderr]    Compiling zerovec-derive v0.11.3
[INFO] [stderr]     Checking tokio v1.53.1
[INFO] [stderr]    Compiling futures-macro v0.3.33
[INFO] [stderr]    Compiling thiserror-impl v2.0.20
[INFO] [stderr]     Checking futures-util v0.3.33
[INFO] [stderr]     Checking zerofrom v0.1.8
[INFO] [stderr]     Checking yoke v0.8.3
[INFO] [stderr]     Checking zerovec v0.11.6
[INFO] [stderr]     Checking zerotrie v0.2.4
[INFO] [stderr]    Compiling darling_macro v0.24.0
[INFO] [stderr]     Checking clap_lex v1.1.0
[INFO] [stderr]    Compiling same-file v1.0.6
[INFO] [stderr]     Checking tinystr v0.8.3
[INFO] [stderr]     Checking potential_utf v0.1.5
[INFO] [stderr]     Checking icu_collections v2.2.0
[INFO] [stderr]     Checking icu_locale_core v2.2.0
[INFO] [stderr]    Compiling cpufeatures v0.3.0
[INFO] [stderr]     Checking linux-raw-sys v0.4.15
[INFO] [stderr]     Checking either v1.17.0
[INFO] [stderr]    Compiling instability v0.3.13
[INFO] [stderr]    Compiling unicode-segmentation v1.13.3
[INFO] [stderr]     Checking psl-types v2.0.11
[INFO] [stderr]     Checking psl v2.1.228
[INFO] [stderr]     Checking icu_provider v2.2.0
[INFO] [stderr]    Compiling convert_case v0.10.0
[INFO] [stderr]     Checking icu_properties v2.2.0
[INFO] [stderr]     Checking icu_normalizer v2.2.0
[INFO] [stderr]     Checking moxcms v0.8.1
[INFO] [stderr]    Compiling sha2 v0.11.0
[INFO] [stderr]     Checking serde_urlencoded v0.7.1
[INFO] [stderr]     Checking willdeep-runtime-protocol v0.96.0-rc1 (/opt/rustwide/workdir/crates/willdeep-runtime-protocol)
[INFO] [stderr]     Checking idna_adapter v1.2.2
[INFO] [stderr]     Checking itertools v0.13.0
[INFO] [stderr]     Checking idna v1.1.0
[INFO] [stderr]     Checking url v2.5.8
[INFO] [stderr]     Checking clap_builder v4.6.6
[INFO] [stderr]    Compiling walkdir v2.5.0
[INFO] [stderr]    Compiling darling v0.24.0
[INFO] [stderr]     Checking hyper v1.11.0
[INFO] [stderr]     Checking tokio-rustls v0.26.4
[INFO] [stderr]     Checking tower v0.5.3
[INFO] [stderr]     Checking tokio-util v0.7.19
[INFO] [stderr]     Checking tower-http v0.6.11
[INFO] [stderr]    Compiling strum_macros v0.26.4
[INFO] [stderr]    Compiling async-trait v0.1.92
[INFO] [stderr]    Compiling clap_derive v4.6.4
[INFO] [stderr]     Checking png v0.18.1
[INFO] [stderr]     Checking hyper-util v0.1.20
[INFO] [stderr]     Checking ignore v0.4.33
[INFO] [stderr]     Checking rand_chacha v0.9.0
[INFO] [stderr]     Checking regex v1.13.1
[INFO] [stderr]     Checking castaway v0.2.4
[INFO] [stderr]     Checking sha2 v0.10.9
[INFO] [stderr]     Checking rand_core v0.6.4
[INFO] [stderr]     Checking bytemuck v1.25.2
[INFO] [stderr]    Compiling indoc v2.0.7
[INFO] [stderr]     Checking image v0.25.10
[INFO] [stderr]     Checking strum v0.26.3
[INFO] [stderr]     Checking compact_str v0.8.2
[INFO] [stderr]     Checking hyper-rustls v0.27.9
[INFO] [stderr]     Checking reqwest v0.12.28
[INFO] [stderr]     Checking unicode-truncate v1.1.0
[INFO] [stderr]    Compiling thiserror v1.0.69
[INFO] [stderr]     Checking rand_chacha v0.3.1
[INFO] [stderr]     Checking rand v0.9.5
[INFO] [stderr]    Compiling rust-embed-utils v8.12.0
[INFO] [stderr]     Checking crossterm v0.28.1
[INFO] [stderr]     Checking gethostname v1.1.0
[INFO] [stderr]     Checking lru v0.12.5
[INFO] [stderr]    Compiling derive_more-impl v2.1.1
[INFO] [stderr]    Compiling thiserror-impl v1.0.69
[INFO] [stderr]     Checking clap v4.6.6
[INFO] [stderr]     Checking utf-8 v0.7.6
[INFO] [stderr]     Checking winnow v1.0.4
[INFO] [stderr]     Checking vsimd v0.8.0
[INFO] [stderr]    Compiling ratatui-image v9.0.0
[INFO] [stderr]     Checking outref v0.5.2
[INFO] [stderr]     Checking data-encoding v2.11.1
[INFO] [stderr]     Checking unicode-width v0.2.0
[INFO] [stderr]     Checking x11rb-protocol v0.13.2
[INFO] [stderr]     Checking cassowary v0.3.0
[INFO] [stderr]     Checking derive_more v2.1.1
[INFO] [stderr]     Checking base64-simd v0.8.0
[INFO] [stderr]     Checking willdeep-runtime-client v0.96.0-rc1 (/opt/rustwide/workdir/crates/willdeep-runtime-client)
[INFO] [stderr]     Checking tungstenite v0.28.0
[INFO] [stderr]     Checking willdeep-core v0.96.0-rc1 (/opt/rustwide/workdir/crates/willdeep-core)
[INFO] [stderr]     Checking ratatui v0.29.0
[INFO] [stderr]     Checking toml_parser v1.1.3+spec-1.1.0
[INFO] [stderr]    Compiling rust-embed-impl v8.12.0
[INFO] [stderr]     Checking rand v0.8.8
[INFO] [stderr]     Checking serde_path_to_error v0.1.20
[INFO] [stderr]     Checking serde_spanned v1.1.1
[INFO] [stderr]     Checking toml_datetime v0.7.5+spec-1.1.0
[INFO] [stderr]     Checking axum-core v0.5.6
[INFO] [stderr]     Checking webpki-roots v0.26.11
[INFO] [stderr]     Checking icy_sixel v0.1.3
[INFO] [stderr]    Compiling willdeep v0.96.0-rc1 (/opt/rustwide/workdir/crates/willdeep-cli)
[INFO] [stderr]     Checking winnow v0.7.15
[INFO] [stderr]     Checking matchit v0.8.4
[INFO] [stderr]     Checking roff v1.1.1
[INFO] [stderr]     Checking tokio-tungstenite v0.28.0
[INFO] [stderr]     Checking rust-embed v8.12.0
[INFO] [stderr]     Checking clap_mangen v0.2.33
[INFO] [stderr]     Checking crossterm v0.29.0
[INFO] [stderr]     Checking clap_complete v4.6.9
[INFO] [stderr]     Checking tokio-stream v0.1.19
[INFO] [stderr]     Checking qrcode v0.14.1
[INFO] [stderr]     Checking x11rb v0.13.2
[INFO] [stderr]     Checking toml v0.9.12+spec-1.1.0
[INFO] [stderr]     Checking axum v0.8.9
[INFO] [stderr]     Checking arboard v3.6.1
[INFO] [stdout] error: #[derive(RustEmbed)] folder '/opt/rustwide/workdir/crates/willdeep-cli/../../web/dist' does not exist. cwd: '/opt/rustwide/workdir'
[INFO] [stdout]   --> crates/willdeep-cli/src/web.rs:30:1
[INFO] [stdout]    |
[INFO] [stdout] 30 | / #[folder = "../../web/dist"]
[INFO] [stdout] 31 | | struct WebAssets;
[INFO] [stdout]    | |_________________^
[INFO] [stdout] 
[INFO] [stdout] 
[INFO] [stdout] error: #[derive(RustEmbed)] folder '/opt/rustwide/workdir/crates/willdeep-cli/../../web/dist' does not exist. cwd: '/opt/rustwide/workdir'
[INFO] [stdout]   --> crates/willdeep-cli/src/web.rs:30:1
[INFO] [stdout]    |
[INFO] [stdout] 30 | / #[folder = "../../web/dist"]
[INFO] [stdout] 31 | | struct WebAssets;
[INFO] [stdout]    | |_________________^
[INFO] [stdout] 
[INFO] [stdout] 
[INFO] [stderr] error: could not compile `willdeep-core` (lib test)
[INFO] [stderr] 
[INFO] [stderr] Caused by:
[INFO] [stderr]   process didn't exit successfully: `/opt/rustwide/rustup-home/toolchains/3154cc1a3e6424e44f438a95007d043ed5ceaaf6/bin/rustc --crate-name willdeep_core --edition=2024 crates/willdeep-core/src/lib.rs --error-format=json --json=diagnostic-rendered-ansi,artifacts,future-incompat,unused-externs-silent --emit=dep-info,metadata -C embed-bitcode=no -C debuginfo=2 --test --check-cfg 'cfg(docsrs,test)' --check-cfg 'cfg(feature, values())' -C metadata=6bb857c5a73b1bf8 -C extra-filename=-670db6bb1cb3c373 --out-dir /opt/rustwide/target/debug/build/willdeep-core/670db6bb1cb3c373/out -L dependency=/opt/rustwide/target/debug/build/aho-corasick/a69c837171192e07/out -L dependency=/opt/rustwide/target/debug/build/atomic-waker/d2edf130acb84086/out -L dependency=/opt/rustwide/target/debug/build/base64/d8aec028dea2d277/out -L dependency=/opt/rustwide/target/debug/build/bitflags/12164dedcc9c97c0/out -L dependency=/opt/rustwide/target/debug/build/block-buffer/c6dd025e507155f8/out -L dependency=/opt/rustwide/target/debug/build/bstr/b893431453fd5f54/out -L dependency=/opt/rustwide/target/debug/build/bytes/4fbd75942b1503ad/out -L dependency=/opt/rustwide/target/debug/build/cfg-if/190c9021fd162845/out -L dependency=/opt/rustwide/target/debug/build/cpufeatures/1ae956ba346ebd12/out -L dependency=/opt/rustwide/target/debug/build/crossbeam-deque/647c53055d2e6747/out -L dependency=/opt/rustwide/target/debug/build/crossbeam-epoch/0bcd9322656e197b/out -L dependency=/opt/rustwide/target/debug/build/crossbeam-utils/de917fa5281a5b5a/out -L dependency=/opt/rustwide/target/debug/build/crypto-common/cad9844398764669/out -L dependency=/opt/rustwide/target/debug/build/digest/bbedfa42731e550c/out -L dependency=/opt/rustwide/target/debug/build/displaydoc/e3b88917d8ab0b88/out -L dependency=/opt/rustwide/target/debug/build/errno/0f735279c0a5cb88/out -L dependency=/opt/rustwide/target/debug/build/form_urlencoded/a0709cb2f4e6749a/out -L dependency=/opt/rustwide/target/debug/build/futures-channel/19c37e951e057d0f/out -L dependency=/opt/rustwide/target/debug/build/futures-core/66c6c11339e0b249/out -L dependency=/opt/rustwide/target/debug/build/futures-macro/9b764481ac0cdd03/out -L dependency=/opt/rustwide/target/debug/build/futures-sink/cdd1669e988ddca7/out -L dependency=/opt/rustwide/target/debug/build/futures-task/7018d05962e87907/out -L dependency=/opt/rustwide/target/debug/build/futures-util/e56053376660032b/out -L dependency=/opt/rustwide/target/debug/build/generic-array/c586f0bf6e1ffba7/out -L dependency=/opt/rustwide/target/debug/build/getrandom/9e2f8a6c5eaf5e7f/out -L dependency=/opt/rustwide/target/debug/build/getrandom/a717291fd2ff3614/out -L dependency=/opt/rustwide/target/debug/build/globset/7b72b5f17670c644/out -L dependency=/opt/rustwide/target/debug/build/http-body-util/c12e85560133f92d/out -L dependency=/opt/rustwide/target/debug/build/http-body/6ca649109301c00f/out -L dependency=/opt/rustwide/target/debug/build/http/e7402a8233548797/out -L dependency=/opt/rustwide/target/debug/build/httparse/b9ed2fea81abf9ac/out -L dependency=/opt/rustwide/target/debug/build/httpdate/dd055e56878c34d5/out -L dependency=/opt/rustwide/target/debug/build/hyper-rustls/4046ea5261e65cf6/out -L dependency=/opt/rustwide/target/debug/build/hyper-util/2b49ccdc9235eb64/out -L dependency=/opt/rustwide/target/debug/build/hyper/932c2259956f27eb/out -L dependency=/opt/rustwide/target/debug/build/icu_collections/c6f21dfc7c47ebf5/out -L dependency=/opt/rustwide/target/debug/build/icu_locale_core/055dc5138abef7a0/out -L dependency=/opt/rustwide/target/debug/build/icu_normalizer/bd58e362119805a0/out -L dependency=/opt/rustwide/target/debug/build/icu_normalizer_data/9df594966f451c5b/out -L dependency=/opt/rustwide/target/debug/build/icu_properties/484f80d4e292990c/out -L dependency=/opt/rustwide/target/debug/build/icu_properties_data/335803bac80265ac/out -L dependency=/opt/rustwide/target/debug/build/icu_provider/3142b0ea2d4f301e/out -L dependency=/opt/rustwide/target/debug/build/idna/3d8e19618b2be211/out -L dependency=/opt/rustwide/target/debug/build/idna_adapter/084808f00505add7/out -L dependency=/opt/rustwide/target/debug/build/ipnet/7e5b3052b5f6134c/out -L dependency=/opt/rustwide/target/debug/build/itoa/488dcf4f13423b18/out -L dependency=/opt/rustwide/target/debug/build/libc/5b122225efee376b/out -L dependency=/opt/rustwide/target/debug/build/litemap/6390bd0b5dbf5657/out -L dependency=/opt/rustwide/target/debug/build/log/88d33b7e65e7d5e3/out -L dependency=/opt/rustwide/target/debug/build/memchr/b924193483665774/out -L dependency=/opt/rustwide/target/debug/build/mime/719fdfbd841ea854/out -L dependency=/opt/rustwide/target/debug/build/mime_guess/2bc935a0aeb53994/out -L dependency=/opt/rustwide/target/debug/build/mio/2eb3289708666baf/out -L dependency=/opt/rustwide/target/debug/build/once_cell/6f8123b0c2eed634/out -L dependency=/opt/rustwide/target/debug/build/percent-encoding/f0f3780066f274e0/out -L dependency=/opt/rustwide/target/debug/build/pin-project-lite/7176d3be2b7ee2e1/out -L dependency=/opt/rustwide/target/debug/build/potential_utf/dcf4412a98563e15/out -L dependency=/opt/rustwide/target/debug/build/psl-types/c32b1b732f1cc965/out -L dependency=/opt/rustwide/target/debug/build/regex-automata/93d9af9d1eb7898b/out -L dependency=/opt/rustwide/target/debug/build/regex-syntax/aa2c0ef21912879c/out -L dependency=/opt/rustwide/target/debug/build/ring/6c963f4ae766d51b/out -L dependency=/opt/rustwide/target/debug/build/rustls-pki-types/4cbbe2598a880b1d/out -L dependency=/opt/rustwide/target/debug/build/rustls-webpki/edb720e0a4cd995d/out -L dependency=/opt/rustwide/target/debug/build/rustls/09fc734b47f4701c/out -L dependency=/opt/rustwide/target/debug/build/ryu/3da2ab8eb39d89f2/out -L dependency=/opt/rustwide/target/debug/build/same-file/b7226876f34d02dd/out -L dependency=/opt/rustwide/target/debug/build/serde/67177314cd17d4e4/out -L dependency=/opt/rustwide/target/debug/build/serde_core/0a1ba5c7e6f8457f/out -L dependency=/opt/rustwide/target/debug/build/serde_derive/3e0699311e99d925/out -L dependency=/opt/rustwide/target/debug/build/serde_json/3834b951da46c5f7/out -L dependency=/opt/rustwide/target/debug/build/serde_urlencoded/33db1a0a06f0ba40/out -L dependency=/opt/rustwide/target/debug/build/signal-hook-registry/e631dbe7df418f4f/out -L dependency=/opt/rustwide/target/debug/build/slab/ae595133c23c4338/out -L dependency=/opt/rustwide/target/debug/build/smallvec/3fa8e7f1993d4002/out -L dependency=/opt/rustwide/target/debug/build/socket2/081bf329e7bc52a9/out -L dependency=/opt/rustwide/target/debug/build/stable_deref_trait/a4bd0afb694af506/out -L dependency=/opt/rustwide/target/debug/build/subtle/350c4d777e42ad0b/out -L dependency=/opt/rustwide/target/debug/build/sync_wrapper/277f414c4c1cc118/out -L dependency=/opt/rustwide/target/debug/build/thiserror-impl/3ade8a6493f99bd2/out -L dependency=/opt/rustwide/target/debug/build/tinystr/7e189092b7e4d197/out -L dependency=/opt/rustwide/target/debug/build/tokio-macros/b54d099818f02516/out -L dependency=/opt/rustwide/target/debug/build/tokio-rustls/f78bbc238311e0fa/out -L dependency=/opt/rustwide/target/debug/build/tokio-util/dd885adf9f910855/out -L dependency=/opt/rustwide/target/debug/build/tokio/c53bdfb273f4e367/out -L dependency=/opt/rustwide/target/debug/build/tower-http/ba3a491b82730398/out -L dependency=/opt/rustwide/target/debug/build/tower-layer/f6d5cc7b185cf351/out -L dependency=/opt/rustwide/target/debug/build/tower-service/e69ac8dcc8243395/out -L dependency=/opt/rustwide/target/debug/build/tower/a447f1c8256f2a8f/out -L dependency=/opt/rustwide/target/debug/build/tracing-core/3324456f4d23a949/out -L dependency=/opt/rustwide/target/debug/build/tracing/fac0f3b07a5fb37c/out -L dependency=/opt/rustwide/target/debug/build/try-lock/08abaa63f4861efa/out -L dependency=/opt/rustwide/target/debug/build/typenum/24aab6a4200ddd27/out -L dependency=/opt/rustwide/target/debug/build/unicase/555e66b7b51823d9/out -L dependency=/opt/rustwide/target/debug/build/untrusted/03cde965a30f6cbb/out -L dependency=/opt/rustwide/target/debug/build/url/79f14fc78404f993/out -L dependency=/opt/rustwide/target/debug/build/utf8_iter/88f5a358869389d3/out -L dependency=/opt/rustwide/target/debug/build/uuid/92d0f3f580a34182/out -L dependency=/opt/rustwide/target/debug/build/walkdir/1278d11b181efceb/out -L dependency=/opt/rustwide/target/debug/build/want/cc3dcee12d270b38/out -L dependency=/opt/rustwide/target/debug/build/webpki-roots/3093fb6bbb079fb9/out -L dependency=/opt/rustwide/target/debug/build/writeable/b7e8e2724ee161de/out -L dependency=/opt/rustwide/target/debug/build/yoke-derive/d78b3e5f37126f79/out -L dependency=/opt/rustwide/target/debug/build/yoke/682755b5bbb7f530/out -L dependency=/opt/rustwide/target/debug/build/zerofrom-derive/44a432e7e793f123/out -L dependency=/opt/rustwide/target/debug/build/zerofrom/154a15d675c27efa/out -L dependency=/opt/rustwide/target/debug/build/zeroize/635551755f6edc1d/out -L dependency=/opt/rustwide/target/debug/build/zerotrie/2aa48bba34a5e2de/out -L dependency=/opt/rustwide/target/debug/build/zerovec-derive/eebb94c722d37e5f/out -L dependency=/opt/rustwide/target/debug/build/zerovec/567b0f0c7d136df2/out -L dependency=/opt/rustwide/target/debug/build/zmij/93cb3e10a525d438/out --extern anyhow=/opt/rustwide/target/debug/build/anyhow/d5f04c2d9d0d7bf2/out/libanyhow-d5f04c2d9d0d7bf2.rmeta --extern async_trait=/opt/rustwide/target/debug/build/async-trait/a2876f65bbb44920/out/libasync_trait-a2876f65bbb44920.so --extern futures_util=/opt/rustwide/target/debug/build/futures-util/e56053376660032b/out/libfutures_util-e56053376660032b.rmeta --extern globset=/opt/rustwide/target/debug/build/globset/7b72b5f17670c644/out/libglobset-7b72b5f17670c644.rmeta --extern httpdate=/opt/rustwide/target/debug/build/httpdate/dd055e56878c34d5/out/libhttpdate-dd055e56878c34d5.rmeta --extern ignore=/opt/rustwide/target/debug/build/ignore/571ddcda3de3ece9/out/libignore-571ddcda3de3ece9.rmeta --extern libc=/opt/rustwide/target/debug/build/libc/5b122225efee376b/out/liblibc-5b122225efee376b.rmeta --extern psl=/opt/rustwide/target/debug/build/psl/18c2ec62a7707f8a/out/libpsl-18c2ec62a7707f8a.rmeta --extern regex=/opt/rustwide/target/debug/build/regex/09b3010542408695/out/libregex-09b3010542408695.rmeta --extern reqwest=/opt/rustwide/target/debug/build/reqwest/d8317b9abf0b66bd/out/libreqwest-d8317b9abf0b66bd.rmeta --extern serde=/opt/rustwide/target/debug/build/serde/67177314cd17d4e4/out/libserde-67177314cd17d4e4.rmeta --extern serde_json=/opt/rustwide/target/debug/build/serde_json/3834b951da46c5f7/out/libserde_json-3834b951da46c5f7.rmeta --extern sha1=/opt/rustwide/target/debug/build/sha1/c36a19fa77ee1fea/out/libsha1-c36a19fa77ee1fea.rmeta --extern sha2=/opt/rustwide/target/debug/build/sha2/07653adc736c1e33/out/libsha2-07653adc736c1e33.rmeta --extern thiserror=/opt/rustwide/target/debug/build/thiserror/fb00f38f9c14eb56/out/libthiserror-fb00f38f9c14eb56.rmeta --extern tokio=/opt/rustwide/target/debug/build/tokio/c53bdfb273f4e367/out/libtokio-c53bdfb273f4e367.rmeta --extern uuid=/opt/rustwide/target/debug/build/uuid/92d0f3f580a34182/out/libuuid-92d0f3f580a34182.rmeta --extern willdeep_runtime_protocol=/opt/rustwide/target/debug/build/willdeep-runtime-protocol/704fc337d5672496/out/libwilldeep_runtime_protocol-704fc337d5672496.rmeta --cap-lints=forbid --force-warn=unused_crate_dependencies -L native=/opt/rustwide/target/debug/build/ring/a0fbda0aa24de3fe/out` (signal: 9, SIGKILL: kill)
[INFO] [stderr] warning: build failed, waiting for other jobs to finish...
[INFO] [stdout] error[E0599]: no associated function or constant named `get` found for struct `WebAssets` in the current scope
[INFO] [stdout]   --> crates/willdeep-cli/src/web.rs:34:16
[INFO] [stdout]    |
[INFO] [stdout] 31 | struct WebAssets;
[INFO] [stdout]    | ---------------- associated function or constant `get` not found for this struct
[INFO] [stdout] ...
[INFO] [stdout] 34 |     WebAssets::get("index.html").is_some()
[INFO] [stdout]    |                ^^^ associated function or constant not found in `WebAssets`
[INFO] [stdout]    |
[INFO] [stdout]    = help: items from traits can only be used if the trait is implemented and in scope
[INFO] [stdout]    = note: the following traits define an item `get`, perhaps you need to implement one of them:
[INFO] [stdout]            candidate #1: `Embed`
[INFO] [stdout]            candidate #2: `SliceIndex`
[INFO] [stdout]            candidate #3: `icu_collections::codepointtrie::cptrie::TypedCodePointTrie`
[INFO] [stdout]            candidate #4: `icu_properties::names::PropertyEnumToValueNameLookup`
[INFO] [stdout]            candidate #5: `icu_provider::baked::DataStore`
[INFO] [stdout]            candidate #6: `itertools::Itertools`
[INFO] [stdout]            candidate #7: `rustls::server::server_conn::StoresServerSessions`
[INFO] [stdout]            candidate #8: `toml_parser::source::SourceIndex`
[INFO] [stdout] 
[INFO] [stdout] 
[INFO] [stdout] error[E0599]: no associated function or constant named `get` found for struct `WebAssets` in the current scope
[INFO] [stdout]     --> crates/willdeep-cli/src/web.rs:2093:33
[INFO] [stdout]      |
[INFO] [stdout]   31 | struct WebAssets;
[INFO] [stdout]      | ---------------- associated function or constant `get` not found for this struct
[INFO] [stdout] ...
[INFO] [stdout] 2093 |     let Some(file) = WebAssets::get(path).or_else(|| WebAssets::get("index.html")) else {
[INFO] [stdout]      |                                 ^^^ associated function or constant not found in `WebAssets`
[INFO] [stdout]      |
[INFO] [stdout]      = help: items from traits can only be used if the trait is implemented and in scope
[INFO] [stdout]      = note: the following traits define an item `get`, perhaps you need to implement one of them:
[INFO] [stdout]              candidate #1: `Embed`
[INFO] [stdout]              candidate #2: `SliceIndex`
[INFO] [stdout]              candidate #3: `icu_collections::codepointtrie::cptrie::TypedCodePointTrie`
[INFO] [stdout]              candidate #4: `icu_properties::names::PropertyEnumToValueNameLookup`
[INFO] [stdout]              candidate #5: `icu_provider::baked::DataStore`
[INFO] [stdout]              candidate #6: `itertools::Itertools`
[INFO] [stdout]              candidate #7: `rustls::server::server_conn::StoresServerSessions`
[INFO] [stdout]              candidate #8: `toml_parser::source::SourceIndex`
[INFO] [stdout] 
[INFO] [stdout] 
[INFO] [stdout] error[E0599]: no associated function or constant named `get` found for struct `WebAssets` in the current scope
[INFO] [stdout]     --> crates/willdeep-cli/src/web.rs:2093:65
[INFO] [stdout]      |
[INFO] [stdout]   31 | struct WebAssets;
[INFO] [stdout]      | ---------------- associated function or constant `get` not found for this struct
[INFO] [stdout] ...
[INFO] [stdout] 2093 |     let Some(file) = WebAssets::get(path).or_else(|| WebAssets::get("index.html")) else {
[INFO] [stdout]      |                                                                 ^^^ associated function or constant not found in `WebAssets`
[INFO] [stdout]      |
[INFO] [stdout]      = help: items from traits can only be used if the trait is implemented and in scope
[INFO] [stdout]      = note: the following traits define an item `get`, perhaps you need to implement one of them:
[INFO] [stdout]              candidate #1: `Embed`
[INFO] [stdout]              candidate #2: `SliceIndex`
[INFO] [stdout]              candidate #3: `icu_collections::codepointtrie::cptrie::TypedCodePointTrie`
[INFO] [stdout]              candidate #4: `icu_properties::names::PropertyEnumToValueNameLookup`
[INFO] [stdout]              candidate #5: `icu_provider::baked::DataStore`
[INFO] [stdout]              candidate #6: `itertools::Itertools`
[INFO] [stdout]              candidate #7: `rustls::server::server_conn::StoresServerSessions`
[INFO] [stdout]              candidate #8: `toml_parser::source::SourceIndex`
[INFO] [stdout] 
[INFO] [stdout] 
[INFO] [stderr] error: could not compile `willdeep` (bin "willdeep") due to 4 previous errors
[INFO] [stderr] 
[INFO] [stderr] Caused by:
[INFO] [stderr]   process didn't exit successfully: `/opt/rustwide/rustup-home/toolchains/3154cc1a3e6424e44f438a95007d043ed5ceaaf6/bin/rustc --crate-name willdeep --edition=2024 crates/willdeep-cli/src/main.rs --error-format=json --json=diagnostic-rendered-ansi,artifacts,future-incompat,unused-externs-silent --crate-type bin --emit=dep-info,metadata -C embed-bitcode=no -C debuginfo=2 --check-cfg 'cfg(docsrs,test)' --check-cfg 'cfg(feature, values())' -C metadata=0fae2dba6d7eebfa -C extra-filename=-43e23e5ca0643837 --out-dir /opt/rustwide/target/debug/build/willdeep/43e23e5ca0643837/out -L dependency=/opt/rustwide/target/debug/build/adler2/ee8704cd74c29624/out -L dependency=/opt/rustwide/target/debug/build/aho-corasick/a69c837171192e07/out -L dependency=/opt/rustwide/target/debug/build/allocator-api2/34319c28828d46c3/out -L dependency=/opt/rustwide/target/debug/build/anstream/5bda8941e2fd5003/out -L dependency=/opt/rustwide/target/debug/build/anstyle-parse/872f42bb18dc41f8/out -L dependency=/opt/rustwide/target/debug/build/anstyle-query/717c9c809af6267c/out -L dependency=/opt/rustwide/target/debug/build/anstyle/0afc68cbfd0d2137/out -L dependency=/opt/rustwide/target/debug/build/anyhow/d5f04c2d9d0d7bf2/out -L dependency=/opt/rustwide/target/debug/build/async-trait/a2876f65bbb44920/out -L dependency=/opt/rustwide/target/debug/build/atomic-waker/d2edf130acb84086/out -L dependency=/opt/rustwide/target/debug/build/axum-core/adb937037a5e6eb9/out -L dependency=/opt/rustwide/target/debug/build/base64-simd/497162d520aa7a5c/out -L dependency=/opt/rustwide/target/debug/build/base64/d8aec028dea2d277/out -L dependency=/opt/rustwide/target/debug/build/bitflags/12164dedcc9c97c0/out -L dependency=/opt/rustwide/target/debug/build/block-buffer/98528fc8acbc24a1/out -L dependency=/opt/rustwide/target/debug/build/block-buffer/c6dd025e507155f8/out -L dependency=/opt/rustwide/target/debug/build/bstr/b893431453fd5f54/out -L dependency=/opt/rustwide/target/debug/build/bytemuck/659fa6f1bed16823/out -L dependency=/opt/rustwide/target/debug/build/byteorder-lite/f3499d1ac6418445/out -L dependency=/opt/rustwide/target/debug/build/bytes/4fbd75942b1503ad/out -L dependency=/opt/rustwide/target/debug/build/cassowary/14211622d5a3b5a1/out -L dependency=/opt/rustwide/target/debug/build/castaway/32442b404aa5baa6/out -L dependency=/opt/rustwide/target/debug/build/cfg-if/190c9021fd162845/out -L dependency=/opt/rustwide/target/debug/build/clap/dadf434071e8d667/out -L dependency=/opt/rustwide/target/debug/build/clap_builder/5e0ad3145ece6bf5/out -L dependency=/opt/rustwide/target/debug/build/clap_derive/fc81c2faf9379d37/out -L dependency=/opt/rustwide/target/debug/build/clap_lex/c6984b853e70a248/out -L dependency=/opt/rustwide/target/debug/build/color_quant/e87cf90f90443c36/out -L dependency=/opt/rustwide/target/debug/build/colorchoice/0d229411bd9dac1b/out -L dependency=/opt/rustwide/target/debug/build/compact_str/9979778e7fd58dbe/out -L dependency=/opt/rustwide/target/debug/build/const-oid/5abb6e22430efd63/out -L dependency=/opt/rustwide/target/debug/build/cpufeatures/1ae956ba346ebd12/out -L dependency=/opt/rustwide/target/debug/build/cpufeatures/d73b58fdf77d9fc5/out -L dependency=/opt/rustwide/target/debug/build/crc32fast/31ecd786fe404797/out -L dependency=/opt/rustwide/target/debug/build/crossbeam-deque/647c53055d2e6747/out -L dependency=/opt/rustwide/target/debug/build/crossbeam-epoch/0bcd9322656e197b/out -L dependency=/opt/rustwide/target/debug/build/crossbeam-utils/de917fa5281a5b5a/out -L dependency=/opt/rustwide/target/debug/build/crossterm/d214916b3f02466a/out -L dependency=/opt/rustwide/target/debug/build/crypto-common/254e02f080aa767f/out -L dependency=/opt/rustwide/target/debug/build/crypto-common/cad9844398764669/out -L dependency=/opt/rustwide/target/debug/build/data-encoding/a41f0c43161924c9/out -L dependency=/opt/rustwide/target/debug/build/derive_more-impl/400a65dff716b39c/out -L dependency=/opt/rustwide/target/debug/build/derive_more/29b1153c8176854c/out -L dependency=/opt/rustwide/target/debug/build/digest/6b088d719cdd21b4/out -L dependency=/opt/rustwide/target/debug/build/digest/bbedfa42731e550c/out -L dependency=/opt/rustwide/target/debug/build/displaydoc/e3b88917d8ab0b88/out -L dependency=/opt/rustwide/target/debug/build/document-features/81448685dcff94c6/out -L dependency=/opt/rustwide/target/debug/build/either/10d0d1b77f3b30c6/out -L dependency=/opt/rustwide/target/debug/build/equivalent/d23b026399a51038/out -L dependency=/opt/rustwide/target/debug/build/errno/0f735279c0a5cb88/out -L dependency=/opt/rustwide/target/debug/build/fdeflate/6c7085ad7d8a3ba1/out -L dependency=/opt/rustwide/target/debug/build/flate2/710ef308c4dec5a3/out -L dependency=/opt/rustwide/target/debug/build/foldhash/496b6a8506c7c674/out -L dependency=/opt/rustwide/target/debug/build/form_urlencoded/a0709cb2f4e6749a/out -L dependency=/opt/rustwide/target/debug/build/futures-channel/19c37e951e057d0f/out -L dependency=/opt/rustwide/target/debug/build/futures-core/66c6c11339e0b249/out -L dependency=/opt/rustwide/target/debug/build/futures-macro/9b764481ac0cdd03/out -L dependency=/opt/rustwide/target/debug/build/futures-sink/cdd1669e988ddca7/out -L dependency=/opt/rustwide/target/debug/build/futures-task/7018d05962e87907/out -L dependency=/opt/rustwide/target/debug/build/futures-util/e56053376660032b/out -L dependency=/opt/rustwide/target/debug/build/generic-array/c586f0bf6e1ffba7/out -L dependency=/opt/rustwide/target/debug/build/gethostname/5078151a3a39be12/out -L dependency=/opt/rustwide/target/debug/build/getrandom/9e2f8a6c5eaf5e7f/out -L dependency=/opt/rustwide/target/debug/build/getrandom/a717291fd2ff3614/out -L dependency=/opt/rustwide/target/debug/build/getrandom/d2aa5e8c4aab2c0f/out -L dependency=/opt/rustwide/target/debug/build/gif/f538b9c56d853c6d/out -L dependency=/opt/rustwide/target/debug/build/globset/7b72b5f17670c644/out -L dependency=/opt/rustwide/target/debug/build/hashbrown/f1f72e91be09a664/out -L dependency=/opt/rustwide/target/debug/build/http-body-util/c12e85560133f92d/out -L dependency=/opt/rustwide/target/debug/build/http-body/6ca649109301c00f/out -L dependency=/opt/rustwide/target/debug/build/http/e7402a8233548797/out -L dependency=/opt/rustwide/target/debug/build/httparse/b9ed2fea81abf9ac/out -L dependency=/opt/rustwide/target/debug/build/httpdate/dd055e56878c34d5/out -L dependency=/opt/rustwide/target/debug/build/hybrid-array/c87f7061e4f21f44/out -L dependency=/opt/rustwide/target/debug/build/hyper-rustls/4046ea5261e65cf6/out -L dependency=/opt/rustwide/target/debug/build/hyper-util/2b49ccdc9235eb64/out -L dependency=/opt/rustwide/target/debug/build/hyper/932c2259956f27eb/out -L dependency=/opt/rustwide/target/debug/build/icu_collections/c6f21dfc7c47ebf5/out -L dependency=/opt/rustwide/target/debug/build/icu_locale_core/055dc5138abef7a0/out -L dependency=/opt/rustwide/target/debug/build/icu_normalizer/bd58e362119805a0/out -L dependency=/opt/rustwide/target/debug/build/icu_normalizer_data/9df594966f451c5b/out -L dependency=/opt/rustwide/target/debug/build/icu_properties/484f80d4e292990c/out -L dependency=/opt/rustwide/target/debug/build/icu_properties_data/335803bac80265ac/out -L dependency=/opt/rustwide/target/debug/build/icu_provider/3142b0ea2d4f301e/out -L dependency=/opt/rustwide/target/debug/build/icy_sixel/47ca00d3ddc66edb/out -L dependency=/opt/rustwide/target/debug/build/idna/3d8e19618b2be211/out -L dependency=/opt/rustwide/target/debug/build/idna_adapter/084808f00505add7/out -L dependency=/opt/rustwide/target/debug/build/ignore/571ddcda3de3ece9/out -L dependency=/opt/rustwide/target/debug/build/image-webp/f703b13b74bfa26f/out -L dependency=/opt/rustwide/target/debug/build/image/b9364546346472dd/out -L dependency=/opt/rustwide/target/debug/build/indoc/0b189fa8d1397f9c/out -L dependency=/opt/rustwide/target/debug/build/instability/94d31be5545f1790/out -L dependency=/opt/rustwide/target/debug/build/ipnet/7e5b3052b5f6134c/out -L dependency=/opt/rustwide/target/debug/build/is_terminal_polyfill/fc6efa62ae782dd6/out -L dependency=/opt/rustwide/target/debug/build/itertools/fd615794437ac02f/out -L dependency=/opt/rustwide/target/debug/build/itoa/488dcf4f13423b18/out -L dependency=/opt/rustwide/target/debug/build/libc/5b122225efee376b/out -L dependency=/opt/rustwide/target/debug/build/linux-raw-sys/e28ea43305577af4/out -L dependency=/opt/rustwide/target/debug/build/linux-raw-sys/eddb24b0f6e8fac6/out -L dependency=/opt/rustwide/target/debug/build/litemap/6390bd0b5dbf5657/out -L dependency=/opt/rustwide/target/debug/build/lock_api/b47e4fe57039b3cf/out -L dependency=/opt/rustwide/target/debug/build/log/88d33b7e65e7d5e3/out -L dependency=/opt/rustwide/target/debug/build/lru/a23597f79c07066a/out -L dependency=/opt/rustwide/target/debug/build/matchit/e98a3fa189025638/out -L dependency=/opt/rustwide/target/debug/build/memchr/b924193483665774/out -L dependency=/opt/rustwide/target/debug/build/mime/719fdfbd841ea854/out -L dependency=/opt/rustwide/target/debug/build/mime_guess/2bc935a0aeb53994/out -L dependency=/opt/rustwide/target/debug/build/miniz_oxide/1ea5d07c0236cf82/out -L dependency=/opt/rustwide/target/debug/build/mio/2eb3289708666baf/out -L dependency=/opt/rustwide/target/debug/build/moxcms/a30ff888f68305ee/out -L dependency=/opt/rustwide/target/debug/build/num-traits/f66f4b200fc490bc/out -L dependency=/opt/rustwide/target/debug/build/once_cell/6f8123b0c2eed634/out -L dependency=/opt/rustwide/target/debug/build/outref/dc38b173fed6e653/out -L dependency=/opt/rustwide/target/debug/build/parking_lot/fbaaae226cca1d88/out -L dependency=/opt/rustwide/target/debug/build/parking_lot_core/e1a619b48c889fab/out -L dependency=/opt/rustwide/target/debug/build/paste/c5e5e8a2bd161c29/out -L dependency=/opt/rustwide/target/debug/build/percent-encoding/f0f3780066f274e0/out -L dependency=/opt/rustwide/target/debug/build/pin-project-lite/7176d3be2b7ee2e1/out -L dependency=/opt/rustwide/target/debug/build/png/7281d4ffd11de9ef/out -L dependency=/opt/rustwide/target/debug/build/potential_utf/dcf4412a98563e15/out -L dependency=/opt/rustwide/target/debug/build/ppv-lite86/71a2bd4a37db52fe/out -L dependency=/opt/rustwide/target/debug/build/psl-types/c32b1b732f1cc965/out -L dependency=/opt/rustwide/target/debug/build/psl/18c2ec62a7707f8a/out -L dependency=/opt/rustwide/target/debug/build/pxfm/30d46fbfb917f044/out -L dependency=/opt/rustwide/target/debug/build/quick-error/ec99d7e4ca10f9da/out -L dependency=/opt/rustwide/target/debug/build/rand/53231504d583c518/out -L dependency=/opt/rustwide/target/debug/build/rand/f75afd6365e33c2d/out -L dependency=/opt/rustwide/target/debug/build/rand_chacha/1eac5d1b0efe642b/out -L dependency=/opt/rustwide/target/debug/build/rand_chacha/d8bf30b84bab555f/out -L dependency=/opt/rustwide/target/debug/build/rand_core/9b17468d33d04c68/out -L dependency=/opt/rustwide/target/debug/build/rand_core/c4ce4aa3eb83456a/out -L dependency=/opt/rustwide/target/debug/build/ratatui/855eeda809419847/out -L dependency=/opt/rustwide/target/debug/build/regex-automata/93d9af9d1eb7898b/out -L dependency=/opt/rustwide/target/debug/build/regex-syntax/aa2c0ef21912879c/out -L dependency=/opt/rustwide/target/debug/build/regex/09b3010542408695/out -L dependency=/opt/rustwide/target/debug/build/reqwest/d8317b9abf0b66bd/out -L dependency=/opt/rustwide/target/debug/build/ring/6c963f4ae766d51b/out -L dependency=/opt/rustwide/target/debug/build/roff/1eab09e68b71da7b/out -L dependency=/opt/rustwide/target/debug/build/rust-embed-impl/a67b86d7007fd508/out -L dependency=/opt/rustwide/target/debug/build/rust-embed-utils/b2c4a1bdedb9943d/out -L dependency=/opt/rustwide/target/debug/build/rustix/2bc7c316adcb6103/out -L dependency=/opt/rustwide/target/debug/build/rustix/a8851cf738ed1ec2/out -L dependency=/opt/rustwide/target/debug/build/rustls-pki-types/4cbbe2598a880b1d/out -L dependency=/opt/rustwide/target/debug/build/rustls-webpki/edb720e0a4cd995d/out -L dependency=/opt/rustwide/target/debug/build/rustls/09fc734b47f4701c/out -L dependency=/opt/rustwide/target/debug/build/rustversion/5cea38e78999152b/out -L dependency=/opt/rustwide/target/debug/build/ryu/3da2ab8eb39d89f2/out -L dependency=/opt/rustwide/target/debug/build/same-file/b7226876f34d02dd/out -L dependency=/opt/rustwide/target/debug/build/scopeguard/e7d227cb308b3799/out -L dependency=/opt/rustwide/target/debug/build/serde/67177314cd17d4e4/out -L dependency=/opt/rustwide/target/debug/build/serde_core/0a1ba5c7e6f8457f/out -L dependency=/opt/rustwide/target/debug/build/serde_derive/3e0699311e99d925/out -L dependency=/opt/rustwide/target/debug/build/serde_json/3834b951da46c5f7/out -L dependency=/opt/rustwide/target/debug/build/serde_path_to_error/fcbab7a2847b1eba/out -L dependency=/opt/rustwide/target/debug/build/serde_spanned/41858978bf851c3b/out -L dependency=/opt/rustwide/target/debug/build/serde_urlencoded/33db1a0a06f0ba40/out -L dependency=/opt/rustwide/target/debug/build/sha1/c36a19fa77ee1fea/out -L dependency=/opt/rustwide/target/debug/build/sha2/07653adc736c1e33/out -L dependency=/opt/rustwide/target/debug/build/sha2/5a7e7c8308812095/out -L dependency=/opt/rustwide/target/debug/build/signal-hook-mio/ec0560b89eb1c8eb/out -L dependency=/opt/rustwide/target/debug/build/signal-hook-registry/e631dbe7df418f4f/out -L dependency=/opt/rustwide/target/debug/build/signal-hook/0a08e5961d84e7ce/out -L dependency=/opt/rustwide/target/debug/build/simd-adler32/abdd6735cba46234/out -L dependency=/opt/rustwide/target/debug/build/slab/ae595133c23c4338/out -L dependency=/opt/rustwide/target/debug/build/smallvec/3fa8e7f1993d4002/out -L dependency=/opt/rustwide/target/debug/build/socket2/081bf329e7bc52a9/out -L dependency=/opt/rustwide/target/debug/build/stable_deref_trait/a4bd0afb694af506/out -L dependency=/opt/rustwide/target/debug/build/static_assertions/f2154b0bf273423d/out -L dependency=/opt/rustwide/target/debug/build/strsim/a1f0dce47f9b6856/out -L dependency=/opt/rustwide/target/debug/build/strum/0a740461a975d615/out -L dependency=/opt/rustwide/target/debug/build/strum_macros/a3123e7546a89f53/out -L dependency=/opt/rustwide/target/debug/build/subtle/350c4d777e42ad0b/out -L dependency=/opt/rustwide/target/debug/build/sync_wrapper/277f414c4c1cc118/out -L dependency=/opt/rustwide/target/debug/build/thiserror-impl/3ade8a6493f99bd2/out -L dependency=/opt/rustwide/target/debug/build/thiserror-impl/e0f6cdc607024b50/out -L dependency=/opt/rustwide/target/debug/build/thiserror/7bb010c667a7743c/out -L dependency=/opt/rustwide/target/debug/build/thiserror/fb00f38f9c14eb56/out -L dependency=/opt/rustwide/target/debug/build/tinystr/7e189092b7e4d197/out -L dependency=/opt/rustwide/target/debug/build/tokio-macros/b54d099818f02516/out -L dependency=/opt/rustwide/target/debug/build/tokio-rustls/f78bbc238311e0fa/out -L dependency=/opt/rustwide/target/debug/build/tokio-util/dd885adf9f910855/out -L dependency=/opt/rustwide/target/debug/build/tokio/c53bdfb273f4e367/out -L dependency=/opt/rustwide/target/debug/build/toml_datetime/1c642fd89de08886/out -L dependency=/opt/rustwide/target/debug/build/toml_parser/4b56f1fcc80bee0d/out -L dependency=/opt/rustwide/target/debug/build/toml_writer/8f810326993a9f23/out -L dependency=/opt/rustwide/target/debug/build/tower-http/ba3a491b82730398/out -L dependency=/opt/rustwide/target/debug/build/tower-layer/f6d5cc7b185cf351/out -L dependency=/opt/rustwide/target/debug/build/tower-service/e69ac8dcc8243395/out -L dependency=/opt/rustwide/target/debug/build/tower/a447f1c8256f2a8f/out -L dependency=/opt/rustwide/target/debug/build/tracing-core/3324456f4d23a949/out -L dependency=/opt/rustwide/target/debug/build/tracing/fac0f3b07a5fb37c/out -L dependency=/opt/rustwide/target/debug/build/try-lock/08abaa63f4861efa/out -L dependency=/opt/rustwide/target/debug/build/tungstenite/93ec36a647571390/out -L dependency=/opt/rustwide/target/debug/build/typenum/24aab6a4200ddd27/out -L dependency=/opt/rustwide/target/debug/build/unicase/555e66b7b51823d9/out -L dependency=/opt/rustwide/target/debug/build/unicode-segmentation/e19b1e2ed5cbf77b/out -L dependency=/opt/rustwide/target/debug/build/unicode-truncate/e20bc698986ec0d5/out -L dependency=/opt/rustwide/target/debug/build/unicode-width/7262dbb037081dbc/out -L dependency=/opt/rustwide/target/debug/build/unicode-width/a2cad30f1b072f70/out -L dependency=/opt/rustwide/target/debug/build/untrusted/03cde965a30f6cbb/out -L dependency=/opt/rustwide/target/debug/build/url/79f14fc78404f993/out -L dependency=/opt/rustwide/target/debug/build/utf-8/23c026f571ff5189/out -L dependency=/opt/rustwide/target/debug/build/utf8_iter/88f5a358869389d3/out -L dependency=/opt/rustwide/target/debug/build/utf8parse/dfcca550ff662ae9/out -L dependency=/opt/rustwide/target/debug/build/uuid/92d0f3f580a34182/out -L dependency=/opt/rustwide/target/debug/build/vsimd/0a8a956ba92747cc/out -L dependency=/opt/rustwide/target/debug/build/walkdir/1278d11b181efceb/out -L dependency=/opt/rustwide/target/debug/build/want/cc3dcee12d270b38/out -L dependency=/opt/rustwide/target/debug/build/webpki-roots/3093fb6bbb079fb9/out -L dependency=/opt/rustwide/target/debug/build/webpki-roots/8a3e50ba08a6b72c/out -L dependency=/opt/rustwide/target/debug/build/weezl/3337fb51b3df3d18/out -L dependency=/opt/rustwide/target/debug/build/willdeep-runtime-protocol/704fc337d5672496/out -L dependency=/opt/rustwide/target/debug/build/winnow/05e19d6a9ce88715/out -L dependency=/opt/rustwide/target/debug/build/winnow/633517ba2cbc48a7/out -L dependency=/opt/rustwide/target/debug/build/writeable/b7e8e2724ee161de/out -L dependency=/opt/rustwide/target/debug/build/x11rb-protocol/e92f70096a252c4b/out -L dependency=/opt/rustwide/target/debug/build/x11rb/463ef6adcc59985e/out -L dependency=/opt/rustwide/target/debug/build/yoke-derive/d78b3e5f37126f79/out -L dependency=/opt/rustwide/target/debug/build/yoke/682755b5bbb7f530/out -L dependency=/opt/rustwide/target/debug/build/zerocopy/6a56c99072cf491d/out -L dependency=/opt/rustwide/target/debug/build/zerofrom-derive/44a432e7e793f123/out -L dependency=/opt/rustwide/target/debug/build/zerofrom/154a15d675c27efa/out -L dependency=/opt/rustwide/target/debug/build/zeroize/635551755f6edc1d/out -L dependency=/opt/rustwide/target/debug/build/zerotrie/2aa48bba34a5e2de/out -L dependency=/opt/rustwide/target/debug/build/zerovec-derive/eebb94c722d37e5f/out -L dependency=/opt/rustwide/target/debug/build/zerovec/567b0f0c7d136df2/out -L dependency=/opt/rustwide/target/debug/build/zmij/93cb3e10a525d438/out -L dependency=/opt/rustwide/target/debug/build/zune-core/4dec77674a885674/out -L dependency=/opt/rustwide/target/debug/build/zune-jpeg/77cdbb6f8377657b/out --extern anyhow=/opt/rustwide/target/debug/build/anyhow/d5f04c2d9d0d7bf2/out/libanyhow-d5f04c2d9d0d7bf2.rmeta --extern arboard=/opt/rustwide/target/debug/build/arboard/33bdfec20656ee6c/out/libarboard-33bdfec20656ee6c.rmeta --extern async_trait=/opt/rustwide/target/debug/build/async-trait/a2876f65bbb44920/out/libasync_trait-a2876f65bbb44920.so --extern axum=/opt/rustwide/target/debug/build/axum/11de115c94cc9b57/out/libaxum-11de115c94cc9b57.rmeta --extern base64=/opt/rustwide/target/debug/build/base64/d8aec028dea2d277/out/libbase64-d8aec028dea2d277.rmeta --extern clap=/opt/rustwide/target/debug/build/clap/dadf434071e8d667/out/libclap-dadf434071e8d667.rmeta --extern clap_complete=/opt/rustwide/target/debug/build/clap_complete/436b2ea0329040d3/out/libclap_complete-436b2ea0329040d3.rmeta --extern clap_mangen=/opt/rustwide/target/debug/build/clap_mangen/d09eac1fdc679130/out/libclap_mangen-d09eac1fdc679130.rmeta --extern crc32fast=/opt/rustwide/target/debug/build/crc32fast/31ecd786fe404797/out/libcrc32fast-31ecd786fe404797.rmeta --extern crossterm=/opt/rustwide/target/debug/build/crossterm/5862af88c0ca4786/out/libcrossterm-5862af88c0ca4786.rmeta --extern futures_util=/opt/rustwide/target/debug/build/futures-util/e56053376660032b/out/libfutures_util-e56053376660032b.rmeta --extern http=/opt/rustwide/target/debug/build/http/e7402a8233548797/out/libhttp-e7402a8233548797.rmeta --extern image=/opt/rustwide/target/debug/build/image/b9364546346472dd/out/libimage-b9364546346472dd.rmeta --extern libc=/opt/rustwide/target/debug/build/libc/5b122225efee376b/out/liblibc-5b122225efee376b.rmeta --extern qrcode=/opt/rustwide/target/debug/build/qrcode/5ab3210768ade085/out/libqrcode-5ab3210768ade085.rmeta --extern ratatui=/opt/rustwide/target/debug/build/ratatui/855eeda809419847/out/libratatui-855eeda809419847.rmeta --extern ratatui_image=/opt/rustwide/target/debug/build/ratatui-image/da47939600b7de7b/out/libratatui_image-da47939600b7de7b.rmeta --extern regex=/opt/rustwide/target/debug/build/regex/09b3010542408695/out/libregex-09b3010542408695.rmeta --extern reqwest=/opt/rustwide/target/debug/build/reqwest/d8317b9abf0b66bd/out/libreqwest-d8317b9abf0b66bd.rmeta --extern rust_embed=/opt/rustwide/target/debug/build/rust-embed/ee659b078e16285b/out/librust_embed-ee659b078e16285b.rmeta --extern serde=/opt/rustwide/target/debug/build/serde/67177314cd17d4e4/out/libserde-67177314cd17d4e4.rmeta --extern serde_json=/opt/rustwide/target/debug/build/serde_json/3834b951da46c5f7/out/libserde_json-3834b951da46c5f7.rmeta --extern thiserror=/opt/rustwide/target/debug/build/thiserror/fb00f38f9c14eb56/out/libthiserror-fb00f38f9c14eb56.rmeta --extern tokio=/opt/rustwide/target/debug/build/tokio/c53bdfb273f4e367/out/libtokio-c53bdfb273f4e367.rmeta --extern tokio_stream=/opt/rustwide/target/debug/build/tokio-stream/816ea48dfabfe9e7/out/libtokio_stream-816ea48dfabfe9e7.rmeta --extern tokio_tungstenite=/opt/rustwide/target/debug/build/tokio-tungstenite/a420ed3e84aaa798/out/libtokio_tungstenite-a420ed3e84aaa798.rmeta --extern toml=/opt/rustwide/target/debug/build/toml/ba770e7bc74372c8/out/libtoml-ba770e7bc74372c8.rmeta --extern unicode_width=/opt/rustwide/target/debug/build/unicode-width/7262dbb037081dbc/out/libunicode_width-7262dbb037081dbc.rmeta --extern uuid=/opt/rustwide/target/debug/build/uuid/92d0f3f580a34182/out/libuuid-92d0f3f580a34182.rmeta --extern willdeep_core=/opt/rustwide/target/debug/build/willdeep-core/f3eb378dcd978cbb/out/libwilldeep_core-f3eb378dcd978cbb.rmeta --extern willdeep_runtime_client=/opt/rustwide/target/debug/build/willdeep-runtime-client/5e80756cf72fdd15/out/libwilldeep_runtime_client-5e80756cf72fdd15.rmeta --extern willdeep_runtime_protocol=/opt/rustwide/target/debug/build/willdeep-runtime-protocol/704fc337d5672496/out/libwilldeep_runtime_protocol-704fc337d5672496.rmeta --cap-lints=forbid --force-warn=unused_crate_dependencies -L native=/opt/rustwide/target/debug/build/ring/a0fbda0aa24de3fe/out` (signal: 9, SIGKILL: kill)
[INFO] [stderr] error: could not compile `willdeep` (bin "willdeep" test) due to 1 previous error
[INFO] [stderr] 
[INFO] [stderr] Caused by:
[INFO] [stderr]   process didn't exit successfully: `/opt/rustwide/rustup-home/toolchains/3154cc1a3e6424e44f438a95007d043ed5ceaaf6/bin/rustc --crate-name willdeep --edition=2024 crates/willdeep-cli/src/main.rs --error-format=json --json=diagnostic-rendered-ansi,artifacts,future-incompat,unused-externs-silent --emit=dep-info,metadata -C embed-bitcode=no -C debuginfo=2 --test --check-cfg 'cfg(docsrs,test)' --check-cfg 'cfg(feature, values())' -C metadata=99be746be9c6865d -C extra-filename=-140b3a1dd82b275e --out-dir /opt/rustwide/target/debug/build/willdeep/140b3a1dd82b275e/out -L dependency=/opt/rustwide/target/debug/build/adler2/ee8704cd74c29624/out -L dependency=/opt/rustwide/target/debug/build/aho-corasick/a69c837171192e07/out -L dependency=/opt/rustwide/target/debug/build/allocator-api2/34319c28828d46c3/out -L dependency=/opt/rustwide/target/debug/build/anstream/5bda8941e2fd5003/out -L dependency=/opt/rustwide/target/debug/build/anstyle-parse/872f42bb18dc41f8/out -L dependency=/opt/rustwide/target/debug/build/anstyle-query/717c9c809af6267c/out -L dependency=/opt/rustwide/target/debug/build/anstyle/0afc68cbfd0d2137/out -L dependency=/opt/rustwide/target/debug/build/anyhow/d5f04c2d9d0d7bf2/out -L dependency=/opt/rustwide/target/debug/build/async-trait/a2876f65bbb44920/out -L dependency=/opt/rustwide/target/debug/build/atomic-waker/d2edf130acb84086/out -L dependency=/opt/rustwide/target/debug/build/axum-core/adb937037a5e6eb9/out -L dependency=/opt/rustwide/target/debug/build/base64-simd/497162d520aa7a5c/out -L dependency=/opt/rustwide/target/debug/build/base64/d8aec028dea2d277/out -L dependency=/opt/rustwide/target/debug/build/bitflags/12164dedcc9c97c0/out -L dependency=/opt/rustwide/target/debug/build/block-buffer/98528fc8acbc24a1/out -L dependency=/opt/rustwide/target/debug/build/block-buffer/c6dd025e507155f8/out -L dependency=/opt/rustwide/target/debug/build/bstr/b893431453fd5f54/out -L dependency=/opt/rustwide/target/debug/build/bytemuck/659fa6f1bed16823/out -L dependency=/opt/rustwide/target/debug/build/byteorder-lite/f3499d1ac6418445/out -L dependency=/opt/rustwide/target/debug/build/bytes/4fbd75942b1503ad/out -L dependency=/opt/rustwide/target/debug/build/cassowary/14211622d5a3b5a1/out -L dependency=/opt/rustwide/target/debug/build/castaway/32442b404aa5baa6/out -L dependency=/opt/rustwide/target/debug/build/cfg-if/190c9021fd162845/out -L dependency=/opt/rustwide/target/debug/build/clap/dadf434071e8d667/out -L dependency=/opt/rustwide/target/debug/build/clap_builder/5e0ad3145ece6bf5/out -L dependency=/opt/rustwide/target/debug/build/clap_derive/fc81c2faf9379d37/out -L dependency=/opt/rustwide/target/debug/build/clap_lex/c6984b853e70a248/out -L dependency=/opt/rustwide/target/debug/build/color_quant/e87cf90f90443c36/out -L dependency=/opt/rustwide/target/debug/build/colorchoice/0d229411bd9dac1b/out -L dependency=/opt/rustwide/target/debug/build/compact_str/9979778e7fd58dbe/out -L dependency=/opt/rustwide/target/debug/build/const-oid/5abb6e22430efd63/out -L dependency=/opt/rustwide/target/debug/build/cpufeatures/1ae956ba346ebd12/out -L dependency=/opt/rustwide/target/debug/build/cpufeatures/d73b58fdf77d9fc5/out -L dependency=/opt/rustwide/target/debug/build/crc32fast/31ecd786fe404797/out -L dependency=/opt/rustwide/target/debug/build/crossbeam-deque/647c53055d2e6747/out -L dependency=/opt/rustwide/target/debug/build/crossbeam-epoch/0bcd9322656e197b/out -L dependency=/opt/rustwide/target/debug/build/crossbeam-utils/de917fa5281a5b5a/out -L dependency=/opt/rustwide/target/debug/build/crossterm/d214916b3f02466a/out -L dependency=/opt/rustwide/target/debug/build/crypto-common/254e02f080aa767f/out -L dependency=/opt/rustwide/target/debug/build/crypto-common/cad9844398764669/out -L dependency=/opt/rustwide/target/debug/build/data-encoding/a41f0c43161924c9/out -L dependency=/opt/rustwide/target/debug/build/derive_more-impl/400a65dff716b39c/out -L dependency=/opt/rustwide/target/debug/build/derive_more/29b1153c8176854c/out -L dependency=/opt/rustwide/target/debug/build/digest/6b088d719cdd21b4/out -L dependency=/opt/rustwide/target/debug/build/digest/bbedfa42731e550c/out -L dependency=/opt/rustwide/target/debug/build/displaydoc/e3b88917d8ab0b88/out -L dependency=/opt/rustwide/target/debug/build/document-features/81448685dcff94c6/out -L dependency=/opt/rustwide/target/debug/build/either/10d0d1b77f3b30c6/out -L dependency=/opt/rustwide/target/debug/build/equivalent/d23b026399a51038/out -L dependency=/opt/rustwide/target/debug/build/errno/0f735279c0a5cb88/out -L dependency=/opt/rustwide/target/debug/build/fdeflate/6c7085ad7d8a3ba1/out -L dependency=/opt/rustwide/target/debug/build/flate2/710ef308c4dec5a3/out -L dependency=/opt/rustwide/target/debug/build/foldhash/496b6a8506c7c674/out -L dependency=/opt/rustwide/target/debug/build/form_urlencoded/a0709cb2f4e6749a/out -L dependency=/opt/rustwide/target/debug/build/futures-channel/19c37e951e057d0f/out -L dependency=/opt/rustwide/target/debug/build/futures-core/66c6c11339e0b249/out -L dependency=/opt/rustwide/target/debug/build/futures-macro/9b764481ac0cdd03/out -L dependency=/opt/rustwide/target/debug/build/futures-sink/cdd1669e988ddca7/out -L dependency=/opt/rustwide/target/debug/build/futures-task/7018d05962e87907/out -L dependency=/opt/rustwide/target/debug/build/futures-util/e56053376660032b/out -L dependency=/opt/rustwide/target/debug/build/generic-array/c586f0bf6e1ffba7/out -L dependency=/opt/rustwide/target/debug/build/gethostname/5078151a3a39be12/out -L dependency=/opt/rustwide/target/debug/build/getrandom/9e2f8a6c5eaf5e7f/out -L dependency=/opt/rustwide/target/debug/build/getrandom/a717291fd2ff3614/out -L dependency=/opt/rustwide/target/debug/build/getrandom/d2aa5e8c4aab2c0f/out -L dependency=/opt/rustwide/target/debug/build/gif/f538b9c56d853c6d/out -L dependency=/opt/rustwide/target/debug/build/globset/7b72b5f17670c644/out -L dependency=/opt/rustwide/target/debug/build/hashbrown/f1f72e91be09a664/out -L dependency=/opt/rustwide/target/debug/build/http-body-util/c12e85560133f92d/out -L dependency=/opt/rustwide/target/debug/build/http-body/6ca649109301c00f/out -L dependency=/opt/rustwide/target/debug/build/http/e7402a8233548797/out -L dependency=/opt/rustwide/target/debug/build/httparse/b9ed2fea81abf9ac/out -L dependency=/opt/rustwide/target/debug/build/httpdate/dd055e56878c34d5/out -L dependency=/opt/rustwide/target/debug/build/hybrid-array/c87f7061e4f21f44/out -L dependency=/opt/rustwide/target/debug/build/hyper-rustls/4046ea5261e65cf6/out -L dependency=/opt/rustwide/target/debug/build/hyper-util/2b49ccdc9235eb64/out -L dependency=/opt/rustwide/target/debug/build/hyper/932c2259956f27eb/out -L dependency=/opt/rustwide/target/debug/build/icu_collections/c6f21dfc7c47ebf5/out -L dependency=/opt/rustwide/target/debug/build/icu_locale_core/055dc5138abef7a0/out -L dependency=/opt/rustwide/target/debug/build/icu_normalizer/bd58e362119805a0/out -L dependency=/opt/rustwide/target/debug/build/icu_normalizer_data/9df594966f451c5b/out -L dependency=/opt/rustwide/target/debug/build/icu_properties/484f80d4e292990c/out -L dependency=/opt/rustwide/target/debug/build/icu_properties_data/335803bac80265ac/out -L dependency=/opt/rustwide/target/debug/build/icu_provider/3142b0ea2d4f301e/out -L dependency=/opt/rustwide/target/debug/build/icy_sixel/47ca00d3ddc66edb/out -L dependency=/opt/rustwide/target/debug/build/idna/3d8e19618b2be211/out -L dependency=/opt/rustwide/target/debug/build/idna_adapter/084808f00505add7/out -L dependency=/opt/rustwide/target/debug/build/ignore/571ddcda3de3ece9/out -L dependency=/opt/rustwide/target/debug/build/image-webp/f703b13b74bfa26f/out -L dependency=/opt/rustwide/target/debug/build/image/b9364546346472dd/out -L dependency=/opt/rustwide/target/debug/build/indoc/0b189fa8d1397f9c/out -L dependency=/opt/rustwide/target/debug/build/instability/94d31be5545f1790/out -L dependency=/opt/rustwide/target/debug/build/ipnet/7e5b3052b5f6134c/out -L dependency=/opt/rustwide/target/debug/build/is_terminal_polyfill/fc6efa62ae782dd6/out -L dependency=/opt/rustwide/target/debug/build/itertools/fd615794437ac02f/out -L dependency=/opt/rustwide/target/debug/build/itoa/488dcf4f13423b18/out -L dependency=/opt/rustwide/target/debug/build/libc/5b122225efee376b/out -L dependency=/opt/rustwide/target/debug/build/linux-raw-sys/e28ea43305577af4/out -L dependency=/opt/rustwide/target/debug/build/linux-raw-sys/eddb24b0f6e8fac6/out -L dependency=/opt/rustwide/target/debug/build/litemap/6390bd0b5dbf5657/out -L dependency=/opt/rustwide/target/debug/build/lock_api/b47e4fe57039b3cf/out -L dependency=/opt/rustwide/target/debug/build/log/88d33b7e65e7d5e3/out -L dependency=/opt/rustwide/target/debug/build/lru/a23597f79c07066a/out -L dependency=/opt/rustwide/target/debug/build/matchit/e98a3fa189025638/out -L dependency=/opt/rustwide/target/debug/build/memchr/b924193483665774/out -L dependency=/opt/rustwide/target/debug/build/mime/719fdfbd841ea854/out -L dependency=/opt/rustwide/target/debug/build/mime_guess/2bc935a0aeb53994/out -L dependency=/opt/rustwide/target/debug/build/miniz_oxide/1ea5d07c0236cf82/out -L dependency=/opt/rustwide/target/debug/build/mio/2eb3289708666baf/out -L dependency=/opt/rustwide/target/debug/build/moxcms/a30ff888f68305ee/out -L dependency=/opt/rustwide/target/debug/build/num-traits/f66f4b200fc490bc/out -L dependency=/opt/rustwide/target/debug/build/once_cell/6f8123b0c2eed634/out -L dependency=/opt/rustwide/target/debug/build/outref/dc38b173fed6e653/out -L dependency=/opt/rustwide/target/debug/build/parking_lot/fbaaae226cca1d88/out -L dependency=/opt/rustwide/target/debug/build/parking_lot_core/e1a619b48c889fab/out -L dependency=/opt/rustwide/target/debug/build/paste/c5e5e8a2bd161c29/out -L dependency=/opt/rustwide/target/debug/build/percent-encoding/f0f3780066f274e0/out -L dependency=/opt/rustwide/target/debug/build/pin-project-lite/7176d3be2b7ee2e1/out -L dependency=/opt/rustwide/target/debug/build/png/7281d4ffd11de9ef/out -L dependency=/opt/rustwide/target/debug/build/potential_utf/dcf4412a98563e15/out -L dependency=/opt/rustwide/target/debug/build/ppv-lite86/71a2bd4a37db52fe/out -L dependency=/opt/rustwide/target/debug/build/psl-types/c32b1b732f1cc965/out -L dependency=/opt/rustwide/target/debug/build/psl/18c2ec62a7707f8a/out -L dependency=/opt/rustwide/target/debug/build/pxfm/30d46fbfb917f044/out -L dependency=/opt/rustwide/target/debug/build/quick-error/ec99d7e4ca10f9da/out -L dependency=/opt/rustwide/target/debug/build/rand/53231504d583c518/out -L dependency=/opt/rustwide/target/debug/build/rand/f75afd6365e33c2d/out -L dependency=/opt/rustwide/target/debug/build/rand_chacha/1eac5d1b0efe642b/out -L dependency=/opt/rustwide/target/debug/build/rand_chacha/d8bf30b84bab555f/out -L dependency=/opt/rustwide/target/debug/build/rand_core/9b17468d33d04c68/out -L dependency=/opt/rustwide/target/debug/build/rand_core/c4ce4aa3eb83456a/out -L dependency=/opt/rustwide/target/debug/build/ratatui/855eeda809419847/out -L dependency=/opt/rustwide/target/debug/build/regex-automata/93d9af9d1eb7898b/out -L dependency=/opt/rustwide/target/debug/build/regex-syntax/aa2c0ef21912879c/out -L dependency=/opt/rustwide/target/debug/build/regex/09b3010542408695/out -L dependency=/opt/rustwide/target/debug/build/reqwest/d8317b9abf0b66bd/out -L dependency=/opt/rustwide/target/debug/build/ring/6c963f4ae766d51b/out -L dependency=/opt/rustwide/target/debug/build/roff/1eab09e68b71da7b/out -L dependency=/opt/rustwide/target/debug/build/rust-embed-impl/a67b86d7007fd508/out -L dependency=/opt/rustwide/target/debug/build/rust-embed-utils/b2c4a1bdedb9943d/out -L dependency=/opt/rustwide/target/debug/build/rustix/2bc7c316adcb6103/out -L dependency=/opt/rustwide/target/debug/build/rustix/a8851cf738ed1ec2/out -L dependency=/opt/rustwide/target/debug/build/rustls-pki-types/4cbbe2598a880b1d/out -L dependency=/opt/rustwide/target/debug/build/rustls-webpki/edb720e0a4cd995d/out -L dependency=/opt/rustwide/target/debug/build/rustls/09fc734b47f4701c/out -L dependency=/opt/rustwide/target/debug/build/rustversion/5cea38e78999152b/out -L dependency=/opt/rustwide/target/debug/build/ryu/3da2ab8eb39d89f2/out -L dependency=/opt/rustwide/target/debug/build/same-file/b7226876f34d02dd/out -L dependency=/opt/rustwide/target/debug/build/scopeguard/e7d227cb308b3799/out -L dependency=/opt/rustwide/target/debug/build/serde/67177314cd17d4e4/out -L dependency=/opt/rustwide/target/debug/build/serde_core/0a1ba5c7e6f8457f/out -L dependency=/opt/rustwide/target/debug/build/serde_derive/3e0699311e99d925/out -L dependency=/opt/rustwide/target/debug/build/serde_json/3834b951da46c5f7/out -L dependency=/opt/rustwide/target/debug/build/serde_path_to_error/fcbab7a2847b1eba/out -L dependency=/opt/rustwide/target/debug/build/serde_spanned/41858978bf851c3b/out -L dependency=/opt/rustwide/target/debug/build/serde_urlencoded/33db1a0a06f0ba40/out -L dependency=/opt/rustwide/target/debug/build/sha1/c36a19fa77ee1fea/out -L dependency=/opt/rustwide/target/debug/build/sha2/07653adc736c1e33/out -L dependency=/opt/rustwide/target/debug/build/sha2/5a7e7c8308812095/out -L dependency=/opt/rustwide/target/debug/build/signal-hook-mio/ec0560b89eb1c8eb/out -L dependency=/opt/rustwide/target/debug/build/signal-hook-registry/e631dbe7df418f4f/out -L dependency=/opt/rustwide/target/debug/build/signal-hook/0a08e5961d84e7ce/out -L dependency=/opt/rustwide/target/debug/build/simd-adler32/abdd6735cba46234/out -L dependency=/opt/rustwide/target/debug/build/slab/ae595133c23c4338/out -L dependency=/opt/rustwide/target/debug/build/smallvec/3fa8e7f1993d4002/out -L dependency=/opt/rustwide/target/debug/build/socket2/081bf329e7bc52a9/out -L dependency=/opt/rustwide/target/debug/build/stable_deref_trait/a4bd0afb694af506/out -L dependency=/opt/rustwide/target/debug/build/static_assertions/f2154b0bf273423d/out -L dependency=/opt/rustwide/target/debug/build/strsim/a1f0dce47f9b6856/out -L dependency=/opt/rustwide/target/debug/build/strum/0a740461a975d615/out -L dependency=/opt/rustwide/target/debug/build/strum_macros/a3123e7546a89f53/out -L dependency=/opt/rustwide/target/debug/build/subtle/350c4d777e42ad0b/out -L dependency=/opt/rustwide/target/debug/build/sync_wrapper/277f414c4c1cc118/out -L dependency=/opt/rustwide/target/debug/build/thiserror-impl/3ade8a6493f99bd2/out -L dependency=/opt/rustwide/target/debug/build/thiserror-impl/e0f6cdc607024b50/out -L dependency=/opt/rustwide/target/debug/build/thiserror/7bb010c667a7743c/out -L dependency=/opt/rustwide/target/debug/build/thiserror/fb00f38f9c14eb56/out -L dependency=/opt/rustwide/target/debug/build/tinystr/7e189092b7e4d197/out -L dependency=/opt/rustwide/target/debug/build/tokio-macros/b54d099818f02516/out -L dependency=/opt/rustwide/target/debug/build/tokio-rustls/f78bbc238311e0fa/out -L dependency=/opt/rustwide/target/debug/build/tokio-util/dd885adf9f910855/out -L dependency=/opt/rustwide/target/debug/build/tokio/c53bdfb273f4e367/out -L dependency=/opt/rustwide/target/debug/build/toml_datetime/1c642fd89de08886/out -L dependency=/opt/rustwide/target/debug/build/toml_parser/4b56f1fcc80bee0d/out -L dependency=/opt/rustwide/target/debug/build/toml_writer/8f810326993a9f23/out -L dependency=/opt/rustwide/target/debug/build/tower-http/ba3a491b82730398/out -L dependency=/opt/rustwide/target/debug/build/tower-layer/f6d5cc7b185cf351/out -L dependency=/opt/rustwide/target/debug/build/tower-service/e69ac8dcc8243395/out -L dependency=/opt/rustwide/target/debug/build/tower/a447f1c8256f2a8f/out -L dependency=/opt/rustwide/target/debug/build/tracing-core/3324456f4d23a949/out -L dependency=/opt/rustwide/target/debug/build/tracing/fac0f3b07a5fb37c/out -L dependency=/opt/rustwide/target/debug/build/try-lock/08abaa63f4861efa/out -L dependency=/opt/rustwide/target/debug/build/tungstenite/93ec36a647571390/out -L dependency=/opt/rustwide/target/debug/build/typenum/24aab6a4200ddd27/out -L dependency=/opt/rustwide/target/debug/build/unicase/555e66b7b51823d9/out -L dependency=/opt/rustwide/target/debug/build/unicode-segmentation/e19b1e2ed5cbf77b/out -L dependency=/opt/rustwide/target/debug/build/unicode-truncate/e20bc698986ec0d5/out -L dependency=/opt/rustwide/target/debug/build/unicode-width/7262dbb037081dbc/out -L dependency=/opt/rustwide/target/debug/build/unicode-width/a2cad30f1b072f70/out -L dependency=/opt/rustwide/target/debug/build/untrusted/03cde965a30f6cbb/out -L dependency=/opt/rustwide/target/debug/build/url/79f14fc78404f993/out -L dependency=/opt/rustwide/target/debug/build/utf-8/23c026f571ff5189/out -L dependency=/opt/rustwide/target/debug/build/utf8_iter/88f5a358869389d3/out -L dependency=/opt/rustwide/target/debug/build/utf8parse/dfcca550ff662ae9/out -L dependency=/opt/rustwide/target/debug/build/uuid/92d0f3f580a34182/out -L dependency=/opt/rustwide/target/debug/build/vsimd/0a8a956ba92747cc/out -L dependency=/opt/rustwide/target/debug/build/walkdir/1278d11b181efceb/out -L dependency=/opt/rustwide/target/debug/build/want/cc3dcee12d270b38/out -L dependency=/opt/rustwide/target/debug/build/webpki-roots/3093fb6bbb079fb9/out -L dependency=/opt/rustwide/target/debug/build/webpki-roots/8a3e50ba08a6b72c/out -L dependency=/opt/rustwide/target/debug/build/weezl/3337fb51b3df3d18/out -L dependency=/opt/rustwide/target/debug/build/willdeep-runtime-protocol/704fc337d5672496/out -L dependency=/opt/rustwide/target/debug/build/winnow/05e19d6a9ce88715/out -L dependency=/opt/rustwide/target/debug/build/winnow/633517ba2cbc48a7/out -L dependency=/opt/rustwide/target/debug/build/writeable/b7e8e2724ee161de/out -L dependency=/opt/rustwide/target/debug/build/x11rb-protocol/e92f70096a252c4b/out -L dependency=/opt/rustwide/target/debug/build/x11rb/463ef6adcc59985e/out -L dependency=/opt/rustwide/target/debug/build/yoke-derive/d78b3e5f37126f79/out -L dependency=/opt/rustwide/target/debug/build/yoke/682755b5bbb7f530/out -L dependency=/opt/rustwide/target/debug/build/zerocopy/6a56c99072cf491d/out -L dependency=/opt/rustwide/target/debug/build/zerofrom-derive/44a432e7e793f123/out -L dependency=/opt/rustwide/target/debug/build/zerofrom/154a15d675c27efa/out -L dependency=/opt/rustwide/target/debug/build/zeroize/635551755f6edc1d/out -L dependency=/opt/rustwide/target/debug/build/zerotrie/2aa48bba34a5e2de/out -L dependency=/opt/rustwide/target/debug/build/zerovec-derive/eebb94c722d37e5f/out -L dependency=/opt/rustwide/target/debug/build/zerovec/567b0f0c7d136df2/out -L dependency=/opt/rustwide/target/debug/build/zmij/93cb3e10a525d438/out -L dependency=/opt/rustwide/target/debug/build/zune-core/4dec77674a885674/out -L dependency=/opt/rustwide/target/debug/build/zune-jpeg/77cdbb6f8377657b/out --extern anyhow=/opt/rustwide/target/debug/build/anyhow/d5f04c2d9d0d7bf2/out/libanyhow-d5f04c2d9d0d7bf2.rmeta --extern arboard=/opt/rustwide/target/debug/build/arboard/33bdfec20656ee6c/out/libarboard-33bdfec20656ee6c.rmeta --extern async_trait=/opt/rustwide/target/debug/build/async-trait/a2876f65bbb44920/out/libasync_trait-a2876f65bbb44920.so --extern axum=/opt/rustwide/target/debug/build/axum/11de115c94cc9b57/out/libaxum-11de115c94cc9b57.rmeta --extern base64=/opt/rustwide/target/debug/build/base64/d8aec028dea2d277/out/libbase64-d8aec028dea2d277.rmeta --extern clap=/opt/rustwide/target/debug/build/clap/dadf434071e8d667/out/libclap-dadf434071e8d667.rmeta --extern clap_complete=/opt/rustwide/target/debug/build/clap_complete/436b2ea0329040d3/out/libclap_complete-436b2ea0329040d3.rmeta --extern clap_mangen=/opt/rustwide/target/debug/build/clap_mangen/d09eac1fdc679130/out/libclap_mangen-d09eac1fdc679130.rmeta --extern crc32fast=/opt/rustwide/target/debug/build/crc32fast/31ecd786fe404797/out/libcrc32fast-31ecd786fe404797.rmeta --extern crossterm=/opt/rustwide/target/debug/build/crossterm/5862af88c0ca4786/out/libcrossterm-5862af88c0ca4786.rmeta --extern futures_util=/opt/rustwide/target/debug/build/futures-util/e56053376660032b/out/libfutures_util-e56053376660032b.rmeta --extern http=/opt/rustwide/target/debug/build/http/e7402a8233548797/out/libhttp-e7402a8233548797.rmeta --extern image=/opt/rustwide/target/debug/build/image/b9364546346472dd/out/libimage-b9364546346472dd.rmeta --extern libc=/opt/rustwide/target/debug/build/libc/5b122225efee376b/out/liblibc-5b122225efee376b.rmeta --extern qrcode=/opt/rustwide/target/debug/build/qrcode/5ab3210768ade085/out/libqrcode-5ab3210768ade085.rmeta --extern ratatui=/opt/rustwide/target/debug/build/ratatui/855eeda809419847/out/libratatui-855eeda809419847.rmeta --extern ratatui_image=/opt/rustwide/target/debug/build/ratatui-image/da47939600b7de7b/out/libratatui_image-da47939600b7de7b.rmeta --extern regex=/opt/rustwide/target/debug/build/regex/09b3010542408695/out/libregex-09b3010542408695.rmeta --extern reqwest=/opt/rustwide/target/debug/build/reqwest/d8317b9abf0b66bd/out/libreqwest-d8317b9abf0b66bd.rmeta --extern rust_embed=/opt/rustwide/target/debug/build/rust-embed/ee659b078e16285b/out/librust_embed-ee659b078e16285b.rmeta --extern serde=/opt/rustwide/target/debug/build/serde/67177314cd17d4e4/out/libserde-67177314cd17d4e4.rmeta --extern serde_json=/opt/rustwide/target/debug/build/serde_json/3834b951da46c5f7/out/libserde_json-3834b951da46c5f7.rmeta --extern thiserror=/opt/rustwide/target/debug/build/thiserror/fb00f38f9c14eb56/out/libthiserror-fb00f38f9c14eb56.rmeta --extern tokio=/opt/rustwide/target/debug/build/tokio/c53bdfb273f4e367/out/libtokio-c53bdfb273f4e367.rmeta --extern tokio_stream=/opt/rustwide/target/debug/build/tokio-stream/816ea48dfabfe9e7/out/libtokio_stream-816ea48dfabfe9e7.rmeta --extern tokio_tungstenite=/opt/rustwide/target/debug/build/tokio-tungstenite/a420ed3e84aaa798/out/libtokio_tungstenite-a420ed3e84aaa798.rmeta --extern toml=/opt/rustwide/target/debug/build/toml/ba770e7bc74372c8/out/libtoml-ba770e7bc74372c8.rmeta --extern unicode_width=/opt/rustwide/target/debug/build/unicode-width/7262dbb037081dbc/out/libunicode_width-7262dbb037081dbc.rmeta --extern uuid=/opt/rustwide/target/debug/build/uuid/92d0f3f580a34182/out/libuuid-92d0f3f580a34182.rmeta --extern willdeep_core=/opt/rustwide/target/debug/build/willdeep-core/f3eb378dcd978cbb/out/libwilldeep_core-f3eb378dcd978cbb.rmeta --extern willdeep_runtime_client=/opt/rustwide/target/debug/build/willdeep-runtime-client/5e80756cf72fdd15/out/libwilldeep_runtime_client-5e80756cf72fdd15.rmeta --extern willdeep_runtime_protocol=/opt/rustwide/target/debug/build/willdeep-runtime-protocol/704fc337d5672496/out/libwilldeep_runtime_protocol-704fc337d5672496.rmeta --cap-lints=forbid --force-warn=unused_crate_dependencies -L native=/opt/rustwide/target/debug/build/ring/a0fbda0aa24de3fe/out` (signal: 9, SIGKILL: kill)
[INFO] running `Command { std: "docker" "inspect" "3c45f5af8a15fa3f1eb5172457427d781fe9e0e4530a9403c1219b248ee8cb66", kill_on_drop: false }`
[INFO] running `Command { std: "docker" "rm" "-f" "3c45f5af8a15fa3f1eb5172457427d781fe9e0e4530a9403c1219b248ee8cb66", kill_on_drop: false }`
[INFO] [stdout] 3c45f5af8a15fa3f1eb5172457427d781fe9e0e4530a9403c1219b248ee8cb66
