[INFO] cloning repository https://github.com/nikescar/egui_webview
[INFO] running `Command { std: "git" "-c" "credential.helper=" "-c" "credential.helper=/workspace/cargo-home/bin/git-credential-null" "clone" "--bare" "https://github.com/nikescar/egui_webview" "/workspace/cache/git-repos/https%3A%2F%2Fgithub.com%2Fnikescar%2Fegui_webview", kill_on_drop: false }`
[INFO] [stderr] Cloning into bare repository '/workspace/cache/git-repos/https%3A%2F%2Fgithub.com%2Fnikescar%2Fegui_webview'...
[INFO] running `Command { std: "git" "rev-parse" "HEAD", kill_on_drop: false }`
[INFO] [stdout] 36b6bc840a2902f50594c2583a3efd79abea9975
[INFO] checking nikescar/egui_webview against 3154cc1a3e6424e44f438a95007d043ed5ceaaf6+rustflags=-Znext-solver=coherence for pr-133502-30
[INFO] running `Command { std: "git" "clone" "/workspace/cache/git-repos/https%3A%2F%2Fgithub.com%2Fnikescar%2Fegui_webview" "/workspace/builds/worker-1-tc1/source", kill_on_drop: false }`
[INFO] [stderr] Cloning into '/workspace/builds/worker-1-tc1/source'...
[INFO] [stderr] done.
[INFO] started tweaking git repo https://github.com/nikescar/egui_webview
[INFO] finished tweaking git repo https://github.com/nikescar/egui_webview
[INFO] tweaked toml for git repo https://github.com/nikescar/egui_webview written to /workspace/builds/worker-1-tc1/source/Cargo.toml
[INFO] validating manifest of git repo https://github.com/nikescar/egui_webview on toolchain 3154cc1a3e6424e44f438a95007d043ed5ceaaf6
[INFO] running `Command { std: CARGO_HOME="/workspace/cargo-home" RUSTUP_HOME="/workspace/rustup-home" "/workspace/cargo-home/bin/cargo" "+3154cc1a3e6424e44f438a95007d043ed5ceaaf6" "metadata" "--manifest-path" "Cargo.toml" "--no-deps", kill_on_drop: false }`
[INFO] crate git repo https://github.com/nikescar/egui_webview already has a lockfile, it will not be regenerated
[INFO] running `Command { std: CARGO_HOME="/workspace/cargo-home" RUSTUP_HOME="/workspace/rustup-home" "/workspace/cargo-home/bin/cargo" "+3154cc1a3e6424e44f438a95007d043ed5ceaaf6" "fetch" "--manifest-path" "Cargo.toml", kill_on_drop: false }`
[INFO] running `Command { std: "docker" "create" "-v" "/var/lib/crater-agent-workspace/builds/worker-1-tc1/source:/opt/rustwide/workdir:ro,Z" "-v" "/var/lib/crater-agent-workspace/builds/worker-1-tc1/target:/opt/rustwide/target:rw,Z" "-v" "/var/lib/crater-agent-workspace/cargo-home:/opt/rustwide/cargo-home:ro,Z" "-v" "/var/lib/crater-agent-workspace/rustup-home:/opt/rustwide/rustup-home:ro,Z" "-m" "1610612736" "--network" "none" "ghcr.io/rust-lang/crates-build-env/linux@sha256:77db811e55d90add9212f6832c23229e3de5f1c1f9905e8cb07319ea15df73ac" "sleep" "infinity", kill_on_drop: false }`
[INFO] [stdout] 4c8467191eb153f394983b3356c9d59dbe22021c907a69fb09254842167e84d5
[INFO] running `Command { std: "docker" "start" "4c8467191eb153f394983b3356c9d59dbe22021c907a69fb09254842167e84d5", kill_on_drop: false }`
[INFO] running `Command { std: "docker" "inspect" "4c8467191eb153f394983b3356c9d59dbe22021c907a69fb09254842167e84d5", kill_on_drop: false }`
[INFO] running `Command { std: "docker" "exec" "-e" "SOURCE_DIR=/opt/rustwide/workdir" "-e" "CARGO_HOME=/opt/rustwide/cargo-home" "-e" "RUSTUP_HOME=/opt/rustwide/rustup-home" "-e" "CARGO_TARGET_DIR=/opt/rustwide/target" "-w" "/opt/rustwide/workdir" "--user" "0:0" "4c8467191eb153f394983b3356c9d59dbe22021c907a69fb09254842167e84d5" "/opt/rustwide/cargo-home/bin/cargo" "+3154cc1a3e6424e44f438a95007d043ed5ceaaf6" "metadata" "--no-deps" "--format-version=1", kill_on_drop: false }`
[INFO] running `Command { std: "docker" "inspect" "4c8467191eb153f394983b3356c9d59dbe22021c907a69fb09254842167e84d5", kill_on_drop: false }`
[INFO] running `Command { std: "docker" "exec" "-e" "SOURCE_DIR=/opt/rustwide/workdir" "-e" "CARGO_HOME=/opt/rustwide/cargo-home" "-e" "RUSTUP_HOME=/opt/rustwide/rustup-home" "-e" "CARGO_TARGET_DIR=/opt/rustwide/target" "-e" "CARGO_INCREMENTAL=0" "-e" "RUST_BACKTRACE=full" "-e" "RUSTFLAGS=--cap-lints=forbid -Znext-solver=coherence" "-e" "RUSTDOCFLAGS=--cap-lints=forbid" "-w" "/opt/rustwide/workdir" "--user" "0:0" "4c8467191eb153f394983b3356c9d59dbe22021c907a69fb09254842167e84d5" "/opt/rustwide/cargo-home/bin/cargo" "+3154cc1a3e6424e44f438a95007d043ed5ceaaf6" "check" "--frozen" "--all" "--all-targets" "--message-format=json", kill_on_drop: false }`
[INFO] [stderr]    Compiling serde v1.0.229
[INFO] [stderr]     Checking futures-core v0.3.34
[INFO] [stderr]    Compiling syn v2.0.119
[INFO] [stderr]    Compiling wayland-backend v0.3.17
[INFO] [stderr]    Compiling syn v1.0.109
[INFO] [stderr]    Compiling proc-macro-error-attr v1.0.4
[INFO] [stderr]    Compiling zerovec-derive v0.11.4
[INFO] [stderr]     Checking bytemuck v1.25.2
[INFO] [stderr]     Checking ahash v0.8.12
[INFO] [stderr]    Compiling num-traits v0.2.19
[INFO] [stderr]     Checking tracing v0.1.44
[INFO] [stderr]     Checking epaint_default_fonts v0.33.3
[INFO] [stderr]    Compiling glutin_glx_sys v0.6.1
[INFO] [stderr]    Compiling glutin_egl_sys v0.7.1
[INFO] [stderr]    Compiling glutin v0.32.3
[INFO] [stderr]    Compiling glutin-winit v0.5.0
[INFO] [stderr]     Checking futures-util v0.3.34
[INFO] [stderr]     Checking futures-channel v0.3.34
[INFO] [stderr]     Checking emath v0.33.3
[INFO] [stderr]     Checking serde_json v1.0.151
[INFO] [stderr]     Checking calloop v0.14.4
[INFO] [stderr]    Compiling proc-macro-error v1.0.4
[INFO] [stderr]     Checking ecolor v0.33.3
[INFO] [stderr]     Checking epaint v0.33.3
[INFO] [stderr]    Compiling toml_datetime v0.6.3
[INFO] [stderr]    Compiling serde_spanned v0.6.9
[INFO] [stderr]     Checking moxcms v0.8.1
[INFO] [stderr]    Compiling toml_edit v0.20.2
[INFO] [stderr]    Compiling toml_edit v0.19.15
[INFO] [stderr]     Checking wayland-client v0.31.15
[INFO] [stderr]     Checking wayland-csd-frame v0.3.0
[INFO] [stderr]     Checking futures-executor v0.3.34
[INFO] [stderr]     Checking egui v0.33.3
[INFO] [stderr]     Checking wayland-protocols v0.32.13
[INFO] [stderr]     Checking wayland-cursor v0.31.14
[INFO] [stderr]     Checking calloop-wayland-source v0.4.1
[INFO] [stderr]    Compiling proc-macro-crate v1.3.1
[INFO] [stderr]    Compiling toml v0.8.2
[INFO] [stderr]    Compiling proc-macro-crate v2.0.2
[INFO] [stderr]    Compiling system-deps v6.2.2
[INFO] [stderr]    Compiling glib-sys v0.18.1
[INFO] [stderr]    Compiling gobject-sys v0.18.0
[INFO] [stderr]    Compiling gio-sys v0.18.1
[INFO] [stderr]    Compiling gdk-sys v0.18.2
[INFO] [stderr]    Compiling cairo-sys-rs v0.18.2
[INFO] [stderr]    Compiling atk-sys v0.18.2
[INFO] [stderr]    Compiling pango-sys v0.18.0
[INFO] [stderr]    Compiling gdk-pixbuf-sys v0.18.0
[INFO] [stderr]    Compiling gtk-sys v0.18.2
[INFO] [stderr]    Compiling javascriptcore-rs-sys v1.1.1
[INFO] [stderr]    Compiling soup3-sys v0.5.0
[INFO] [stderr]    Compiling webkit2gtk-sys v2.0.2
[INFO] [stderr]    Compiling gdkx11-sys v0.18.2
[INFO] [stderr]    Compiling synstructure v0.13.2
[INFO] [stderr]    Compiling gtk v0.18.2
[INFO] [stderr]    Compiling wry v0.56.1
[INFO] [stderr]    Compiling thiserror-impl v1.0.69
[INFO] [stderr]    Compiling zerofrom-derive v0.1.7
[INFO] [stderr]    Compiling yoke-derive v0.8.2
[INFO] [stderr]    Compiling glib-macros v0.18.5
[INFO] [stderr]    Compiling gtk3-macros v0.18.2
[INFO] [stderr]    Compiling enum-map-derive v0.17.0
[INFO] [stderr]     Checking image v0.25.10
[INFO] [stderr]     Checking enum-map v2.7.3
[INFO] [stderr]     Checking zerofrom v0.1.8
[INFO] [stderr]     Checking yoke v0.8.3
[INFO] [stderr]     Checking thiserror v1.0.69
[INFO] [stderr]     Checking egui_glow v0.33.3
[INFO] [stderr]     Checking calloop v0.13.0
[INFO] [stderr]     Checking zerovec v0.11.7
[INFO] [stderr]     Checking zerotrie v0.2.5
[INFO] [stderr]     Checking calloop-wayland-source v0.3.0
[INFO] [stderr]     Checking arboard v3.6.1
[INFO] [stderr]     Checking egui_extras v0.33.3
[INFO] [stderr]     Checking tinystr v0.8.4
[INFO] [stderr]     Checking potential_utf v0.1.6
[INFO] [stderr]     Checking icu_collections v2.3.0
[INFO] [stderr]     Checking icu_locale_core v2.3.0
[INFO] [stderr]     Checking glib v0.18.5
[INFO] [stderr]     Checking icu_provider v2.3.0
[INFO] [stderr]     Checking wayland-protocols-wlr v0.3.12
[INFO] [stderr]     Checking wayland-protocols-misc v0.3.12
[INFO] [stderr]     Checking wayland-protocols-experimental v20250721.0.1
[INFO] [stderr]     Checking wayland-protocols-plasma v0.3.12
[INFO] [stderr]     Checking icu_normalizer v2.3.0
[INFO] [stderr]     Checking icu_properties v2.3.0
[INFO] [stderr]     Checking smithay-client-toolkit v0.19.2
[INFO] [stderr]     Checking smithay-client-toolkit v0.20.0
[INFO] [stderr]     Checking idna_adapter v1.2.2
[INFO] [stderr]     Checking idna v1.1.0
[INFO] [stderr]     Checking url v2.5.8
[INFO] [stderr]     Checking webbrowser v1.2.4
[INFO] [stderr]     Checking smithay-clipboard v0.7.3
[INFO] [stderr]     Checking winit v0.30.13
[INFO] [stderr]     Checking egui-winit v0.33.3
[INFO] [stderr]     Checking eframe v0.33.3
[INFO] [stderr]     Checking gio v0.18.4
[INFO] [stderr]     Checking cairo-rs v0.18.5
[INFO] [stderr]     Checking atk v0.18.2
[INFO] [stderr]     Checking javascriptcore-rs v1.1.2
[INFO] [stderr]     Checking pango v0.18.3
[INFO] [stderr]     Checking gdk-pixbuf v0.18.5
[INFO] [stderr]     Checking soup3 v0.5.0
[INFO] [stderr]     Checking gdk v0.18.2
[INFO] [stderr]     Checking gdkx11 v0.18.2
[INFO] [stderr]     Checking webkit2gtk v2.0.2
[INFO] [stderr]     Checking egui_webview v0.1.0 (/opt/rustwide/workdir)
[INFO] [stdout] error[E0432]: unresolved import `egui_webview::native_text_field`
[INFO] [stdout]  --> examples/native_text_field.rs:4:19
[INFO] [stdout]   |
[INFO] [stdout] 4 | use egui_webview::native_text_field::{NativeTextField, TextFieldType};
[INFO] [stdout]   |                   ^^^^^^^^^^^^^^^^^ could not find `native_text_field` in `egui_webview`
[INFO] [stdout] 
[INFO] [stdout] 
[INFO] [stdout] error[E0425]: cannot find function `run_ui_native` in crate `eframe`
[INFO] [stdout]    --> examples/webview.rs:133:13
[INFO] [stdout]     |
[INFO] [stdout] 133 |     eframe::run_ui_native(
[INFO] [stdout]     |             ^^^^^^^^^^^^^ not found in `eframe`
[INFO] [stdout]     |
[INFO] [stdout] note: similarly named function `run_native` defined here
[INFO] [stdout]    --> /opt/rustwide/cargo-home/registry/src/index.crates.io-1949cf8c6b5b557f/eframe-0.33.3/src/lib.rs:257:1
[INFO] [stdout]     |
[INFO] [stdout] 257 | / pub fn run_native(
[INFO] [stdout] 258 | |     app_name: &str,
[INFO] [stdout] 259 | |     mut native_options: NativeOptions,
[INFO] [stdout] 260 | |     app_creator: AppCreator<'_>,
[INFO] [stdout] 261 | | ) -> Result {
[INFO] [stdout]     | |___________^
[INFO] [stdout] help: a function with a similar name exists
[INFO] [stdout]     |
[INFO] [stdout] 133 -     eframe::run_ui_native(
[INFO] [stdout] 133 +     eframe::run_native(
[INFO] [stdout]     |
[INFO] [stdout] 
[INFO] [stdout] 
[INFO] [stdout] error[E0425]: cannot find function `run_ui_native` in crate `eframe`
[INFO] [stdout]    --> examples/native_text_field.rs:10:13
[INFO] [stdout]     |
[INFO] [stdout]  10 |     eframe::run_ui_native(
[INFO] [stdout]     |             ^^^^^^^^^^^^^ not found in `eframe`
[INFO] [stdout]     |
[INFO] [stdout] note: similarly named function `run_native` defined here
[INFO] [stdout]    --> /opt/rustwide/cargo-home/registry/src/index.crates.io-1949cf8c6b5b557f/eframe-0.33.3/src/lib.rs:257:1
[INFO] [stdout]     |
[INFO] [stdout] 257 | / pub fn run_native(
[INFO] [stdout] 258 | |     app_name: &str,
[INFO] [stdout] 259 | |     mut native_options: NativeOptions,
[INFO] [stdout] 260 | |     app_creator: AppCreator<'_>,
[INFO] [stdout] 261 | | ) -> Result {
[INFO] [stdout]     | |___________^
[INFO] [stdout] help: a function with a similar name exists
[INFO] [stdout]     |
[INFO] [stdout]  10 -     eframe::run_ui_native(
[INFO] [stdout]  10 +     eframe::run_native(
[INFO] [stdout]     |
[INFO] [stdout] 
[INFO] [stdout] 
[INFO] [stdout] For more information about this error, try `rustc --explain E0425`.
[INFO] [stdout] 
[INFO] [stderr] error: could not compile `egui_webview` (example "webview") due to 1 previous error
[INFO] [stderr] warning: build failed, waiting for other jobs to finish...
[INFO] [stdout] Some errors have detailed explanations: E0425, E0432.
[INFO] [stdout] 
[INFO] [stdout] For more information about an error, try `rustc --explain E0425`.
[INFO] [stdout] 
[INFO] [stderr] error: could not compile `egui_webview` (example "native_text_field") due to 2 previous errors
[INFO] [stderr] warning: unused dependency `egui_extras`
[INFO] [stderr]   --> Cargo.toml:11:15
[INFO] [stderr]    |
[INFO] [stderr] 11 | [dependencies.egui_extras]
[INFO] [stderr]    |               ^^^^^^^^^^^^
[INFO] [stderr]    |
[INFO] [stderr]    = note: `cargo::unused_dependencies` is set to `warn` by default
[INFO] [stderr] help: consider removing the dependency on `egui_extras`
[INFO] [stderr] help: to still use for development builds, move to `dev-dependencies`
[INFO] [stderr] warning: `egui_webview` (manifest) generated 1 warning
[INFO] running `Command { std: "docker" "inspect" "4c8467191eb153f394983b3356c9d59dbe22021c907a69fb09254842167e84d5", kill_on_drop: false }`
[INFO] running `Command { std: "docker" "rm" "-f" "4c8467191eb153f394983b3356c9d59dbe22021c907a69fb09254842167e84d5", kill_on_drop: false }`
[INFO] [stdout] 4c8467191eb153f394983b3356c9d59dbe22021c907a69fb09254842167e84d5
