[INFO] cloning repository https://github.com/nijass1488-create/freakre
[INFO] running `Command { std: "git" "-c" "credential.helper=" "-c" "credential.helper=/workspace/cargo-home/bin/git-credential-null" "clone" "--bare" "https://github.com/nijass1488-create/freakre" "/workspace/cache/git-repos/https%3A%2F%2Fgithub.com%2Fnijass1488-create%2Ffreakre", kill_on_drop: false }`
[INFO] [stderr] Cloning into bare repository '/workspace/cache/git-repos/https%3A%2F%2Fgithub.com%2Fnijass1488-create%2Ffreakre'...
[INFO] running `Command { std: "git" "rev-parse" "HEAD", kill_on_drop: false }`
[INFO] [stdout] 3082a674ae7825f1ada0cd28f57727ad40d5a059
[INFO] checking nijass1488-create/freakre against 3154cc1a3e6424e44f438a95007d043ed5ceaaf6 for pr-133502-30
[INFO] running `Command { std: "git" "clone" "/workspace/cache/git-repos/https%3A%2F%2Fgithub.com%2Fnijass1488-create%2Ffreakre" "/workspace/builds/worker-7-tc2/source", kill_on_drop: false }`
[INFO] [stderr] Cloning into '/workspace/builds/worker-7-tc2/source'...
[INFO] [stderr] done.
[INFO] removed /workspace/builds/worker-7-tc2/source/.cargo/config.toml
[INFO] started tweaking git repo https://github.com/nijass1488-create/freakre
[INFO] finished tweaking git repo https://github.com/nijass1488-create/freakre
[INFO] tweaked toml for git repo https://github.com/nijass1488-create/freakre written to /workspace/builds/worker-7-tc2/source/Cargo.toml
[INFO] validating manifest of git repo https://github.com/nijass1488-create/freakre on toolchain 3154cc1a3e6424e44f438a95007d043ed5ceaaf6
[INFO] running `Command { std: CARGO_HOME="/workspace/cargo-home" RUSTUP_HOME="/workspace/rustup-home" "/workspace/cargo-home/bin/cargo" "+3154cc1a3e6424e44f438a95007d043ed5ceaaf6" "metadata" "--manifest-path" "Cargo.toml" "--no-deps", kill_on_drop: false }`
[INFO] crate git repo https://github.com/nijass1488-create/freakre already has a lockfile, it will not be regenerated
[INFO] running `Command { std: CARGO_HOME="/workspace/cargo-home" RUSTUP_HOME="/workspace/rustup-home" "/workspace/cargo-home/bin/cargo" "+3154cc1a3e6424e44f438a95007d043ed5ceaaf6" "fetch" "--manifest-path" "Cargo.toml", kill_on_drop: false }`
[INFO] running `Command { std: "docker" "create" "-v" "/var/lib/crater-agent-workspace/builds/worker-7-tc2/source:/opt/rustwide/workdir:ro,Z" "-v" "/var/lib/crater-agent-workspace/builds/worker-7-tc2/target:/opt/rustwide/target:rw,Z" "-v" "/var/lib/crater-agent-workspace/cargo-home:/opt/rustwide/cargo-home:ro,Z" "-v" "/var/lib/crater-agent-workspace/rustup-home:/opt/rustwide/rustup-home:ro,Z" "-m" "1610612736" "--network" "none" "ghcr.io/rust-lang/crates-build-env/linux@sha256:77db811e55d90add9212f6832c23229e3de5f1c1f9905e8cb07319ea15df73ac" "sleep" "infinity", kill_on_drop: false }`
[INFO] [stdout] c135561cd75181ae7ab8f9b3998cd5a03be66e4896779c1434f45d5ca525f957
[INFO] running `Command { std: "docker" "start" "c135561cd75181ae7ab8f9b3998cd5a03be66e4896779c1434f45d5ca525f957", kill_on_drop: false }`
[INFO] running `Command { std: "docker" "inspect" "c135561cd75181ae7ab8f9b3998cd5a03be66e4896779c1434f45d5ca525f957", kill_on_drop: false }`
[INFO] running `Command { std: "docker" "exec" "-e" "SOURCE_DIR=/opt/rustwide/workdir" "-e" "CARGO_HOME=/opt/rustwide/cargo-home" "-e" "RUSTUP_HOME=/opt/rustwide/rustup-home" "-e" "CARGO_TARGET_DIR=/opt/rustwide/target" "-w" "/opt/rustwide/workdir" "--user" "0:0" "c135561cd75181ae7ab8f9b3998cd5a03be66e4896779c1434f45d5ca525f957" "/opt/rustwide/cargo-home/bin/cargo" "+3154cc1a3e6424e44f438a95007d043ed5ceaaf6" "metadata" "--no-deps" "--format-version=1", kill_on_drop: false }`
[INFO] running `Command { std: "docker" "inspect" "c135561cd75181ae7ab8f9b3998cd5a03be66e4896779c1434f45d5ca525f957", kill_on_drop: false }`
[INFO] running `Command { std: "docker" "exec" "-e" "SOURCE_DIR=/opt/rustwide/workdir" "-e" "CARGO_HOME=/opt/rustwide/cargo-home" "-e" "RUSTUP_HOME=/opt/rustwide/rustup-home" "-e" "CARGO_TARGET_DIR=/opt/rustwide/target" "-e" "CARGO_INCREMENTAL=0" "-e" "RUST_BACKTRACE=full" "-e" "RUSTFLAGS=--cap-lints=forbid" "-e" "RUSTDOCFLAGS=--cap-lints=forbid" "-w" "/opt/rustwide/workdir" "--user" "0:0" "c135561cd75181ae7ab8f9b3998cd5a03be66e4896779c1434f45d5ca525f957" "/opt/rustwide/cargo-home/bin/cargo" "+3154cc1a3e6424e44f438a95007d043ed5ceaaf6" "check" "--frozen" "--all" "--all-targets" "--message-format=json", kill_on_drop: false }`
[INFO] [stderr]    Compiling proc-macro2 v1.0.107
[INFO] [stderr]    Compiling portable-atomic v1.15.0
[INFO] [stderr]     Checking crossbeam-epoch v0.9.20
[INFO] [stderr]    Compiling tiny-keccak v2.0.2
[INFO] [stderr]     Checking getrandom v0.4.3
[INFO] [stderr]     Checking getrandom v0.3.4
[INFO] [stderr]    Compiling crunchy v0.2.4
[INFO] [stderr]    Compiling libc v0.2.189
[INFO] [stderr]     Checking sha2 v0.10.9
[INFO] [stderr]     Checking async-io v2.6.0
[INFO] [stderr]     Checking blocking v1.6.2
[INFO] [stderr]     Checking errno v0.3.14
[INFO] [stderr]    Compiling once_cell v1.21.4
[INFO] [stderr]    Compiling ahash v0.8.12
[INFO] [stderr]    Compiling parking_lot_core v0.8.6
[INFO] [stderr]     Checking getrandom v0.2.17
[INFO] [stderr]     Checking instant v0.1.13
[INFO] [stderr]     Checking signal-hook-registry v1.4.8
[INFO] [stderr]     Checking str-extract v0.1.0 (/opt/rustwide/workdir/str-extract)
[INFO] [stderr]     Checking entropy-rs v0.1.0 (/opt/rustwide/workdir/entropy-rs)
[INFO] [stderr]     Checking uuid v1.24.0
[INFO] [stderr]     Checking fxhash v0.2.1
[INFO] [stderr]     Checking regex-automata v0.4.18
[INFO] [stderr]     Checking rand_core v0.6.4
[INFO] [stderr]     Checking fs2 v0.4.3
[INFO] [stderr]     Checking nix v0.29.0
[INFO] [stderr]     Checking xdg-home v1.3.0
[INFO] [stderr]     Checking socket2 v0.6.5
[INFO] [stderr]     Checking mio v1.2.2
[INFO] [stderr]     Checking crossbeam-deque v0.8.7
[INFO] [stderr]     Checking async-fs v2.2.0
[INFO] [stderr]     Checking clap_builder v4.6.6
[INFO] [stderr]     Checking either v1.17.0
[INFO] [stderr]     Checking rand_chacha v0.3.1
[INFO] [stderr]     Checking parking_lot v0.11.2
[INFO] [stderr]     Checking syn v3.0.3
[INFO] [stderr]    Compiling quote v1.0.47
[INFO] [stderr]     Checking colored v2.2.0
[INFO] [stderr]     Checking shellcode-analyzer v0.1.0 (/opt/rustwide/workdir/shellcode-analyzer)
[INFO] [stderr]     Checking sled v0.34.7
[INFO] [stderr]     Checking md-5 v0.10.6
[INFO] [stderr]     Checking rayon-core v1.13.0
[INFO] [stderr]     Checking elf-parser v0.1.0 (/opt/rustwide/workdir/elf-parser)
[INFO] [stderr]     Checking epaint_default_fonts v0.31.1
[INFO] [stderr]    Compiling phf_shared v0.11.3
[INFO] [stderr]     Checking dirs-sys v0.4.1
[INFO] [stderr]    Compiling syn v2.0.119
[INFO] [stderr]     Checking rand v0.8.7
[INFO] [stderr]     Checking async-signal v0.2.14
[INFO] [stderr]    Compiling wayland-scanner v0.31.11
[INFO] [stderr]     Checking dirs v5.0.1
[INFO] [stderr]     Checking rand_core v0.9.5
[INFO] [stderr]    Compiling phf v0.11.3
[INFO] [stderr]    Compiling minimal-lexical v0.2.1
[INFO] [stderr]     Checking rand_chacha v0.9.0
[INFO] [stderr]     Checking async-process v2.5.0
[INFO] [stderr]     Checking tracing-core v0.1.36
[INFO] [stderr]     Checking wayland-sys v0.31.11
[INFO] [stderr]     Checking x11-dl v2.21.0
[INFO] [stderr]     Checking rayon v1.12.0
[INFO] [stderr]     Checking wayland-backend v0.3.16
[INFO] [stderr]     Checking x11rb v0.13.2
[INFO] [stderr]     Checking xkbcommon-dl v0.4.2
[INFO] [stderr]    Compiling const-random-macro v0.1.16
[INFO] [stderr]    Compiling nom v7.1.3
[INFO] [stderr]    Compiling mime_guess2 v2.3.1
[INFO] [stderr]    Compiling capstone-ffi v0.1.0 (/opt/rustwide/workdir/capstone-ffi)
[INFO] [stderr]    Compiling smartstring v1.0.1
[INFO] [stderr]     Checking const-random v0.1.18
[INFO] [stderr]     Checking fixedbitset v0.4.2
[INFO] [stderr]     Checking rand v0.9.5
[INFO] [stderr]     Checking petgraph v0.6.5
[INFO] [stderr]     Checking async-net v2.0.0
[INFO] [stderr]    Compiling rfd v0.15.4
[INFO] [stderr]     Checking spin v0.9.9
[INFO] [stderr]     Checking humansize v2.1.3
[INFO] [stderr]     Checking wayland-csd-frame v0.3.0
[INFO] [stderr]     Checking wayland-client v0.31.15
[INFO] [stderr]     Checking tracing-log v0.2.0
[INFO] [stderr]     Checking tempfile v3.27.0
[INFO] [stderr]     Checking serde_path_to_error v0.1.20
[INFO] [stderr]     Checking matchit v0.7.3
[INFO] [stderr]     Checking thin-vec v0.2.19
[INFO] [stderr]     Checking pollster v0.4.0
[INFO] [stderr]     Checking askama_escape v0.10.3
[INFO] [stderr]     Checking regex v1.13.1
[INFO] [stderr]     Checking matchers v0.2.0
[INFO] [stderr]     Checking glutin_glx_sys v0.6.1
[INFO] [stderr]     Checking wayland-protocols v0.32.13
[INFO] [stderr]     Checking wayland-cursor v0.31.14
[INFO] [stderr]     Checking glutin v0.32.3
[INFO] [stderr]    Compiling askama_parser v0.2.1
[INFO] [stderr]    Compiling synstructure v0.13.2
[INFO] [stderr]    Compiling zvariant_utils v2.1.0
[INFO] [stderr]    Compiling thiserror-impl v1.0.69
[INFO] [stderr]    Compiling enumflags2_derive v0.7.12
[INFO] [stderr]    Compiling tracing-attributes v0.1.31
[INFO] [stderr]    Compiling zerofrom-derive v0.1.7
[INFO] [stderr]    Compiling yoke-derive v0.8.2
[INFO] [stderr]    Compiling zerovec-derive v0.11.3
[INFO] [stderr]    Compiling zvariant_derive v4.2.0
[INFO] [stderr]    Compiling zbus_macros v4.4.0
[INFO] [stderr]    Compiling async-recursion v1.1.1
[INFO] [stderr]    Compiling enum-map-derive v0.17.0
[INFO] [stderr]    Compiling rhai_codegen v3.2.0
[INFO] [stderr]    Compiling serde_derive v1.0.229
[INFO] [stderr]    Compiling thiserror-impl v2.0.20
[INFO] [stderr]    Compiling futures-macro v0.3.34
[INFO] [stderr]    Compiling displaydoc v0.2.7
[INFO] [stderr]    Compiling bytemuck_derive v1.12.0
[INFO] [stderr]    Compiling async-trait v0.1.92
[INFO] [stderr]     Checking futures-util v0.3.34
[INFO] [stderr]    Compiling serde_repr v0.1.21
[INFO] [stderr]    Compiling tokio-macros v2.7.2
[INFO] [stderr]     Checking zerofrom v0.1.8
[INFO] [stderr]    Compiling clap_derive v4.6.4
[INFO] [stderr]     Checking tokio v1.53.1
[INFO] [stderr]     Checking thiserror v1.0.69
[INFO] [stderr]     Checking yoke v0.8.3
[INFO] [stderr]     Checking calloop v0.13.0
[INFO] [stderr]     Checking rhai v1.25.1
[INFO] [stderr]     Checking zerovec v0.11.6
[INFO] [stderr]     Checking zerotrie v0.2.4
[INFO] [stderr]     Checking tracing v0.1.44
[INFO] [stderr]     Checking thiserror v2.0.20
[INFO] [stderr]     Checking pe-parser v0.1.0 (/opt/rustwide/workdir/pe-parser)
[INFO] [stderr]     Checking yara-lite v0.1.0 (/opt/rustwide/workdir/yara-lite)
[INFO] [stderr]     Checking macho-parser v0.1.0 (/opt/rustwide/workdir/macho-parser)
[INFO] [stderr]     Checking calloop v0.14.4
[INFO] [stderr]     Checking tracing-subscriber v0.3.23
[INFO] [stderr]     Checking import-analyzer v0.1.0 (/opt/rustwide/workdir/import-analyzer)
[INFO] [stderr]     Checking calloop-wayland-source v0.3.0
[INFO] [stderr]     Checking backdoor-analyzer v0.1.0 (/opt/rustwide/workdir/backdoor-analyzer)
[INFO] [stderr]     Checking bytemuck v1.25.2
[INFO] [stdout] warning: variable does not need to be mutable
[INFO] [stdout]    --> pe-parser/src/lib.rs:909:13
[INFO] [stdout]     |
[INFO] [stdout] 909 |         let mut data = [0u8; 64];
[INFO] [stdout]     |             ----^^^^
[INFO] [stdout]     |             |
[INFO] [stdout]     |             help: remove this `mut`
[INFO] [stdout]     |
[INFO] [stdout]     = note: `#[warn(unused_mut)]` (part of `#[warn(unused)]`) on by default
[INFO] [stdout] 
[INFO] [stdout] 
[INFO] [stderr]     Checking tiny-skia-path v0.11.4
[INFO] [stderr]     Checking emath v0.31.1
[INFO] [stderr]     Checking image v0.25.10
[INFO] [stderr]     Checking tinystr v0.8.3
[INFO] [stderr]     Checking potential_utf v0.1.5
[INFO] [stderr]     Checking icu_collections v2.2.0
[INFO] [stderr]     Checking icu_locale_core v2.2.0
[INFO] [stderr]     Checking calloop-wayland-source v0.4.1
[INFO] [stderr]     Checking ecolor v0.31.1
[INFO] [stderr]     Checking tiny-skia v0.11.4
[INFO] [stderr]     Checking clap v4.6.6
[INFO] [stderr]     Checking epaint v0.31.1
[INFO] [stderr]     Checking serde v1.0.229
[INFO] [stderr]    Compiling enumflags2 v0.7.12
[INFO] [stderr]    Compiling quick-xml v0.30.0
[INFO] [stderr]    Compiling zvariant_utils v4.0.0
[INFO] [stderr]    Compiling zcheapstr v1.1.0
[INFO] [stderr]    Compiling basic-toml v0.1.10
[INFO] [stderr]     Checking icu_provider v2.2.0
[INFO] [stderr]     Checking bincode v1.3.3
[INFO] [stderr]    Compiling zvariant v4.2.0
[INFO] [stderr]     Checking chrono v0.4.45
[INFO] [stderr]     Checking icu_properties v2.2.0
[INFO] [stderr]     Checking icu_normalizer v2.2.0
[INFO] [stderr]     Checking cfg-builder v0.1.0 (/opt/rustwide/workdir/cfg-builder)
[INFO] [stderr]    Compiling zvariant_derive v5.14.0
[INFO] [stderr]     Checking func-sigs v0.1.0 (/opt/rustwide/workdir/func-sigs)
[INFO] [stderr]     Checking xrefs v0.1.0 (/opt/rustwide/workdir/xrefs)
[INFO] [stderr]     Checking ml-detection v0.1.0 (/opt/rustwide/workdir/ml-detection)
[INFO] [stderr]     Checking freakre-ir v0.1.0 (/opt/rustwide/workdir/freakre-ir)
[INFO] [stderr]     Checking wayland-protocols-wlr v0.3.12
[INFO] [stderr]     Checking wayland-protocols-plasma v0.3.12
[INFO] [stderr]     Checking wayland-protocols-misc v0.3.12
[INFO] [stderr]     Checking wayland-protocols-experimental v20250721.0.1
[INFO] [stderr]     Checking egui v0.31.1
[INFO] [stderr]     Checking freakre-scanner v0.1.0 (/opt/rustwide/workdir/scanner)
[INFO] [stderr]     Checking arboard v3.6.1
[INFO] [stderr]     Checking type-system v0.1.0 (/opt/rustwide/workdir/type-system)
[INFO] [stderr]    Compiling zvariant v5.14.0
[INFO] [stderr]     Checking serde_spanned v0.6.9
[INFO] [stderr]     Checking toml_datetime v0.6.11
[INFO] [stderr]     Checking func-finder v0.1.0 (/opt/rustwide/workdir/func-finder)
[INFO] [stderr]    Compiling askama_derive v0.12.5
[INFO] [stderr]     Checking smithay-client-toolkit v0.19.2
[INFO] [stderr]     Checking smithay-client-toolkit v0.20.0
[INFO] [stderr]     Checking idna_adapter v1.2.2
[INFO] [stderr]     Checking project-db v0.1.0 (/opt/rustwide/workdir/project-db)
[INFO] [stderr]     Checking idna v1.1.0
[INFO] [stderr]     Checking toml_edit v0.22.27
[INFO] [stderr]     Checking axum-core v0.4.5
[INFO] [stderr]     Checking url v2.5.8
[INFO] [stderr]     Checking multer v3.1.0
[INFO] [stderr]     Checking enum-map v2.7.3
[INFO] [stderr]     Checking serde_urlencoded v0.7.1
[INFO] [stderr]     Checking freakre-dataflow v0.1.0 (/opt/rustwide/workdir/dataflow)
[INFO] [stdout] error[E0432]: unresolved import `bibleteks_ir`
[INFO] [stdout]  --> dataflow/src/reaching_definitions.rs:7:5
[INFO] [stdout]   |
[INFO] [stdout] 7 | use bibleteks_ir::{BlockId, IrFunction, Value};
[INFO] [stdout]   |     ^^^^^^^^^^^^ use of unresolved module or unlinked crate `bibleteks_ir`
[INFO] [stdout]   |
[INFO] [stdout]   = help: if you wanted to use a crate named `bibleteks_ir`, use `cargo add bibleteks_ir` to add it to your `Cargo.toml`
[INFO] [stdout] 
[INFO] [stdout] 
[INFO] [stdout] error[E0432]: unresolved import `bibleteks_ir`
[INFO] [stdout]  --> dataflow/src/live_variables.rs:7:5
[INFO] [stdout]   |
[INFO] [stdout] 7 | use bibleteks_ir::{BlockId, IrFunction, Value};
[INFO] [stdout]   |     ^^^^^^^^^^^^ use of unresolved module or unlinked crate `bibleteks_ir`
[INFO] [stdout]   |
[INFO] [stdout]   = help: if you wanted to use a crate named `bibleteks_ir`, use `cargo add bibleteks_ir` to add it to your `Cargo.toml`
[INFO] [stdout] 
[INFO] [stdout] 
[INFO] [stdout] error[E0432]: unresolved import `bibleteks_ir`
[INFO] [stdout]  --> dataflow/src/use_def_chains.rs:7:5
[INFO] [stdout]   |
[INFO] [stdout] 7 | use bibleteks_ir::{BlockId, IrFunction, Value};
[INFO] [stdout]   |     ^^^^^^^^^^^^ use of unresolved module or unlinked crate `bibleteks_ir`
[INFO] [stdout]   |
[INFO] [stdout]   = help: if you wanted to use a crate named `bibleteks_ir`, use `cargo add bibleteks_ir` to add it to your `Cargo.toml`
[INFO] [stdout] 
[INFO] [stdout] 
[INFO] [stdout] error[E0432]: unresolved import `bibleteks_ir`
[INFO] [stdout]   --> dataflow/src/lib.rs:30:5
[INFO] [stdout]    |
[INFO] [stdout] 30 | use bibleteks_ir::IrFunction;
[INFO] [stdout]    |     ^^^^^^^^^^^^ use of unresolved module or unlinked crate `bibleteks_ir`
[INFO] [stdout]    |
[INFO] [stdout]    = help: if you wanted to use a crate named `bibleteks_ir`, use `cargo add bibleteks_ir` to add it to your `Cargo.toml`
[INFO] [stdout] 
[INFO] [stdout] 
[INFO] [stdout] For more information about this error, try `rustc --explain E0432`.
[INFO] [stdout] 
[INFO] [stderr] error: could not compile `freakre-dataflow` (lib) due to 4 previous errors
[INFO] [stderr] warning: build failed, waiting for other jobs to finish...
[INFO] [stderr] warning: unused dependency `import-analyzer`
[INFO] [stderr]  --> backdoor-analyzer/Cargo.toml:8:1
[INFO] [stderr]   |
[INFO] [stderr] 8 | import-analyzer = { path = "../import-analyzer" }
[INFO] [stderr]   | ^^^^^^^^^^^^^^^^^^^^^^^^^^^^^^^^^^^^^^^^^^^^^^^^^
[INFO] [stderr]   |
[INFO] [stderr]   = note: `cargo::unused_dependencies` is set to `warn` by default
[INFO] [stderr] help: consider removing the dependency on `import-analyzer`
[INFO] [stderr] warning: unused dependency `str-extract`
[INFO] [stderr]  --> backdoor-analyzer/Cargo.toml:9:1
[INFO] [stderr]   |
[INFO] [stderr] 9 | str-extract = { path = "../str-extract" }
[INFO] [stderr]   | ^^^^^^^^^^^^^^^^^^^^^^^^^^^^^^^^^^^^^^^^^
[INFO] [stderr]   |
[INFO] [stderr] help: consider removing the dependency on `str-extract`
[INFO] [stderr] warning: `backdoor-analyzer` (manifest) generated 2 warnings
[INFO] running `Command { std: "docker" "inspect" "c135561cd75181ae7ab8f9b3998cd5a03be66e4896779c1434f45d5ca525f957", kill_on_drop: false }`
[INFO] running `Command { std: "docker" "rm" "-f" "c135561cd75181ae7ab8f9b3998cd5a03be66e4896779c1434f45d5ca525f957", kill_on_drop: false }`
[INFO] [stdout] c135561cd75181ae7ab8f9b3998cd5a03be66e4896779c1434f45d5ca525f957
