[INFO] cloning repository https://github.com/nightshadesystems/mandrake
[INFO] running `Command { std: "git" "-c" "credential.helper=" "-c" "credential.helper=/workspace/cargo-home/bin/git-credential-null" "clone" "--bare" "https://github.com/nightshadesystems/mandrake" "/workspace/cache/git-repos/https%3A%2F%2Fgithub.com%2Fnightshadesystems%2Fmandrake", kill_on_drop: false }`
[INFO] [stderr] Cloning into bare repository '/workspace/cache/git-repos/https%3A%2F%2Fgithub.com%2Fnightshadesystems%2Fmandrake'...
[INFO] running `Command { std: "git" "rev-parse" "HEAD", kill_on_drop: false }`
[INFO] [stdout] eedd2b569e3ffd399d6f9635916c13462d0e787c
[INFO] checking nightshadesystems/mandrake against 3154cc1a3e6424e44f438a95007d043ed5ceaaf6 for pr-133502-30
[INFO] running `Command { std: "git" "clone" "/workspace/cache/git-repos/https%3A%2F%2Fgithub.com%2Fnightshadesystems%2Fmandrake" "/workspace/builds/worker-3-tc2/source", kill_on_drop: false }`
[INFO] [stderr] Cloning into '/workspace/builds/worker-3-tc2/source'...
[INFO] [stderr] done.
[INFO] removed /workspace/builds/worker-3-tc2/source/rust-toolchain.toml
[INFO] started tweaking git repo https://github.com/nightshadesystems/mandrake
[INFO] finished tweaking git repo https://github.com/nightshadesystems/mandrake
[INFO] tweaked toml for git repo https://github.com/nightshadesystems/mandrake written to /workspace/builds/worker-3-tc2/source/Cargo.toml
[INFO] validating manifest of git repo https://github.com/nightshadesystems/mandrake on toolchain 3154cc1a3e6424e44f438a95007d043ed5ceaaf6
[INFO] running `Command { std: CARGO_HOME="/workspace/cargo-home" RUSTUP_HOME="/workspace/rustup-home" "/workspace/cargo-home/bin/cargo" "+3154cc1a3e6424e44f438a95007d043ed5ceaaf6" "metadata" "--manifest-path" "Cargo.toml" "--no-deps", kill_on_drop: false }`
[INFO] crate git repo https://github.com/nightshadesystems/mandrake already has a lockfile, it will not be regenerated
[INFO] running `Command { std: CARGO_HOME="/workspace/cargo-home" RUSTUP_HOME="/workspace/rustup-home" "/workspace/cargo-home/bin/cargo" "+3154cc1a3e6424e44f438a95007d043ed5ceaaf6" "fetch" "--manifest-path" "Cargo.toml", kill_on_drop: false }`
[INFO] [stderr] warning: unused workspace dependency `mandrake-smf`
[INFO] [stderr]   --> Cargo.toml:57:25
[INFO] [stderr]    |
[INFO] [stderr] 57 | [workspace.dependencies.mandrake-smf]
[INFO] [stderr]    |                         ^^^^^^^^^^^^
[INFO] [stderr]    |
[INFO] [stderr]    = note: `cargo::unused_workspace_dependencies` is set to `warn` by default
[INFO] [stderr] help: consider removing the workspace dependency `mandrake-smf`
[INFO] [stderr] warning: workspace (manifest) generated 1 warning
[INFO] [stderr]     Blocking waiting for file lock on package cache
[INFO] [stderr]     Blocking waiting for file lock on package cache
[INFO] running `Command { std: "docker" "create" "-v" "/var/lib/crater-agent-workspace/builds/worker-3-tc2/source:/opt/rustwide/workdir:ro,Z" "-v" "/var/lib/crater-agent-workspace/builds/worker-3-tc2/target:/opt/rustwide/target:rw,Z" "-v" "/var/lib/crater-agent-workspace/cargo-home:/opt/rustwide/cargo-home:ro,Z" "-v" "/var/lib/crater-agent-workspace/rustup-home:/opt/rustwide/rustup-home:ro,Z" "-m" "1610612736" "--network" "none" "ghcr.io/rust-lang/crates-build-env/linux@sha256:77db811e55d90add9212f6832c23229e3de5f1c1f9905e8cb07319ea15df73ac" "sleep" "infinity", kill_on_drop: false }`
[INFO] [stdout] b68f162940e908a63ce587d2ff31122b994bbd74f32495d80147584b944d2a38
[INFO] running `Command { std: "docker" "start" "b68f162940e908a63ce587d2ff31122b994bbd74f32495d80147584b944d2a38", kill_on_drop: false }`
[INFO] running `Command { std: "docker" "inspect" "b68f162940e908a63ce587d2ff31122b994bbd74f32495d80147584b944d2a38", kill_on_drop: false }`
[INFO] running `Command { std: "docker" "exec" "-e" "SOURCE_DIR=/opt/rustwide/workdir" "-e" "CARGO_HOME=/opt/rustwide/cargo-home" "-e" "RUSTUP_HOME=/opt/rustwide/rustup-home" "-e" "CARGO_TARGET_DIR=/opt/rustwide/target" "-w" "/opt/rustwide/workdir" "--user" "0:0" "b68f162940e908a63ce587d2ff31122b994bbd74f32495d80147584b944d2a38" "/opt/rustwide/cargo-home/bin/cargo" "+3154cc1a3e6424e44f438a95007d043ed5ceaaf6" "metadata" "--no-deps" "--format-version=1", kill_on_drop: false }`
[INFO] running `Command { std: "docker" "inspect" "b68f162940e908a63ce587d2ff31122b994bbd74f32495d80147584b944d2a38", kill_on_drop: false }`
[INFO] running `Command { std: "docker" "exec" "-e" "SOURCE_DIR=/opt/rustwide/workdir" "-e" "CARGO_HOME=/opt/rustwide/cargo-home" "-e" "RUSTUP_HOME=/opt/rustwide/rustup-home" "-e" "CARGO_TARGET_DIR=/opt/rustwide/target" "-e" "CARGO_INCREMENTAL=0" "-e" "RUST_BACKTRACE=full" "-e" "RUSTFLAGS=--cap-lints=forbid" "-e" "RUSTDOCFLAGS=--cap-lints=forbid" "-w" "/opt/rustwide/workdir" "--user" "0:0" "b68f162940e908a63ce587d2ff31122b994bbd74f32495d80147584b944d2a38" "/opt/rustwide/cargo-home/bin/cargo" "+3154cc1a3e6424e44f438a95007d043ed5ceaaf6" "check" "--frozen" "--all" "--all-targets" "--message-format=json", kill_on_drop: false }`
[INFO] [stderr] warning: unused workspace dependency `mandrake-smf`
[INFO] [stderr]   --> Cargo.toml:57:25
[INFO] [stderr]    |
[INFO] [stderr] 57 | [workspace.dependencies.mandrake-smf]
[INFO] [stderr]    |                         ^^^^^^^^^^^^
[INFO] [stderr]    |
[INFO] [stderr]    = note: `cargo::unused_workspace_dependencies` is set to `warn` by default
[INFO] [stderr] help: consider removing the workspace dependency `mandrake-smf`
[INFO] [stderr] warning: workspace (manifest) generated 1 warning
[INFO] [stderr]    Compiling libc v0.2.189
[INFO] [stderr]     Checking log v0.4.34
[INFO] [stderr]    Compiling serde_core v1.0.229
[INFO] [stderr]    Compiling getrandom v0.4.3
[INFO] [stderr]    Compiling find-msvc-tools v0.1.11
[INFO] [stderr]     Checking http v1.5.0
[INFO] [stderr]    Compiling time-core v0.1.7
[INFO] [stderr]     Checking smallvec v1.16.0
[INFO] [stderr]    Compiling syn v3.0.4
[INFO] [stderr]     Checking futures-sink v0.3.34
[INFO] [stderr]     Checking sha1_smol v1.0.1
[INFO] [stderr]    Compiling tracing-attributes v0.1.31
[INFO] [stderr]    Compiling synstructure v0.13.2
[INFO] [stderr]     Checking foldhash v0.2.0
[INFO] [stderr]     Checking ctutils v0.4.2
[INFO] [stderr]     Checking generic-array v0.14.7
[INFO] [stderr]     Checking futures-util v0.3.34
[INFO] [stderr]     Checking hybrid-array v0.4.14
[INFO] [stderr]     Checking hashbrown v0.17.1
[INFO] [stderr]    Compiling cc v1.4.4
[INFO] [stderr]    Compiling time-macros v0.2.25
[INFO] [stderr]    Compiling rustls v0.23.43
[INFO] [stderr]     Checking sync_wrapper v1.0.2
[INFO] [stderr]     Checking ipnet v2.12.1
[INFO] [stderr]     Checking rustls-native-certs v0.8.4
[INFO] [stderr]    Compiling typenum v1.20.1
[INFO] [stderr]     Checking clap_builder v4.6.6
[INFO] [stderr]    Compiling curve25519-dalek v4.1.3
[INFO] [stderr]    Compiling unicase v2.9.0
[INFO] [stderr]     Checking crypto-common v0.1.7
[INFO] [stderr]     Checking block-buffer v0.10.4
[INFO] [stderr]    Compiling curve25519-dalek-derive v0.1.1
[INFO] [stderr]     Checking digest v0.10.7
[INFO] [stderr]    Compiling mime_guess v2.0.5
[INFO] [stderr]    Compiling zerofrom-derive v0.1.7
[INFO] [stderr]    Compiling yoke-derive v0.8.2
[INFO] [stderr]     Checking http-body v1.1.0
[INFO] [stderr]     Checking signature v2.2.0
[INFO] [stderr]     Checking indexmap v2.14.1
[INFO] [stderr]     Checking crypto-common v0.2.2
[INFO] [stderr]     Checking block-buffer v0.12.1
[INFO] [stderr]     Checking ed25519 v2.2.3
[INFO] [stderr]     Checking http-body-util v0.1.5
[INFO] [stderr]     Checking sha2 v0.10.9
[INFO] [stderr]     Checking ppv-lite86 v0.2.21
[INFO] [stderr]     Checking chacha20 v0.10.2
[INFO] [stderr]     Checking tracing v0.1.44
[INFO] [stderr]    Compiling const-oid v0.10.2
[INFO] [stderr]     Checking base64 v0.23.1
[INFO] [stderr]    Compiling cpufeatures v0.3.1
[INFO] [stderr]    Compiling rustversion v1.0.23
[INFO] [stderr]    Compiling fs-err v3.3.1
[INFO] [stderr]    Compiling nix v0.28.0
[INFO] [stderr]     Checking sha1 v0.10.7
[INFO] [stderr]    Compiling thiserror-impl v1.0.69
[INFO] [stderr]     Checking data-encoding v2.11.1
[INFO] [stderr]     Checking zerofrom v0.1.8
[INFO] [stderr]     Checking ed25519-dalek v2.2.0
[INFO] [stderr]     Checking base64ct v1.8.3
[INFO] [stderr]    Compiling mime v0.3.17
[INFO] [stderr]     Checking yoke v0.8.3
[INFO] [stderr]     Checking regex-syntax v0.8.11
[INFO] [stderr]    Compiling ring v0.17.14
[INFO] [stderr]    Compiling libsqlite3-sys v0.38.2
[INFO] [stderr]     Checking digest v0.11.3
[INFO] [stderr]     Checking sha2 v0.11.0
[INFO] [stderr]     Checking blake2 v0.11.0
[INFO] [stderr]     Checking axum-core v0.5.6
[INFO] [stderr]     Checking hashlink v0.12.1
[INFO] [stderr]     Checking pem v3.0.6
[INFO] [stderr]     Checking tracing-log v0.2.0
[INFO] [stderr]     Checking arc-swap v1.9.2
[INFO] [stderr]    Compiling axum-macros v0.5.1
[INFO] [stderr]     Checking thread_local v1.1.10
[INFO] [stderr]     Checking shell-words v1.1.1
[INFO] [stderr]    Compiling mandraked v0.1.0 (/opt/rustwide/workdir/crates/mandraked)
[INFO] [stderr]     Checking either v1.18.0
[INFO] [stderr]     Checking mandrake-smf v0.1.0 (/opt/rustwide/workdir/crates/mandrake-smf)
[INFO] [stderr]     Checking deranged v0.5.8
[INFO] [stderr]     Checking serde_json v1.0.151
[INFO] [stderr]     Checking rust-embed-utils v8.12.0
[INFO] [stderr]     Checking serde_path_to_error v0.1.20
[INFO] [stderr]     Checking errno v0.3.14
[INFO] [stderr]     Checking mio v1.2.2
[INFO] [stderr]     Checking socket2 v0.6.5
[INFO] [stderr]     Checking getrandom v0.2.17
[INFO] [stderr]     Checking getrandom v0.3.4
[INFO] [stderr]     Checking thiserror v1.0.69
[INFO] [stderr]     Checking signal-hook-registry v1.4.8
[INFO] [stderr]     Checking filedescriptor v0.8.3
[INFO] [stderr]     Checking uuid v1.26.0
[INFO] [stderr]     Checking rand_core v0.9.5
[INFO] [stderr]     Checking rand v0.10.2
[INFO] [stderr]     Checking regex-automata v0.4.18
[INFO] [stderr]     Checking phc v0.6.1
[INFO] [stderr]     Checking serial2 v0.2.38
[INFO] [stderr]     Checking tempfile v3.27.0
[INFO] [stderr]     Checking rand_chacha v0.9.0
[INFO] [stderr]     Checking rand v0.9.5
[INFO] [stderr]     Checking password-hash v0.6.1
[INFO] [stderr]     Checking argon2 v0.6.0
[INFO] [stderr]    Compiling tokio-macros v2.7.2
[INFO] [stderr]    Compiling thiserror-impl v2.0.20
[INFO] [stderr]    Compiling serde_derive v1.0.229
[INFO] [stderr]    Compiling zerovec-derive v0.11.6
[INFO] [stderr]    Compiling displaydoc v0.2.7
[INFO] [stderr]    Compiling clap_derive v4.6.4
[INFO] [stderr]    Compiling rust-embed-impl v8.12.0
[INFO] [stderr]     Checking time v0.3.45
[INFO] [stderr]     Checking portable-pty v0.9.0
[INFO] [stderr]     Checking tokio v1.53.1
[INFO] [stderr]     Checking zerotrie v0.2.5
[INFO] [stderr]     Checking rust-embed v8.12.0
[INFO] [stderr]     Checking thiserror v2.0.20
[INFO] [stderr]     Checking tungstenite v0.29.0
[INFO] [stderr]     Checking matchers v0.2.0
[INFO] [stderr]     Checking zerovec v0.11.8
[INFO] [stderr]     Checking tracing-subscriber v0.3.23
[INFO] [stderr]     Checking tinystr v0.8.4
[INFO] [stderr]     Checking potential_utf v0.1.6
[INFO] [stderr]     Checking clap v4.6.6
[INFO] [stderr]     Checking icu_collections v2.1.1
[INFO] [stderr]     Checking icu_locale_core v2.1.1
[INFO] [stderr]     Checking yasna v0.5.2
[INFO] [stderr]     Checking icu_provider v2.1.1
[INFO] [stderr]     Checking rustls-webpki v0.103.15
[INFO] [stderr]     Checking rcgen v0.14.7
[INFO] [stderr]     Checking icu_normalizer v2.1.1
[INFO] [stderr]     Checking icu_properties v2.1.2
[INFO] [stderr]     Checking serde v1.0.229
[INFO] [stderr]     Checking serde_urlencoded v0.7.1
[INFO] [stderr]     Checking idna_adapter v1.2.1
[INFO] [stderr]     Checking idna v1.1.0
[INFO] [stderr]     Checking url v2.5.8
[INFO] [stderr]     Checking rustls-platform-verifier v0.7.0
[INFO] [stderr]     Checking mandrake-core v0.1.0 (/opt/rustwide/workdir/crates/mandrake-core)
[INFO] [stderr]     Checking tokio-util v0.7.19
[INFO] [stderr]     Checking tokio-rustls v0.26.4
[INFO] [stderr]     Checking tower v0.5.3
[INFO] [stderr]     Checking tokio-tungstenite v0.29.0
[INFO] [stderr]     Checking tower-http v0.7.1
[INFO] [stderr]     Checking h2 v0.4.19
[INFO] [stderr]     Checking tower-http v0.6.11
[INFO] [stderr]     Checking rusqlite v0.40.2
[INFO] [stderr]     Checking mandrake-zones v0.1.0 (/opt/rustwide/workdir/crates/mandrake-zones)
[INFO] [stderr]     Checking mandrake-net v0.1.0 (/opt/rustwide/workdir/crates/mandrake-net)
[INFO] [stderr]     Checking mandrake-zfs v0.1.0 (/opt/rustwide/workdir/crates/mandrake-zfs)
[INFO] [stderr]     Checking mandrake-bhyve v0.1.0 (/opt/rustwide/workdir/crates/mandrake-bhyve)
[INFO] [stderr]     Checking hyper v1.11.1
[INFO] [stderr]     Checking hyper-util v0.1.20
[INFO] [stderr]     Checking hyper-rustls v0.27.9
[INFO] [stderr]     Checking axum-server v0.8.0
[INFO] [stderr]     Checking axum v0.8.9
[INFO] [stderr]     Checking reqwest v0.13.4
[INFO] [stderr]     Checking mandrake-images v0.1.0 (/opt/rustwide/workdir/crates/mandrake-images)
[INFO] [stderr]     Checking mandrakectl v0.1.0 (/opt/rustwide/workdir/crates/mandrakectl)
[INFO] [stdout] error: #[derive(RustEmbed)] folder '/opt/rustwide/workdir/crates/mandraked/../../console/dist' does not exist. cwd: '/opt/rustwide/workdir'
[INFO] [stdout]   --> crates/mandraked/src/console.rs:18:1
[INFO] [stdout]    |
[INFO] [stdout] 18 | / #[folder = "../../console/dist"]
[INFO] [stdout] 19 | | struct Assets;
[INFO] [stdout]    | |______________^
[INFO] [stdout] 
[INFO] [stdout] 
[INFO] [stdout] error: #[derive(RustEmbed)] folder '/opt/rustwide/workdir/crates/mandraked/../../console/dist' does not exist. cwd: '/opt/rustwide/workdir'
[INFO] [stdout]   --> crates/mandraked/src/console.rs:18:1
[INFO] [stdout]    |
[INFO] [stdout] 18 | / #[folder = "../../console/dist"]
[INFO] [stdout] 19 | | struct Assets;
[INFO] [stdout]    | |______________^
[INFO] [stdout] 
[INFO] [stdout] 
[INFO] [stdout] error[E0599]: no associated function or constant named `get` found for struct `Assets` in the current scope
[INFO] [stdout]   --> crates/mandraked/src/console.rs:30:17
[INFO] [stdout]    |
[INFO] [stdout] 19 | struct Assets;
[INFO] [stdout]    | ------------- associated function or constant `get` not found for this struct
[INFO] [stdout] ...
[INFO] [stdout] 30 |         Assets::get(path)
[INFO] [stdout]    |                 ^^^ associated function or constant not found in `Assets`
[INFO] [stdout]    |
[INFO] [stdout]    = help: items from traits can only be used if the trait is implemented and in scope
[INFO] [stdout]    = note: the following traits define an item `get`, perhaps you need to implement one of them:
[INFO] [stdout]            candidate #1: `Embed`
[INFO] [stdout]            candidate #2: `FallibleStreamingIterator`
[INFO] [stdout]            candidate #3: `SliceIndex`
[INFO] [stdout]            candidate #4: `StoresServerSessions`
[INFO] [stdout]            candidate #5: `icu_collections::codepointtrie::cptrie::TypedCodePointTrie`
[INFO] [stdout]            candidate #6: `icu_properties::names::PropertyEnumToValueNameLookup`
[INFO] [stdout]            candidate #7: `icu_provider::baked::DataStore`
[INFO] [stdout]            candidate #8: `mandrake_images::Transport`
[INFO] [stdout] 
[INFO] [stdout] 
[INFO] [stdout] error[E0599]: no associated function or constant named `get` found for struct `Assets` in the current scope
[INFO] [stdout]   --> crates/mandraked/src/console.rs:34:26
[INFO] [stdout]    |
[INFO] [stdout] 19 | struct Assets;
[INFO] [stdout]    | ------------- associated function or constant `get` not found for this struct
[INFO] [stdout] ...
[INFO] [stdout] 34 |         None => (Assets::get("index.html"), true),
[INFO] [stdout]    |                          ^^^ associated function or constant not found in `Assets`
[INFO] [stdout]    |
[INFO] [stdout]    = help: items from traits can only be used if the trait is implemented and in scope
[INFO] [stdout]    = note: the following traits define an item `get`, perhaps you need to implement one of them:
[INFO] [stdout]            candidate #1: `Embed`
[INFO] [stdout]            candidate #2: `FallibleStreamingIterator`
[INFO] [stdout]            candidate #3: `SliceIndex`
[INFO] [stdout]            candidate #4: `StoresServerSessions`
[INFO] [stdout]            candidate #5: `icu_collections::codepointtrie::cptrie::TypedCodePointTrie`
[INFO] [stdout]            candidate #6: `icu_properties::names::PropertyEnumToValueNameLookup`
[INFO] [stdout]            candidate #7: `icu_provider::baked::DataStore`
[INFO] [stdout]            candidate #8: `mandrake_images::Transport`
[INFO] [stdout] 
[INFO] [stdout] 
[INFO] [stdout] error[E0599]: no associated function or constant named `get` found for struct `Assets` in the current scope
[INFO] [stdout]   --> crates/mandraked/src/console.rs:30:17
[INFO] [stdout]    |
[INFO] [stdout] 19 | struct Assets;
[INFO] [stdout]    | ------------- associated function or constant `get` not found for this struct
[INFO] [stdout] ...
[INFO] [stdout] 30 |         Assets::get(path)
[INFO] [stdout]    |                 ^^^ associated function or constant not found in `Assets`
[INFO] [stdout]    |
[INFO] [stdout]    = help: items from traits can only be used if the trait is implemented and in scope
[INFO] [stdout]    = note: the following traits define an item `get`, perhaps you need to implement one of them:
[INFO] [stdout]            candidate #1: `Embed`
[INFO] [stdout]            candidate #2: `FallibleStreamingIterator`
[INFO] [stdout]            candidate #3: `SliceIndex`
[INFO] [stdout]            candidate #4: `StoresServerSessions`
[INFO] [stdout]            candidate #5: `icu_collections::codepointtrie::cptrie::TypedCodePointTrie`
[INFO] [stdout]            candidate #6: `icu_properties::names::PropertyEnumToValueNameLookup`
[INFO] [stdout]            candidate #7: `icu_provider::baked::DataStore`
[INFO] [stdout]            candidate #8: `mandrake_images::Transport`
[INFO] [stdout] 
[INFO] [stdout] 
[INFO] [stdout] error[E0599]: no associated function or constant named `get` found for struct `Assets` in the current scope
[INFO] [stdout]   --> crates/mandraked/src/console.rs:34:26
[INFO] [stdout]    |
[INFO] [stdout] 19 | struct Assets;
[INFO] [stdout]    | ------------- associated function or constant `get` not found for this struct
[INFO] [stdout] ...
[INFO] [stdout] 34 |         None => (Assets::get("index.html"), true),
[INFO] [stdout]    |                          ^^^ associated function or constant not found in `Assets`
[INFO] [stdout]    |
[INFO] [stdout]    = help: items from traits can only be used if the trait is implemented and in scope
[INFO] [stdout]    = note: the following traits define an item `get`, perhaps you need to implement one of them:
[INFO] [stdout]            candidate #1: `Embed`
[INFO] [stdout]            candidate #2: `FallibleStreamingIterator`
[INFO] [stdout]            candidate #3: `SliceIndex`
[INFO] [stdout]            candidate #4: `StoresServerSessions`
[INFO] [stdout]            candidate #5: `icu_collections::codepointtrie::cptrie::TypedCodePointTrie`
[INFO] [stdout]            candidate #6: `icu_properties::names::PropertyEnumToValueNameLookup`
[INFO] [stdout]            candidate #7: `icu_provider::baked::DataStore`
[INFO] [stdout]            candidate #8: `mandrake_images::Transport`
[INFO] [stdout] 
[INFO] [stdout] 
[INFO] [stdout] For more information about this error, try `rustc --explain E0599`.
[INFO] [stdout] 
[INFO] [stderr] error: could not compile `mandraked` (lib) due to 3 previous errors
[INFO] [stderr] warning: build failed, waiting for other jobs to finish...
[INFO] [stdout] For more information about this error, try `rustc --explain E0599`.
[INFO] [stdout] 
[INFO] [stderr] error: could not compile `mandraked` (lib test) due to 3 previous errors
[INFO] running `Command { std: "docker" "inspect" "b68f162940e908a63ce587d2ff31122b994bbd74f32495d80147584b944d2a38", kill_on_drop: false }`
[INFO] running `Command { std: "docker" "rm" "-f" "b68f162940e908a63ce587d2ff31122b994bbd74f32495d80147584b944d2a38", kill_on_drop: false }`
[INFO] [stdout] b68f162940e908a63ce587d2ff31122b994bbd74f32495d80147584b944d2a38
