[INFO] cloning repository https://github.com/nifui/gitclass
[INFO] running `Command { std: "git" "-c" "credential.helper=" "-c" "credential.helper=/workspace/cargo-home/bin/git-credential-null" "clone" "--bare" "https://github.com/nifui/gitclass" "/workspace/cache/git-repos/https%3A%2F%2Fgithub.com%2Fnifui%2Fgitclass", kill_on_drop: false }`
[INFO] [stderr] Cloning into bare repository '/workspace/cache/git-repos/https%3A%2F%2Fgithub.com%2Fnifui%2Fgitclass'...
[INFO] running `Command { std: "git" "rev-parse" "HEAD", kill_on_drop: false }`
[INFO] [stdout] 66ce40a4bf26b809adfebde46735e20845466849
[INFO] checking nifui/gitclass against 3154cc1a3e6424e44f438a95007d043ed5ceaaf6+rustflags=-Znext-solver=coherence for pr-133502-30
[INFO] running `Command { std: "git" "clone" "/workspace/cache/git-repos/https%3A%2F%2Fgithub.com%2Fnifui%2Fgitclass" "/workspace/builds/worker-5-tc1/source", kill_on_drop: false }`
[INFO] [stderr] Cloning into '/workspace/builds/worker-5-tc1/source'...
[INFO] [stderr] done.
[INFO] started tweaking git repo https://github.com/nifui/gitclass
[INFO] finished tweaking git repo https://github.com/nifui/gitclass
[INFO] tweaked toml for git repo https://github.com/nifui/gitclass written to /workspace/builds/worker-5-tc1/source/Cargo.toml
[INFO] validating manifest of git repo https://github.com/nifui/gitclass on toolchain 3154cc1a3e6424e44f438a95007d043ed5ceaaf6
[INFO] running `Command { std: CARGO_HOME="/workspace/cargo-home" RUSTUP_HOME="/workspace/rustup-home" "/workspace/cargo-home/bin/cargo" "+3154cc1a3e6424e44f438a95007d043ed5ceaaf6" "metadata" "--manifest-path" "Cargo.toml" "--no-deps", kill_on_drop: false }`
[INFO] crate git repo https://github.com/nifui/gitclass already has a lockfile, it will not be regenerated
[INFO] running `Command { std: CARGO_HOME="/workspace/cargo-home" RUSTUP_HOME="/workspace/rustup-home" "/workspace/cargo-home/bin/cargo" "+3154cc1a3e6424e44f438a95007d043ed5ceaaf6" "fetch" "--manifest-path" "Cargo.toml", kill_on_drop: false }`
[INFO] [stderr] warning: unused build dependency `dotenvy`
[INFO] [stderr]   --> backend/Cargo.toml:38:1
[INFO] [stderr]    |
[INFO] [stderr] 38 | dotenvy = "0.15.7"
[INFO] [stderr]    | ^^^^^^^^^^^^^^^^^^
[INFO] [stderr]    |
[INFO] [stderr]    = note: `cargo::unused_dependencies` is set to `warn` by default
[INFO] [stderr] help: consider removing the dependency on `dotenvy`
[INFO] [stderr] warning: unused build dependency `sqlx`
[INFO] [stderr]   --> backend/Cargo.toml:39:1
[INFO] [stderr]    |
[INFO] [stderr] 39 | sqlx = {version = "0.9.0", features = ["postgres"]}
[INFO] [stderr]    | ^^^^^^^^^^^^^^^^^^^^^^^^^^^^^^^^^^^^^^^^^^^^^^^^^^^
[INFO] [stderr]    |
[INFO] [stderr] help: consider removing the dependency on `sqlx`
[INFO] [stderr] warning: unused build dependency `tokio`
[INFO] [stderr]   --> backend/Cargo.toml:40:1
[INFO] [stderr]    |
[INFO] [stderr] 40 | tokio = {version = "1.53.1", features = ["macros", "rt-multi-thread"]}
[INFO] [stderr]    | ^^^^^^^^^^^^^^^^^^^^^^^^^^^^^^^^^^^^^^^^^^^^^^^^^^^^^^^^^^^^^^^^^^^^^^
[INFO] [stderr]    |
[INFO] [stderr] help: consider removing the dependency on `tokio`
[INFO] [stderr] warning: `backend` (manifest) generated 3 warnings
[INFO] [stderr]     Updating crates.io index
[INFO] [stderr]  Downloading crates ...
[INFO] [stderr]   Downloaded utoipa-redoc v6.0.0
[INFO] [stderr]   Downloaded client-ip v0.2.1
[INFO] [stderr]   Downloaded arcstr v1.2.0
[INFO] [stderr]   Downloaded headers v0.4.2
[INFO] [stderr]   Downloaded axum-client-ip v1.3.1
[INFO] [stderr]   Downloaded jsonwebtoken v11.1.0
[INFO] [stderr]   Downloaded redis v1.7.1
[INFO] running `Command { std: "docker" "create" "-v" "/var/lib/crater-agent-workspace/builds/worker-5-tc1/source:/opt/rustwide/workdir:ro,Z" "-v" "/var/lib/crater-agent-workspace/builds/worker-5-tc1/target:/opt/rustwide/target:rw,Z" "-v" "/var/lib/crater-agent-workspace/cargo-home:/opt/rustwide/cargo-home:ro,Z" "-v" "/var/lib/crater-agent-workspace/rustup-home:/opt/rustwide/rustup-home:ro,Z" "-m" "1610612736" "--network" "none" "ghcr.io/rust-lang/crates-build-env/linux@sha256:77db811e55d90add9212f6832c23229e3de5f1c1f9905e8cb07319ea15df73ac" "sleep" "infinity", kill_on_drop: false }`
[INFO] [stdout] ad7628a81f67fe997f77c0d18e432feced6abadc167fa65f8e3acb498cc7f9fa
[INFO] running `Command { std: "docker" "start" "ad7628a81f67fe997f77c0d18e432feced6abadc167fa65f8e3acb498cc7f9fa", kill_on_drop: false }`
[INFO] running `Command { std: "docker" "inspect" "ad7628a81f67fe997f77c0d18e432feced6abadc167fa65f8e3acb498cc7f9fa", kill_on_drop: false }`
[INFO] running `Command { std: "docker" "exec" "-e" "SOURCE_DIR=/opt/rustwide/workdir" "-e" "CARGO_HOME=/opt/rustwide/cargo-home" "-e" "RUSTUP_HOME=/opt/rustwide/rustup-home" "-e" "CARGO_TARGET_DIR=/opt/rustwide/target" "-w" "/opt/rustwide/workdir" "--user" "0:0" "ad7628a81f67fe997f77c0d18e432feced6abadc167fa65f8e3acb498cc7f9fa" "/opt/rustwide/cargo-home/bin/cargo" "+3154cc1a3e6424e44f438a95007d043ed5ceaaf6" "metadata" "--no-deps" "--format-version=1", kill_on_drop: false }`
[INFO] running `Command { std: "docker" "inspect" "ad7628a81f67fe997f77c0d18e432feced6abadc167fa65f8e3acb498cc7f9fa", kill_on_drop: false }`
[INFO] running `Command { std: "docker" "exec" "-e" "SOURCE_DIR=/opt/rustwide/workdir" "-e" "CARGO_HOME=/opt/rustwide/cargo-home" "-e" "RUSTUP_HOME=/opt/rustwide/rustup-home" "-e" "CARGO_TARGET_DIR=/opt/rustwide/target" "-e" "CARGO_INCREMENTAL=0" "-e" "RUST_BACKTRACE=full" "-e" "RUSTFLAGS=--cap-lints=forbid -Znext-solver=coherence" "-e" "RUSTDOCFLAGS=--cap-lints=forbid" "-w" "/opt/rustwide/workdir" "--user" "0:0" "ad7628a81f67fe997f77c0d18e432feced6abadc167fa65f8e3acb498cc7f9fa" "/opt/rustwide/cargo-home/bin/cargo" "+3154cc1a3e6424e44f438a95007d043ed5ceaaf6" "check" "--frozen" "--all" "--all-targets" "--message-format=json", kill_on_drop: false }`
[INFO] [stderr] warning: unused build dependency `dotenvy`
[INFO] [stderr]   --> backend/Cargo.toml:38:1
[INFO] [stderr]    |
[INFO] [stderr] 38 | dotenvy = "0.15.7"
[INFO] [stderr]    | ^^^^^^^^^^^^^^^^^^
[INFO] [stderr]    |
[INFO] [stderr]    = note: `cargo::unused_dependencies` is set to `warn` by default
[INFO] [stderr] help: consider removing the dependency on `dotenvy`
[INFO] [stderr] warning: unused build dependency `sqlx`
[INFO] [stderr]   --> backend/Cargo.toml:39:1
[INFO] [stderr]    |
[INFO] [stderr] 39 | sqlx = {version = "0.9.0", features = ["postgres"]}
[INFO] [stderr]    | ^^^^^^^^^^^^^^^^^^^^^^^^^^^^^^^^^^^^^^^^^^^^^^^^^^^
[INFO] [stderr]    |
[INFO] [stderr] help: consider removing the dependency on `sqlx`
[INFO] [stderr] warning: unused build dependency `tokio`
[INFO] [stderr]   --> backend/Cargo.toml:40:1
[INFO] [stderr]    |
[INFO] [stderr] 40 | tokio = {version = "1.53.1", features = ["macros", "rt-multi-thread"]}
[INFO] [stderr]    | ^^^^^^^^^^^^^^^^^^^^^^^^^^^^^^^^^^^^^^^^^^^^^^^^^^^^^^^^^^^^^^^^^^^^^^
[INFO] [stderr]    |
[INFO] [stderr] help: consider removing the dependency on `tokio`
[INFO] [stderr] warning: `backend` (manifest) generated 3 warnings
[INFO] [stderr]    Compiling unicode-ident v1.0.26
[INFO] [stderr]    Compiling serde_core v1.0.229
[INFO] [stderr]     Checking cfg-if v1.0.5
[INFO] [stderr]    Compiling generic-array v0.14.9
[INFO] [stderr]    Compiling find-msvc-tools v0.1.14
[INFO] [stderr]    Compiling serde_json v1.0.151
[INFO] [stderr]    Compiling jobserver v0.1.35
[INFO] [stderr]     Checking mio v1.2.3
[INFO] [stderr]    Compiling stable_deref_trait v1.2.1
[INFO] [stderr]    Compiling typenum v1.20.1
[INFO] [stderr]    Compiling crossbeam-utils v0.8.23
[INFO] [stderr]    Compiling litemap v0.8.3
[INFO] [stderr]     Checking cmov v0.5.4
[INFO] [stderr]    Compiling writeable v0.6.4
[INFO] [stderr]    Compiling num-traits v0.2.19
[INFO] [stderr]     Checking hybrid-array v0.4.15
[INFO] [stderr]    Compiling rustls v0.23.45
[INFO] [stderr]    Compiling proc-macro2 v1.0.107
[INFO] [stderr]    Compiling pin-project-lite v0.2.17
[INFO] [stderr]     Checking httpdate v1.0.3
[INFO] [stderr]     Checking want v0.3.2
[INFO] [stderr]    Compiling icu_properties_data v2.3.0
[INFO] [stderr]    Compiling icu_normalizer_data v2.3.0
[INFO] [stderr]    Compiling futures-core v0.3.34
[INFO] [stderr]     Checking getrandom v0.4.3
[INFO] [stderr]    Compiling rustls-pki-types v1.15.1
[INFO] [stderr]    Compiling cc v1.5.1
[INFO] [stderr]     Checking ctutils v0.4.2
[INFO] [stderr]    Compiling socket2 v0.6.5
[INFO] [stderr]    Compiling untrusted v0.9.0
[INFO] [stderr]    Compiling rand_core v0.10.1
[INFO] [stderr]    Compiling thiserror v2.0.21
[INFO] [stderr]    Compiling futures-sink v0.3.34
[INFO] [stderr]    Compiling foldhash v0.2.0
[INFO] [stderr]    Compiling cpufeatures v0.3.1
[INFO] [stderr]    Compiling form_urlencoded v1.2.2
[INFO] [stderr]    Compiling tracing-core v0.1.36
[INFO] [stderr]    Compiling hashbrown v0.16.1
[INFO] [stderr]    Compiling subtle v2.6.1
[INFO] [stderr]     Checking crypto-common v0.2.2
[INFO] [stderr]     Checking block-buffer v0.12.1
[INFO] [stderr]    Compiling quote v1.0.47
[INFO] [stderr]    Compiling slab v0.4.12
[INFO] [stderr]    Compiling futures-task v0.3.34
[INFO] [stderr]    Compiling crc-catalog v2.5.0
[INFO] [stderr]     Checking crypto-common v0.1.6
[INFO] [stderr]     Checking block-buffer v0.10.4
[INFO] [stderr]    Compiling futures-io v0.3.34
[INFO] [stderr]    Compiling syn v3.0.6
[INFO] [stderr]    Compiling syn v2.0.119
[INFO] [stderr]    Compiling tinyvec v1.13.3
[INFO] [stderr]    Compiling event-listener v5.4.2
[INFO] [stderr]     Checking digest v0.10.7
[INFO] [stderr]    Compiling futures-util v0.3.34
[INFO] [stderr]    Compiling time v0.3.55
[INFO] [stderr]    Compiling crossbeam-queue v0.3.14
[INFO] [stderr]    Compiling crc v3.4.0
[INFO] [stderr]    Compiling webpki-roots v1.0.9
[INFO] [stderr]    Compiling chacha20 v0.10.2
[INFO] [stderr]    Compiling hashlink v0.11.1
[INFO] [stderr]    Compiling unicode-bidi v0.3.18
[INFO] [stderr]    Compiling unicode-normalization v0.1.25
[INFO] [stderr]    Compiling base64 v0.22.1
[INFO] [stderr]    Compiling ipnetwork v0.21.1
[INFO] [stderr]     Checking digest v0.11.3
[INFO] [stderr]    Compiling cmake v0.1.58
[INFO] [stderr]    Compiling unicode-properties v0.1.4
[INFO] [stderr]    Compiling rand v0.10.3
[INFO] [stderr]    Compiling futures-channel v0.3.34
[INFO] [stderr]    Compiling stringprep v0.1.5
[INFO] [stderr]    Compiling bitflags v2.13.2
[INFO] [stderr]    Compiling whoami v2.1.3
[INFO] [stderr]    Compiling sha2 v0.10.9
[INFO] [stderr]    Compiling atoi v2.0.0
[INFO] [stderr]     Checking hmac v0.13.0
[INFO] [stderr]    Compiling aws-lc-sys v0.45.0
[INFO] [stderr]     Checking indexmap v2.14.2
[INFO] [stderr]     Checking deranged v0.5.8
[INFO] [stderr]     Checking uuid v1.26.1
[INFO] [stderr]    Compiling sha2 v0.11.0
[INFO] [stderr]    Compiling md-5 v0.11.0
[INFO] [stderr]    Compiling hkdf v0.13.0
[INFO] [stderr]     Checking sync_wrapper v1.0.2
[INFO] [stderr]    Compiling aho-corasick v1.1.5
[INFO] [stderr]     Checking dotenvy v0.15.7
[INFO] [stderr]     Checking winnow v1.0.4
[INFO] [stderr]     Checking serde_path_to_error v0.1.20
[INFO] [stderr]     Checking serde_spanned v1.1.1
[INFO] [stderr]     Checking toml_datetime v1.1.1+spec-1.1.0
[INFO] [stderr]     Checking num-integer v0.1.47
[INFO] [stderr]     Checking matchit v0.8.4
[INFO] [stderr]     Checking toml_writer v1.1.2+spec-1.1.0
[INFO] [stderr]     Checking base64ct v1.8.3
[INFO] [stderr]     Checking num-bigint v0.4.8
[INFO] [stderr]     Checking toml_parser v1.1.3+spec-1.1.0
[INFO] [stderr]     Checking sha1 v0.10.7
[INFO] [stderr]     Checking event-listener-strategy v0.5.4
[INFO] [stderr]     Checking phc v0.6.1
[INFO] [stderr]     Checking headers-core v0.3.0
[INFO] [stderr]     Checking async-lock v3.4.2
[INFO] [stderr]     Checking num-bigint v0.5.1
[INFO] [stderr]     Checking blake2 v0.11.0
[INFO] [stderr]     Checking client-ip v0.2.1
[INFO] [stderr]    Compiling regex-automata v0.4.18
[INFO] [stderr]     Checking headers v0.4.2
[INFO] [stderr]     Checking password-hash v0.6.1
[INFO] [stderr]     Checking signature v2.2.0
[INFO] [stderr]     Checking sha1_smol v1.0.1
[INFO] [stderr]     Checking toml v1.1.6+spec-1.1.0
[INFO] [stderr]     Checking arcstr v1.2.0
[INFO] [stderr]     Checking xxhash-rust v0.8.18
[INFO] [stderr]     Checking argon2 v0.6.0
[INFO] [stderr]     Checking tower-http v0.7.1
[INFO] [stderr]     Checking task_queue v0.1.0 (/opt/rustwide/workdir/task_queue)
[INFO] [stderr]    Compiling tracing-attributes v0.1.31
[INFO] [stderr]    Compiling zeroize_derive v1.5.0
[INFO] [stderr]    Compiling axum-macros v0.5.1
[INFO] [stderr]    Compiling synstructure v0.14.0
[INFO] [stderr]     Checking zeroize v1.9.0
[INFO] [stderr]     Checking tracing v0.1.44
[INFO] [stderr]    Compiling serde_derive v1.0.229
[INFO] [stderr]    Compiling zerovec-derive v0.11.6
[INFO] [stderr]    Compiling displaydoc v0.2.7
[INFO] [stderr]    Compiling tokio-macros v2.7.2
[INFO] [stderr]    Compiling zerofrom-derive v0.1.8
[INFO] [stderr]    Compiling yoke-derive v0.8.3
[INFO] [stderr]    Compiling futures-macro v0.3.34
[INFO] [stderr]    Compiling thiserror-impl v2.0.21
[INFO] [stderr]    Compiling serde_repr v0.1.21
[INFO] [stderr]     Checking axum-core v0.5.6
[INFO] [stderr]    Compiling tokio v1.53.2
[INFO] [stderr]    Compiling zerofrom v0.1.8
[INFO] [stderr]    Compiling yoke v0.8.3
[INFO] [stderr]    Compiling zerovec v0.11.8
[INFO] [stderr]    Compiling zerotrie v0.2.5
[INFO] [stderr]    Compiling regex v1.13.1
[INFO] [stderr]    Compiling tinystr v0.8.4
[INFO] [stderr]    Compiling potential_utf v0.1.6
[INFO] [stderr]    Compiling icu_collections v2.3.0
[INFO] [stderr]     Checking icu_locale_core v2.3.0
[INFO] [stderr]    Compiling utoipa-gen v5.5.0
[INFO] [stderr]    Compiling icu_provider v2.3.1
[INFO] [stderr]     Checking simple_asn1 v0.6.4
[INFO] [stderr]    Compiling icu_properties v2.3.0
[INFO] [stderr]     Checking serde v1.0.229
[INFO] [stderr]     Checking smallvec v1.16.2
[INFO] [stderr]     Checking serde_urlencoded v0.7.1
[INFO] [stderr]     Checking parking_lot_core v0.9.12
[INFO] [stderr]     Checking icu_normalizer v2.3.0
[INFO] [stderr]     Checking either v1.18.0
[INFO] [stderr]     Checking bollard-stubs v1.53.1-rc.29.3.1
[INFO] [stderr]     Checking jsonwebtoken v11.1.0
[INFO] [stderr]     Checking parking_lot v0.12.5
[INFO] [stderr]     Checking idna_adapter v1.2.2
[INFO] [stderr]     Checking futures-intrusive v0.5.0
[INFO] [stderr]     Checking idna v1.1.0
[INFO] [stderr]     Checking url v2.5.8
[INFO] [stderr]    Compiling tokio-stream v0.1.19
[INFO] [stderr]     Checking utoipa v5.5.0
[INFO] [stderr]     Checking hyper v1.11.1
[INFO] [stderr]     Checking tokio-util v0.7.19
[INFO] [stderr]     Checking tower v0.5.3
[INFO] [stderr]     Checking combine v4.6.8
[INFO] [stderr]     Checking hyper-util v0.1.21
[INFO] [stderr]     Checking axum v0.8.9
[INFO] [stderr]     Checking hyperlocal v0.9.1
[INFO] [stderr]    Compiling aws-lc-rs v1.18.1
[INFO] [stderr]     Checking redis v1.7.1
[INFO] [stderr]     Checking axum-client-ip v1.3.1
[INFO] [stderr]     Checking axum-extra v0.12.6
[INFO] [stderr]     Checking utoipa-redoc v6.0.0
[INFO] [stderr]     Checking utoipa-axum v0.2.0
[INFO] [stderr]     Checking bollard v0.21.1
[INFO] [stderr]     Checking rustls-webpki v0.103.15
[INFO] [stderr]     Checking sqlx-core v0.9.0
[INFO] [stderr]     Checking sqlx-postgres v0.9.0
[INFO] [stderr]    Compiling sqlx-macros-core v0.9.0
[INFO] [stderr]    Compiling sqlx-macros v0.9.0
[INFO] [stderr]     Checking sqlx v0.9.0
[INFO] [stderr]     Checking runner v0.1.0 (/opt/rustwide/workdir/runner)
[INFO] [stderr]     Checking backend v0.1.0 (/opt/rustwide/workdir/backend)
[INFO] [stdout] error: set `DATABASE_URL` to use query macros online, or run `cargo sqlx prepare` to update the query cache
[INFO] [stdout]   --> backend/src/middleware/auth.rs:77:20
[INFO] [stdout]    |
[INFO] [stdout] 77 |           let role = sqlx::query!(
[INFO] [stdout]    |  ____________________^
[INFO] [stdout] 78 | |             r#"
[INFO] [stdout] 79 | |             SELECT system_role as "system_role: SystemRole"
[INFO] [stdout] 80 | |             FROM users
[INFO] [stdout] ...  |
[INFO] [stdout] 83 | |             &claims.sub
[INFO] [stdout] 84 | |         )
[INFO] [stdout]    | |_________^
[INFO] [stdout]    |
[INFO] [stdout]    = note: this error originates in the macro `$crate::sqlx_macros::expand_query` which comes from the expansion of the macro `sqlx::query` (in Nightly builds, run with -Z macro-backtrace for more info)
[INFO] [stdout] 
[INFO] [stdout] 
[INFO] [stdout] error: set `DATABASE_URL` to use query macros online, or run `cargo sqlx prepare` to update the query cache
[INFO] [stdout]   --> backend/src/middleware/auth.rs:77:20
[INFO] [stdout]    |
[INFO] [stdout] 77 |           let role = sqlx::query!(
[INFO] [stdout]    |  ____________________^
[INFO] [stdout] 78 | |             r#"
[INFO] [stdout] 79 | |             SELECT system_role as "system_role: SystemRole"
[INFO] [stdout] 80 | |             FROM users
[INFO] [stdout] ...  |
[INFO] [stdout] 83 | |             &claims.sub
[INFO] [stdout] 84 | |         )
[INFO] [stdout]    | |_________^
[INFO] [stdout]    |
[INFO] [stdout]    = note: this error originates in the macro `$crate::sqlx_macros::expand_query` which comes from the expansion of the macro `sqlx::query` (in Nightly builds, run with -Z macro-backtrace for more info)
[INFO] [stdout] 
[INFO] [stdout] 
[INFO] [stdout] error[E0432]: unresolved import `crate::utils::tasks::Task`
[INFO] [stdout]  --> runner/src/utils/resolver.rs:1:5
[INFO] [stdout]   |
[INFO] [stdout] 1 | use crate::utils::tasks::Task;
[INFO] [stdout]   |     ^^^^^^^^^^^^^^^^^^^^^----
[INFO] [stdout]   |                          |
[INFO] [stdout]   |                          no `Task` in `utils::tasks`
[INFO] [stdout]   |
[INFO] [stdout] help: consider importing one of these items instead
[INFO] [stdout]   |
[INFO] [stdout] 1 - use crate::utils::tasks::Task;
[INFO] [stdout] 1 + use crate::task_queue::Task;
[INFO] [stdout]   |
[INFO] [stdout] 1 - use crate::utils::tasks::Task;
[INFO] [stdout] 1 + use bollard::models::Task;
[INFO] [stdout]   |
[INFO] [stdout] 
[INFO] [stdout] 
[INFO] [stdout] warning: unused import: `serde::Deserialize`
[INFO] [stdout]  --> runner/src/utils/parser.rs:1:5
[INFO] [stdout]   |
[INFO] [stdout] 1 | use serde::Deserialize;
[INFO] [stdout]   |     ^^^^^^^^^^^^^^^^^^
[INFO] [stdout]   |
[INFO] [stdout]   = note: `#[warn(unused_imports)]` (part of `#[warn(unused)]`) on by default
[INFO] [stdout] 
[INFO] [stdout] 
[INFO] [stdout] error: set `DATABASE_URL` to use query macros online, or run `cargo sqlx prepare` to update the query cache
[INFO] [stdout]    --> backend/src/routes/auth/controller.rs:160:14
[INFO] [stdout]     |
[INFO] [stdout] 160 |       let id = sqlx::query!(
[INFO] [stdout]     |  ______________^
[INFO] [stdout] 161 | |         r#"
[INFO] [stdout] 162 | |         UPDATE sessions
[INFO] [stdout] 163 | |         SET revoked_at = NOW()
[INFO] [stdout] ...   |
[INFO] [stdout] 168 | |         claims.sub,
[INFO] [stdout] 169 | |     ).fetch_one(&state.pool).await?.id;
[INFO] [stdout]     | |_____^
[INFO] [stdout]     |
[INFO] [stdout]     = note: this error originates in the macro `$crate::sqlx_macros::expand_query` which comes from the expansion of the macro `sqlx::query` (in Nightly builds, run with -Z macro-backtrace for more info)
[INFO] [stdout] 
[INFO] [stdout] 
[INFO] [stdout] error: set `DATABASE_URL` to use query macros online, or run `cargo sqlx prepare` to update the query cache
[INFO] [stdout]    --> backend/src/routes/auth/controller.rs:160:14
[INFO] [stdout]     |
[INFO] [stdout] 160 |       let id = sqlx::query!(
[INFO] [stdout]     |  ______________^
[INFO] [stdout] 161 | |         r#"
[INFO] [stdout] 162 | |         UPDATE sessions
[INFO] [stdout] 163 | |         SET revoked_at = NOW()
[INFO] [stdout] ...   |
[INFO] [stdout] 168 | |         claims.sub,
[INFO] [stdout] 169 | |     ).fetch_one(&state.pool).await?.id;
[INFO] [stdout]     | |_____^
[INFO] [stdout]     |
[INFO] [stdout]     = note: this error originates in the macro `$crate::sqlx_macros::expand_query` which comes from the expansion of the macro `sqlx::query` (in Nightly builds, run with -Z macro-backtrace for more info)
[INFO] [stdout] 
[INFO] [stdout] 
[INFO] [stdout] error: set `DATABASE_URL` to use query macros online, or run `cargo sqlx prepare` to update the query cache
[INFO] [stdout]   --> backend/src/routes/auth/repository.rs:36:14
[INFO] [stdout]    |
[INFO] [stdout] 36 |       let id = sqlx::query_scalar!(
[INFO] [stdout]    |  ______________^
[INFO] [stdout] 37 | |         r#"
[INFO] [stdout] 38 | |         INSERT INTO users
[INFO] [stdout] 39 | |             (email, username, password_hash)
[INFO] [stdout] ...  |
[INFO] [stdout] 46 | |         password_hash
[INFO] [stdout] 47 | |     )
[INFO] [stdout]    | |_____^
[INFO] [stdout]    |
[INFO] [stdout]    = note: this error originates in the macro `$crate::sqlx_macros::expand_query` which comes from the expansion of the macro `sqlx::query_scalar` (in Nightly builds, run with -Z macro-backtrace for more info)
[INFO] [stdout] 
[INFO] [stdout] 
[INFO] [stdout] error: set `DATABASE_URL` to use query macros online, or run `cargo sqlx prepare` to update the query cache
[INFO] [stdout]   --> backend/src/routes/auth/repository.rs:61:16
[INFO] [stdout]    |
[INFO] [stdout] 61 |       let user = sqlx::query_as!(
[INFO] [stdout]    |  ________________^
[INFO] [stdout] 62 | |         UserInfo,
[INFO] [stdout] 63 | |         r#"
[INFO] [stdout] 64 | |             SELECT
[INFO] [stdout] ...  |
[INFO] [stdout] 71 | |         identifier
[INFO] [stdout] 72 | |     )
[INFO] [stdout]    | |_____^
[INFO] [stdout]    |
[INFO] [stdout]    = note: this error originates in the macro `$crate::sqlx_macros::expand_query` which comes from the expansion of the macro `sqlx::query_as` (in Nightly builds, run with -Z macro-backtrace for more info)
[INFO] [stdout] 
[INFO] [stdout] 
[INFO] [stdout] error: set `DATABASE_URL` to use query macros online, or run `cargo sqlx prepare` to update the query cache
[INFO] [stdout]   --> backend/src/routes/auth/repository.rs:84:16
[INFO] [stdout]    |
[INFO] [stdout] 84 |       let role = sqlx::query_scalar!(
[INFO] [stdout]    |  ________________^
[INFO] [stdout] 85 | |         r#"
[INFO] [stdout] 86 | |             SELECT system_role as "system_role: SystemRole"
[INFO] [stdout] 87 | |             FROM users
[INFO] [stdout] ...  |
[INFO] [stdout] 90 | |         user_id
[INFO] [stdout] 91 | |     )
[INFO] [stdout]    | |_____^
[INFO] [stdout]    |
[INFO] [stdout]    = note: this error originates in the macro `$crate::sqlx_macros::expand_query` which comes from the expansion of the macro `sqlx::query_scalar` (in Nightly builds, run with -Z macro-backtrace for more info)
[INFO] [stdout] 
[INFO] [stdout] 
[INFO] [stdout] error: set `DATABASE_URL` to use query macros online, or run `cargo sqlx prepare` to update the query cache
[INFO] [stdout]    --> backend/src/routes/auth/repository.rs:111:22
[INFO] [stdout]     |
[INFO] [stdout] 111 |       let session_id = sqlx::query_scalar!(
[INFO] [stdout]     |  ______________________^
[INFO] [stdout] 112 | |         r#"
[INFO] [stdout] 113 | |             INSERT INTO sessions
[INFO] [stdout] ...   |
[INFO] [stdout] 127 | |         meta.user_agent
[INFO] [stdout] 128 | |     )
[INFO] [stdout]     | |_____^
[INFO] [stdout]     |
[INFO] [stdout]     = note: this error originates in the macro `$crate::sqlx_macros::expand_query` which comes from the expansion of the macro `sqlx::query_scalar` (in Nightly builds, run with -Z macro-backtrace for more info)
[INFO] [stdout] 
[INFO] [stdout] 
[INFO] [stdout] error: set `DATABASE_URL` to use query macros online, or run `cargo sqlx prepare` to update the query cache
[INFO] [stdout]    --> backend/src/routes/auth/repository.rs:144:19
[INFO] [stdout]     |
[INFO] [stdout] 144 |       let session = sqlx::query_scalar!(
[INFO] [stdout]     |  ___________________^
[INFO] [stdout] 145 | |         r#"
[INFO] [stdout] 146 | |             SELECT id
[INFO] [stdout] 147 | |             FROM sessions
[INFO] [stdout] ...   |
[INFO] [stdout] 156 | |         meta.user_agent
[INFO] [stdout] 157 | |     )
[INFO] [stdout]     | |_____^
[INFO] [stdout]     |
[INFO] [stdout]     = note: this error originates in the macro `$crate::sqlx_macros::expand_query` which comes from the expansion of the macro `sqlx::query_scalar` (in Nightly builds, run with -Z macro-backtrace for more info)
[INFO] [stdout] 
[INFO] [stdout] 
[INFO] [stdout] error: set `DATABASE_URL` to use query macros online, or run `cargo sqlx prepare` to update the query cache
[INFO] [stdout]    --> backend/src/routes/auth/repository.rs:173:18
[INFO] [stdout]     |
[INFO] [stdout] 173 |       let result = sqlx::query!(
[INFO] [stdout]     |  __________________^
[INFO] [stdout] 174 | |         r#"
[INFO] [stdout] 175 | |             UPDATE sessions
[INFO] [stdout] 176 | |             SET revoked_at = NOW()
[INFO] [stdout] ...   |
[INFO] [stdout] 182 | |         user_id
[INFO] [stdout] 183 | |     )
[INFO] [stdout]     | |_____^
[INFO] [stdout]     |
[INFO] [stdout]     = note: this error originates in the macro `$crate::sqlx_macros::expand_query` which comes from the expansion of the macro `sqlx::query` (in Nightly builds, run with -Z macro-backtrace for more info)
[INFO] [stdout] 
[INFO] [stdout] 
[INFO] [stdout] error: set `DATABASE_URL` to use query macros online, or run `cargo sqlx prepare` to update the query cache
[INFO] [stdout]    --> backend/src/routes/auth/repository.rs:192:5
[INFO] [stdout]     |
[INFO] [stdout] 192 | /     sqlx::query!(
[INFO] [stdout] 193 | |         r#"
[INFO] [stdout] 194 | |             DELETE FROM refresh_tokens
[INFO] [stdout] 195 | |             WHERE session_id = $1
[INFO] [stdout] 196 | |             "#,
[INFO] [stdout] 197 | |         session_id
[INFO] [stdout] 198 | |     )
[INFO] [stdout]     | |_____^
[INFO] [stdout]     |
[INFO] [stdout]     = note: this error originates in the macro `$crate::sqlx_macros::expand_query` which comes from the expansion of the macro `sqlx::query` (in Nightly builds, run with -Z macro-backtrace for more info)
[INFO] [stdout] 
[INFO] [stdout] 
[INFO] [stdout] error: set `DATABASE_URL` to use query macros online, or run `cargo sqlx prepare` to update the query cache
[INFO] [stdout]    --> backend/src/routes/auth/repository.rs:210:5
[INFO] [stdout]     |
[INFO] [stdout] 210 | /     sqlx::query!(
[INFO] [stdout] 211 | |         r#"
[INFO] [stdout] 212 | |             UPDATE sessions
[INFO] [stdout] 213 | |             SET revoked_at = NOW()
[INFO] [stdout] ...   |
[INFO] [stdout] 217 | |         user_id
[INFO] [stdout] 218 | |     )
[INFO] [stdout]     | |_____^
[INFO] [stdout]     |
[INFO] [stdout]     = note: this error originates in the macro `$crate::sqlx_macros::expand_query` which comes from the expansion of the macro `sqlx::query` (in Nightly builds, run with -Z macro-backtrace for more info)
[INFO] [stdout] 
[INFO] [stdout] 
[INFO] [stdout] error: set `DATABASE_URL` to use query macros online, or run `cargo sqlx prepare` to update the query cache
[INFO] [stdout]    --> backend/src/routes/auth/repository.rs:234:18
[INFO] [stdout]     |
[INFO] [stdout] 234 |       let exists = sqlx::query_scalar!(
[INFO] [stdout]     |  __________________^
[INFO] [stdout] 235 | |         r#"
[INFO] [stdout] 236 | |             SELECT EXISTS(
[INFO] [stdout] 237 | |                 SELECT 1
[INFO] [stdout] ...   |
[INFO] [stdout] 245 | |         user_id
[INFO] [stdout] 246 | |     )
[INFO] [stdout]     | |_____^
[INFO] [stdout]     |
[INFO] [stdout]     = note: this error originates in the macro `$crate::sqlx_macros::expand_query` which comes from the expansion of the macro `sqlx::query_scalar` (in Nightly builds, run with -Z macro-backtrace for more info)
[INFO] [stdout] 
[INFO] [stdout] 
[INFO] [stdout] error: set `DATABASE_URL` to use query macros online, or run `cargo sqlx prepare` to update the query cache
[INFO] [stdout]    --> backend/src/routes/auth/repository.rs:269:5
[INFO] [stdout]     |
[INFO] [stdout] 269 | /     sqlx::query!(
[INFO] [stdout] 270 | |         r#"
[INFO] [stdout] 271 | |             INSERT INTO refresh_tokens
[INFO] [stdout] ...   |
[INFO] [stdout] 282 | |         expires_at
[INFO] [stdout] 283 | |     )
[INFO] [stdout]     | |_____^
[INFO] [stdout]     |
[INFO] [stdout]     = note: this error originates in the macro `$crate::sqlx_macros::expand_query` which comes from the expansion of the macro `sqlx::query` (in Nightly builds, run with -Z macro-backtrace for more info)
[INFO] [stdout] 
[INFO] [stdout] 
[INFO] [stdout] error: set `DATABASE_URL` to use query macros online, or run `cargo sqlx prepare` to update the query cache
[INFO] [stdout]    --> backend/src/routes/auth/repository.rs:298:18
[INFO] [stdout]     |
[INFO] [stdout] 298 |       let record = sqlx::query_as!(
[INFO] [stdout]     |  __________________^
[INFO] [stdout] 299 | |         RefreshTokenRecord,
[INFO] [stdout] 300 | |         r#"
[INFO] [stdout] 301 | |             SELECT
[INFO] [stdout] ...   |
[INFO] [stdout] 312 | |         token_hash
[INFO] [stdout] 313 | |     )
[INFO] [stdout]     | |_____^
[INFO] [stdout]     |
[INFO] [stdout]     = note: this error originates in the macro `$crate::sqlx_macros::expand_query` which comes from the expansion of the macro `sqlx::query_as` (in Nightly builds, run with -Z macro-backtrace for more info)
[INFO] [stdout] 
[INFO] [stdout] 
[INFO] [stdout] error: set `DATABASE_URL` to use query macros online, or run `cargo sqlx prepare` to update the query cache
[INFO] [stdout]   --> backend/src/routes/auth/repository.rs:36:14
[INFO] [stdout]    |
[INFO] [stdout] 36 |       let id = sqlx::query_scalar!(
[INFO] [stdout]    |  ______________^
[INFO] [stdout] 37 | |         r#"
[INFO] [stdout] 38 | |         INSERT INTO users
[INFO] [stdout] 39 | |             (email, username, password_hash)
[INFO] [stdout] ...  |
[INFO] [stdout] 46 | |         password_hash
[INFO] [stdout] 47 | |     )
[INFO] [stdout]    | |_____^
[INFO] [stdout]    |
[INFO] [stdout]    = note: this error originates in the macro `$crate::sqlx_macros::expand_query` which comes from the expansion of the macro `sqlx::query_scalar` (in Nightly builds, run with -Z macro-backtrace for more info)
[INFO] [stdout] 
[INFO] [stdout] 
[INFO] [stdout] error: set `DATABASE_URL` to use query macros online, or run `cargo sqlx prepare` to update the query cache
[INFO] [stdout]    --> backend/src/routes/auth/repository.rs:325:5
[INFO] [stdout]     |
[INFO] [stdout] 325 | /     sqlx::query!(
[INFO] [stdout] 326 | |         r#"
[INFO] [stdout] 327 | |             DELETE FROM refresh_tokens
[INFO] [stdout] 328 | |             WHERE id = $1
[INFO] [stdout] 329 | |             "#,
[INFO] [stdout] 330 | |         id
[INFO] [stdout] 331 | |     )
[INFO] [stdout]     | |_____^
[INFO] [stdout]     |
[INFO] [stdout]     = note: this error originates in the macro `$crate::sqlx_macros::expand_query` which comes from the expansion of the macro `sqlx::query` (in Nightly builds, run with -Z macro-backtrace for more info)
[INFO] [stdout] 
[INFO] [stdout] 
[INFO] [stdout] error: set `DATABASE_URL` to use query macros online, or run `cargo sqlx prepare` to update the query cache
[INFO] [stdout]   --> backend/src/routes/auth/repository.rs:61:16
[INFO] [stdout]    |
[INFO] [stdout] 61 |       let user = sqlx::query_as!(
[INFO] [stdout]    |  ________________^
[INFO] [stdout] 62 | |         UserInfo,
[INFO] [stdout] 63 | |         r#"
[INFO] [stdout] 64 | |             SELECT
[INFO] [stdout] ...  |
[INFO] [stdout] 71 | |         identifier
[INFO] [stdout] 72 | |     )
[INFO] [stdout]    | |_____^
[INFO] [stdout]    |
[INFO] [stdout]    = note: this error originates in the macro `$crate::sqlx_macros::expand_query` which comes from the expansion of the macro `sqlx::query_as` (in Nightly builds, run with -Z macro-backtrace for more info)
[INFO] [stdout] 
[INFO] [stdout] 
[INFO] [stdout] error: set `DATABASE_URL` to use query macros online, or run `cargo sqlx prepare` to update the query cache
[INFO] [stdout]    --> backend/src/routes/auth/repository.rs:347:16
[INFO] [stdout]     |
[INFO] [stdout] 347 |       let hash = sqlx::query_scalar!(
[INFO] [stdout]     |  ________________^
[INFO] [stdout] 348 | |         r#"
[INFO] [stdout] 349 | |             SELECT code_hash
[INFO] [stdout] 350 | |             FROM pincode
[INFO] [stdout] ...   |
[INFO] [stdout] 353 | |         OffsetDateTime::now_utc()
[INFO] [stdout] 354 | |     )
[INFO] [stdout]     | |_____^
[INFO] [stdout]     |
[INFO] [stdout]     = note: this error originates in the macro `$crate::sqlx_macros::expand_query` which comes from the expansion of the macro `sqlx::query_scalar` (in Nightly builds, run with -Z macro-backtrace for more info)
[INFO] [stdout] 
[INFO] [stdout] 
[INFO] [stdout] error: set `DATABASE_URL` to use query macros online, or run `cargo sqlx prepare` to update the query cache
[INFO] [stdout]   --> backend/src/routes/auth/repository.rs:84:16
[INFO] [stdout]    |
[INFO] [stdout] 84 |       let role = sqlx::query_scalar!(
[INFO] [stdout]    |  ________________^
[INFO] [stdout] 85 | |         r#"
[INFO] [stdout] 86 | |             SELECT system_role as "system_role: SystemRole"
[INFO] [stdout] 87 | |             FROM users
[INFO] [stdout] ...  |
[INFO] [stdout] 90 | |         user_id
[INFO] [stdout] 91 | |     )
[INFO] [stdout]    | |_____^
[INFO] [stdout]    |
[INFO] [stdout]    = note: this error originates in the macro `$crate::sqlx_macros::expand_query` which comes from the expansion of the macro `sqlx::query_scalar` (in Nightly builds, run with -Z macro-backtrace for more info)
[INFO] [stdout] 
[INFO] [stdout] 
[INFO] [stdout] error: set `DATABASE_URL` to use query macros online, or run `cargo sqlx prepare` to update the query cache
[INFO] [stdout]    --> backend/src/routes/auth/repository.rs:370:5
[INFO] [stdout]     |
[INFO] [stdout] 370 |     sqlx::query!("TRUNCATE pincode")
[INFO] [stdout]     |     ^^^^^^^^^^^^^^^^^^^^^^^^^^^^^^^^
[INFO] [stdout]     |
[INFO] [stdout]     = note: this error originates in the macro `$crate::sqlx_macros::expand_query` which comes from the expansion of the macro `sqlx::query` (in Nightly builds, run with -Z macro-backtrace for more info)
[INFO] [stdout] 
[INFO] [stdout] 
[INFO] [stdout] error: set `DATABASE_URL` to use query macros online, or run `cargo sqlx prepare` to update the query cache
[INFO] [stdout]    --> backend/src/routes/auth/repository.rs:375:5
[INFO] [stdout]     |
[INFO] [stdout] 375 | /     sqlx::query!(
[INFO] [stdout] 376 | |         r#"
[INFO] [stdout] 377 | |         INSERT INTO pincode
[INFO] [stdout] ...   |
[INFO] [stdout] 386 | |         expires_at
[INFO] [stdout] 387 | |     )
[INFO] [stdout]     | |_____^
[INFO] [stdout]     |
[INFO] [stdout]     = note: this error originates in the macro `$crate::sqlx_macros::expand_query` which comes from the expansion of the macro `sqlx::query` (in Nightly builds, run with -Z macro-backtrace for more info)
[INFO] [stdout] 
[INFO] [stdout] 
[INFO] [stdout] error: set `DATABASE_URL` to use query macros online, or run `cargo sqlx prepare` to update the query cache
[INFO] [stdout]    --> backend/src/routes/auth/repository.rs:111:22
[INFO] [stdout]     |
[INFO] [stdout] 111 |       let session_id = sqlx::query_scalar!(
[INFO] [stdout]     |  ______________________^
[INFO] [stdout] 112 | |         r#"
[INFO] [stdout] 113 | |             INSERT INTO sessions
[INFO] [stdout] ...   |
[INFO] [stdout] 127 | |         meta.user_agent
[INFO] [stdout] 128 | |     )
[INFO] [stdout]     | |_____^
[INFO] [stdout]     |
[INFO] [stdout]     = note: this error originates in the macro `$crate::sqlx_macros::expand_query` which comes from the expansion of the macro `sqlx::query_scalar` (in Nightly builds, run with -Z macro-backtrace for more info)
[INFO] [stdout] 
[INFO] [stdout] 
[INFO] [stdout] error: set `DATABASE_URL` to use query macros online, or run `cargo sqlx prepare` to update the query cache
[INFO] [stdout]    --> backend/src/routes/auth/repository.rs:144:19
[INFO] [stdout]     |
[INFO] [stdout] 144 |       let session = sqlx::query_scalar!(
[INFO] [stdout]     |  ___________________^
[INFO] [stdout] 145 | |         r#"
[INFO] [stdout] 146 | |             SELECT id
[INFO] [stdout] 147 | |             FROM sessions
[INFO] [stdout] ...   |
[INFO] [stdout] 156 | |         meta.user_agent
[INFO] [stdout] 157 | |     )
[INFO] [stdout]     | |_____^
[INFO] [stdout]     |
[INFO] [stdout]     = note: this error originates in the macro `$crate::sqlx_macros::expand_query` which comes from the expansion of the macro `sqlx::query_scalar` (in Nightly builds, run with -Z macro-backtrace for more info)
[INFO] [stdout] 
[INFO] [stdout] 
[INFO] [stdout] error: set `DATABASE_URL` to use query macros online, or run `cargo sqlx prepare` to update the query cache
[INFO] [stdout]    --> backend/src/routes/auth/repository.rs:173:18
[INFO] [stdout]     |
[INFO] [stdout] 173 |       let result = sqlx::query!(
[INFO] [stdout]     |  __________________^
[INFO] [stdout] 174 | |         r#"
[INFO] [stdout] 175 | |             UPDATE sessions
[INFO] [stdout] 176 | |             SET revoked_at = NOW()
[INFO] [stdout] ...   |
[INFO] [stdout] 182 | |         user_id
[INFO] [stdout] 183 | |     )
[INFO] [stdout]     | |_____^
[INFO] [stdout]     |
[INFO] [stdout]     = note: this error originates in the macro `$crate::sqlx_macros::expand_query` which comes from the expansion of the macro `sqlx::query` (in Nightly builds, run with -Z macro-backtrace for more info)
[INFO] [stdout] 
[INFO] [stdout] 
[INFO] [stdout] error: set `DATABASE_URL` to use query macros online, or run `cargo sqlx prepare` to update the query cache
[INFO] [stdout]    --> backend/src/routes/auth/repository.rs:192:5
[INFO] [stdout]     |
[INFO] [stdout] 192 | /     sqlx::query!(
[INFO] [stdout] 193 | |         r#"
[INFO] [stdout] 194 | |             DELETE FROM refresh_tokens
[INFO] [stdout] 195 | |             WHERE session_id = $1
[INFO] [stdout] 196 | |             "#,
[INFO] [stdout] 197 | |         session_id
[INFO] [stdout] 198 | |     )
[INFO] [stdout]     | |_____^
[INFO] [stdout]     |
[INFO] [stdout]     = note: this error originates in the macro `$crate::sqlx_macros::expand_query` which comes from the expansion of the macro `sqlx::query` (in Nightly builds, run with -Z macro-backtrace for more info)
[INFO] [stdout] 
[INFO] [stdout] 
[INFO] [stdout] error: set `DATABASE_URL` to use query macros online, or run `cargo sqlx prepare` to update the query cache
[INFO] [stdout]    --> backend/src/routes/auth/repository.rs:210:5
[INFO] [stdout]     |
[INFO] [stdout] 210 | /     sqlx::query!(
[INFO] [stdout] 211 | |         r#"
[INFO] [stdout] 212 | |             UPDATE sessions
[INFO] [stdout] 213 | |             SET revoked_at = NOW()
[INFO] [stdout] ...   |
[INFO] [stdout] 217 | |         user_id
[INFO] [stdout] 218 | |     )
[INFO] [stdout]     | |_____^
[INFO] [stdout]     |
[INFO] [stdout]     = note: this error originates in the macro `$crate::sqlx_macros::expand_query` which comes from the expansion of the macro `sqlx::query` (in Nightly builds, run with -Z macro-backtrace for more info)
[INFO] [stdout] 
[INFO] [stdout] 
[INFO] [stdout] error: set `DATABASE_URL` to use query macros online, or run `cargo sqlx prepare` to update the query cache
[INFO] [stdout]    --> backend/src/routes/auth/repository.rs:234:18
[INFO] [stdout]     |
[INFO] [stdout] 234 |       let exists = sqlx::query_scalar!(
[INFO] [stdout]     |  __________________^
[INFO] [stdout] 235 | |         r#"
[INFO] [stdout] 236 | |             SELECT EXISTS(
[INFO] [stdout] 237 | |                 SELECT 1
[INFO] [stdout] ...   |
[INFO] [stdout] 245 | |         user_id
[INFO] [stdout] 246 | |     )
[INFO] [stdout]     | |_____^
[INFO] [stdout]     |
[INFO] [stdout]     = note: this error originates in the macro `$crate::sqlx_macros::expand_query` which comes from the expansion of the macro `sqlx::query_scalar` (in Nightly builds, run with -Z macro-backtrace for more info)
[INFO] [stdout] 
[INFO] [stdout] 
[INFO] [stdout] error: set `DATABASE_URL` to use query macros online, or run `cargo sqlx prepare` to update the query cache
[INFO] [stdout]    --> backend/src/routes/auth/repository.rs:269:5
[INFO] [stdout]     |
[INFO] [stdout] 269 | /     sqlx::query!(
[INFO] [stdout] 270 | |         r#"
[INFO] [stdout] 271 | |             INSERT INTO refresh_tokens
[INFO] [stdout] ...   |
[INFO] [stdout] 282 | |         expires_at
[INFO] [stdout] 283 | |     )
[INFO] [stdout]     | |_____^
[INFO] [stdout]     |
[INFO] [stdout]     = note: this error originates in the macro `$crate::sqlx_macros::expand_query` which comes from the expansion of the macro `sqlx::query` (in Nightly builds, run with -Z macro-backtrace for more info)
[INFO] [stdout] 
[INFO] [stdout] 
[INFO] [stdout] error: set `DATABASE_URL` to use query macros online, or run `cargo sqlx prepare` to update the query cache
[INFO] [stdout]    --> backend/src/routes/auth/repository.rs:298:18
[INFO] [stdout]     |
[INFO] [stdout] 298 |       let record = sqlx::query_as!(
[INFO] [stdout]     |  __________________^
[INFO] [stdout] 299 | |         RefreshTokenRecord,
[INFO] [stdout] 300 | |         r#"
[INFO] [stdout] 301 | |             SELECT
[INFO] [stdout] ...   |
[INFO] [stdout] 312 | |         token_hash
[INFO] [stdout] 313 | |     )
[INFO] [stdout]     | |_____^
[INFO] [stdout]     |
[INFO] [stdout]     = note: this error originates in the macro `$crate::sqlx_macros::expand_query` which comes from the expansion of the macro `sqlx::query_as` (in Nightly builds, run with -Z macro-backtrace for more info)
[INFO] [stdout] 
[INFO] [stdout] 
[INFO] [stdout] error: set `DATABASE_URL` to use query macros online, or run `cargo sqlx prepare` to update the query cache
[INFO] [stdout]    --> backend/src/routes/auth/repository.rs:325:5
[INFO] [stdout]     |
[INFO] [stdout] 325 | /     sqlx::query!(
[INFO] [stdout] 326 | |         r#"
[INFO] [stdout] 327 | |             DELETE FROM refresh_tokens
[INFO] [stdout] 328 | |             WHERE id = $1
[INFO] [stdout] 329 | |             "#,
[INFO] [stdout] 330 | |         id
[INFO] [stdout] 331 | |     )
[INFO] [stdout]     | |_____^
[INFO] [stdout]     |
[INFO] [stdout]     = note: this error originates in the macro `$crate::sqlx_macros::expand_query` which comes from the expansion of the macro `sqlx::query` (in Nightly builds, run with -Z macro-backtrace for more info)
[INFO] [stdout] 
[INFO] [stdout] 
[INFO] [stdout] error: set `DATABASE_URL` to use query macros online, or run `cargo sqlx prepare` to update the query cache
[INFO] [stdout]    --> backend/src/routes/auth/repository.rs:347:16
[INFO] [stdout]     |
[INFO] [stdout] 347 |       let hash = sqlx::query_scalar!(
[INFO] [stdout]     |  ________________^
[INFO] [stdout] 348 | |         r#"
[INFO] [stdout] 349 | |             SELECT code_hash
[INFO] [stdout] 350 | |             FROM pincode
[INFO] [stdout] ...   |
[INFO] [stdout] 353 | |         OffsetDateTime::now_utc()
[INFO] [stdout] 354 | |     )
[INFO] [stdout]     | |_____^
[INFO] [stdout]     |
[INFO] [stdout]     = note: this error originates in the macro `$crate::sqlx_macros::expand_query` which comes from the expansion of the macro `sqlx::query_scalar` (in Nightly builds, run with -Z macro-backtrace for more info)
[INFO] [stdout] 
[INFO] [stdout] 
[INFO] [stdout] error: set `DATABASE_URL` to use query macros online, or run `cargo sqlx prepare` to update the query cache
[INFO] [stdout]    --> backend/src/routes/auth/repository.rs:370:5
[INFO] [stdout]     |
[INFO] [stdout] 370 |     sqlx::query!("TRUNCATE pincode")
[INFO] [stdout]     |     ^^^^^^^^^^^^^^^^^^^^^^^^^^^^^^^^
[INFO] [stdout]     |
[INFO] [stdout]     = note: this error originates in the macro `$crate::sqlx_macros::expand_query` which comes from the expansion of the macro `sqlx::query` (in Nightly builds, run with -Z macro-backtrace for more info)
[INFO] [stdout] 
[INFO] [stdout] 
[INFO] [stdout] error: set `DATABASE_URL` to use query macros online, or run `cargo sqlx prepare` to update the query cache
[INFO] [stdout]    --> backend/src/routes/auth/repository.rs:375:5
[INFO] [stdout]     |
[INFO] [stdout] 375 | /     sqlx::query!(
[INFO] [stdout] 376 | |         r#"
[INFO] [stdout] 377 | |         INSERT INTO pincode
[INFO] [stdout] ...   |
[INFO] [stdout] 386 | |         expires_at
[INFO] [stdout] 387 | |     )
[INFO] [stdout]     | |_____^
[INFO] [stdout]     |
[INFO] [stdout]     = note: this error originates in the macro `$crate::sqlx_macros::expand_query` which comes from the expansion of the macro `sqlx::query` (in Nightly builds, run with -Z macro-backtrace for more info)
[INFO] [stdout] 
[INFO] [stdout] 
[INFO] [stdout] error[E0432]: unresolved import `crate::utils::tasks::Task`
[INFO] [stdout]  --> runner/src/utils/resolver.rs:1:5
[INFO] [stdout]   |
[INFO] [stdout] 1 | use crate::utils::tasks::Task;
[INFO] [stdout]   |     ^^^^^^^^^^^^^^^^^^^^^----
[INFO] [stdout]   |                          |
[INFO] [stdout]   |                          no `Task` in `utils::tasks`
[INFO] [stdout]   |
[INFO] [stdout] help: consider importing one of these items instead
[INFO] [stdout]   |
[INFO] [stdout] 1 - use crate::utils::tasks::Task;
[INFO] [stdout] 1 + use crate::task_queue::Task;
[INFO] [stdout]   |
[INFO] [stdout] 1 - use crate::utils::tasks::Task;
[INFO] [stdout] 1 + use bollard::models::Task;
[INFO] [stdout]   |
[INFO] [stdout] 
[INFO] [stdout] 
[INFO] [stdout] warning: unused import: `serde::Deserialize`
[INFO] [stdout]  --> runner/src/utils/parser.rs:1:5
[INFO] [stdout]   |
[INFO] [stdout] 1 | use serde::Deserialize;
[INFO] [stdout]   |     ^^^^^^^^^^^^^^^^^^
[INFO] [stdout]   |
[INFO] [stdout]   = note: `#[warn(unused_imports)]` (part of `#[warn(unused)]`) on by default
[INFO] [stdout] 
[INFO] [stdout] 
[INFO] [stdout] error: set `DATABASE_URL` to use query macros online, or run `cargo sqlx prepare` to update the query cache
[INFO] [stdout]   --> backend/src/routes/classes/assignment/repository.rs:13:5
[INFO] [stdout]    |
[INFO] [stdout] 13 | /     sqlx::query_as!(
[INFO] [stdout] 14 | |         Assignment,
[INFO] [stdout] 15 | |         r#"
[INFO] [stdout] 16 | |         INSERT INTO assignments (
[INFO] [stdout] ...  |
[INFO] [stdout] 34 | |         payload.created_by
[INFO] [stdout] 35 | |     )
[INFO] [stdout]    | |_____^
[INFO] [stdout]    |
[INFO] [stdout]    = note: this error originates in the macro `$crate::sqlx_macros::expand_query` which comes from the expansion of the macro `sqlx::query_as` (in Nightly builds, run with -Z macro-backtrace for more info)
[INFO] [stdout] 
[INFO] [stdout] 
[INFO] [stdout] error: set `DATABASE_URL` to use query macros online, or run `cargo sqlx prepare` to update the query cache
[INFO] [stdout]   --> backend/src/routes/classes/assignment/repository.rs:44:18
[INFO] [stdout]    |
[INFO] [stdout] 44 |       let result = sqlx::query!(
[INFO] [stdout]    |  __________________^
[INFO] [stdout] 45 | |         r#"
[INFO] [stdout] 46 | |         DELETE FROM assignments 
[INFO] [stdout] 47 | |         WHERE id = $1
[INFO] [stdout] 48 | |         "#,
[INFO] [stdout] 49 | |         assignment_id
[INFO] [stdout] 50 | |     )
[INFO] [stdout]    | |_____^
[INFO] [stdout]    |
[INFO] [stdout]    = note: this error originates in the macro `$crate::sqlx_macros::expand_query` which comes from the expansion of the macro `sqlx::query` (in Nightly builds, run with -Z macro-backtrace for more info)
[INFO] [stdout] 
[INFO] [stdout] 
[INFO] [stdout] error: set `DATABASE_URL` to use query macros online, or run `cargo sqlx prepare` to update the query cache
[INFO] [stdout]   --> backend/src/routes/classes/assignment/repository.rs:64:5
[INFO] [stdout]    |
[INFO] [stdout] 64 | /     sqlx::query_as!(
[INFO] [stdout] 65 | |         Assignment,
[INFO] [stdout] 66 | |         r#"
[INFO] [stdout] 67 | |         SELECT 
[INFO] [stdout] ...  |
[INFO] [stdout] 75 | |         assignment_id
[INFO] [stdout] 76 | |     )
[INFO] [stdout]    | |_____^
[INFO] [stdout]    |
[INFO] [stdout]    = note: this error originates in the macro `$crate::sqlx_macros::expand_query` which comes from the expansion of the macro `sqlx::query_as` (in Nightly builds, run with -Z macro-backtrace for more info)
[INFO] [stdout] 
[INFO] [stdout] 
[INFO] [stdout] error: set `DATABASE_URL` to use query macros online, or run `cargo sqlx prepare` to update the query cache
[INFO] [stdout]    --> backend/src/routes/classes/assignment/repository.rs:90:5
[INFO] [stdout]     |
[INFO] [stdout]  90 | /     sqlx::query_as!(
[INFO] [stdout]  91 | |         AssignmentStudent,
[INFO] [stdout]  92 | |         r#"
[INFO] [stdout]  93 | |             INSERT INTO assignment_students (assignment_id, student_id)
[INFO] [stdout] ...   |
[INFO] [stdout] 102 | |         student_id
[INFO] [stdout] 103 | |     )
[INFO] [stdout]     | |_____^
[INFO] [stdout]     |
[INFO] [stdout]     = note: this error originates in the macro `$crate::sqlx_macros::expand_query` which comes from the expansion of the macro `sqlx::query_as` (in Nightly builds, run with -Z macro-backtrace for more info)
[INFO] [stdout] 
[INFO] [stdout] 
[INFO] [stdout] error: set `DATABASE_URL` to use query macros online, or run `cargo sqlx prepare` to update the query cache
[INFO] [stdout]   --> backend/src/routes/classes/assignment/repository.rs:13:5
[INFO] [stdout]    |
[INFO] [stdout] 13 | /     sqlx::query_as!(
[INFO] [stdout] 14 | |         Assignment,
[INFO] [stdout] 15 | |         r#"
[INFO] [stdout] 16 | |         INSERT INTO assignments (
[INFO] [stdout] ...  |
[INFO] [stdout] 34 | |         payload.created_by
[INFO] [stdout] 35 | |     )
[INFO] [stdout]    | |_____^
[INFO] [stdout]    |
[INFO] [stdout]    = note: this error originates in the macro `$crate::sqlx_macros::expand_query` which comes from the expansion of the macro `sqlx::query_as` (in Nightly builds, run with -Z macro-backtrace for more info)
[INFO] [stdout] 
[INFO] [stdout] 
[INFO] [stdout] error: set `DATABASE_URL` to use query macros online, or run `cargo sqlx prepare` to update the query cache
[INFO] [stdout]   --> backend/src/routes/classes/assignment/repository.rs:44:18
[INFO] [stdout]    |
[INFO] [stdout] 44 |       let result = sqlx::query!(
[INFO] [stdout]    |  __________________^
[INFO] [stdout] 45 | |         r#"
[INFO] [stdout] 46 | |         DELETE FROM assignments 
[INFO] [stdout] 47 | |         WHERE id = $1
[INFO] [stdout] 48 | |         "#,
[INFO] [stdout] 49 | |         assignment_id
[INFO] [stdout] 50 | |     )
[INFO] [stdout]    | |_____^
[INFO] [stdout]    |
[INFO] [stdout]    = note: this error originates in the macro `$crate::sqlx_macros::expand_query` which comes from the expansion of the macro `sqlx::query` (in Nightly builds, run with -Z macro-backtrace for more info)
[INFO] [stdout] 
[INFO] [stdout] 
[INFO] [stdout] error: set `DATABASE_URL` to use query macros online, or run `cargo sqlx prepare` to update the query cache
[INFO] [stdout]   --> backend/src/routes/classes/assignment/repository.rs:64:5
[INFO] [stdout]    |
[INFO] [stdout] 64 | /     sqlx::query_as!(
[INFO] [stdout] 65 | |         Assignment,
[INFO] [stdout] 66 | |         r#"
[INFO] [stdout] 67 | |         SELECT 
[INFO] [stdout] ...  |
[INFO] [stdout] 75 | |         assignment_id
[INFO] [stdout] 76 | |     )
[INFO] [stdout]    | |_____^
[INFO] [stdout]    |
[INFO] [stdout]    = note: this error originates in the macro `$crate::sqlx_macros::expand_query` which comes from the expansion of the macro `sqlx::query_as` (in Nightly builds, run with -Z macro-backtrace for more info)
[INFO] [stdout] 
[INFO] [stdout] 
[INFO] [stdout] error: set `DATABASE_URL` to use query macros online, or run `cargo sqlx prepare` to update the query cache
[INFO] [stdout]    --> backend/src/routes/classes/assignment/repository.rs:90:5
[INFO] [stdout]     |
[INFO] [stdout]  90 | /     sqlx::query_as!(
[INFO] [stdout]  91 | |         AssignmentStudent,
[INFO] [stdout]  92 | |         r#"
[INFO] [stdout]  93 | |             INSERT INTO assignment_students (assignment_id, student_id)
[INFO] [stdout] ...   |
[INFO] [stdout] 102 | |         student_id
[INFO] [stdout] 103 | |     )
[INFO] [stdout]     | |_____^
[INFO] [stdout]     |
[INFO] [stdout]     = note: this error originates in the macro `$crate::sqlx_macros::expand_query` which comes from the expansion of the macro `sqlx::query_as` (in Nightly builds, run with -Z macro-backtrace for more info)
[INFO] [stdout] 
[INFO] [stdout] 
[INFO] [stdout] error: set `DATABASE_URL` to use query macros online, or run `cargo sqlx prepare` to update the query cache
[INFO] [stdout]    --> backend/src/routes/classes/assignment/repository.rs:119:5
[INFO] [stdout]     |
[INFO] [stdout] 119 | /     sqlx::query_as!(
[INFO] [stdout] 120 | |         AssignmentStudent,
[INFO] [stdout] 121 | |         r#"
[INFO] [stdout] 122 | |         UPDATE assignment_students
[INFO] [stdout] ...   |
[INFO] [stdout] 139 | |         student_id
[INFO] [stdout] 140 | |     )
[INFO] [stdout]     | |_____^
[INFO] [stdout]     |
[INFO] [stdout]     = note: this error originates in the macro `$crate::sqlx_macros::expand_query` which comes from the expansion of the macro `sqlx::query_as` (in Nightly builds, run with -Z macro-backtrace for more info)
[INFO] [stdout] 
[INFO] [stdout] 
[INFO] [stdout] error: set `DATABASE_URL` to use query macros online, or run `cargo sqlx prepare` to update the query cache
[INFO] [stdout]    --> backend/src/routes/classes/assignment/repository.rs:154:5
[INFO] [stdout]     |
[INFO] [stdout] 154 | /     sqlx::query_as!(
[INFO] [stdout] 155 | |         AssignmentRepositoryLink,
[INFO] [stdout] 156 | |         r#"
[INFO] [stdout] 157 | |         INSERT INTO assignment_repositories (assignment_id, repository_id, student_id)
[INFO] [stdout] ...   |
[INFO] [stdout] 165 | |         student_id
[INFO] [stdout] 166 | |     )
[INFO] [stdout]     | |_____^
[INFO] [stdout]     |
[INFO] [stdout]     = note: this error originates in the macro `$crate::sqlx_macros::expand_query` which comes from the expansion of the macro `sqlx::query_as` (in Nightly builds, run with -Z macro-backtrace for more info)
[INFO] [stdout] 
[INFO] [stdout] 
[INFO] [stdout] error: set `DATABASE_URL` to use query macros online, or run `cargo sqlx prepare` to update the query cache
[INFO] [stdout]    --> backend/src/routes/classes/assignment/repository.rs:179:5
[INFO] [stdout]     |
[INFO] [stdout] 179 | /     sqlx::query_as!(
[INFO] [stdout] 180 | |         AssignmentStudent,
[INFO] [stdout] 181 | |         r#"
[INFO] [stdout] 182 | |         SELECT 
[INFO] [stdout] ...   |
[INFO] [stdout] 191 | |         assignment_id
[INFO] [stdout] 192 | |     )
[INFO] [stdout]     | |_____^
[INFO] [stdout]     |
[INFO] [stdout]     = note: this error originates in the macro `$crate::sqlx_macros::expand_query` which comes from the expansion of the macro `sqlx::query_as` (in Nightly builds, run with -Z macro-backtrace for more info)
[INFO] [stdout] 
[INFO] [stdout] 
[INFO] [stdout] error: set `DATABASE_URL` to use query macros online, or run `cargo sqlx prepare` to update the query cache
[INFO] [stdout]    --> backend/src/routes/classes/assignment/repository.rs:206:8
[INFO] [stdout]     |
[INFO] [stdout] 206 |       Ok(sqlx::query!(
[INFO] [stdout]     |  ________^
[INFO] [stdout] 207 | |         r#"
[INFO] [stdout] 208 | |         SELECT id
[INFO] [stdout] 209 | |         FROM assignments
[INFO] [stdout] ...   |
[INFO] [stdout] 214 | |         assignment_name,
[INFO] [stdout] 215 | |     )
[INFO] [stdout]     | |_____^
[INFO] [stdout]     |
[INFO] [stdout]     = note: this error originates in the macro `$crate::sqlx_macros::expand_query` which comes from the expansion of the macro `sqlx::query` (in Nightly builds, run with -Z macro-backtrace for more info)
[INFO] [stdout] 
[INFO] [stdout] 
[INFO] [stdout] error: set `DATABASE_URL` to use query macros online, or run `cargo sqlx prepare` to update the query cache
[INFO] [stdout]    --> backend/src/routes/classes/assignment/repository.rs:236:15
[INFO] [stdout]     |
[INFO] [stdout] 236 |       let res = sqlx::query!(
[INFO] [stdout]     |  _______________^
[INFO] [stdout] 237 | |         r#"
[INFO] [stdout] 238 | |         INSERT INTO assignment_students (
[INFO] [stdout] 239 | |             assignment_id,
[INFO] [stdout] ...   |
[INFO] [stdout] 255 | |         class_id,
[INFO] [stdout] 256 | |     )
[INFO] [stdout]     | |_____^
[INFO] [stdout]     |
[INFO] [stdout]     = note: this error originates in the macro `$crate::sqlx_macros::expand_query` which comes from the expansion of the macro `sqlx::query` (in Nightly builds, run with -Z macro-backtrace for more info)
[INFO] [stdout] 
[INFO] [stdout] 
[INFO] [stdout] error: set `DATABASE_URL` to use query macros online, or run `cargo sqlx prepare` to update the query cache
[INFO] [stdout]    --> backend/src/routes/classes/assignment/repository.rs:119:5
[INFO] [stdout]     |
[INFO] [stdout] 119 | /     sqlx::query_as!(
[INFO] [stdout] 120 | |         AssignmentStudent,
[INFO] [stdout] 121 | |         r#"
[INFO] [stdout] 122 | |         UPDATE assignment_students
[INFO] [stdout] ...   |
[INFO] [stdout] 139 | |         student_id
[INFO] [stdout] 140 | |     )
[INFO] [stdout]     | |_____^
[INFO] [stdout]     |
[INFO] [stdout]     = note: this error originates in the macro `$crate::sqlx_macros::expand_query` which comes from the expansion of the macro `sqlx::query_as` (in Nightly builds, run with -Z macro-backtrace for more info)
[INFO] [stdout] 
[INFO] [stdout] 
[INFO] [stdout] error: set `DATABASE_URL` to use query macros online, or run `cargo sqlx prepare` to update the query cache
[INFO] [stdout]    --> backend/src/routes/classes/assignment/repository.rs:154:5
[INFO] [stdout]     |
[INFO] [stdout] 154 | /     sqlx::query_as!(
[INFO] [stdout] 155 | |         AssignmentRepositoryLink,
[INFO] [stdout] 156 | |         r#"
[INFO] [stdout] 157 | |         INSERT INTO assignment_repositories (assignment_id, repository_id, student_id)
[INFO] [stdout] ...   |
[INFO] [stdout] 165 | |         student_id
[INFO] [stdout] 166 | |     )
[INFO] [stdout]     | |_____^
[INFO] [stdout]     |
[INFO] [stdout]     = note: this error originates in the macro `$crate::sqlx_macros::expand_query` which comes from the expansion of the macro `sqlx::query_as` (in Nightly builds, run with -Z macro-backtrace for more info)
[INFO] [stdout] 
[INFO] [stdout] 
[INFO] [stdout] error: set `DATABASE_URL` to use query macros online, or run `cargo sqlx prepare` to update the query cache
[INFO] [stdout]    --> backend/src/routes/classes/assignment/repository.rs:179:5
[INFO] [stdout]     |
[INFO] [stdout] 179 | /     sqlx::query_as!(
[INFO] [stdout] 180 | |         AssignmentStudent,
[INFO] [stdout] 181 | |         r#"
[INFO] [stdout] 182 | |         SELECT 
[INFO] [stdout] ...   |
[INFO] [stdout] 191 | |         assignment_id
[INFO] [stdout] 192 | |     )
[INFO] [stdout]     | |_____^
[INFO] [stdout]     |
[INFO] [stdout]     = note: this error originates in the macro `$crate::sqlx_macros::expand_query` which comes from the expansion of the macro `sqlx::query_as` (in Nightly builds, run with -Z macro-backtrace for more info)
[INFO] [stdout] 
[INFO] [stdout] 
[INFO] [stdout] error: set `DATABASE_URL` to use query macros online, or run `cargo sqlx prepare` to update the query cache
[INFO] [stdout]    --> backend/src/routes/classes/assignment/repository.rs:206:8
[INFO] [stdout]     |
[INFO] [stdout] 206 |       Ok(sqlx::query!(
[INFO] [stdout]     |  ________^
[INFO] [stdout] 207 | |         r#"
[INFO] [stdout] 208 | |         SELECT id
[INFO] [stdout] 209 | |         FROM assignments
[INFO] [stdout] ...   |
[INFO] [stdout] 214 | |         assignment_name,
[INFO] [stdout] 215 | |     )
[INFO] [stdout]     | |_____^
[INFO] [stdout]     |
[INFO] [stdout]     = note: this error originates in the macro `$crate::sqlx_macros::expand_query` which comes from the expansion of the macro `sqlx::query` (in Nightly builds, run with -Z macro-backtrace for more info)
[INFO] [stdout] 
[INFO] [stdout] 
[INFO] [stdout] error: set `DATABASE_URL` to use query macros online, or run `cargo sqlx prepare` to update the query cache
[INFO] [stdout]    --> backend/src/routes/classes/assignment/repository.rs:236:15
[INFO] [stdout]     |
[INFO] [stdout] 236 |       let res = sqlx::query!(
[INFO] [stdout]     |  _______________^
[INFO] [stdout] 237 | |         r#"
[INFO] [stdout] 238 | |         INSERT INTO assignment_students (
[INFO] [stdout] 239 | |             assignment_id,
[INFO] [stdout] ...   |
[INFO] [stdout] 255 | |         class_id,
[INFO] [stdout] 256 | |     )
[INFO] [stdout]     | |_____^
[INFO] [stdout]     |
[INFO] [stdout]     = note: this error originates in the macro `$crate::sqlx_macros::expand_query` which comes from the expansion of the macro `sqlx::query` (in Nightly builds, run with -Z macro-backtrace for more info)
[INFO] [stdout] 
[INFO] [stdout] 
[INFO] [stdout] error: set `DATABASE_URL` to use query macros online, or run `cargo sqlx prepare` to update the query cache
[INFO] [stdout]   --> backend/src/routes/classes/assignment/rubric/repository.rs:15:5
[INFO] [stdout]    |
[INFO] [stdout] 15 | /     sqlx::query_as!(
[INFO] [stdout] 16 | |         Rubric,
[INFO] [stdout] 17 | |         r#"
[INFO] [stdout] 18 | |         INSERT INTO rubrics (
[INFO] [stdout] ...  |
[INFO] [stdout] 39 | |         input.order_index,
[INFO] [stdout] 40 | |     )
[INFO] [stdout]    | |_____^
[INFO] [stdout]    |
[INFO] [stdout]    = note: this error originates in the macro `$crate::sqlx_macros::expand_query` which comes from the expansion of the macro `sqlx::query_as` (in Nightly builds, run with -Z macro-backtrace for more info)
[INFO] [stdout] 
[INFO] [stdout] 
[INFO] [stdout] error: set `DATABASE_URL` to use query macros online, or run `cargo sqlx prepare` to update the query cache
[INFO] [stdout]   --> backend/src/routes/classes/assignment/rubric/repository.rs:49:5
[INFO] [stdout]    |
[INFO] [stdout] 49 | /     sqlx::query_as!(
[INFO] [stdout] 50 | |         Rubric,
[INFO] [stdout] 51 | |         r#"
[INFO] [stdout] 52 | |         SELECT
[INFO] [stdout] ...  |
[INFO] [stdout] 63 | |         id,
[INFO] [stdout] 64 | |     )
[INFO] [stdout]    | |_____^
[INFO] [stdout]    |
[INFO] [stdout]    = note: this error originates in the macro `$crate::sqlx_macros::expand_query` which comes from the expansion of the macro `sqlx::query_as` (in Nightly builds, run with -Z macro-backtrace for more info)
[INFO] [stdout] 
[INFO] [stdout] 
[INFO] [stdout] error: set `DATABASE_URL` to use query macros online, or run `cargo sqlx prepare` to update the query cache
[INFO] [stdout]   --> backend/src/routes/classes/assignment/rubric/repository.rs:76:5
[INFO] [stdout]    |
[INFO] [stdout] 76 | /     sqlx::query_as!(
[INFO] [stdout] 77 | |         Rubric,
[INFO] [stdout] 78 | |         r#"
[INFO] [stdout] 79 | |         SELECT
[INFO] [stdout] ...  |
[INFO] [stdout] 91 | |         assignment_id,
[INFO] [stdout] 92 | |     )
[INFO] [stdout]    | |_____^
[INFO] [stdout]    |
[INFO] [stdout]    = note: this error originates in the macro `$crate::sqlx_macros::expand_query` which comes from the expansion of the macro `sqlx::query_as` (in Nightly builds, run with -Z macro-backtrace for more info)
[INFO] [stdout] 
[INFO] [stdout] 
[INFO] [stdout] error: set `DATABASE_URL` to use query macros online, or run `cargo sqlx prepare` to update the query cache
[INFO] [stdout]    --> backend/src/routes/classes/assignment/rubric/repository.rs:105:5
[INFO] [stdout]     |
[INFO] [stdout] 105 | /     sqlx::query_as!(
[INFO] [stdout] 106 | |         Rubric,
[INFO] [stdout] 107 | |         r#"
[INFO] [stdout] 108 | |         UPDATE rubrics
[INFO] [stdout] ...   |
[INFO] [stdout] 128 | |         input.order_index,
[INFO] [stdout] 129 | |     )
[INFO] [stdout]     | |_____^
[INFO] [stdout]     |
[INFO] [stdout]     = note: this error originates in the macro `$crate::sqlx_macros::expand_query` which comes from the expansion of the macro `sqlx::query_as` (in Nightly builds, run with -Z macro-backtrace for more info)
[INFO] [stdout] 
[INFO] [stdout] 
[INFO] [stdout] error: set `DATABASE_URL` to use query macros online, or run `cargo sqlx prepare` to update the query cache
[INFO] [stdout]    --> backend/src/routes/classes/assignment/rubric/repository.rs:138:18
[INFO] [stdout]     |
[INFO] [stdout] 138 |     let result = sqlx::query!("DELETE FROM rubrics WHERE id = $1", id,)
[INFO] [stdout]     |                  ^^^^^^^^^^^^^^^^^^^^^^^^^^^^^^^^^^^^^^^^^^^^^^^^^^^^^^
[INFO] [stdout]     |
[INFO] [stdout]     = note: this error originates in the macro `$crate::sqlx_macros::expand_query` which comes from the expansion of the macro `sqlx::query` (in Nightly builds, run with -Z macro-backtrace for more info)
[INFO] [stdout] 
[INFO] [stdout] 
[INFO] [stdout] error: set `DATABASE_URL` to use query macros online, or run `cargo sqlx prepare` to update the query cache
[INFO] [stdout]    --> backend/src/routes/classes/assignment/rubric/repository.rs:156:5
[INFO] [stdout]     |
[INFO] [stdout] 156 | /     sqlx::query_as!(
[INFO] [stdout] 157 | |         RubricGrade,
[INFO] [stdout] 158 | |         r#"
[INFO] [stdout] 159 | |         INSERT INTO rubric_grades (
[INFO] [stdout] ...   |
[INFO] [stdout] 186 | |         input.graded_by,
[INFO] [stdout] 187 | |     )
[INFO] [stdout]     | |_____^
[INFO] [stdout]     |
[INFO] [stdout]     = note: this error originates in the macro `$crate::sqlx_macros::expand_query` which comes from the expansion of the macro `sqlx::query_as` (in Nightly builds, run with -Z macro-backtrace for more info)
[INFO] [stdout] 
[INFO] [stdout] 
[INFO] [stdout] error: set `DATABASE_URL` to use query macros online, or run `cargo sqlx prepare` to update the query cache
[INFO] [stdout]    --> backend/src/routes/classes/assignment/rubric/repository.rs:200:5
[INFO] [stdout]     |
[INFO] [stdout] 200 | /     sqlx::query_as!(
[INFO] [stdout] 201 | |         RubricGrade,
[INFO] [stdout] 202 | |         r#"
[INFO] [stdout] 203 | |         SELECT
[INFO] [stdout] ...   |
[INFO] [stdout] 216 | |         student_id,
[INFO] [stdout] 217 | |     )
[INFO] [stdout]     | |_____^
[INFO] [stdout]     |
[INFO] [stdout]     = note: this error originates in the macro `$crate::sqlx_macros::expand_query` which comes from the expansion of the macro `sqlx::query_as` (in Nightly builds, run with -Z macro-backtrace for more info)
[INFO] [stdout] 
[INFO] [stdout] 
[INFO] [stdout] error: set `DATABASE_URL` to use query macros online, or run `cargo sqlx prepare` to update the query cache
[INFO] [stdout]   --> backend/src/routes/classes/assignment/rubric/repository.rs:15:5
[INFO] [stdout]    |
[INFO] [stdout] 15 | /     sqlx::query_as!(
[INFO] [stdout] 16 | |         Rubric,
[INFO] [stdout] 17 | |         r#"
[INFO] [stdout] 18 | |         INSERT INTO rubrics (
[INFO] [stdout] ...  |
[INFO] [stdout] 39 | |         input.order_index,
[INFO] [stdout] 40 | |     )
[INFO] [stdout]    | |_____^
[INFO] [stdout]    |
[INFO] [stdout]    = note: this error originates in the macro `$crate::sqlx_macros::expand_query` which comes from the expansion of the macro `sqlx::query_as` (in Nightly builds, run with -Z macro-backtrace for more info)
[INFO] [stdout] 
[INFO] [stdout] 
[INFO] [stdout] error: set `DATABASE_URL` to use query macros online, or run `cargo sqlx prepare` to update the query cache
[INFO] [stdout]   --> backend/src/routes/classes/assignment/rubric/repository.rs:49:5
[INFO] [stdout]    |
[INFO] [stdout] 49 | /     sqlx::query_as!(
[INFO] [stdout] 50 | |         Rubric,
[INFO] [stdout] 51 | |         r#"
[INFO] [stdout] 52 | |         SELECT
[INFO] [stdout] ...  |
[INFO] [stdout] 63 | |         id,
[INFO] [stdout] 64 | |     )
[INFO] [stdout]    | |_____^
[INFO] [stdout]    |
[INFO] [stdout]    = note: this error originates in the macro `$crate::sqlx_macros::expand_query` which comes from the expansion of the macro `sqlx::query_as` (in Nightly builds, run with -Z macro-backtrace for more info)
[INFO] [stdout] 
[INFO] [stdout] 
[INFO] [stdout] error: set `DATABASE_URL` to use query macros online, or run `cargo sqlx prepare` to update the query cache
[INFO] [stdout]   --> backend/src/routes/classes/assignment/rubric/repository.rs:76:5
[INFO] [stdout]    |
[INFO] [stdout] 76 | /     sqlx::query_as!(
[INFO] [stdout] 77 | |         Rubric,
[INFO] [stdout] 78 | |         r#"
[INFO] [stdout] 79 | |         SELECT
[INFO] [stdout] ...  |
[INFO] [stdout] 91 | |         assignment_id,
[INFO] [stdout] 92 | |     )
[INFO] [stdout]    | |_____^
[INFO] [stdout]    |
[INFO] [stdout]    = note: this error originates in the macro `$crate::sqlx_macros::expand_query` which comes from the expansion of the macro `sqlx::query_as` (in Nightly builds, run with -Z macro-backtrace for more info)
[INFO] [stdout] 
[INFO] [stdout] 
[INFO] [stdout] error: set `DATABASE_URL` to use query macros online, or run `cargo sqlx prepare` to update the query cache
[INFO] [stdout]    --> backend/src/routes/classes/assignment/rubric/repository.rs:105:5
[INFO] [stdout]     |
[INFO] [stdout] 105 | /     sqlx::query_as!(
[INFO] [stdout] 106 | |         Rubric,
[INFO] [stdout] 107 | |         r#"
[INFO] [stdout] 108 | |         UPDATE rubrics
[INFO] [stdout] ...   |
[INFO] [stdout] 128 | |         input.order_index,
[INFO] [stdout] 129 | |     )
[INFO] [stdout]     | |_____^
[INFO] [stdout]     |
[INFO] [stdout]     = note: this error originates in the macro `$crate::sqlx_macros::expand_query` which comes from the expansion of the macro `sqlx::query_as` (in Nightly builds, run with -Z macro-backtrace for more info)
[INFO] [stdout] 
[INFO] [stdout] 
[INFO] [stdout] error: set `DATABASE_URL` to use query macros online, or run `cargo sqlx prepare` to update the query cache
[INFO] [stdout]    --> backend/src/routes/classes/assignment/rubric/repository.rs:138:18
[INFO] [stdout]     |
[INFO] [stdout] 138 |     let result = sqlx::query!("DELETE FROM rubrics WHERE id = $1", id,)
[INFO] [stdout]     |                  ^^^^^^^^^^^^^^^^^^^^^^^^^^^^^^^^^^^^^^^^^^^^^^^^^^^^^^
[INFO] [stdout]     |
[INFO] [stdout]     = note: this error originates in the macro `$crate::sqlx_macros::expand_query` which comes from the expansion of the macro `sqlx::query` (in Nightly builds, run with -Z macro-backtrace for more info)
[INFO] [stdout] 
[INFO] [stdout] 
[INFO] [stdout] error: set `DATABASE_URL` to use query macros online, or run `cargo sqlx prepare` to update the query cache
[INFO] [stdout]    --> backend/src/routes/classes/assignment/rubric/repository.rs:229:5
[INFO] [stdout]     |
[INFO] [stdout] 229 | /     sqlx::query_as!(
[INFO] [stdout] 230 | |         RubricGrade,
[INFO] [stdout] 231 | |         r#"
[INFO] [stdout] 232 | |         SELECT
[INFO] [stdout] ...   |
[INFO] [stdout] 244 | |         rubric_id,
[INFO] [stdout] 245 | |     )
[INFO] [stdout]     | |_____^
[INFO] [stdout]     |
[INFO] [stdout]     = note: this error originates in the macro `$crate::sqlx_macros::expand_query` which comes from the expansion of the macro `sqlx::query_as` (in Nightly builds, run with -Z macro-backtrace for more info)
[INFO] [stdout] 
[INFO] [stdout] 
[INFO] [stdout] error: set `DATABASE_URL` to use query macros online, or run `cargo sqlx prepare` to update the query cache
[INFO] [stdout]    --> backend/src/routes/classes/assignment/rubric/repository.rs:156:5
[INFO] [stdout]     |
[INFO] [stdout] 156 | /     sqlx::query_as!(
[INFO] [stdout] 157 | |         RubricGrade,
[INFO] [stdout] 158 | |         r#"
[INFO] [stdout] 159 | |         INSERT INTO rubric_grades (
[INFO] [stdout] ...   |
[INFO] [stdout] 186 | |         input.graded_by,
[INFO] [stdout] 187 | |     )
[INFO] [stdout]     | |_____^
[INFO] [stdout]     |
[INFO] [stdout]     = note: this error originates in the macro `$crate::sqlx_macros::expand_query` which comes from the expansion of the macro `sqlx::query_as` (in Nightly builds, run with -Z macro-backtrace for more info)
[INFO] [stdout] 
[INFO] [stdout] 
[INFO] [stdout] error: set `DATABASE_URL` to use query macros online, or run `cargo sqlx prepare` to update the query cache
[INFO] [stdout]    --> backend/src/routes/classes/assignment/rubric/repository.rs:257:5
[INFO] [stdout]     |
[INFO] [stdout] 257 | /     sqlx::query_as!(
[INFO] [stdout] 258 | |         RubricGrade,
[INFO] [stdout] 259 | |         r#"
[INFO] [stdout] 260 | |         SELECT
[INFO] [stdout] ...   |
[INFO] [stdout] 272 | |         student_id,
[INFO] [stdout] 273 | |     )
[INFO] [stdout]     | |_____^
[INFO] [stdout]     |
[INFO] [stdout]     = note: this error originates in the macro `$crate::sqlx_macros::expand_query` which comes from the expansion of the macro `sqlx::query_as` (in Nightly builds, run with -Z macro-backtrace for more info)
[INFO] [stdout] 
[INFO] [stdout] 
[INFO] [stdout] error: set `DATABASE_URL` to use query macros online, or run `cargo sqlx prepare` to update the query cache
[INFO] [stdout]    --> backend/src/routes/classes/assignment/rubric/repository.rs:200:5
[INFO] [stdout]     |
[INFO] [stdout] 200 | /     sqlx::query_as!(
[INFO] [stdout] 201 | |         RubricGrade,
[INFO] [stdout] 202 | |         r#"
[INFO] [stdout] 203 | |         SELECT
[INFO] [stdout] ...   |
[INFO] [stdout] 216 | |         student_id,
[INFO] [stdout] 217 | |     )
[INFO] [stdout]     | |_____^
[INFO] [stdout]     |
[INFO] [stdout]     = note: this error originates in the macro `$crate::sqlx_macros::expand_query` which comes from the expansion of the macro `sqlx::query_as` (in Nightly builds, run with -Z macro-backtrace for more info)
[INFO] [stdout] 
[INFO] [stdout] 
[INFO] [stdout] error: set `DATABASE_URL` to use query macros online, or run `cargo sqlx prepare` to update the query cache
[INFO] [stdout]    --> backend/src/routes/classes/assignment/rubric/repository.rs:229:5
[INFO] [stdout]     |
[INFO] [stdout] 229 | /     sqlx::query_as!(
[INFO] [stdout] 230 | |         RubricGrade,
[INFO] [stdout] 231 | |         r#"
[INFO] [stdout] 232 | |         SELECT
[INFO] [stdout] ...   |
[INFO] [stdout] 244 | |         rubric_id,
[INFO] [stdout] 245 | |     )
[INFO] [stdout]     | |_____^
[INFO] [stdout]     |
[INFO] [stdout]     = note: this error originates in the macro `$crate::sqlx_macros::expand_query` which comes from the expansion of the macro `sqlx::query_as` (in Nightly builds, run with -Z macro-backtrace for more info)
[INFO] [stdout] 
[INFO] [stdout] 
[INFO] [stdout] error: set `DATABASE_URL` to use query macros online, or run `cargo sqlx prepare` to update the query cache
[INFO] [stdout]    --> backend/src/routes/classes/assignment/rubric/repository.rs:286:18
[INFO] [stdout]     |
[INFO] [stdout] 286 |       let result = sqlx::query!(
[INFO] [stdout]     |  __________________^
[INFO] [stdout] 287 | |         r#"
[INFO] [stdout] 288 | |         DELETE FROM rubric_grades
[INFO] [stdout] 289 | |         WHERE rubric_id = $1
[INFO] [stdout] ...   |
[INFO] [stdout] 293 | |         student_id,
[INFO] [stdout] 294 | |     )
[INFO] [stdout]     | |_____^
[INFO] [stdout]     |
[INFO] [stdout]     = note: this error originates in the macro `$crate::sqlx_macros::expand_query` which comes from the expansion of the macro `sqlx::query` (in Nightly builds, run with -Z macro-backtrace for more info)
[INFO] [stdout] 
[INFO] [stdout] 
[INFO] [stdout] error: set `DATABASE_URL` to use query macros online, or run `cargo sqlx prepare` to update the query cache
[INFO] [stdout]    --> backend/src/routes/classes/assignment/rubric/repository.rs:257:5
[INFO] [stdout]     |
[INFO] [stdout] 257 | /     sqlx::query_as!(
[INFO] [stdout] 258 | |         RubricGrade,
[INFO] [stdout] 259 | |         r#"
[INFO] [stdout] 260 | |         SELECT
[INFO] [stdout] ...   |
[INFO] [stdout] 272 | |         student_id,
[INFO] [stdout] 273 | |     )
[INFO] [stdout]     | |_____^
[INFO] [stdout]     |
[INFO] [stdout]     = note: this error originates in the macro `$crate::sqlx_macros::expand_query` which comes from the expansion of the macro `sqlx::query_as` (in Nightly builds, run with -Z macro-backtrace for more info)
[INFO] [stdout] 
[INFO] [stdout] 
[INFO] [stdout] error: set `DATABASE_URL` to use query macros online, or run `cargo sqlx prepare` to update the query cache
[INFO] [stdout]    --> backend/src/routes/classes/assignment/rubric/repository.rs:313:5
[INFO] [stdout]     |
[INFO] [stdout] 313 | /     sqlx::query_as!(
[INFO] [stdout] 314 | |         RubricGradeDetails,
[INFO] [stdout] 315 | |         r#"
[INFO] [stdout] 316 | |         SELECT
[INFO] [stdout] ...   |
[INFO] [stdout] 336 | |         student_id,
[INFO] [stdout] 337 | |     )
[INFO] [stdout]     | |_____^
[INFO] [stdout]     |
[INFO] [stdout]     = note: this error originates in the macro `$crate::sqlx_macros::expand_query` which comes from the expansion of the macro `sqlx::query_as` (in Nightly builds, run with -Z macro-backtrace for more info)
[INFO] [stdout] 
[INFO] [stdout] 
[INFO] [stdout] error: set `DATABASE_URL` to use query macros online, or run `cargo sqlx prepare` to update the query cache
[INFO] [stdout]    --> backend/src/routes/classes/assignment/rubric/repository.rs:286:18
[INFO] [stdout]     |
[INFO] [stdout] 286 |       let result = sqlx::query!(
[INFO] [stdout]     |  __________________^
[INFO] [stdout] 287 | |         r#"
[INFO] [stdout] 288 | |         DELETE FROM rubric_grades
[INFO] [stdout] 289 | |         WHERE rubric_id = $1
[INFO] [stdout] ...   |
[INFO] [stdout] 293 | |         student_id,
[INFO] [stdout] 294 | |     )
[INFO] [stdout]     | |_____^
[INFO] [stdout]     |
[INFO] [stdout]     = note: this error originates in the macro `$crate::sqlx_macros::expand_query` which comes from the expansion of the macro `sqlx::query` (in Nightly builds, run with -Z macro-backtrace for more info)
[INFO] [stdout] 
[INFO] [stdout] 
[INFO] [stdout] error: set `DATABASE_URL` to use query macros online, or run `cargo sqlx prepare` to update the query cache
[INFO] [stdout]    --> backend/src/routes/classes/assignment/rubric/repository.rs:313:5
[INFO] [stdout]     |
[INFO] [stdout] 313 | /     sqlx::query_as!(
[INFO] [stdout] 314 | |         RubricGradeDetails,
[INFO] [stdout] 315 | |         r#"
[INFO] [stdout] 316 | |         SELECT
[INFO] [stdout] ...   |
[INFO] [stdout] 336 | |         student_id,
[INFO] [stdout] 337 | |     )
[INFO] [stdout]     | |_____^
[INFO] [stdout]     |
[INFO] [stdout]     = note: this error originates in the macro `$crate::sqlx_macros::expand_query` which comes from the expansion of the macro `sqlx::query_as` (in Nightly builds, run with -Z macro-backtrace for more info)
[INFO] [stdout] 
[INFO] [stdout] 
[INFO] [stdout] error: set `DATABASE_URL` to use query macros online, or run `cargo sqlx prepare` to update the query cache
[INFO] [stdout]    --> backend/src/routes/classes/assignment/rubric/repository.rs:349:5
[INFO] [stdout]     |
[INFO] [stdout] 349 | /     sqlx::query_as!(
[INFO] [stdout] 350 | |         RubricGradeDetails,
[INFO] [stdout] 351 | |         r#"
[INFO] [stdout] 352 | |         SELECT
[INFO] [stdout] ...   |
[INFO] [stdout] 374 | |         student_id,
[INFO] [stdout] 375 | |     )
[INFO] [stdout]     | |_____^
[INFO] [stdout]     |
[INFO] [stdout]     = note: this error originates in the macro `$crate::sqlx_macros::expand_query` which comes from the expansion of the macro `sqlx::query_as` (in Nightly builds, run with -Z macro-backtrace for more info)
[INFO] [stdout] 
[INFO] [stdout] 
[INFO] [stdout] error: set `DATABASE_URL` to use query macros online, or run `cargo sqlx prepare` to update the query cache
[INFO] [stdout]    --> backend/src/routes/classes/assignment/rubric/repository.rs:349:5
[INFO] [stdout]     |
[INFO] [stdout] 349 | /     sqlx::query_as!(
[INFO] [stdout] 350 | |         RubricGradeDetails,
[INFO] [stdout] 351 | |         r#"
[INFO] [stdout] 352 | |         SELECT
[INFO] [stdout] ...   |
[INFO] [stdout] 374 | |         student_id,
[INFO] [stdout] 375 | |     )
[INFO] [stdout]     | |_____^
[INFO] [stdout]     |
[INFO] [stdout]     = note: this error originates in the macro `$crate::sqlx_macros::expand_query` which comes from the expansion of the macro `sqlx::query_as` (in Nightly builds, run with -Z macro-backtrace for more info)
[INFO] [stdout] 
[INFO] [stdout] 
[INFO] [stdout] error: set `DATABASE_URL` to use query macros online, or run `cargo sqlx prepare` to update the query cache
[INFO] [stdout]    --> backend/src/routes/classes/assignment/rubric/repository.rs:388:5
[INFO] [stdout]     |
[INFO] [stdout] 388 | /     sqlx::query_as!(
[INFO] [stdout] 389 | |         RubricGradeDetails,
[INFO] [stdout] 390 | |         r#"
[INFO] [stdout] 391 | |         SELECT
[INFO] [stdout] ...   |
[INFO] [stdout] 412 | |         student_id,
[INFO] [stdout] 413 | |     )
[INFO] [stdout]     | |_____^
[INFO] [stdout]     |
[INFO] [stdout]     = note: this error originates in the macro `$crate::sqlx_macros::expand_query` which comes from the expansion of the macro `sqlx::query_as` (in Nightly builds, run with -Z macro-backtrace for more info)
[INFO] [stdout] 
[INFO] [stdout] 
[INFO] [stdout] error: set `DATABASE_URL` to use query macros online, or run `cargo sqlx prepare` to update the query cache
[INFO] [stdout]    --> backend/src/routes/classes/assignment/rubric/repository.rs:388:5
[INFO] [stdout]     |
[INFO] [stdout] 388 | /     sqlx::query_as!(
[INFO] [stdout] 389 | |         RubricGradeDetails,
[INFO] [stdout] 390 | |         r#"
[INFO] [stdout] 391 | |         SELECT
[INFO] [stdout] ...   |
[INFO] [stdout] 412 | |         student_id,
[INFO] [stdout] 413 | |     )
[INFO] [stdout]     | |_____^
[INFO] [stdout]     |
[INFO] [stdout]     = note: this error originates in the macro `$crate::sqlx_macros::expand_query` which comes from the expansion of the macro `sqlx::query_as` (in Nightly builds, run with -Z macro-backtrace for more info)
[INFO] [stdout] 
[INFO] [stdout] 
[INFO] [stdout] error: set `DATABASE_URL` to use query macros online, or run `cargo sqlx prepare` to update the query cache
[INFO] [stdout]   --> backend/src/routes/classes/repository.rs:17:19
[INFO] [stdout]    |
[INFO] [stdout] 17 |       let classes = sqlx::query_as!(
[INFO] [stdout]    |  ___________________^
[INFO] [stdout] 18 | |         Class,
[INFO] [stdout] 19 | |         r#"
[INFO] [stdout] 20 | |         SELECT
[INFO] [stdout] ...  |
[INFO] [stdout] 36 | |         user_id
[INFO] [stdout] 37 | |     )
[INFO] [stdout]    | |_____^
[INFO] [stdout]    |
[INFO] [stdout]    = note: this error originates in the macro `$crate::sqlx_macros::expand_query` which comes from the expansion of the macro `sqlx::query_as` (in Nightly builds, run with -Z macro-backtrace for more info)
[INFO] [stdout] 
[INFO] [stdout] 
[INFO] [stdout] error: set `DATABASE_URL` to use query macros online, or run `cargo sqlx prepare` to update the query cache
[INFO] [stdout]   --> backend/src/routes/classes/repository.rs:17:19
[INFO] [stdout]    |
[INFO] [stdout] 17 |       let classes = sqlx::query_as!(
[INFO] [stdout]    |  ___________________^
[INFO] [stdout] 18 | |         Class,
[INFO] [stdout] 19 | |         r#"
[INFO] [stdout] 20 | |         SELECT
[INFO] [stdout] ...  |
[INFO] [stdout] 36 | |         user_id
[INFO] [stdout] 37 | |     )
[INFO] [stdout]    | |_____^
[INFO] [stdout]    |
[INFO] [stdout]    = note: this error originates in the macro `$crate::sqlx_macros::expand_query` which comes from the expansion of the macro `sqlx::query_as` (in Nightly builds, run with -Z macro-backtrace for more info)
[INFO] [stdout] 
[INFO] [stdout] 
[INFO] [stdout] error: set `DATABASE_URL` to use query macros online, or run `cargo sqlx prepare` to update the query cache
[INFO] [stdout]   --> backend/src/routes/classes/repository.rs:49:16
[INFO] [stdout]    |
[INFO] [stdout] 49 |       let role = sqlx::query!(
[INFO] [stdout]    |  ________________^
[INFO] [stdout] 50 | |         r#"
[INFO] [stdout] 51 | |         SELECT cm.role as "class_member_role: ClassRole"
[INFO] [stdout] 52 | |         FROM class_members AS cm
[INFO] [stdout] ...  |
[INFO] [stdout] 57 | |         user_id,
[INFO] [stdout] 58 | |     )
[INFO] [stdout]    | |_____^
[INFO] [stdout]    |
[INFO] [stdout]    = note: this error originates in the macro `$crate::sqlx_macros::expand_query` which comes from the expansion of the macro `sqlx::query` (in Nightly builds, run with -Z macro-backtrace for more info)
[INFO] [stdout] 
[INFO] [stdout] 
[INFO] [stdout] error: set `DATABASE_URL` to use query macros online, or run `cargo sqlx prepare` to update the query cache
[INFO] [stdout]   --> backend/src/routes/classes/repository.rs:49:16
[INFO] [stdout]    |
[INFO] [stdout] 49 |       let role = sqlx::query!(
[INFO] [stdout]    |  ________________^
[INFO] [stdout] 50 | |         r#"
[INFO] [stdout] 51 | |         SELECT cm.role as "class_member_role: ClassRole"
[INFO] [stdout] 52 | |         FROM class_members AS cm
[INFO] [stdout] ...  |
[INFO] [stdout] 57 | |         user_id,
[INFO] [stdout] 58 | |     )
[INFO] [stdout]    | |_____^
[INFO] [stdout]    |
[INFO] [stdout]    = note: this error originates in the macro `$crate::sqlx_macros::expand_query` which comes from the expansion of the macro `sqlx::query` (in Nightly builds, run with -Z macro-backtrace for more info)
[INFO] [stdout] 
[INFO] [stdout] 
[INFO] [stdout] error: set `DATABASE_URL` to use query macros online, or run `cargo sqlx prepare` to update the query cache
[INFO] [stdout]   --> backend/src/routes/classes/repository.rs:68:17
[INFO] [stdout]    |
[INFO] [stdout] 68 |       let class = sqlx::query_as!(
[INFO] [stdout]    |  _________________^
[INFO] [stdout] 69 | |         Class,
[INFO] [stdout] 70 | |         r#"
[INFO] [stdout] 71 | |         INSERT INTO classes (
[INFO] [stdout] ...  |
[INFO] [stdout] 91 | |         input.organization_id,
[INFO] [stdout] 92 | |     )
[INFO] [stdout]    | |_____^
[INFO] [stdout]    |
[INFO] [stdout]    = note: this error originates in the macro `$crate::sqlx_macros::expand_query` which comes from the expansion of the macro `sqlx::query_as` (in Nightly builds, run with -Z macro-backtrace for more info)
[INFO] [stdout] 
[INFO] [stdout] 
[INFO] [stdout] error: set `DATABASE_URL` to use query macros online, or run `cargo sqlx prepare` to update the query cache
[INFO] [stdout]    --> backend/src/routes/classes/repository.rs:101:5
[INFO] [stdout]     |
[INFO] [stdout] 101 | /     sqlx::query!(
[INFO] [stdout] 102 | |         r#"
[INFO] [stdout] 103 | |         DELETE FROM classes
[INFO] [stdout] 104 | |         WHERE id = $1
[INFO] [stdout] 105 | |         "#,
[INFO] [stdout] 106 | |         class_id,
[INFO] [stdout] 107 | |     )
[INFO] [stdout]     | |_____^
[INFO] [stdout]     |
[INFO] [stdout]     = note: this error originates in the macro `$crate::sqlx_macros::expand_query` which comes from the expansion of the macro `sqlx::query` (in Nightly builds, run with -Z macro-backtrace for more info)
[INFO] [stdout] 
[INFO] [stdout] 
[INFO] [stdout] error: set `DATABASE_URL` to use query macros online, or run `cargo sqlx prepare` to update the query cache
[INFO] [stdout]   --> backend/src/routes/classes/repository.rs:68:17
[INFO] [stdout]    |
[INFO] [stdout] 68 |       let class = sqlx::query_as!(
[INFO] [stdout]    |  _________________^
[INFO] [stdout] 69 | |         Class,
[INFO] [stdout] 70 | |         r#"
[INFO] [stdout] 71 | |         INSERT INTO classes (
[INFO] [stdout] ...  |
[INFO] [stdout] 91 | |         input.organization_id,
[INFO] [stdout] 92 | |     )
[INFO] [stdout]    | |_____^
[INFO] [stdout]    |
[INFO] [stdout]    = note: this error originates in the macro `$crate::sqlx_macros::expand_query` which comes from the expansion of the macro `sqlx::query_as` (in Nightly builds, run with -Z macro-backtrace for more info)
[INFO] [stdout] 
[INFO] [stdout] 
[INFO] [stdout] error: set `DATABASE_URL` to use query macros online, or run `cargo sqlx prepare` to update the query cache
[INFO] [stdout]    --> backend/src/routes/classes/repository.rs:122:5
[INFO] [stdout]     |
[INFO] [stdout] 122 | /     sqlx::query!(
[INFO] [stdout] 123 | |         r#"
[INFO] [stdout] 124 | |         UPDATE classes
[INFO] [stdout] 125 | |         SET
[INFO] [stdout] ...   |
[INFO] [stdout] 131 | |         organization_id,
[INFO] [stdout] 132 | |     )
[INFO] [stdout]     | |_____^
[INFO] [stdout]     |
[INFO] [stdout]     = note: this error originates in the macro `$crate::sqlx_macros::expand_query` which comes from the expansion of the macro `sqlx::query` (in Nightly builds, run with -Z macro-backtrace for more info)
[INFO] [stdout] 
[INFO] [stdout] 
[INFO] [stdout] error: set `DATABASE_URL` to use query macros online, or run `cargo sqlx prepare` to update the query cache
[INFO] [stdout]    --> backend/src/routes/classes/repository.rs:101:5
[INFO] [stdout]     |
[INFO] [stdout] 101 | /     sqlx::query!(
[INFO] [stdout] 102 | |         r#"
[INFO] [stdout] 103 | |         DELETE FROM classes
[INFO] [stdout] 104 | |         WHERE id = $1
[INFO] [stdout] 105 | |         "#,
[INFO] [stdout] 106 | |         class_id,
[INFO] [stdout] 107 | |     )
[INFO] [stdout]     | |_____^
[INFO] [stdout]     |
[INFO] [stdout]     = note: this error originates in the macro `$crate::sqlx_macros::expand_query` which comes from the expansion of the macro `sqlx::query` (in Nightly builds, run with -Z macro-backtrace for more info)
[INFO] [stdout] 
[INFO] [stdout] 
[INFO] [stdout] error: set `DATABASE_URL` to use query macros online, or run `cargo sqlx prepare` to update the query cache
[INFO] [stdout]    --> backend/src/routes/classes/repository.rs:145:5
[INFO] [stdout]     |
[INFO] [stdout] 145 | /     sqlx::query!(
[INFO] [stdout] 146 | |         r#"
[INFO] [stdout] 147 | |         INSERT INTO class_members (
[INFO] [stdout] 148 | |             class_id,
[INFO] [stdout] ...   |
[INFO] [stdout] 156 | |         role as ClassRole,
[INFO] [stdout] 157 | |     )
[INFO] [stdout]     | |_____^
[INFO] [stdout]     |
[INFO] [stdout]     = note: this error originates in the macro `$crate::sqlx_macros::expand_query` which comes from the expansion of the macro `sqlx::query` (in Nightly builds, run with -Z macro-backtrace for more info)
[INFO] [stdout] 
[INFO] [stdout] 
[INFO] [stdout] error: set `DATABASE_URL` to use query macros online, or run `cargo sqlx prepare` to update the query cache
[INFO] [stdout]    --> backend/src/routes/classes/repository.rs:122:5
[INFO] [stdout]     |
[INFO] [stdout] 122 | /     sqlx::query!(
[INFO] [stdout] 123 | |         r#"
[INFO] [stdout] 124 | |         UPDATE classes
[INFO] [stdout] 125 | |         SET
[INFO] [stdout] ...   |
[INFO] [stdout] 131 | |         organization_id,
[INFO] [stdout] 132 | |     )
[INFO] [stdout]     | |_____^
[INFO] [stdout]     |
[INFO] [stdout]     = note: this error originates in the macro `$crate::sqlx_macros::expand_query` which comes from the expansion of the macro `sqlx::query` (in Nightly builds, run with -Z macro-backtrace for more info)
[INFO] [stdout] 
[INFO] [stdout] 
[INFO] [stdout] error: set `DATABASE_URL` to use query macros online, or run `cargo sqlx prepare` to update the query cache
[INFO] [stdout]    --> backend/src/routes/classes/repository.rs:165:19
[INFO] [stdout]     |
[INFO] [stdout] 165 |       let members = sqlx::query_as!(
[INFO] [stdout]     |  ___________________^
[INFO] [stdout] 166 | |         ClassMember,
[INFO] [stdout] 167 | |         r#"
[INFO] [stdout] 168 | |         SELECT
[INFO] [stdout] ...   |
[INFO] [stdout] 176 | |         class_id,
[INFO] [stdout] 177 | |     )
[INFO] [stdout]     | |_____^
[INFO] [stdout]     |
[INFO] [stdout]     = note: this error originates in the macro `$crate::sqlx_macros::expand_query` which comes from the expansion of the macro `sqlx::query_as` (in Nightly builds, run with -Z macro-backtrace for more info)
[INFO] [stdout] 
[INFO] [stdout] 
[INFO] [stdout] error: set `DATABASE_URL` to use query macros online, or run `cargo sqlx prepare` to update the query cache
[INFO] [stdout]    --> backend/src/routes/classes/repository.rs:145:5
[INFO] [stdout]     |
[INFO] [stdout] 145 | /     sqlx::query!(
[INFO] [stdout] 146 | |         r#"
[INFO] [stdout] 147 | |         INSERT INTO class_members (
[INFO] [stdout] 148 | |             class_id,
[INFO] [stdout] ...   |
[INFO] [stdout] 156 | |         role as ClassRole,
[INFO] [stdout] 157 | |     )
[INFO] [stdout]     | |_____^
[INFO] [stdout]     |
[INFO] [stdout]     = note: this error originates in the macro `$crate::sqlx_macros::expand_query` which comes from the expansion of the macro `sqlx::query` (in Nightly builds, run with -Z macro-backtrace for more info)
[INFO] [stdout] 
[INFO] [stdout] 
[INFO] [stdout] error: set `DATABASE_URL` to use query macros online, or run `cargo sqlx prepare` to update the query cache
[INFO] [stdout]    --> backend/src/routes/classes/repository.rs:188:5
[INFO] [stdout]     |
[INFO] [stdout] 188 | /     sqlx::query!(
[INFO] [stdout] 189 | |         r#"
[INFO] [stdout] 190 | |         UPDATE classes 
[INFO] [stdout] 191 | |         SET course_code = $1
[INFO] [stdout] ...   |
[INFO] [stdout] 195 | |         class_id,
[INFO] [stdout] 196 | |     )
[INFO] [stdout]     | |_____^
[INFO] [stdout]     |
[INFO] [stdout]     = note: this error originates in the macro `$crate::sqlx_macros::expand_query` which comes from the expansion of the macro `sqlx::query` (in Nightly builds, run with -Z macro-backtrace for more info)
[INFO] [stdout] 
[INFO] [stdout] 
[INFO] [stdout] error: set `DATABASE_URL` to use query macros online, or run `cargo sqlx prepare` to update the query cache
[INFO] [stdout]    --> backend/src/routes/classes/repository.rs:165:19
[INFO] [stdout]     |
[INFO] [stdout] 165 |       let members = sqlx::query_as!(
[INFO] [stdout]     |  ___________________^
[INFO] [stdout] 166 | |         ClassMember,
[INFO] [stdout] 167 | |         r#"
[INFO] [stdout] 168 | |         SELECT
[INFO] [stdout] ...   |
[INFO] [stdout] 176 | |         class_id,
[INFO] [stdout] 177 | |     )
[INFO] [stdout]     | |_____^
[INFO] [stdout]     |
[INFO] [stdout]     = note: this error originates in the macro `$crate::sqlx_macros::expand_query` which comes from the expansion of the macro `sqlx::query_as` (in Nightly builds, run with -Z macro-backtrace for more info)
[INFO] [stdout] 
[INFO] [stdout] 
[INFO] [stdout] error: set `DATABASE_URL` to use query macros online, or run `cargo sqlx prepare` to update the query cache
[INFO] [stdout]    --> backend/src/routes/classes/repository.rs:203:8
[INFO] [stdout]     |
[INFO] [stdout] 203 |       Ok(sqlx::query_scalar!(
[INFO] [stdout]     |  ________^
[INFO] [stdout] 204 | |         r#"
[INFO] [stdout] 205 | |         SELECT COUNT(*)
[INFO] [stdout] 206 | |         FROM classes 
[INFO] [stdout] ...   |
[INFO] [stdout] 209 | |         class_id
[INFO] [stdout] 210 | |     )
[INFO] [stdout]     | |_____^
[INFO] [stdout]     |
[INFO] [stdout]     = note: this error originates in the macro `$crate::sqlx_macros::expand_query` which comes from the expansion of the macro `sqlx::query_scalar` (in Nightly builds, run with -Z macro-backtrace for more info)
[INFO] [stdout] 
[INFO] [stdout] 
[INFO] [stdout] error: set `DATABASE_URL` to use query macros online, or run `cargo sqlx prepare` to update the query cache
[INFO] [stdout]    --> backend/src/routes/classes/repository.rs:188:5
[INFO] [stdout]     |
[INFO] [stdout] 188 | /     sqlx::query!(
[INFO] [stdout] 189 | |         r#"
[INFO] [stdout] 190 | |         UPDATE classes 
[INFO] [stdout] 191 | |         SET course_code = $1
[INFO] [stdout] ...   |
[INFO] [stdout] 195 | |         class_id,
[INFO] [stdout] 196 | |     )
[INFO] [stdout]     | |_____^
[INFO] [stdout]     |
[INFO] [stdout]     = note: this error originates in the macro `$crate::sqlx_macros::expand_query` which comes from the expansion of the macro `sqlx::query` (in Nightly builds, run with -Z macro-backtrace for more info)
[INFO] [stdout] 
[INFO] [stdout] 
[INFO] [stdout] error: set `DATABASE_URL` to use query macros online, or run `cargo sqlx prepare` to update the query cache
[INFO] [stdout]    --> backend/src/routes/classes/repository.rs:221:8
[INFO] [stdout]     |
[INFO] [stdout] 221 |       Ok(sqlx::query!(
[INFO] [stdout]     |  ________^
[INFO] [stdout] 222 | |         r#"
[INFO] [stdout] 223 | |         SELECT COUNT(*) 
[INFO] [stdout] 224 | |         FROM class_members 
[INFO] [stdout] ...   |
[INFO] [stdout] 228 | |         class_id
[INFO] [stdout] 229 | |     )
[INFO] [stdout]     | |_____^
[INFO] [stdout]     |
[INFO] [stdout]     = note: this error originates in the macro `$crate::sqlx_macros::expand_query` which comes from the expansion of the macro `sqlx::query` (in Nightly builds, run with -Z macro-backtrace for more info)
[INFO] [stdout] 
[INFO] [stdout] 
[INFO] [stdout] error: set `DATABASE_URL` to use query macros online, or run `cargo sqlx prepare` to update the query cache
[INFO] [stdout]    --> backend/src/routes/classes/repository.rs:203:8
[INFO] [stdout]     |
[INFO] [stdout] 203 |       Ok(sqlx::query_scalar!(
[INFO] [stdout]     |  ________^
[INFO] [stdout] 204 | |         r#"
[INFO] [stdout] 205 | |         SELECT COUNT(*)
[INFO] [stdout] 206 | |         FROM classes 
[INFO] [stdout] ...   |
[INFO] [stdout] 209 | |         class_id
[INFO] [stdout] 210 | |     )
[INFO] [stdout]     | |_____^
[INFO] [stdout]     |
[INFO] [stdout]     = note: this error originates in the macro `$crate::sqlx_macros::expand_query` which comes from the expansion of the macro `sqlx::query_scalar` (in Nightly builds, run with -Z macro-backtrace for more info)
[INFO] [stdout] 
[INFO] [stdout] 
[INFO] [stdout] error: set `DATABASE_URL` to use query macros online, or run `cargo sqlx prepare` to update the query cache
[INFO] [stdout]    --> backend/src/routes/classes/repository.rs:221:8
[INFO] [stdout]     |
[INFO] [stdout] 221 |       Ok(sqlx::query!(
[INFO] [stdout]     |  ________^
[INFO] [stdout] 222 | |         r#"
[INFO] [stdout] 223 | |         SELECT COUNT(*) 
[INFO] [stdout] 224 | |         FROM class_members 
[INFO] [stdout] ...   |
[INFO] [stdout] 228 | |         class_id
[INFO] [stdout] 229 | |     )
[INFO] [stdout]     | |_____^
[INFO] [stdout]     |
[INFO] [stdout]     = note: this error originates in the macro `$crate::sqlx_macros::expand_query` which comes from the expansion of the macro `sqlx::query` (in Nightly builds, run with -Z macro-backtrace for more info)
[INFO] [stdout] 
[INFO] [stdout] 
[INFO] [stdout] warning: unused import: `sqlx::types::ipnetwork::IpNetwork`
[INFO] [stdout]  --> backend/src/routes/auth/repository.rs:8:5
[INFO] [stdout]   |
[INFO] [stdout] 8 | use sqlx::types::ipnetwork::IpNetwork;
[INFO] [stdout]   |     ^^^^^^^^^^^^^^^^^^^^^^^^^^^^^^^^^
[INFO] [stdout]   |
[INFO] [stdout]   = note: `#[warn(unused_imports)]` (part of `#[warn(unused)]`) on by default
[INFO] [stdout] 
[INFO] [stdout] 
[INFO] [stdout] warning: unused import: `std::str::FromStr`
[INFO] [stdout]  --> backend/src/routes/auth/repository.rs:9:5
[INFO] [stdout]   |
[INFO] [stdout] 9 | use std::str::FromStr;
[INFO] [stdout]   |     ^^^^^^^^^^^^^^^^^
[INFO] [stdout] 
[INFO] [stdout] 
[INFO] [stdout] warning: unused import: `sqlx::types::ipnetwork::IpNetwork`
[INFO] [stdout]  --> backend/src/routes/auth/repository.rs:8:5
[INFO] [stdout]   |
[INFO] [stdout] 8 | use sqlx::types::ipnetwork::IpNetwork;
[INFO] [stdout]   |     ^^^^^^^^^^^^^^^^^^^^^^^^^^^^^^^^^
[INFO] [stdout]   |
[INFO] [stdout]   = note: `#[warn(unused_imports)]` (part of `#[warn(unused)]`) on by default
[INFO] [stdout] 
[INFO] [stdout] 
[INFO] [stdout] warning: unused import: `std::str::FromStr`
[INFO] [stdout]  --> backend/src/routes/auth/repository.rs:9:5
[INFO] [stdout]   |
[INFO] [stdout] 9 | use std::str::FromStr;
[INFO] [stdout]   |     ^^^^^^^^^^^^^^^^^
[INFO] [stdout] 
[INFO] [stdout] 
[INFO] [stdout] warning: unused import: `pool`
[INFO] [stdout]  --> backend/src/routes/classes/repository.rs:1:40
[INFO] [stdout]   |
[INFO] [stdout] 1 | use sqlx::{Executor, PgPool, Postgres, pool};
[INFO] [stdout]   |                                        ^^^^
[INFO] [stdout] 
[INFO] [stdout] 
[INFO] [stdout] warning: unused import: `pool`
[INFO] [stdout]  --> backend/src/routes/classes/repository.rs:1:40
[INFO] [stdout]   |
[INFO] [stdout] 1 | use sqlx::{Executor, PgPool, Postgres, pool};
[INFO] [stdout]   |                                        ^^^^
[INFO] [stdout] 
[INFO] [stdout] 
[INFO] [stdout] For more information about this error, try `rustc --explain E0432`.
[INFO] [stdout] 
[INFO] [stderr] error: could not compile `runner` (lib) due to 1 previous error; 1 warning emitted
[INFO] [stderr] warning: build failed, waiting for other jobs to finish...
[INFO] [stdout] warning: method call on a diverging inference variable
[INFO] [stdout]   --> backend/src/middleware/auth.rs:87:10
[INFO] [stdout]    |
[INFO] [stdout] 87 |         .ok_or(AuthError::InvalidCredentials)?
[INFO] [stdout]    |          ^^^^^
[INFO] [stdout]    |
[INFO] [stdout]    = help: consider providing a type annotation
[INFO] [stdout]    = warning: this was previously accepted by the compiler but is being phased out; it will become a hard error in a future release!
[INFO] [stdout]    = note: for more information, see issue #156047 <https://github.com/rust-lang/rust/issues/156047>
[INFO] [stdout]    = note: `#[warn(method_call_on_diverging_infer_var)]` (part of `#[warn(future_incompatible)]`) on by default
[INFO] [stdout] 
[INFO] [stdout] 
[INFO] [stdout] For more information about this error, try `rustc --explain E0432`.
[INFO] [stdout] 
[INFO] [stdout] warning: method call on a diverging inference variable
[INFO] [stdout]   --> backend/src/middleware/auth.rs:87:10
[INFO] [stdout]    |
[INFO] [stdout] 87 |         .ok_or(AuthError::InvalidCredentials)?
[INFO] [stdout]    |          ^^^^^
[INFO] [stdout]    |
[INFO] [stdout]    = help: consider providing a type annotation
[INFO] [stdout]    = warning: this was previously accepted by the compiler but is being phased out; it will become a hard error in a future release!
[INFO] [stdout]    = note: for more information, see issue #156047 <https://github.com/rust-lang/rust/issues/156047>
[INFO] [stdout]    = note: `#[warn(method_call_on_diverging_infer_var)]` (part of `#[warn(future_incompatible)]`) on by default
[INFO] [stdout] 
[INFO] [stdout] 
[INFO] [stderr] error: could not compile `runner` (lib test) due to 1 previous error; 1 warning emitted
[INFO] [stdout] error[E0599]: no method named `ok_or` found for type `!` in the current scope
[INFO] [stdout]   --> backend/src/middleware/auth.rs:87:10
[INFO] [stdout]    |
[INFO] [stdout] 77 |         let role = sqlx::query!(
[INFO] [stdout] 78 |             r#"
[INFO] [stdout] 79 |             SELECT system_role as "system_role: SystemRole"
[INFO] [stdout] 80 |             FROM users
[INFO] [stdout] 81 |             WHERE id = $1
[INFO] [stdout] 82 |             "#,
[INFO] [stdout] 83 |             &claims.sub
[INFO] [stdout] 84 |         )
[INFO] [stdout] 85 |         .fetch_optional(&state.pool)
[INFO] [stdout] 86 |         .await?
[INFO] [stdout] 87 |         .ok_or(AuthError::InvalidCredentials)?
[INFO] [stdout]    |          ^^^^^ method not found in `!`
[INFO] [stdout] 
[INFO] [stdout] 
[INFO] [stdout] error[E0599]: no method named `ok_or` found for type `!` in the current scope
[INFO] [stdout]   --> backend/src/middleware/auth.rs:87:10
[INFO] [stdout]    |
[INFO] [stdout] 77 |         let role = sqlx::query!(
[INFO] [stdout] 78 |             r#"
[INFO] [stdout] 79 |             SELECT system_role as "system_role: SystemRole"
[INFO] [stdout] 80 |             FROM users
[INFO] [stdout] 81 |             WHERE id = $1
[INFO] [stdout] 82 |             "#,
[INFO] [stdout] 83 |             &claims.sub
[INFO] [stdout] 84 |         )
[INFO] [stdout] 85 |         .fetch_optional(&state.pool)
[INFO] [stdout] 86 |         .await?
[INFO] [stdout] 87 |         .ok_or(AuthError::InvalidCredentials)?
[INFO] [stdout]    |          ^^^^^ method not found in `!`
[INFO] [stdout] 
[INFO] [stdout] 
[INFO] [stdout] warning: method call on a diverging inference variable
[INFO] [stdout]   --> backend/src/routes/classes/assignment/repository.rs:54:15
[INFO] [stdout]    |
[INFO] [stdout] 54 |     Ok(result.rows_affected() > 0)
[INFO] [stdout]    |               ^^^^^^^^^^^^^
[INFO] [stdout]    |
[INFO] [stdout]    = help: consider providing a type annotation
[INFO] [stdout]    = warning: this was previously accepted by the compiler but is being phased out; it will become a hard error in a future release!
[INFO] [stdout]    = note: for more information, see issue #156047 <https://github.com/rust-lang/rust/issues/156047>
[INFO] [stdout] 
[INFO] [stdout] 
[INFO] [stdout] error[E0599]: no method named `rows_affected` found for type `!` in the current scope
[INFO] [stdout]   --> backend/src/routes/classes/assignment/repository.rs:54:15
[INFO] [stdout]    |
[INFO] [stdout] 54 |     Ok(result.rows_affected() > 0)
[INFO] [stdout]    |               ^^^^^^^^^^^^^ method not found in `!`
[INFO] [stdout] 
[INFO] [stdout] 
[INFO] [stdout] warning: method call on a diverging inference variable
[INFO] [stdout]    --> backend/src/routes/classes/assignment/repository.rs:218:6
[INFO] [stdout]     |
[INFO] [stdout] 218 |     .ok_or(AssignmentError::DoesNotExist)?
[INFO] [stdout]     |      ^^^^^
[INFO] [stdout]     |
[INFO] [stdout]     = help: consider providing a type annotation
[INFO] [stdout]     = warning: this was previously accepted by the compiler but is being phased out; it will become a hard error in a future release!
[INFO] [stdout]     = note: for more information, see issue #156047 <https://github.com/rust-lang/rust/issues/156047>
[INFO] [stdout] 
[INFO] [stdout] 
[INFO] [stdout] warning: method call on a diverging inference variable
[INFO] [stdout]   --> backend/src/routes/classes/assignment/repository.rs:54:15
[INFO] [stdout]    |
[INFO] [stdout] 54 |     Ok(result.rows_affected() > 0)
[INFO] [stdout]    |               ^^^^^^^^^^^^^
[INFO] [stdout]    |
[INFO] [stdout]    = help: consider providing a type annotation
[INFO] [stdout]    = warning: this was previously accepted by the compiler but is being phased out; it will become a hard error in a future release!
[INFO] [stdout]    = note: for more information, see issue #156047 <https://github.com/rust-lang/rust/issues/156047>
[INFO] [stdout] 
[INFO] [stdout] 
[INFO] [stdout] error[E0599]: no method named `ok_or` found for type `!` in the current scope
[INFO] [stdout]    --> backend/src/routes/classes/assignment/repository.rs:218:6
[INFO] [stdout]     |
[INFO] [stdout] 206 |     Ok(sqlx::query!(
[INFO] [stdout] 207 |         r#"
[INFO] [stdout] 208 |         SELECT id
[INFO] [stdout] 209 |         FROM assignments
[INFO] [stdout] 210 |         WHERE class_id = $1
[INFO] [stdout] 211 |         AND title = $2
[INFO] [stdout] 212 |         "#,
[INFO] [stdout] 213 |         class_id,
[INFO] [stdout] 214 |         assignment_name,
[INFO] [stdout] 215 |     )
[INFO] [stdout] 216 |     .fetch_optional(executor)
[INFO] [stdout] 217 |     .await?
[INFO] [stdout] 218 |     .ok_or(AssignmentError::DoesNotExist)?
[INFO] [stdout]     |      ^^^^^ method not found in `!`
[INFO] [stdout] 
[INFO] [stdout] 
[INFO] [stdout] warning: method call on a diverging inference variable
[INFO] [stdout]    --> backend/src/routes/classes/assignment/repository.rs:260:12
[INFO] [stdout]     |
[INFO] [stdout] 260 |     Ok(res.rows_affected() > 0)
[INFO] [stdout]     |            ^^^^^^^^^^^^^
[INFO] [stdout]     |
[INFO] [stdout]     = help: consider providing a type annotation
[INFO] [stdout]     = warning: this was previously accepted by the compiler but is being phased out; it will become a hard error in a future release!
[INFO] [stdout]     = note: for more information, see issue #156047 <https://github.com/rust-lang/rust/issues/156047>
[INFO] [stdout] 
[INFO] [stdout] 
[INFO] [stdout] error[E0599]: no method named `rows_affected` found for type `!` in the current scope
[INFO] [stdout]   --> backend/src/routes/classes/assignment/repository.rs:54:15
[INFO] [stdout]    |
[INFO] [stdout] 54 |     Ok(result.rows_affected() > 0)
[INFO] [stdout]    |               ^^^^^^^^^^^^^ method not found in `!`
[INFO] [stdout] 
[INFO] [stdout] 
[INFO] [stdout] warning: method call on a diverging inference variable
[INFO] [stdout]    --> backend/src/routes/classes/assignment/repository.rs:218:6
[INFO] [stdout]     |
[INFO] [stdout] 218 |     .ok_or(AssignmentError::DoesNotExist)?
[INFO] [stdout]     |      ^^^^^
[INFO] [stdout]     |
[INFO] [stdout]     = help: consider providing a type annotation
[INFO] [stdout]     = warning: this was previously accepted by the compiler but is being phased out; it will become a hard error in a future release!
[INFO] [stdout]     = note: for more information, see issue #156047 <https://github.com/rust-lang/rust/issues/156047>
[INFO] [stdout] 
[INFO] [stdout] 
[INFO] [stdout] error[E0599]: no method named `rows_affected` found for type `!` in the current scope
[INFO] [stdout]    --> backend/src/routes/classes/assignment/repository.rs:260:12
[INFO] [stdout]     |
[INFO] [stdout] 260 |     Ok(res.rows_affected() > 0)
[INFO] [stdout]     |            ^^^^^^^^^^^^^ method not found in `!`
[INFO] [stdout] 
[INFO] [stdout] 
[INFO] [stdout] warning: method call on a diverging inference variable
[INFO] [stdout]    --> backend/src/routes/classes/assignment/rubric/repository.rs:142:15
[INFO] [stdout]     |
[INFO] [stdout] 142 |     Ok(result.rows_affected() > 0)
[INFO] [stdout]     |               ^^^^^^^^^^^^^
[INFO] [stdout]     |
[INFO] [stdout]     = help: consider providing a type annotation
[INFO] [stdout]     = warning: this was previously accepted by the compiler but is being phased out; it will become a hard error in a future release!
[INFO] [stdout]     = note: for more information, see issue #156047 <https://github.com/rust-lang/rust/issues/156047>
[INFO] [stdout] 
[INFO] [stdout] 
[INFO] [stdout] error[E0599]: no method named `ok_or` found for type `!` in the current scope
[INFO] [stdout]    --> backend/src/routes/classes/assignment/repository.rs:218:6
[INFO] [stdout]     |
[INFO] [stdout] 206 |     Ok(sqlx::query!(
[INFO] [stdout] 207 |         r#"
[INFO] [stdout] 208 |         SELECT id
[INFO] [stdout] 209 |         FROM assignments
[INFO] [stdout] 210 |         WHERE class_id = $1
[INFO] [stdout] 211 |         AND title = $2
[INFO] [stdout] 212 |         "#,
[INFO] [stdout] 213 |         class_id,
[INFO] [stdout] 214 |         assignment_name,
[INFO] [stdout] 215 |     )
[INFO] [stdout] 216 |     .fetch_optional(executor)
[INFO] [stdout] 217 |     .await?
[INFO] [stdout] 218 |     .ok_or(AssignmentError::DoesNotExist)?
[INFO] [stdout]     |      ^^^^^ method not found in `!`
[INFO] [stdout] 
[INFO] [stdout] 
[INFO] [stdout] warning: method call on a diverging inference variable
[INFO] [stdout]    --> backend/src/routes/classes/assignment/repository.rs:260:12
[INFO] [stdout]     |
[INFO] [stdout] 260 |     Ok(res.rows_affected() > 0)
[INFO] [stdout]     |            ^^^^^^^^^^^^^
[INFO] [stdout]     |
[INFO] [stdout]     = help: consider providing a type annotation
[INFO] [stdout]     = warning: this was previously accepted by the compiler but is being phased out; it will become a hard error in a future release!
[INFO] [stdout]     = note: for more information, see issue #156047 <https://github.com/rust-lang/rust/issues/156047>
[INFO] [stdout] 
[INFO] [stdout] 
[INFO] [stdout] error[E0599]: no method named `rows_affected` found for type `!` in the current scope
[INFO] [stdout]    --> backend/src/routes/classes/assignment/rubric/repository.rs:142:15
[INFO] [stdout]     |
[INFO] [stdout] 142 |     Ok(result.rows_affected() > 0)
[INFO] [stdout]     |               ^^^^^^^^^^^^^ method not found in `!`
[INFO] [stdout] 
[INFO] [stdout] 
[INFO] [stdout] warning: method call on a diverging inference variable
[INFO] [stdout]    --> backend/src/routes/classes/assignment/rubric/repository.rs:298:15
[INFO] [stdout]     |
[INFO] [stdout] 298 |     Ok(result.rows_affected() > 0)
[INFO] [stdout]     |               ^^^^^^^^^^^^^
[INFO] [stdout]     |
[INFO] [stdout]     = help: consider providing a type annotation
[INFO] [stdout]     = warning: this was previously accepted by the compiler but is being phased out; it will become a hard error in a future release!
[INFO] [stdout]     = note: for more information, see issue #156047 <https://github.com/rust-lang/rust/issues/156047>
[INFO] [stdout] 
[INFO] [stdout] 
[INFO] [stdout] error[E0599]: no method named `rows_affected` found for type `!` in the current scope
[INFO] [stdout]    --> backend/src/routes/classes/assignment/repository.rs:260:12
[INFO] [stdout]     |
[INFO] [stdout] 260 |     Ok(res.rows_affected() > 0)
[INFO] [stdout]     |            ^^^^^^^^^^^^^ method not found in `!`
[INFO] [stdout] 
[INFO] [stdout] 
[INFO] [stdout] warning: method call on a diverging inference variable
[INFO] [stdout]    --> backend/src/routes/classes/assignment/rubric/repository.rs:142:15
[INFO] [stdout]     |
[INFO] [stdout] 142 |     Ok(result.rows_affected() > 0)
[INFO] [stdout]     |               ^^^^^^^^^^^^^
[INFO] [stdout]     |
[INFO] [stdout]     = help: consider providing a type annotation
[INFO] [stdout]     = warning: this was previously accepted by the compiler but is being phased out; it will become a hard error in a future release!
[INFO] [stdout]     = note: for more information, see issue #156047 <https://github.com/rust-lang/rust/issues/156047>
[INFO] [stdout] 
[INFO] [stdout] 
[INFO] [stdout] error[E0599]: no method named `rows_affected` found for type `!` in the current scope
[INFO] [stdout]    --> backend/src/routes/classes/assignment/rubric/repository.rs:298:15
[INFO] [stdout]     |
[INFO] [stdout] 298 |     Ok(result.rows_affected() > 0)
[INFO] [stdout]     |               ^^^^^^^^^^^^^ method not found in `!`
[INFO] [stdout] 
[INFO] [stdout] 
[INFO] [stdout] error[E0599]: no method named `rows_affected` found for type `!` in the current scope
[INFO] [stdout]    --> backend/src/routes/classes/assignment/rubric/repository.rs:142:15
[INFO] [stdout]     |
[INFO] [stdout] 142 |     Ok(result.rows_affected() > 0)
[INFO] [stdout]     |               ^^^^^^^^^^^^^ method not found in `!`
[INFO] [stdout] 
[INFO] [stdout] 
[INFO] [stdout] warning: method call on a diverging inference variable
[INFO] [stdout]    --> backend/src/routes/classes/assignment/rubric/repository.rs:298:15
[INFO] [stdout]     |
[INFO] [stdout] 298 |     Ok(result.rows_affected() > 0)
[INFO] [stdout]     |               ^^^^^^^^^^^^^
[INFO] [stdout]     |
[INFO] [stdout]     = help: consider providing a type annotation
[INFO] [stdout]     = warning: this was previously accepted by the compiler but is being phased out; it will become a hard error in a future release!
[INFO] [stdout]     = note: for more information, see issue #156047 <https://github.com/rust-lang/rust/issues/156047>
[INFO] [stdout] 
[INFO] [stdout] 
[INFO] [stdout] error[E0599]: no method named `rows_affected` found for type `!` in the current scope
[INFO] [stdout]    --> backend/src/routes/classes/assignment/rubric/repository.rs:298:15
[INFO] [stdout]     |
[INFO] [stdout] 298 |     Ok(result.rows_affected() > 0)
[INFO] [stdout]     |               ^^^^^^^^^^^^^ method not found in `!`
[INFO] [stdout] 
[INFO] [stdout] 
[INFO] [stdout] warning: method call on a diverging inference variable
[INFO] [stdout]    --> backend/src/routes/classes/repository.rs:213:6
[INFO] [stdout]     |
[INFO] [stdout] 213 |     .unwrap_or_default())
[INFO] [stdout]     |      ^^^^^^^^^^^^^^^^^
[INFO] [stdout]     |
[INFO] [stdout]     = help: consider providing a type annotation
[INFO] [stdout]     = warning: this was previously accepted by the compiler but is being phased out; it will become a hard error in a future release!
[INFO] [stdout]     = note: for more information, see issue #156047 <https://github.com/rust-lang/rust/issues/156047>
[INFO] [stdout] 
[INFO] [stdout] 
[INFO] [stdout] error[E0599]: no method named `unwrap_or_default` found for type `!` in the current scope
[INFO] [stdout]    --> backend/src/routes/classes/repository.rs:213:6
[INFO] [stdout]     |
[INFO] [stdout] 203 |     Ok(sqlx::query_scalar!(
[INFO] [stdout] 204 |         r#"
[INFO] [stdout] 205 |         SELECT COUNT(*)
[INFO] [stdout] 206 |         FROM classes 
[INFO] [stdout] 207 |         WHERE id = $1
[INFO] [stdout] 208 |         "#,
[INFO] [stdout] 209 |         class_id
[INFO] [stdout] 210 |     )
[INFO] [stdout] 211 |     .fetch_one(pool)
[INFO] [stdout] 212 |     .await?
[INFO] [stdout] 213 |     .unwrap_or_default())
[INFO] [stdout]     |      ^^^^^^^^^^^^^^^^^ method not found in `!`
[INFO] [stdout] 
[INFO] [stdout] 
[INFO] [stdout] warning: method call on a diverging inference variable
[INFO] [stdout]    --> backend/src/routes/classes/repository.rs:213:6
[INFO] [stdout]     |
[INFO] [stdout] 213 |     .unwrap_or_default())
[INFO] [stdout]     |      ^^^^^^^^^^^^^^^^^
[INFO] [stdout]     |
[INFO] [stdout]     = help: consider providing a type annotation
[INFO] [stdout]     = warning: this was previously accepted by the compiler but is being phased out; it will become a hard error in a future release!
[INFO] [stdout]     = note: for more information, see issue #156047 <https://github.com/rust-lang/rust/issues/156047>
[INFO] [stdout] 
[INFO] [stdout] 
[INFO] [stdout] error[E0599]: no method named `unwrap_or_default` found for type `!` in the current scope
[INFO] [stdout]    --> backend/src/routes/classes/repository.rs:213:6
[INFO] [stdout]     |
[INFO] [stdout] 203 |     Ok(sqlx::query_scalar!(
[INFO] [stdout] 204 |         r#"
[INFO] [stdout] 205 |         SELECT COUNT(*)
[INFO] [stdout] 206 |         FROM classes 
[INFO] [stdout] 207 |         WHERE id = $1
[INFO] [stdout] 208 |         "#,
[INFO] [stdout] 209 |         class_id
[INFO] [stdout] 210 |     )
[INFO] [stdout] 211 |     .fetch_one(pool)
[INFO] [stdout] 212 |     .await?
[INFO] [stdout] 213 |     .unwrap_or_default())
[INFO] [stdout]     |      ^^^^^^^^^^^^^^^^^ method not found in `!`
[INFO] [stdout] 
[INFO] [stdout] 
[INFO] [stdout] warning: unused variable: `claims`
[INFO] [stdout]    --> backend/src/routes/auth/controller.rs:124:70
[INFO] [stdout]     |
[INFO] [stdout] 124 | ...<Arc<AppState>>, AuthUser(claims): AuthUser, Json(code): Json<String>) -> Result<(), AuthError> {
[INFO] [stdout]     |                              ^^^^^^ help: if this is intentional, prefix it with an underscore: `_claims`
[INFO] [stdout]     |
[INFO] [stdout]     = note: `#[warn(unused_variables)]` (part of `#[warn(unused)]`) on by default
[INFO] [stdout] 
[INFO] [stdout] 
[INFO] [stdout] warning: unused variable: `claims`
[INFO] [stdout]    --> backend/src/routes/auth/controller.rs:124:70
[INFO] [stdout]     |
[INFO] [stdout] 124 | ...<Arc<AppState>>, AuthUser(claims): AuthUser, Json(code): Json<String>) -> Result<(), AuthError> {
[INFO] [stdout]     |                              ^^^^^^ help: if this is intentional, prefix it with an underscore: `_claims`
[INFO] [stdout]     |
[INFO] [stdout]     = note: `#[warn(unused_variables)]` (part of `#[warn(unused)]`) on by default
[INFO] [stdout] 
[INFO] [stdout] 
[INFO] [stdout] warning: unused variable: `pool`
[INFO] [stdout]  --> backend/src/routes/classes/assignment/rubric/services.rs:4:28
[INFO] [stdout]   |
[INFO] [stdout] 4 | pub async fn create_rubric(pool: &PgPool) {}
[INFO] [stdout]   |                            ^^^^ help: if this is intentional, prefix it with an underscore: `_pool`
[INFO] [stdout] 
[INFO] [stdout] 
[INFO] [stdout] warning: unused variable: `state`
[INFO] [stdout]   --> backend/src/routes/classes/controller.rs:25:11
[INFO] [stdout]    |
[INFO] [stdout] 25 |     State(state): State<Arc<AppState>>,
[INFO] [stdout]    |           ^^^^^ help: if this is intentional, prefix it with an underscore: `_state`
[INFO] [stdout] 
[INFO] [stdout] 
[INFO] [stdout] warning: unused variable: `claims`
[INFO] [stdout]   --> backend/src/routes/classes/controller.rs:26:14
[INFO] [stdout]    |
[INFO] [stdout] 26 |     AuthUser(claims): AuthUser,
[INFO] [stdout]    |              ^^^^^^ help: if this is intentional, prefix it with an underscore: `_claims`
[INFO] [stdout] 
[INFO] [stdout] 
[INFO] [stdout] warning: unused variable: `class_id`
[INFO] [stdout]   --> backend/src/routes/classes/controller.rs:27:10
[INFO] [stdout]    |
[INFO] [stdout] 27 |     Path(class_id): Path<u32>,
[INFO] [stdout]    |          ^^^^^^^^ help: if this is intentional, prefix it with an underscore: `_class_id`
[INFO] [stdout] 
[INFO] [stdout] 
[INFO] [stdout] warning: unused variable: `state`
[INFO] [stdout]   --> backend/src/routes/classes/controller.rs:40:11
[INFO] [stdout]    |
[INFO] [stdout] 40 |     State(state): State<Arc<AppState>>,
[INFO] [stdout]    |           ^^^^^ help: if this is intentional, prefix it with an underscore: `_state`
[INFO] [stdout] 
[INFO] [stdout] 
[INFO] [stdout] warning: unused variable: `claims`
[INFO] [stdout]   --> backend/src/routes/classes/controller.rs:41:14
[INFO] [stdout]    |
[INFO] [stdout] 41 |     AuthUser(claims): AuthUser,
[INFO] [stdout]    |              ^^^^^^ help: if this is intentional, prefix it with an underscore: `_claims`
[INFO] [stdout] 
[INFO] [stdout] 
[INFO] [stdout] warning: unused variable: `class_id`
[INFO] [stdout]   --> backend/src/routes/classes/controller.rs:42:11
[INFO] [stdout]    |
[INFO] [stdout] 42 |     Path((class_id, student_id)): Path<(Uuid, Uuid)>,
[INFO] [stdout]    |           ^^^^^^^^ help: if this is intentional, prefix it with an underscore: `_class_id`
[INFO] [stdout] 
[INFO] [stdout] 
[INFO] [stdout] warning: unused variable: `student_id`
[INFO] [stdout]   --> backend/src/routes/classes/controller.rs:42:21
[INFO] [stdout]    |
[INFO] [stdout] 42 |     Path((class_id, student_id)): Path<(Uuid, Uuid)>,
[INFO] [stdout]    |                     ^^^^^^^^^^ help: if this is intentional, prefix it with an underscore: `_student_id`
[INFO] [stdout] 
[INFO] [stdout] 
[INFO] [stdout] warning: unused variable: `state`
[INFO] [stdout]   --> backend/src/routes/classes/controller.rs:48:11
[INFO] [stdout]    |
[INFO] [stdout] 48 |     State(state): State<Arc<AppState>>,
[INFO] [stdout]    |           ^^^^^ help: if this is intentional, prefix it with an underscore: `_state`
[INFO] [stdout] 
[INFO] [stdout] 
[INFO] [stdout] warning: unused variable: `pool`
[INFO] [stdout]  --> backend/src/routes/classes/assignment/rubric/services.rs:4:28
[INFO] [stdout]   |
[INFO] [stdout] 4 | pub async fn create_rubric(pool: &PgPool) {}
[INFO] [stdout]   |                            ^^^^ help: if this is intentional, prefix it with an underscore: `_pool`
[INFO] [stdout] 
[INFO] [stdout] 
[INFO] [stdout] warning: unused variable: `state`
[INFO] [stdout]   --> backend/src/routes/classes/controller.rs:25:11
[INFO] [stdout]    |
[INFO] [stdout] 25 |     State(state): State<Arc<AppState>>,
[INFO] [stdout]    |           ^^^^^ help: if this is intentional, prefix it with an underscore: `_state`
[INFO] [stdout] 
[INFO] [stdout] 
[INFO] [stdout] warning: unused variable: `claims`
[INFO] [stdout]   --> backend/src/routes/classes/controller.rs:26:14
[INFO] [stdout]    |
[INFO] [stdout] 26 |     AuthUser(claims): AuthUser,
[INFO] [stdout]    |              ^^^^^^ help: if this is intentional, prefix it with an underscore: `_claims`
[INFO] [stdout] 
[INFO] [stdout] 
[INFO] [stdout] warning: unused variable: `class_id`
[INFO] [stdout]   --> backend/src/routes/classes/controller.rs:27:10
[INFO] [stdout]    |
[INFO] [stdout] 27 |     Path(class_id): Path<u32>,
[INFO] [stdout]    |          ^^^^^^^^ help: if this is intentional, prefix it with an underscore: `_class_id`
[INFO] [stdout] 
[INFO] [stdout] 
[INFO] [stdout] warning: unused variable: `state`
[INFO] [stdout]   --> backend/src/routes/classes/controller.rs:40:11
[INFO] [stdout]    |
[INFO] [stdout] 40 |     State(state): State<Arc<AppState>>,
[INFO] [stdout]    |           ^^^^^ help: if this is intentional, prefix it with an underscore: `_state`
[INFO] [stdout] 
[INFO] [stdout] 
[INFO] [stdout] warning: unused variable: `claims`
[INFO] [stdout]   --> backend/src/routes/classes/controller.rs:41:14
[INFO] [stdout]    |
[INFO] [stdout] 41 |     AuthUser(claims): AuthUser,
[INFO] [stdout]    |              ^^^^^^ help: if this is intentional, prefix it with an underscore: `_claims`
[INFO] [stdout] 
[INFO] [stdout] 
[INFO] [stdout] warning: unused variable: `class_id`
[INFO] [stdout]   --> backend/src/routes/classes/controller.rs:42:11
[INFO] [stdout]    |
[INFO] [stdout] 42 |     Path((class_id, student_id)): Path<(Uuid, Uuid)>,
[INFO] [stdout]    |           ^^^^^^^^ help: if this is intentional, prefix it with an underscore: `_class_id`
[INFO] [stdout] 
[INFO] [stdout] 
[INFO] [stdout] warning: unused variable: `student_id`
[INFO] [stdout]   --> backend/src/routes/classes/controller.rs:42:21
[INFO] [stdout]    |
[INFO] [stdout] 42 |     Path((class_id, student_id)): Path<(Uuid, Uuid)>,
[INFO] [stdout]    |                     ^^^^^^^^^^ help: if this is intentional, prefix it with an underscore: `_student_id`
[INFO] [stdout] 
[INFO] [stdout] 
[INFO] [stdout] warning: unused variable: `state`
[INFO] [stdout]   --> backend/src/routes/classes/controller.rs:48:11
[INFO] [stdout]    |
[INFO] [stdout] 48 |     State(state): State<Arc<AppState>>,
[INFO] [stdout]    |           ^^^^^ help: if this is intentional, prefix it with an underscore: `_state`
[INFO] [stdout] 
[INFO] [stdout] 
[INFO] [stdout] warning: unused variable: `executor`
[INFO] [stdout]  --> backend/src/routes/classes/student/repository.rs:4:38
[INFO] [stdout]   |
[INFO] [stdout] 4 | pub async fn get_student_info<'e, E>(executor: E) -> ()
[INFO] [stdout]   |                                      ^^^^^^^^ help: if this is intentional, prefix it with an underscore: `_executor`
[INFO] [stdout] 
[INFO] [stdout] 
[INFO] [stdout] warning: unused variable: `executor`
[INFO] [stdout]   --> backend/src/routes/classes/student/repository.rs:11:45
[INFO] [stdout]    |
[INFO] [stdout] 11 | pub async fn get_student_assignments<'e, E>(executor: E, student_id: Uuid) -> ()
[INFO] [stdout]    |                                             ^^^^^^^^ help: if this is intentional, prefix it with an underscore: `_executor`
[INFO] [stdout] 
[INFO] [stdout] 
[INFO] [stdout] warning: unused variable: `student_id`
[INFO] [stdout]   --> backend/src/routes/classes/student/repository.rs:11:58
[INFO] [stdout]    |
[INFO] [stdout] 11 | pub async fn get_student_assignments<'e, E>(executor: E, student_id: Uuid) -> ()
[INFO] [stdout]    |                                                          ^^^^^^^^^^ help: if this is intentional, prefix it with an underscore: `_student_id`
[INFO] [stdout] 
[INFO] [stdout] 
[INFO] [stdout] warning: unused variable: `executor`
[INFO] [stdout]   --> backend/src/routes/classes/student/repository.rs:17:44
[INFO] [stdout]    |
[INFO] [stdout] 17 | pub async fn get_student_assignment<'e, E>(executor: E, stdudent_id: Uuid) -> ()
[INFO] [stdout]    |                                            ^^^^^^^^ help: if this is intentional, prefix it with an underscore: `_executor`
[INFO] [stdout] 
[INFO] [stdout] 
[INFO] [stdout] warning: unused variable: `stdudent_id`
[INFO] [stdout]   --> backend/src/routes/classes/student/repository.rs:17:57
[INFO] [stdout]    |
[INFO] [stdout] 17 | pub async fn get_student_assignment<'e, E>(executor: E, stdudent_id: Uuid) -> ()
[INFO] [stdout]    |                                                         ^^^^^^^^^^^ help: if this is intentional, prefix it with an underscore: `_stdudent_id`
[INFO] [stdout] 
[INFO] [stdout] 
[INFO] [stdout] warning: unused variable: `executor`
[INFO] [stdout]   --> backend/src/routes/classes/student/repository.rs:23:36
[INFO] [stdout]    |
[INFO] [stdout] 23 | pub async fn remove_student<'e, E>(executor: E, student_id: Uuid) -> ()
[INFO] [stdout]    |                                    ^^^^^^^^ help: if this is intentional, prefix it with an underscore: `_executor`
[INFO] [stdout] 
[INFO] [stdout] 
[INFO] [stdout] warning: unused variable: `student_id`
[INFO] [stdout]   --> backend/src/routes/classes/student/repository.rs:23:49
[INFO] [stdout]    |
[INFO] [stdout] 23 | pub async fn remove_student<'e, E>(executor: E, student_id: Uuid) -> ()
[INFO] [stdout]    |                                                 ^^^^^^^^^^ help: if this is intentional, prefix it with an underscore: `_student_id`
[INFO] [stdout] 
[INFO] [stdout] 
[INFO] [stdout] warning: unused variable: `err`
[INFO] [stdout]   --> backend/src/routes/classes/mod.rs:29:21
[INFO] [stdout]    |
[INFO] [stdout] 29 | pub fn map_db_error(err: sqlx::Error) -> ClassError {
[INFO] [stdout]    |                     ^^^ help: if this is intentional, prefix it with an underscore: `_err`
[INFO] [stdout] 
[INFO] [stdout] 
[INFO] [stdout] warning: unused variable: `pool`
[INFO] [stdout]  --> backend/src/routes/external/organizations/mod.rs:9:5
[INFO] [stdout]   |
[INFO] [stdout] 9 |     pool: &PgPool,
[INFO] [stdout]   |     ^^^^ help: if this is intentional, prefix it with an underscore: `_pool`
[INFO] [stdout] 
[INFO] [stdout] 
[INFO] [stdout] warning: unused variable: `organization_id`
[INFO] [stdout]   --> backend/src/routes/external/organizations/mod.rs:10:5
[INFO] [stdout]    |
[INFO] [stdout] 10 |     organization_id: Uuid,
[INFO] [stdout]    |     ^^^^^^^^^^^^^^^ help: if this is intentional, prefix it with an underscore: `_organization_id`
[INFO] [stdout] 
[INFO] [stdout] 
[INFO] [stdout] warning: unused variable: `state`
[INFO] [stdout]  --> backend/src/routes/users/handlers.rs:8:11
[INFO] [stdout]   |
[INFO] [stdout] 8 |     State(state): State<Arc<AppState>>,
[INFO] [stdout]   |           ^^^^^ help: if this is intentional, prefix it with an underscore: `_state`
[INFO] [stdout] 
[INFO] [stdout] 
[INFO] [stdout] warning: unused variable: `claims`
[INFO] [stdout]  --> backend/src/routes/users/handlers.rs:9:14
[INFO] [stdout]   |
[INFO] [stdout] 9 |     AuthUser(claims): AuthUser,
[INFO] [stdout]   |              ^^^^^^ help: if this is intentional, prefix it with an underscore: `_claims`
[INFO] [stdout] 
[INFO] [stdout] 
[INFO] [stdout] For more information about this error, try `rustc --explain E0599`.
[INFO] [stdout] 
[INFO] [stdout] warning: unused variable: `executor`
[INFO] [stdout]  --> backend/src/routes/classes/student/repository.rs:4:38
[INFO] [stdout]   |
[INFO] [stdout] 4 | pub async fn get_student_info<'e, E>(executor: E) -> ()
[INFO] [stdout]   |                                      ^^^^^^^^ help: if this is intentional, prefix it with an underscore: `_executor`
[INFO] [stdout] 
[INFO] [stdout] 
[INFO] [stdout] warning: unused variable: `executor`
[INFO] [stdout]   --> backend/src/routes/classes/student/repository.rs:11:45
[INFO] [stdout]    |
[INFO] [stdout] 11 | pub async fn get_student_assignments<'e, E>(executor: E, student_id: Uuid) -> ()
[INFO] [stdout]    |                                             ^^^^^^^^ help: if this is intentional, prefix it with an underscore: `_executor`
[INFO] [stdout] 
[INFO] [stdout] 
[INFO] [stdout] warning: unused variable: `student_id`
[INFO] [stdout]   --> backend/src/routes/classes/student/repository.rs:11:58
[INFO] [stdout]    |
[INFO] [stdout] 11 | pub async fn get_student_assignments<'e, E>(executor: E, student_id: Uuid) -> ()
[INFO] [stdout]    |                                                          ^^^^^^^^^^ help: if this is intentional, prefix it with an underscore: `_student_id`
[INFO] [stdout] 
[INFO] [stdout] 
[INFO] [stdout] warning: unused variable: `executor`
[INFO] [stdout]   --> backend/src/routes/classes/student/repository.rs:17:44
[INFO] [stdout]    |
[INFO] [stdout] 17 | pub async fn get_student_assignment<'e, E>(executor: E, stdudent_id: Uuid) -> ()
[INFO] [stdout]    |                                            ^^^^^^^^ help: if this is intentional, prefix it with an underscore: `_executor`
[INFO] [stdout] 
[INFO] [stdout] 
[INFO] [stderr] error: could not compile `backend` (lib) due to 56 previous errors; 39 warnings emitted
[INFO] [stdout] warning: unused variable: `stdudent_id`
[INFO] [stdout]   --> backend/src/routes/classes/student/repository.rs:17:57
[INFO] [stdout]    |
[INFO] [stdout] 17 | pub async fn get_student_assignment<'e, E>(executor: E, stdudent_id: Uuid) -> ()
[INFO] [stdout]    |                                                         ^^^^^^^^^^^ help: if this is intentional, prefix it with an underscore: `_stdudent_id`
[INFO] [stdout] 
[INFO] [stdout] 
[INFO] [stdout] warning: unused variable: `executor`
[INFO] [stdout]   --> backend/src/routes/classes/student/repository.rs:23:36
[INFO] [stdout]    |
[INFO] [stdout] 23 | pub async fn remove_student<'e, E>(executor: E, student_id: Uuid) -> ()
[INFO] [stdout]    |                                    ^^^^^^^^ help: if this is intentional, prefix it with an underscore: `_executor`
[INFO] [stdout] 
[INFO] [stdout] 
[INFO] [stdout] warning: unused variable: `student_id`
[INFO] [stdout]   --> backend/src/routes/classes/student/repository.rs:23:49
[INFO] [stdout]    |
[INFO] [stdout] 23 | pub async fn remove_student<'e, E>(executor: E, student_id: Uuid) -> ()
[INFO] [stdout]    |                                                 ^^^^^^^^^^ help: if this is intentional, prefix it with an underscore: `_student_id`
[INFO] [stdout] 
[INFO] [stdout] 
[INFO] [stdout] warning: unused variable: `err`
[INFO] [stdout]   --> backend/src/routes/classes/mod.rs:29:21
[INFO] [stdout]    |
[INFO] [stdout] 29 | pub fn map_db_error(err: sqlx::Error) -> ClassError {
[INFO] [stdout]    |                     ^^^ help: if this is intentional, prefix it with an underscore: `_err`
[INFO] [stdout] 
[INFO] [stdout] 
[INFO] [stdout] warning: unused variable: `pool`
[INFO] [stdout]  --> backend/src/routes/external/organizations/mod.rs:9:5
[INFO] [stdout]   |
[INFO] [stdout] 9 |     pool: &PgPool,
[INFO] [stdout]   |     ^^^^ help: if this is intentional, prefix it with an underscore: `_pool`
[INFO] [stdout] 
[INFO] [stdout] 
[INFO] [stdout] warning: unused variable: `organization_id`
[INFO] [stdout]   --> backend/src/routes/external/organizations/mod.rs:10:5
[INFO] [stdout]    |
[INFO] [stdout] 10 |     organization_id: Uuid,
[INFO] [stdout]    |     ^^^^^^^^^^^^^^^ help: if this is intentional, prefix it with an underscore: `_organization_id`
[INFO] [stdout] 
[INFO] [stdout] 
[INFO] [stdout] warning: unused variable: `state`
[INFO] [stdout]  --> backend/src/routes/users/handlers.rs:8:11
[INFO] [stdout]   |
[INFO] [stdout] 8 |     State(state): State<Arc<AppState>>,
[INFO] [stdout]   |           ^^^^^ help: if this is intentional, prefix it with an underscore: `_state`
[INFO] [stdout] 
[INFO] [stdout] 
[INFO] [stdout] warning: unused variable: `claims`
[INFO] [stdout]  --> backend/src/routes/users/handlers.rs:9:14
[INFO] [stdout]   |
[INFO] [stdout] 9 |     AuthUser(claims): AuthUser,
[INFO] [stdout]   |              ^^^^^^ help: if this is intentional, prefix it with an underscore: `_claims`
[INFO] [stdout] 
[INFO] [stdout] 
[INFO] [stdout] For more information about this error, try `rustc --explain E0599`.
[INFO] [stdout] 
[INFO] [stderr] error: could not compile `backend` (lib test) due to 56 previous errors; 39 warnings emitted
[INFO] running `Command { std: "docker" "inspect" "ad7628a81f67fe997f77c0d18e432feced6abadc167fa65f8e3acb498cc7f9fa", kill_on_drop: false }`
[INFO] running `Command { std: "docker" "rm" "-f" "ad7628a81f67fe997f77c0d18e432feced6abadc167fa65f8e3acb498cc7f9fa", kill_on_drop: false }`
[INFO] [stdout] ad7628a81f67fe997f77c0d18e432feced6abadc167fa65f8e3acb498cc7f9fa
