[INFO] cloning repository https://github.com/nicknad/pwsafe
[INFO] running `Command { std: "git" "-c" "credential.helper=" "-c" "credential.helper=/workspace/cargo-home/bin/git-credential-null" "clone" "--bare" "https://github.com/nicknad/pwsafe" "/workspace/cache/git-repos/https%3A%2F%2Fgithub.com%2Fnicknad%2Fpwsafe", kill_on_drop: false }`
[INFO] [stderr] Cloning into bare repository '/workspace/cache/git-repos/https%3A%2F%2Fgithub.com%2Fnicknad%2Fpwsafe'...
[INFO] running `Command { std: "git" "rev-parse" "HEAD", kill_on_drop: false }`
[INFO] [stdout] dc5292342e96718aeff7fa4ccff37e9786ea5ec4
[INFO] checking nicknad/pwsafe against 3154cc1a3e6424e44f438a95007d043ed5ceaaf6+rustflags=-Znext-solver=coherence for pr-133502-30
[INFO] running `Command { std: "git" "clone" "/workspace/cache/git-repos/https%3A%2F%2Fgithub.com%2Fnicknad%2Fpwsafe" "/workspace/builds/worker-3-tc1/source", kill_on_drop: false }`
[INFO] [stderr] Cloning into '/workspace/builds/worker-3-tc1/source'...
[INFO] [stderr] done.
[INFO] started tweaking git repo https://github.com/nicknad/pwsafe
[INFO] finished tweaking git repo https://github.com/nicknad/pwsafe
[INFO] tweaked toml for git repo https://github.com/nicknad/pwsafe written to /workspace/builds/worker-3-tc1/source/Cargo.toml
[INFO] validating manifest of git repo https://github.com/nicknad/pwsafe on toolchain 3154cc1a3e6424e44f438a95007d043ed5ceaaf6
[INFO] running `Command { std: CARGO_HOME="/workspace/cargo-home" RUSTUP_HOME="/workspace/rustup-home" "/workspace/cargo-home/bin/cargo" "+3154cc1a3e6424e44f438a95007d043ed5ceaaf6" "metadata" "--manifest-path" "Cargo.toml" "--no-deps", kill_on_drop: false }`
[INFO] crate git repo https://github.com/nicknad/pwsafe already has a lockfile, it will not be regenerated
[INFO] running `Command { std: CARGO_HOME="/workspace/cargo-home" RUSTUP_HOME="/workspace/rustup-home" "/workspace/cargo-home/bin/cargo" "+3154cc1a3e6424e44f438a95007d043ed5ceaaf6" "fetch" "--manifest-path" "Cargo.toml", kill_on_drop: false }`
[INFO] running `Command { std: "docker" "create" "-v" "/var/lib/crater-agent-workspace/builds/worker-3-tc1/source:/opt/rustwide/workdir:ro,Z" "-v" "/var/lib/crater-agent-workspace/builds/worker-3-tc1/target:/opt/rustwide/target:rw,Z" "-v" "/var/lib/crater-agent-workspace/cargo-home:/opt/rustwide/cargo-home:ro,Z" "-v" "/var/lib/crater-agent-workspace/rustup-home:/opt/rustwide/rustup-home:ro,Z" "-m" "1610612736" "--network" "none" "ghcr.io/rust-lang/crates-build-env/linux@sha256:77db811e55d90add9212f6832c23229e3de5f1c1f9905e8cb07319ea15df73ac" "sleep" "infinity", kill_on_drop: false }`
[INFO] [stdout] b27011756f4d9320c95418dac17782aef5caa903ac5952bba1f69bf486d609ed
[INFO] running `Command { std: "docker" "start" "b27011756f4d9320c95418dac17782aef5caa903ac5952bba1f69bf486d609ed", kill_on_drop: false }`
[INFO] running `Command { std: "docker" "inspect" "b27011756f4d9320c95418dac17782aef5caa903ac5952bba1f69bf486d609ed", kill_on_drop: false }`
[INFO] running `Command { std: "docker" "exec" "-e" "SOURCE_DIR=/opt/rustwide/workdir" "-e" "CARGO_HOME=/opt/rustwide/cargo-home" "-e" "RUSTUP_HOME=/opt/rustwide/rustup-home" "-e" "CARGO_TARGET_DIR=/opt/rustwide/target" "-w" "/opt/rustwide/workdir" "--user" "0:0" "b27011756f4d9320c95418dac17782aef5caa903ac5952bba1f69bf486d609ed" "/opt/rustwide/cargo-home/bin/cargo" "+3154cc1a3e6424e44f438a95007d043ed5ceaaf6" "metadata" "--no-deps" "--format-version=1", kill_on_drop: false }`
[INFO] running `Command { std: "docker" "inspect" "b27011756f4d9320c95418dac17782aef5caa903ac5952bba1f69bf486d609ed", kill_on_drop: false }`
[INFO] running `Command { std: "docker" "exec" "-e" "SOURCE_DIR=/opt/rustwide/workdir" "-e" "CARGO_HOME=/opt/rustwide/cargo-home" "-e" "RUSTUP_HOME=/opt/rustwide/rustup-home" "-e" "CARGO_TARGET_DIR=/opt/rustwide/target" "-e" "CARGO_INCREMENTAL=0" "-e" "RUST_BACKTRACE=full" "-e" "RUSTFLAGS=--cap-lints=forbid -Znext-solver=coherence" "-e" "RUSTDOCFLAGS=--cap-lints=forbid" "-w" "/opt/rustwide/workdir" "--user" "0:0" "b27011756f4d9320c95418dac17782aef5caa903ac5952bba1f69bf486d609ed" "/opt/rustwide/cargo-home/bin/cargo" "+3154cc1a3e6424e44f438a95007d043ed5ceaaf6" "check" "--frozen" "--all" "--all-targets" "--message-format=json", kill_on_drop: false }`
[INFO] [stderr]    Compiling rustix v1.1.4
[INFO] [stderr]     Checking linux-raw-sys v0.12.1
[INFO] [stderr]     Checking getrandom v0.3.4
[INFO] [stderr]     Checking zerocopy v0.8.57
[INFO] [stderr]     Checking parking_lot_core v0.9.12
[INFO] [stderr]     Checking x11rb-protocol v0.13.2
[INFO] [stderr]     Checking once_cell v1.21.4
[INFO] [stderr]    Compiling syn v3.0.5
[INFO] [stderr]     Checking rtoolbox v0.0.6
[INFO] [stderr]     Checking memchr v2.8.3
[INFO] [stderr]     Checking rpassword v7.5.4
[INFO] [stderr]     Checking rand_core v0.9.5
[INFO] [stderr]     Checking parking_lot v0.12.5
[INFO] [stderr]     Checking rand_xorshift v0.4.0
[INFO] [stderr]     Checking rand v0.9.5
[INFO] [stderr]     Checking serde_json v1.0.151
[INFO] [stderr]    Compiling serde_derive v1.0.229
[INFO] [stderr]    Compiling clap_derive v4.6.7
[INFO] [stderr]     Checking gethostname v1.1.0
[INFO] [stderr]     Checking tempfile v3.27.0
[INFO] [stderr]     Checking x11rb v0.13.2
[INFO] [stderr]     Checking ppv-lite86 v0.2.21
[INFO] [stderr]     Checking rusty-fork v0.3.1
[INFO] [stderr]     Checking rand_chacha v0.9.0
[INFO] [stderr]     Checking proptest v1.11.0
[INFO] [stderr]     Checking clap v4.6.7
[INFO] [stderr]     Checking arboard v3.6.1
[INFO] [stderr]     Checking serde v1.0.229
[INFO] [stderr]     Checking zeroize v1.9.0
[INFO] [stderr]     Checking pwsafe v0.1.0 (/opt/rustwide/workdir)
[INFO] [stdout] error: pwsafe requires Windows: secrets are protected by the Windows DPAPI
[INFO] [stdout]  --> src/main.rs:5:1
[INFO] [stdout]   |
[INFO] [stdout] 5 | compile_error!("pwsafe requires Windows: secrets are protected by the Windows DPAPI");
[INFO] [stdout]   | ^^^^^^^^^^^^^^^^^^^^^^^^^^^^^^^^^^^^^^^^^^^^^^^^^^^^^^^^^^^^^^^^^^^^^^^^^^^^^^^^^^^^^
[INFO] [stdout] 
[INFO] [stdout] 
[INFO] [stdout] error[E0433]: cannot find `windows` in `os`
[INFO] [stdout]  --> src/vault.rs:8:14
[INFO] [stdout]   |
[INFO] [stdout] 8 | use std::os::windows::ffi::OsStrExt;
[INFO] [stdout]   |              ^^^^^^^ could not find `windows` in `os`
[INFO] [stdout]   |
[INFO] [stdout] note: found an item that was configured out
[INFO] [stdout]  --> /rustc/3154cc1a3e6424e44f438a95007d043ed5ceaaf6/library/std/src/os/mod.rs:62:4
[INFO] [stdout]   |
[INFO] [stdout]   = note: the item is gated behind the `windows` feature
[INFO] [stdout] 
[INFO] [stdout] 
[INFO] [stdout] error[E0433]: cannot find `windows` in `os`
[INFO] [stdout]  --> src/vault.rs:9:14
[INFO] [stdout]   |
[INFO] [stdout] 9 | use std::os::windows::io::AsRawHandle;
[INFO] [stdout]   |              ^^^^^^^ could not find `windows` in `os`
[INFO] [stdout]   |
[INFO] [stdout] note: found an item that was configured out
[INFO] [stdout]  --> /rustc/3154cc1a3e6424e44f438a95007d043ed5ceaaf6/library/std/src/os/mod.rs:62:4
[INFO] [stdout]   |
[INFO] [stdout]   = note: the item is gated behind the `windows` feature
[INFO] [stdout] 
[INFO] [stdout] 
[INFO] [stdout] error[E0433]: cannot find module or crate `windows_sys` in this scope
[INFO] [stdout]   --> src/clipboard.rs:12:5
[INFO] [stdout]    |
[INFO] [stdout] 12 | use windows_sys::Win32::System::DataExchange::GetClipboardSequenceNumber;
[INFO] [stdout]    |     ^^^^^^^^^^^ use of unresolved module or unlinked crate `windows_sys`
[INFO] [stdout]    |
[INFO] [stdout]    = help: if you wanted to use a crate named `windows_sys`, use `cargo add windows_sys` to add it to your `Cargo.toml`
[INFO] [stdout] 
[INFO] [stdout] 
[INFO] [stdout] error[E0433]: cannot find module or crate `windows_sys` in this scope
[INFO] [stdout]   --> src/dpapi.rs:12:5
[INFO] [stdout]    |
[INFO] [stdout] 12 | use windows_sys::Win32::Foundation::{HLOCAL, LocalFree};
[INFO] [stdout]    |     ^^^^^^^^^^^ use of unresolved module or unlinked crate `windows_sys`
[INFO] [stdout]    |
[INFO] [stdout]    = help: if you wanted to use a crate named `windows_sys`, use `cargo add windows_sys` to add it to your `Cargo.toml`
[INFO] [stdout] 
[INFO] [stdout] 
[INFO] [stdout] error[E0433]: cannot find module or crate `windows_sys` in this scope
[INFO] [stdout]   --> src/dpapi.rs:13:5
[INFO] [stdout]    |
[INFO] [stdout] 13 | use windows_sys::Win32::Security::Cryptography::{
[INFO] [stdout]    |     ^^^^^^^^^^^ use of unresolved module or unlinked crate `windows_sys`
[INFO] [stdout]    |
[INFO] [stdout]    = help: if you wanted to use a crate named `windows_sys`, use `cargo add windows_sys` to add it to your `Cargo.toml`
[INFO] [stdout] 
[INFO] [stdout] 
[INFO] [stdout] error[E0433]: cannot find module or crate `windows_sys` in this scope
[INFO] [stdout]   --> src/prompt.rs:11:5
[INFO] [stdout]    |
[INFO] [stdout] 11 | use windows_sys::Win32::Foundation::HANDLE;
[INFO] [stdout]    |     ^^^^^^^^^^^ use of unresolved module or unlinked crate `windows_sys`
[INFO] [stdout]    |
[INFO] [stdout]    = help: if you wanted to use a crate named `windows_sys`, use `cargo add windows_sys` to add it to your `Cargo.toml`
[INFO] [stdout] 
[INFO] [stdout] 
[INFO] [stdout] error[E0433]: cannot find module or crate `windows_sys` in this scope
[INFO] [stdout]   --> src/prompt.rs:12:5
[INFO] [stdout]    |
[INFO] [stdout] 12 | use windows_sys::Win32::System::Console::{
[INFO] [stdout]    |     ^^^^^^^^^^^ use of unresolved module or unlinked crate `windows_sys`
[INFO] [stdout]    |
[INFO] [stdout]    = help: if you wanted to use a crate named `windows_sys`, use `cargo add windows_sys` to add it to your `Cargo.toml`
[INFO] [stdout] 
[INFO] [stdout] 
[INFO] [stdout] error[E0433]: cannot find module or crate `windows_sys` in this scope
[INFO] [stdout]   --> src/vault.rs:17:5
[INFO] [stdout]    |
[INFO] [stdout] 17 | use windows_sys::Win32::Foundation::HANDLE;
[INFO] [stdout]    |     ^^^^^^^^^^^ use of unresolved module or unlinked crate `windows_sys`
[INFO] [stdout]    |
[INFO] [stdout]    = help: if you wanted to use a crate named `windows_sys`, use `cargo add windows_sys` to add it to your `Cargo.toml`
[INFO] [stdout] 
[INFO] [stdout] 
[INFO] [stdout] error[E0433]: cannot find module or crate `windows_sys` in this scope
[INFO] [stdout]   --> src/vault.rs:18:5
[INFO] [stdout]    |
[INFO] [stdout] 18 | use windows_sys::Win32::Storage::FileSystem::{
[INFO] [stdout]    |     ^^^^^^^^^^^ use of unresolved module or unlinked crate `windows_sys`
[INFO] [stdout]    |
[INFO] [stdout]    = help: if you wanted to use a crate named `windows_sys`, use `cargo add windows_sys` to add it to your `Cargo.toml`
[INFO] [stdout] 
[INFO] [stdout] 
[INFO] [stdout] error[E0433]: cannot find module or crate `windows_sys` in this scope
[INFO] [stdout]   --> src/vault.rs:21:5
[INFO] [stdout]    |
[INFO] [stdout] 21 | use windows_sys::Win32::System::IO::OVERLAPPED;
[INFO] [stdout]    |     ^^^^^^^^^^^ use of unresolved module or unlinked crate `windows_sys`
[INFO] [stdout]    |
[INFO] [stdout]    = help: if you wanted to use a crate named `windows_sys`, use `cargo add windows_sys` to add it to your `Cargo.toml`
[INFO] [stdout] 
[INFO] [stdout] 
[INFO] [stdout] error[E0432]: unresolved import `arboard::SetExtWindows`
[INFO] [stdout]   --> src/clipboard.rs:9:26
[INFO] [stdout]    |
[INFO] [stdout]  9 | use arboard::{Clipboard, SetExtWindows};
[INFO] [stdout]    |                          ^^^^^^^^^^^^^ no `SetExtWindows` in the root
[INFO] [stdout]    |
[INFO] [stdout] note: found an item that was configured out
[INFO] [stdout]   --> /opt/rustwide/cargo-home/registry/src/index.crates.io-1949cf8c6b5b557f/arboard-3.6.1/src/lib.rs:31:19
[INFO] [stdout]    |
[INFO] [stdout] 30 | #[cfg(windows)]
[INFO] [stdout]    |       ------- the item is gated here
[INFO] [stdout] 31 | pub use platform::SetExtWindows;
[INFO] [stdout]    |                   ^^^^^^^^^^^^^
[INFO] [stdout] 
[INFO] [stdout] 
[INFO] [stdout] error[E0599]: no method named `exclude_from_history` found for struct `arboard::Set<'clipboard>` in the current scope
[INFO] [stdout]    --> src/clipboard.rs:36:10
[INFO] [stdout]     |
[INFO] [stdout]  34 |     clipboard
[INFO] [stdout]  35 |         .set()
[INFO] [stdout]  36 |         .exclude_from_history()
[INFO] [stdout]     |          ^^^^^^^^^^^^^^^^^^^^ method not found in `arboard::Set<'_>`
[INFO] [stdout]     |
[INFO] [stdout]    ::: /opt/rustwide/cargo-home/registry/src/index.crates.io-1949cf8c6b5b557f/arboard-3.6.1/src/platform/linux/mod.rs:366:5
[INFO] [stdout]     |
[INFO] [stdout] 366 |     fn exclude_from_history(self) -> Self;
[INFO] [stdout]     |        -------------------- the method is available for `arboard::Set<'_>` here
[INFO] [stdout]     |
[INFO] [stdout]     = help: items from traits can only be used if the trait is in scope
[INFO] [stdout] help: trait `SetExtLinux` which provides `exclude_from_history` is implemented but not in scope; perhaps you want to import it
[INFO] [stdout]     |
[INFO] [stdout]   5 + use arboard::SetExtLinux;
[INFO] [stdout]     |
[INFO] [stdout] 
[INFO] [stdout] 
[INFO] [stdout] error[E0599]: no method named `as_raw_handle` found for struct `File` in the current scope
[INFO] [stdout]    --> src/vault.rs:198:18
[INFO] [stdout]     |
[INFO] [stdout] 198 |             file.as_raw_handle() as HANDLE,
[INFO] [stdout]     |                  ^^^^^^^^^^^^^
[INFO] [stdout]     |
[INFO] [stdout] help: there is a method `as_raw_fd` with a similar name
[INFO] [stdout]     |
[INFO] [stdout] 198 -             file.as_raw_handle() as HANDLE,
[INFO] [stdout] 198 +             file.as_raw_fd() as HANDLE,
[INFO] [stdout]     |
[INFO] [stdout] 
[INFO] [stdout] 
[INFO] [stdout] error[E0599]: no method named `encode_wide` found for reference `&std::ffi::OsStr` in the current scope
[INFO] [stdout]    --> src/vault.rs:234:10
[INFO] [stdout]     |
[INFO] [stdout] 232 |     let dst_wide: Vec<u16> = dst
[INFO] [stdout] 233 |         .as_os_str()
[INFO] [stdout] 234 |         .encode_wide()
[INFO] [stdout]     |          ^^^^^^^^^^^ method not found in `&std::ffi::OsStr`
[INFO] [stdout] 
[INFO] [stdout] 
[INFO] [stdout] error[E0599]: no method named `encode_wide` found for reference `&std::ffi::OsStr` in the current scope
[INFO] [stdout]    --> src/vault.rs:239:10
[INFO] [stdout]     |
[INFO] [stdout] 237 |     let src_wide: Vec<u16> = src
[INFO] [stdout] 238 |         .as_os_str()
[INFO] [stdout] 239 |         .encode_wide()
[INFO] [stdout]     |          ^^^^^^^^^^^ method not found in `&std::ffi::OsStr`
[INFO] [stdout] 
[INFO] [stdout] 
[INFO] [stdout] Some errors have detailed explanations: E0432, E0433, E0599.
[INFO] [stdout] 
[INFO] [stdout] For more information about an error, try `rustc --explain E0432`.
[INFO] [stdout] 
[INFO] [stderr] error: could not compile `pwsafe` (bin "pwsafe") due to 16 previous errors
[INFO] [stderr] warning: build failed, waiting for other jobs to finish...
[INFO] running `Command { std: "docker" "inspect" "b27011756f4d9320c95418dac17782aef5caa903ac5952bba1f69bf486d609ed", kill_on_drop: false }`
[INFO] running `Command { std: "docker" "rm" "-f" "b27011756f4d9320c95418dac17782aef5caa903ac5952bba1f69bf486d609ed", kill_on_drop: false }`
[INFO] [stdout] b27011756f4d9320c95418dac17782aef5caa903ac5952bba1f69bf486d609ed
