[INFO] cloning repository https://github.com/nguyendkn/whisper
[INFO] running `Command { std: "git" "-c" "credential.helper=" "-c" "credential.helper=/workspace/cargo-home/bin/git-credential-null" "clone" "--bare" "https://github.com/nguyendkn/whisper" "/workspace/cache/git-repos/https%3A%2F%2Fgithub.com%2Fnguyendkn%2Fwhisper", kill_on_drop: false }`
[INFO] [stderr] Cloning into bare repository '/workspace/cache/git-repos/https%3A%2F%2Fgithub.com%2Fnguyendkn%2Fwhisper'...
[INFO] running `Command { std: "git" "rev-parse" "HEAD", kill_on_drop: false }`
[INFO] [stdout] 2e98ee6a50c362d2ce624c7a0386b2d0b51f3f6a
[INFO] checking nguyendkn/whisper against 3154cc1a3e6424e44f438a95007d043ed5ceaaf6 for pr-133502-30
[INFO] running `Command { std: "git" "clone" "/workspace/cache/git-repos/https%3A%2F%2Fgithub.com%2Fnguyendkn%2Fwhisper" "/workspace/builds/worker-2-tc2/source", kill_on_drop: false }`
[INFO] [stderr] Cloning into '/workspace/builds/worker-2-tc2/source'...
[INFO] [stderr] done.
[INFO] started tweaking git repo https://github.com/nguyendkn/whisper
[INFO] finished tweaking git repo https://github.com/nguyendkn/whisper
[INFO] tweaked toml for git repo https://github.com/nguyendkn/whisper written to /workspace/builds/worker-2-tc2/source/Cargo.toml
[INFO] validating manifest of git repo https://github.com/nguyendkn/whisper on toolchain 3154cc1a3e6424e44f438a95007d043ed5ceaaf6
[INFO] running `Command { std: CARGO_HOME="/workspace/cargo-home" RUSTUP_HOME="/workspace/rustup-home" "/workspace/cargo-home/bin/cargo" "+3154cc1a3e6424e44f438a95007d043ed5ceaaf6" "metadata" "--manifest-path" "Cargo.toml" "--no-deps", kill_on_drop: false }`
[INFO] crate git repo https://github.com/nguyendkn/whisper already has a lockfile, it will not be regenerated
[INFO] running `Command { std: CARGO_HOME="/workspace/cargo-home" RUSTUP_HOME="/workspace/rustup-home" "/workspace/cargo-home/bin/cargo" "+3154cc1a3e6424e44f438a95007d043ed5ceaaf6" "fetch" "--manifest-path" "Cargo.toml", kill_on_drop: false }`
[INFO] [stderr] warning: unused workspace dependency `bytes`
[INFO] [stderr]   --> Cargo.toml:12:1
[INFO] [stderr]    |
[INFO] [stderr] 12 | bytes = "1"
[INFO] [stderr]    | ^^^^^
[INFO] [stderr]    |
[INFO] [stderr]    = note: `cargo::unused_workspace_dependencies` is set to `warn` by default
[INFO] [stderr] help: consider removing the workspace dependency `bytes`
[INFO] [stderr] warning: workspace (manifest) generated 1 warning
[INFO] running `Command { std: "docker" "create" "-v" "/var/lib/crater-agent-workspace/builds/worker-2-tc2/source:/opt/rustwide/workdir:ro,Z" "-v" "/var/lib/crater-agent-workspace/builds/worker-2-tc2/target:/opt/rustwide/target:rw,Z" "-v" "/var/lib/crater-agent-workspace/cargo-home:/opt/rustwide/cargo-home:ro,Z" "-v" "/var/lib/crater-agent-workspace/rustup-home:/opt/rustwide/rustup-home:ro,Z" "-m" "1610612736" "--network" "none" "ghcr.io/rust-lang/crates-build-env/linux@sha256:77db811e55d90add9212f6832c23229e3de5f1c1f9905e8cb07319ea15df73ac" "sleep" "infinity", kill_on_drop: false }`
[INFO] [stdout] 5fdc2beaef8b243f7cd1921ce9c631b071ce28d2ad7892b2f736ee9d0c27fb40
[INFO] running `Command { std: "docker" "start" "5fdc2beaef8b243f7cd1921ce9c631b071ce28d2ad7892b2f736ee9d0c27fb40", kill_on_drop: false }`
[INFO] running `Command { std: "docker" "inspect" "5fdc2beaef8b243f7cd1921ce9c631b071ce28d2ad7892b2f736ee9d0c27fb40", kill_on_drop: false }`
[INFO] running `Command { std: "docker" "exec" "-e" "SOURCE_DIR=/opt/rustwide/workdir" "-e" "CARGO_HOME=/opt/rustwide/cargo-home" "-e" "RUSTUP_HOME=/opt/rustwide/rustup-home" "-e" "CARGO_TARGET_DIR=/opt/rustwide/target" "-w" "/opt/rustwide/workdir" "--user" "0:0" "5fdc2beaef8b243f7cd1921ce9c631b071ce28d2ad7892b2f736ee9d0c27fb40" "/opt/rustwide/cargo-home/bin/cargo" "+3154cc1a3e6424e44f438a95007d043ed5ceaaf6" "metadata" "--no-deps" "--format-version=1", kill_on_drop: false }`
[INFO] running `Command { std: "docker" "inspect" "5fdc2beaef8b243f7cd1921ce9c631b071ce28d2ad7892b2f736ee9d0c27fb40", kill_on_drop: false }`
[INFO] running `Command { std: "docker" "exec" "-e" "SOURCE_DIR=/opt/rustwide/workdir" "-e" "CARGO_HOME=/opt/rustwide/cargo-home" "-e" "RUSTUP_HOME=/opt/rustwide/rustup-home" "-e" "CARGO_TARGET_DIR=/opt/rustwide/target" "-e" "CARGO_INCREMENTAL=0" "-e" "RUST_BACKTRACE=full" "-e" "RUSTFLAGS=--cap-lints=forbid" "-e" "RUSTDOCFLAGS=--cap-lints=forbid" "-w" "/opt/rustwide/workdir" "--user" "0:0" "5fdc2beaef8b243f7cd1921ce9c631b071ce28d2ad7892b2f736ee9d0c27fb40" "/opt/rustwide/cargo-home/bin/cargo" "+3154cc1a3e6424e44f438a95007d043ed5ceaaf6" "check" "--frozen" "--all" "--all-targets" "--message-format=json", kill_on_drop: false }`
[INFO] [stderr] warning: unused workspace dependency `bytes`
[INFO] [stderr]   --> Cargo.toml:12:1
[INFO] [stderr]    |
[INFO] [stderr] 12 | bytes = "1"
[INFO] [stderr]    | ^^^^^
[INFO] [stderr]    |
[INFO] [stderr]    = note: `cargo::unused_workspace_dependencies` is set to `warn` by default
[INFO] [stderr] help: consider removing the workspace dependency `bytes`
[INFO] [stderr] warning: workspace (manifest) generated 1 warning
[INFO] [stderr]    Compiling bitflags v2.13.1
[INFO] [stderr]    Compiling prettyplease v0.2.37
[INFO] [stderr]    Compiling either v1.17.0
[INFO] [stderr]    Compiling cc v1.4.3
[INFO] [stderr]    Compiling clang-sys v1.9.1
[INFO] [stderr]    Compiling regex-syntax v0.8.11
[INFO] [stderr]    Compiling libloading v0.8.9
[INFO] [stderr]    Compiling syn v3.0.3
[INFO] [stderr]    Compiling nom v7.1.3
[INFO] [stderr]     Checking bytemuck v1.25.2
[INFO] [stderr]     Checking num-integer v0.1.47
[INFO] [stderr]     Checking num-complex v0.4.6
[INFO] [stderr]    Compiling serde_core v1.0.229
[INFO] [stderr]    Compiling bindgen v0.72.1
[INFO] [stderr]     Checking tracing v0.1.44
[INFO] [stderr]     Checking regex-lite v0.1.9
[INFO] [stderr]    Compiling icu_normalizer_data v2.3.0
[INFO] [stderr]    Compiling icu_properties_data v2.3.0
[INFO] [stderr]    Compiling whisper-rs v0.16.0
[INFO] [stderr]    Compiling getrandom v0.2.17
[INFO] [stderr]    Compiling rustix v1.1.4
[INFO] [stderr]    Compiling rustix v0.38.44
[INFO] [stderr]    Compiling linux-raw-sys v0.4.15
[INFO] [stderr]    Compiling crc32fast v1.5.0
[INFO] [stderr]    Compiling alsa-sys v0.4.0
[INFO] [stderr]    Compiling bindgen v0.69.5
[INFO] [stderr]     Checking transpose v0.2.3
[INFO] [stderr]     Checking primal-check v0.3.4
[INFO] [stderr]    Compiling itertools v0.13.0
[INFO] [stderr]    Compiling dirs-sys v0.4.1
[INFO] [stderr]     Checking rustfft v6.4.1
[INFO] [stderr]    Compiling socks v0.3.4
[INFO] [stderr]    Compiling itertools v0.12.1
[INFO] [stderr]    Compiling webpki-roots v0.26.11
[INFO] [stderr]    Compiling filetime v0.2.29
[INFO] [stderr]    Compiling flate2 v1.1.9
[INFO] [stderr]    Compiling dirs v5.0.1
[INFO] [stderr]     Checking extended v0.1.0
[INFO] [stderr]    Compiling cpal v0.18.2
[INFO] [stderr]    Compiling eyre v0.6.14
[INFO] [stderr]    Compiling openssl v0.10.81
[INFO] [stderr]    Compiling openssl-macros v0.1.1
[INFO] [stderr]     Checking indenter v0.3.4
[INFO] [stderr]    Compiling native-tls v0.2.18
[INFO] [stderr]    Compiling regex-automata v0.4.18
[INFO] [stderr]    Compiling cmake v0.1.58
[INFO] [stderr]     Checking alsa v0.11.0
[INFO] [stderr]     Checking rand_chacha v0.9.0
[INFO] [stderr]     Checking futures-util v0.3.34
[INFO] [stderr]     Checking rand v0.9.5
[INFO] [stderr]    Compiling ring v0.17.14
[INFO] [stderr]    Compiling bzip2-sys v0.1.13+1.0.8
[INFO] [stderr]    Compiling openssl-sys v0.9.117
[INFO] [stderr]     Checking toml_parser v1.1.3+spec-1.1.0
[INFO] [stderr]     Checking axum-core v0.5.6
[INFO] [stderr]    Compiling bzip2 v0.4.4
[INFO] [stderr]    Compiling regex v1.13.1
[INFO] [stderr]     Checking serde_json v1.0.151
[INFO] [stderr]     Checking uuid v1.24.1
[INFO] [stderr]    Compiling cexpr v0.6.0
[INFO] [stderr]    Compiling xattr v1.6.1
[INFO] [stderr]    Compiling which v4.4.2
[INFO] [stderr]    Compiling tar v0.4.46
[INFO] [stderr]     Checking serde_spanned v1.1.1
[INFO] [stderr]     Checking toml_datetime v1.1.1+spec-1.1.0
[INFO] [stderr]     Checking serde_path_to_error v0.1.20
[INFO] [stderr]     Checking toml v1.1.4+spec-1.1.0
[INFO] [stderr]     Checking config v0.15.25
[INFO] [stderr]    Compiling rustls v0.23.43
[INFO] [stderr]    Compiling zerovec-derive v0.11.5
[INFO] [stderr]    Compiling displaydoc v0.2.7
[INFO] [stderr]    Compiling thiserror-impl v2.0.20
[INFO] [stderr]    Compiling serde_derive v1.0.229
[INFO] [stderr]    Compiling tokio-macros v2.7.2
[INFO] [stderr]    Compiling clap_derive v4.6.4
[INFO] [stderr]     Checking tokio v1.53.1
[INFO] [stderr]    Compiling zerotrie v0.2.5
[INFO] [stderr]    Compiling zerovec v0.11.8
[INFO] [stderr]     Checking thiserror v2.0.20
[INFO] [stderr]     Checking clap v4.6.6
[INFO] [stderr]     Checking symphonia-core v0.6.1
[INFO] [stderr]     Checking realfft v3.5.0
[INFO] [stderr]     Checking rubato v0.16.2
[INFO] [stderr]    Compiling tinystr v0.8.4
[INFO] [stderr]    Compiling potential_utf v0.1.6
[INFO] [stderr]    Compiling icu_locale_core v2.3.0
[INFO] [stderr]    Compiling icu_collections v2.3.0
[INFO] [stderr]    Compiling rustls-webpki v0.103.14
[INFO] [stderr]     Checking tungstenite v0.29.0
[INFO] [stderr]    Compiling icu_provider v2.3.0
[INFO] [stderr]    Compiling icu_normalizer v2.3.0
[INFO] [stderr]    Compiling icu_properties v2.3.0
[INFO] [stderr]     Checking serde v1.0.229
[INFO] [stderr]     Checking symphonia-metadata v0.6.1
[INFO] [stderr]     Checking symphonia-bundle-mp3 v0.6.1
[INFO] [stderr]     Checking symphonia-codec-adpcm v0.6.1
[INFO] [stderr]     Checking symphonia-codec-pcm v0.6.1
[INFO] [stderr]     Checking tracing-serde v0.2.0
[INFO] [stderr]     Checking serde_urlencoded v0.7.1
[INFO] [stderr]     Checking tracing-subscriber v0.3.23
[INFO] [stderr]     Checking symphonia-common v0.6.1
[INFO] [stderr]     Checking symphonia-format-riff v0.6.1
[INFO] [stderr]     Checking symphonia-format-ogg v0.6.1
[INFO] [stderr]     Checking symphonia-codec-vorbis v0.6.1
[INFO] [stderr]     Checking symphonia-codec-aac v0.6.1
[INFO] [stderr]     Checking symphonia-bundle-flac v0.6.1
[INFO] [stderr]     Checking symphonia-format-isomp4 v0.6.1
[INFO] [stderr]     Checking symphonia-format-mkv v0.6.1
[INFO] [stderr]    Compiling idna_adapter v1.2.2
[INFO] [stderr]    Compiling idna v1.1.0
[INFO] [stderr]    Compiling url v2.5.8
[INFO] [stderr]     Checking symphonia v0.6.1
[INFO] [stderr]     Checking tokio-native-tls v0.3.1
[INFO] [stderr]     Checking hyper v1.11.0
[INFO] [stderr]     Checking tower v0.5.3
[INFO] [stderr]     Checking tokio-tungstenite v0.29.0
[INFO] [stderr]    Compiling whisper-rs-sys v0.15.0
[INFO] [stderr]     Checking hyper-util v0.1.20
[INFO] [stderr]     Checking axum v0.8.9
[INFO] [stderr]    Compiling ureq v2.12.1
[INFO] [stderr]    Compiling sherpa-rs-sys v0.6.8
[INFO] [stderr] error: failed to run custom build command for `sherpa-rs-sys v0.6.8`
[INFO] [stderr] note: To improve backtraces for build dependencies, set the CARGO_PROFILE_DEV_BUILD_OVERRIDE_DEBUG=true environment variable to enable debug information generation.
[INFO] [stderr] 
[INFO] [stderr] Caused by:
[INFO] [stderr]   process didn't exit successfully: `/opt/rustwide/target/debug/build/sherpa-rs-sys/649334b06f6332a2/out/build_script_build` (exit status: 101)
[INFO] [stderr]   --- stdout
[INFO] [stderr]   cargo:rerun-if-changed=wrapper.h
[INFO] [stderr]   cargo:rerun-if-changed=dist.json
[INFO] [stderr]   cargo:rerun-if-changed=checksum.txt
[INFO] [stderr]   cargo:rerun-if-changed=./sherpa-onnx
[INFO] [stderr]   cargo::rerun-if-env-changed=SHERPA_BUILD_SHARED_LIBS
[INFO] [stderr]   cargo::rerun-if-env-changed=CMAKE_BUILD_PARALLEL_LEVEL
[INFO] [stderr]   cargo::rerun-if-env-changed=CMAKE_VERBOSE
[INFO] [stderr]   cargo::rerun-if-env-changed=SHERPA_LIB_PATH
[INFO] [stderr]   cargo::rerun-if-env-changed=SHERPA_STATIC_CRT
[INFO] [stderr]   cargo::rerun-if-env-changed=SHERPA_LIB_PROFILE
[INFO] [stderr]   cargo::rerun-if-env-changed=BUILD_DEBUG
[INFO] [stderr]   cargo::rerun-if-env-changed=UNSAFE_DISABLE_CHECKSUM_VALIDATION
[INFO] [stderr]   cargo:rerun-if-env-changed=TARGET
[INFO] [stderr]   cargo:rerun-if-env-changed=BINDGEN_EXTRA_CLANG_ARGS_x86_64-unknown-linux-gnu
[INFO] [stderr]   cargo:rerun-if-env-changed=BINDGEN_EXTRA_CLANG_ARGS_x86_64_unknown_linux_gnu
[INFO] [stderr]   cargo:rerun-if-env-changed=BINDGEN_EXTRA_CLANG_ARGS
[INFO] [stderr]   cargo:rerun-if-changed=wrapper.h
[INFO] [stderr]   cargo:rerun-if-changed=./sherpa-onnx/sherpa-onnx/c-api/c-api.h
[INFO] [stderr]   cargo:rerun-if-changed=/usr/lib/llvm-21/lib/clang/21/include/stdint.h
[INFO] [stderr]   cargo:rerun-if-changed=/usr/include/stdint.h
[INFO] [stderr]   cargo:rerun-if-changed=/usr/include/x86_64-linux-gnu/bits/libc-header-start.h
[INFO] [stderr]   cargo:rerun-if-changed=/usr/include/features.h
[INFO] [stderr]   cargo:rerun-if-changed=/usr/include/features-time64.h
[INFO] [stderr]   cargo:rerun-if-changed=/usr/include/x86_64-linux-gnu/bits/wordsize.h
[INFO] [stderr]   cargo:rerun-if-changed=/usr/include/x86_64-linux-gnu/bits/timesize.h
[INFO] [stderr]   cargo:rerun-if-changed=/usr/include/x86_64-linux-gnu/bits/wordsize.h
[INFO] [stderr]   cargo:rerun-if-changed=/usr/include/stdc-predef.h
[INFO] [stderr]   cargo:rerun-if-changed=/usr/include/x86_64-linux-gnu/sys/cdefs.h
[INFO] [stderr]   cargo:rerun-if-changed=/usr/include/x86_64-linux-gnu/bits/wordsize.h
[INFO] [stderr]   cargo:rerun-if-changed=/usr/include/x86_64-linux-gnu/bits/long-double.h
[INFO] [stderr]   cargo:rerun-if-changed=/usr/include/x86_64-linux-gnu/gnu/stubs.h
[INFO] [stderr]   cargo:rerun-if-changed=/usr/include/x86_64-linux-gnu/gnu/stubs-64.h
[INFO] [stderr]   cargo:rerun-if-changed=/usr/include/x86_64-linux-gnu/bits/types.h
[INFO] [stderr]   cargo:rerun-if-changed=/usr/include/features.h
[INFO] [stderr]   cargo:rerun-if-changed=/usr/include/x86_64-linux-gnu/bits/wordsize.h
[INFO] [stderr]   cargo:rerun-if-changed=/usr/include/x86_64-linux-gnu/bits/timesize.h
[INFO] [stderr]   cargo:rerun-if-changed=/usr/include/x86_64-linux-gnu/bits/wordsize.h
[INFO] [stderr]   cargo:rerun-if-changed=/usr/include/x86_64-linux-gnu/bits/typesizes.h
[INFO] [stderr]   cargo:rerun-if-changed=/usr/include/x86_64-linux-gnu/bits/time64.h
[INFO] [stderr]   cargo:rerun-if-changed=/usr/include/x86_64-linux-gnu/bits/wchar.h
[INFO] [stderr]   cargo:rerun-if-changed=/usr/include/x86_64-linux-gnu/bits/wordsize.h
[INFO] [stderr]   cargo:rerun-if-changed=/usr/include/x86_64-linux-gnu/bits/stdint-intn.h
[INFO] [stderr]   cargo:rerun-if-changed=/usr/include/x86_64-linux-gnu/bits/types.h
[INFO] [stderr]   cargo:rerun-if-changed=/usr/include/x86_64-linux-gnu/bits/stdint-uintn.h
[INFO] [stderr]   cargo:rerun-if-changed=/usr/include/x86_64-linux-gnu/bits/types.h
[INFO] [stderr]   cargo:rerun-if-changed=/usr/include/x86_64-linux-gnu/bits/stdint-least.h
[INFO] [stderr]   cargo:rerun-if-changed=/usr/include/x86_64-linux-gnu/bits/types.h
[INFO] [stderr] 
[INFO] [stderr]   --- stderr
[INFO] [stderr]   error: 'rustfmt' is not installed for the custom toolchain '3154cc1a3e6424e44f438a95007d043ed5ceaaf6'.
[INFO] [stderr]   note: this is a custom toolchain, which cannot use `rustup component add`
[INFO] [stderr]   help: if you built this toolchain from source, and used `rustup toolchain link`, then you may be able to build the component with `x.py`
[INFO] [stderr]   Failed to run rustfmt: Internal rustfmt error (non-fatal, continuing)
[INFO] [stderr] 
[INFO] [stderr]   thread 'main' (1925) panicked at /opt/rustwide/cargo-home/registry/src/index.crates.io-1949cf8c6b5b557f/sherpa-rs-sys-0.6.8/src/download_binaries.rs:64:31:
[INFO] [stderr]   Failed to GET `https://github.com/k2-fsa/sherpa-onnx/releases/download/v1.12.9/sherpa-onnx-v1.12.9-linux-x64-shared.tar.bz2`: https://github.com/k2-fsa/sherpa-onnx/releases/download/v1.12.9/sherpa-onnx-v1.12.9-linux-x64-shared.tar.bz2: Dns Failed: resolve dns name 'github.com:443': failed to lookup address information: Temporary failure in name resolution
[INFO] [stderr]   stack backtrace:
[INFO] [stderr]      0:     0x60afcbaff2a1 - std[3164a59e47d3bde]::backtrace_rs::backtrace::libunwind::trace
[INFO] [stderr]                                  at /rustc/3154cc1a3e6424e44f438a95007d043ed5ceaaf6/library/std/src/../../backtrace/src/backtrace/libunwind.rs:117:9
[INFO] [stderr]      1:     0x60afcbaff2a1 - std[3164a59e47d3bde]::backtrace_rs::backtrace::trace_unsynchronized::<std[3164a59e47d3bde]::sys::backtrace::_print_fmt::{closure#1}>
[INFO] [stderr]                                  at /rustc/3154cc1a3e6424e44f438a95007d043ed5ceaaf6/library/std/src/../../backtrace/src/backtrace/mod.rs:66:14
[INFO] [stderr]      2:     0x60afcbaff2a1 - std[3164a59e47d3bde]::sys::backtrace::_print_fmt
[INFO] [stderr]                                  at /rustc/3154cc1a3e6424e44f438a95007d043ed5ceaaf6/library/std/src/sys/backtrace.rs:74:9
[INFO] [stderr]      3:     0x60afcbaff2a1 - <<std[3164a59e47d3bde]::sys::backtrace::BacktraceLock>::print::DisplayBacktrace as core[934024a1e6126fb4]::fmt::Display>::fmt
[INFO] [stderr]                                  at /rustc/3154cc1a3e6424e44f438a95007d043ed5ceaaf6/library/std/src/sys/backtrace.rs:44:26
[INFO] [stderr]      4:     0x60afcbb18c0a - <core[934024a1e6126fb4]::fmt::rt::Argument>::fmt
[INFO] [stderr]                                  at /rustc/3154cc1a3e6424e44f438a95007d043ed5ceaaf6/library/core/src/fmt/rt.rs:152:76
[INFO] [stderr]      5:     0x60afcbb18c0a - core[934024a1e6126fb4]::fmt::write
[INFO] [stderr]      6:     0x60afcbb05f0c - core[934024a1e6126fb4]::io::write::default_write_fmt::<std[3164a59e47d3bde]::sys::stdio::unix::Stderr>
[INFO] [stderr]                                  at /rustc/3154cc1a3e6424e44f438a95007d043ed5ceaaf6/library/core/src/io/write.rs:402:11
[INFO] [stderr]      7:     0x60afcbb05f0c - <std[3164a59e47d3bde]::sys::stdio::unix::Stderr as core[934024a1e6126fb4]::io::write::Write>::write_fmt
[INFO] [stderr]                                  at /rustc/3154cc1a3e6424e44f438a95007d043ed5ceaaf6/library/core/src/io/write.rs:335:13
[INFO] [stderr]      8:     0x60afcbad5ee6 - <std[3164a59e47d3bde]::sys::backtrace::BacktraceLock>::print
[INFO] [stderr]                                  at /rustc/3154cc1a3e6424e44f438a95007d043ed5ceaaf6/library/std/src/sys/backtrace.rs:47:9
[INFO] [stderr]      9:     0x60afcbad5ee6 - std[3164a59e47d3bde]::panicking::default_hook::{closure#0}
[INFO] [stderr]                                  at /rustc/3154cc1a3e6424e44f438a95007d043ed5ceaaf6/library/std/src/panicking.rs:289:27
[INFO] [stderr]     10:     0x60afcbaf52f1 - std[3164a59e47d3bde]::panicking::default_hook
[INFO] [stderr]                                  at /rustc/3154cc1a3e6424e44f438a95007d043ed5ceaaf6/library/std/src/panicking.rs:316:9
[INFO] [stderr]     11:     0x60afcbaf561b - std[3164a59e47d3bde]::panicking::panic_with_hook
[INFO] [stderr]                                  at /rustc/3154cc1a3e6424e44f438a95007d043ed5ceaaf6/library/std/src/panicking.rs:811:13
[INFO] [stderr]     12:     0x60afcbad5f92 - std[3164a59e47d3bde]::panicking::panic_handler::{closure#0}
[INFO] [stderr]                                  at /rustc/3154cc1a3e6424e44f438a95007d043ed5ceaaf6/library/std/src/panicking.rs:685:13
[INFO] [stderr]     13:     0x60afcbace7d9 - std[3164a59e47d3bde]::sys::backtrace::__rust_end_short_backtrace::<std[3164a59e47d3bde]::panicking::panic_handler::{closure#0}, !>
[INFO] [stderr]                                  at /rustc/3154cc1a3e6424e44f438a95007d043ed5ceaaf6/library/std/src/sys/backtrace.rs:182:18
[INFO] [stderr]     14:     0x60afcbad70bd - __rustc[2e7b49d4226056d3]::rust_begin_unwind
[INFO] [stderr]                                  at /rustc/3154cc1a3e6424e44f438a95007d043ed5ceaaf6/library/std/src/panicking.rs:676:5
[INFO] [stderr]     15:     0x60afcbb194ac - core[934024a1e6126fb4]::panicking::panic_fmt
[INFO] [stderr]                                  at /rustc/3154cc1a3e6424e44f438a95007d043ed5ceaaf6/library/core/src/panicking.rs:80:14
[INFO] [stderr]     16:     0x60afcb25e7bd - build_script_build[50645e3ba5559e0e]::download_binaries::fetch_file::{closure#0}
[INFO] [stderr]     17:     0x60afcb26d874 - <core[934024a1e6126fb4]::result::Result<ureq[5a63fefd846ea392]::response::Response, ureq[5a63fefd846ea392]::error::Error>>::unwrap_or_else::<build_script_build[50645e3ba5559e0e]::download_binaries::fetch_file::{closure#0}>
[INFO] [stderr]     18:     0x60afcb260d4e - build_script_build[50645e3ba5559e0e]::download_binaries::fetch_file
[INFO] [stderr]     19:     0x60afcb26988f - build_script_build[50645e3ba5559e0e]::main
[INFO] [stderr]     20:     0x60afcb272c5b - <fn() as core[934024a1e6126fb4]::ops::function::FnOnce<()>>::call_once
[INFO] [stderr]     21:     0x60afcb277f06 - std[3164a59e47d3bde]::sys::backtrace::__rust_begin_short_backtrace::<fn(), ()>
[INFO] [stderr]     22:     0x60afcb26fd49 - std[3164a59e47d3bde]::rt::lang_start::<()>::{closure#0}
[INFO] [stderr]     23:     0x60afcbaf43b8 - <&dyn core[934024a1e6126fb4]::ops::function::Fn<(), Output = i32> + core[934024a1e6126fb4]::marker::Sync + core[934024a1e6126fb4]::panic::unwind_safe::RefUnwindSafe as core[934024a1e6126fb4]::ops::function::FnOnce<()>>::call_once
[INFO] [stderr]                                  at /rustc/3154cc1a3e6424e44f438a95007d043ed5ceaaf6/library/core/src/ops/function.rs:287:21
[INFO] [stderr]     24:     0x60afcbaf43b8 - std[3164a59e47d3bde]::panicking::catch_unwind::do_call::<&dyn core[934024a1e6126fb4]::ops::function::Fn<(), Output = i32> + core[934024a1e6126fb4]::marker::Sync + core[934024a1e6126fb4]::panic::unwind_safe::RefUnwindSafe, i32>
[INFO] [stderr]                                  at /rustc/3154cc1a3e6424e44f438a95007d043ed5ceaaf6/library/std/src/panicking.rs:573:43
[INFO] [stderr]     25:     0x60afcbaf43b8 - std[3164a59e47d3bde]::panicking::catch_unwind::<i32, &dyn core[934024a1e6126fb4]::ops::function::Fn<(), Output = i32> + core[934024a1e6126fb4]::marker::Sync + core[934024a1e6126fb4]::panic::unwind_safe::RefUnwindSafe>
[INFO] [stderr]                                  at /rustc/3154cc1a3e6424e44f438a95007d043ed5ceaaf6/library/std/src/panicking.rs:541:19
[INFO] [stderr]     26:     0x60afcbaf43b8 - std[3164a59e47d3bde]::panic::catch_unwind::<&dyn core[934024a1e6126fb4]::ops::function::Fn<(), Output = i32> + core[934024a1e6126fb4]::marker::Sync + core[934024a1e6126fb4]::panic::unwind_safe::RefUnwindSafe, i32>
[INFO] [stderr]                                  at /rustc/3154cc1a3e6424e44f438a95007d043ed5ceaaf6/library/std/src/panic.rs:359:14
[INFO] [stderr]     27:     0x60afcbaf43b8 - std[3164a59e47d3bde]::rt::lang_start_internal::{closure#0}
[INFO] [stderr]                                  at /rustc/3154cc1a3e6424e44f438a95007d043ed5ceaaf6/library/std/src/rt.rs:175:24
[INFO] [stderr]     28:     0x60afcbaf43b8 - std[3164a59e47d3bde]::panicking::catch_unwind::do_call::<std[3164a59e47d3bde]::rt::lang_start_internal::{closure#0}, isize>
[INFO] [stderr]                                  at /rustc/3154cc1a3e6424e44f438a95007d043ed5ceaaf6/library/std/src/panicking.rs:573:43
[INFO] [stderr]     29:     0x60afcbaf43b8 - std[3164a59e47d3bde]::panicking::catch_unwind::<isize, std[3164a59e47d3bde]::rt::lang_start_internal::{closure#0}>
[INFO] [stderr]                                  at /rustc/3154cc1a3e6424e44f438a95007d043ed5ceaaf6/library/std/src/panicking.rs:541:19
[INFO] [stderr]     30:     0x60afcbaf43b8 - std[3164a59e47d3bde]::panic::catch_unwind::<std[3164a59e47d3bde]::rt::lang_start_internal::{closure#0}, isize>
[INFO] [stderr]                                  at /rustc/3154cc1a3e6424e44f438a95007d043ed5ceaaf6/library/std/src/panic.rs:359:14
[INFO] [stderr]     31:     0x60afcbaf43b8 - std[3164a59e47d3bde]::rt::lang_start_internal
[INFO] [stderr]                                  at /rustc/3154cc1a3e6424e44f438a95007d043ed5ceaaf6/library/std/src/rt.rs:171:5
[INFO] [stderr]     32:     0x60afcb26ef91 - std[3164a59e47d3bde]::rt::lang_start::<()>
[INFO] [stderr]     33:     0x60afcb26cf65 - main
[INFO] [stderr]     34:     0x7a28dd2a4601 - <unknown>
[INFO] [stderr]     35:     0x7a28dd2a4718 - __libc_start_main
[INFO] [stderr]     36:     0x60afcb25ac65 - _start
[INFO] [stderr]     37:                0x0 - <unknown>
[INFO] [stderr] warning: build failed, waiting for other jobs to finish...
[INFO] [stderr] error: failed to run custom build command for `whisper-rs-sys v0.15.0`
[INFO] [stderr] note: To improve backtraces for build dependencies, set the CARGO_PROFILE_DEV_BUILD_OVERRIDE_DEBUG=true environment variable to enable debug information generation.
[INFO] [stderr] 
[INFO] [stderr] Caused by:
[INFO] [stderr]   process didn't exit successfully: `/opt/rustwide/target/debug/build/whisper-rs-sys/596b4bbf80d08aa1/out/build_script_build` (exit status: 101)
[INFO] [stderr]   --- stdout
[INFO] [stderr]   cargo:rustc-link-lib=dylib=stdc++
[INFO] [stderr]   cargo:rerun-if-changed=wrapper.h
[INFO] [stderr]   cargo:rerun-if-env-changed=TARGET
[INFO] [stderr]   cargo:rerun-if-env-changed=BINDGEN_EXTRA_CLANG_ARGS_x86_64-unknown-linux-gnu
[INFO] [stderr]   cargo:rerun-if-env-changed=BINDGEN_EXTRA_CLANG_ARGS_x86_64_unknown_linux_gnu
[INFO] [stderr]   cargo:rerun-if-env-changed=BINDGEN_EXTRA_CLANG_ARGS
[INFO] [stderr]   cargo:rerun-if-changed=wrapper.h
[INFO] [stderr]   cargo:rerun-if-changed=./whisper.cpp/include/whisper.h
[INFO] [stderr]   cargo:rerun-if-changed=./whisper.cpp/ggml/include/ggml.h
[INFO] [stderr]   cargo:rerun-if-changed=/usr/lib/llvm-21/lib/clang/21/include/stdbool.h
[INFO] [stderr]   cargo:rerun-if-changed=/usr/lib/llvm-21/lib/clang/21/include/stddef.h
[INFO] [stderr]   cargo:rerun-if-changed=/usr/lib/llvm-21/lib/clang/21/include/__stddef_header_macro.h
[INFO] [stderr]   cargo:rerun-if-changed=/usr/lib/llvm-21/lib/clang/21/include/__stddef_ptrdiff_t.h
[INFO] [stderr]   cargo:rerun-if-changed=/usr/lib/llvm-21/lib/clang/21/include/__stddef_size_t.h
[INFO] [stderr]   cargo:rerun-if-changed=/usr/lib/llvm-21/lib/clang/21/include/__stddef_wchar_t.h
[INFO] [stderr]   cargo:rerun-if-changed=/usr/lib/llvm-21/lib/clang/21/include/__stddef_null.h
[INFO] [stderr]   cargo:rerun-if-changed=/usr/lib/llvm-21/lib/clang/21/include/__stddef_max_align_t.h
[INFO] [stderr]   cargo:rerun-if-changed=/usr/lib/llvm-21/lib/clang/21/include/__stddef_offsetof.h
[INFO] [stderr]   cargo:rerun-if-changed=/usr/lib/llvm-21/lib/clang/21/include/stdint.h
[INFO] [stderr]   cargo:rerun-if-changed=/usr/include/stdint.h
[INFO] [stderr]   cargo:rerun-if-changed=/usr/include/x86_64-linux-gnu/bits/libc-header-start.h
[INFO] [stderr]   cargo:rerun-if-changed=/usr/include/features.h
[INFO] [stderr]   cargo:rerun-if-changed=/usr/include/features-time64.h
[INFO] [stderr]   cargo:rerun-if-changed=/usr/include/x86_64-linux-gnu/bits/wordsize.h
[INFO] [stderr]   cargo:rerun-if-changed=/usr/include/x86_64-linux-gnu/bits/timesize.h
[INFO] [stderr]   cargo:rerun-if-changed=/usr/include/x86_64-linux-gnu/bits/wordsize.h
[INFO] [stderr]   cargo:rerun-if-changed=/usr/include/stdc-predef.h
[INFO] [stderr]   cargo:rerun-if-changed=/usr/include/x86_64-linux-gnu/sys/cdefs.h
[INFO] [stderr]   cargo:rerun-if-changed=/usr/include/x86_64-linux-gnu/bits/wordsize.h
[INFO] [stderr]   cargo:rerun-if-changed=/usr/include/x86_64-linux-gnu/bits/long-double.h
[INFO] [stderr]   cargo:rerun-if-changed=/usr/include/x86_64-linux-gnu/gnu/stubs.h
[INFO] [stderr]   cargo:rerun-if-changed=/usr/include/x86_64-linux-gnu/gnu/stubs-64.h
[INFO] [stderr]   cargo:rerun-if-changed=/usr/include/x86_64-linux-gnu/bits/types.h
[INFO] [stderr]   cargo:rerun-if-changed=/usr/include/features.h
[INFO] [stderr]   cargo:rerun-if-changed=/usr/include/x86_64-linux-gnu/bits/wordsize.h
[INFO] [stderr]   cargo:rerun-if-changed=/usr/include/x86_64-linux-gnu/bits/timesize.h
[INFO] [stderr]   cargo:rerun-if-changed=/usr/include/x86_64-linux-gnu/bits/wordsize.h
[INFO] [stderr]   cargo:rerun-if-changed=/usr/include/x86_64-linux-gnu/bits/typesizes.h
[INFO] [stderr]   cargo:rerun-if-changed=/usr/include/x86_64-linux-gnu/bits/time64.h
[INFO] [stderr]   cargo:rerun-if-changed=/usr/include/x86_64-linux-gnu/bits/wchar.h
[INFO] [stderr]   cargo:rerun-if-changed=/usr/include/x86_64-linux-gnu/bits/wordsize.h
[INFO] [stderr]   cargo:rerun-if-changed=/usr/include/x86_64-linux-gnu/bits/stdint-intn.h
[INFO] [stderr]   cargo:rerun-if-changed=/usr/include/x86_64-linux-gnu/bits/types.h
[INFO] [stderr]   cargo:rerun-if-changed=/usr/include/x86_64-linux-gnu/bits/stdint-uintn.h
[INFO] [stderr]   cargo:rerun-if-changed=/usr/include/x86_64-linux-gnu/bits/types.h
[INFO] [stderr]   cargo:rerun-if-changed=/usr/include/x86_64-linux-gnu/bits/stdint-least.h
[INFO] [stderr]   cargo:rerun-if-changed=/usr/include/x86_64-linux-gnu/bits/types.h
[INFO] [stderr]   cargo:rerun-if-changed=/usr/include/stdio.h
[INFO] [stderr]   cargo:rerun-if-changed=/usr/include/x86_64-linux-gnu/bits/libc-header-start.h
[INFO] [stderr]   cargo:rerun-if-changed=/usr/include/features.h
[INFO] [stderr]   cargo:rerun-if-changed=/usr/lib/llvm-21/lib/clang/21/include/stddef.h
[INFO] [stderr]   cargo:rerun-if-changed=/usr/lib/llvm-21/lib/clang/21/include/__stddef_size_t.h
[INFO] [stderr]   cargo:rerun-if-changed=/usr/lib/llvm-21/lib/clang/21/include/__stddef_null.h
[INFO] [stderr]   cargo:rerun-if-changed=/usr/lib/llvm-21/lib/clang/21/include/stdarg.h
[INFO] [stderr]   cargo:rerun-if-changed=/usr/lib/llvm-21/lib/clang/21/include/__stdarg___gnuc_va_list.h
[INFO] [stderr]   cargo:rerun-if-changed=/usr/include/x86_64-linux-gnu/bits/types.h
[INFO] [stderr]   cargo:rerun-if-changed=/usr/include/x86_64-linux-gnu/bits/types/__fpos_t.h
[INFO] [stderr]   cargo:rerun-if-changed=/usr/include/x86_64-linux-gnu/bits/types.h
[INFO] [stderr]   cargo:rerun-if-changed=/usr/include/x86_64-linux-gnu/bits/types/__mbstate_t.h
[INFO] [stderr]   cargo:rerun-if-changed=/usr/include/x86_64-linux-gnu/bits/types/__fpos64_t.h
[INFO] [stderr]   cargo:rerun-if-changed=/usr/include/x86_64-linux-gnu/bits/types.h
[INFO] [stderr]   cargo:rerun-if-changed=/usr/include/x86_64-linux-gnu/bits/types/__mbstate_t.h
[INFO] [stderr]   cargo:rerun-if-changed=/usr/include/x86_64-linux-gnu/bits/types/__FILE.h
[INFO] [stderr]   cargo:rerun-if-changed=/usr/include/x86_64-linux-gnu/bits/types/FILE.h
[INFO] [stderr]   cargo:rerun-if-changed=/usr/include/x86_64-linux-gnu/bits/types/struct_FILE.h
[INFO] [stderr]   cargo:rerun-if-changed=/usr/include/x86_64-linux-gnu/bits/types.h
[INFO] [stderr]   cargo:rerun-if-changed=/usr/include/x86_64-linux-gnu/bits/wordsize.h
[INFO] [stderr]   cargo:rerun-if-changed=/usr/include/x86_64-linux-gnu/bits/types/cookie_io_functions_t.h
[INFO] [stderr]   cargo:rerun-if-changed=/usr/include/x86_64-linux-gnu/bits/types.h
[INFO] [stderr]   cargo:rerun-if-changed=/usr/include/x86_64-linux-gnu/bits/stdio_lim.h
[INFO] [stderr]   cargo:rerun-if-changed=/usr/include/x86_64-linux-gnu/bits/floatn.h
[INFO] [stderr]   cargo:rerun-if-changed=/usr/include/features.h
[INFO] [stderr]   cargo:rerun-if-changed=/usr/include/x86_64-linux-gnu/bits/floatn-common.h
[INFO] [stderr]   cargo:rerun-if-changed=/usr/include/features.h
[INFO] [stderr]   cargo:rerun-if-changed=/usr/include/x86_64-linux-gnu/bits/long-double.h
[INFO] [stderr]   cargo:rerun-if-changed=./whisper.cpp/ggml/include/ggml-cpu.h
[INFO] [stderr]   cargo:rerun-if-changed=./whisper.cpp/ggml/include/ggml.h
[INFO] [stderr]   cargo:rerun-if-changed=./whisper.cpp/ggml/include/ggml-backend.h
[INFO] [stderr]   cargo:rerun-if-changed=./whisper.cpp/ggml/include/ggml.h
[INFO] [stderr]   cargo:rerun-if-changed=./whisper.cpp/ggml/include/ggml-alloc.h
[INFO] [stderr]   cargo:rerun-if-changed=./whisper.cpp/ggml/include/ggml.h
[INFO] [stderr]   cargo:rerun-if-changed=/usr/lib/llvm-21/lib/clang/21/include/stddef.h
[INFO] [stderr]   cargo:rerun-if-changed=/usr/lib/llvm-21/lib/clang/21/include/__stddef_header_macro.h
[INFO] [stderr]   cargo:rerun-if-changed=/usr/lib/llvm-21/lib/clang/21/include/__stddef_ptrdiff_t.h
[INFO] [stderr]   cargo:rerun-if-changed=/usr/lib/llvm-21/lib/clang/21/include/__stddef_size_t.h
[INFO] [stderr]   cargo:rerun-if-changed=/usr/lib/llvm-21/lib/clang/21/include/__stddef_wchar_t.h
[INFO] [stderr]   cargo:rerun-if-changed=/usr/lib/llvm-21/lib/clang/21/include/__stddef_max_align_t.h
[INFO] [stderr]   cargo:rerun-if-changed=/usr/lib/llvm-21/lib/clang/21/include/__stddef_offsetof.h
[INFO] [stderr]   cargo:rerun-if-changed=/usr/lib/llvm-21/lib/clang/21/include/stdint.h
[INFO] [stderr]   cargo:rerun-if-changed=/usr/lib/llvm-21/lib/clang/21/include/stdbool.h
[INFO] [stderr]   cargo:rerun-if-changed=./whisper.cpp/ggml/include/ggml.h
[INFO] [stderr]   CMAKE_TOOLCHAIN_FILE_x86_64-unknown-linux-gnu = None
[INFO] [stderr]   CMAKE_TOOLCHAIN_FILE_x86_64_unknown_linux_gnu = None
[INFO] [stderr]   HOST_CMAKE_TOOLCHAIN_FILE = None
[INFO] [stderr]   CMAKE_TOOLCHAIN_FILE = None
[INFO] [stderr]   CMAKE_GENERATOR_x86_64-unknown-linux-gnu = None
[INFO] [stderr]   CMAKE_GENERATOR_x86_64_unknown_linux_gnu = None
[INFO] [stderr]   HOST_CMAKE_GENERATOR = None
[INFO] [stderr]   CMAKE_GENERATOR = None
[INFO] [stderr]   CMAKE_PREFIX_PATH_x86_64-unknown-linux-gnu = None
[INFO] [stderr]   CMAKE_PREFIX_PATH_x86_64_unknown_linux_gnu = None
[INFO] [stderr]   HOST_CMAKE_PREFIX_PATH = None
[INFO] [stderr]   CMAKE_PREFIX_PATH = None
[INFO] [stderr]   CMAKE_x86_64-unknown-linux-gnu = None
[INFO] [stderr]   CMAKE_x86_64_unknown_linux_gnu = None
[INFO] [stderr]   HOST_CMAKE = None
[INFO] [stderr]   CMAKE = None
[INFO] [stderr]   Running with debug output on.
[INFO] [stderr]   -- The C compiler identification is GNU 15.2.0
[INFO] [stderr]      Called from: [3]	/opt/rustwide/target/debug/build/whisper-rs-sys/6644a0d166752add/out/whisper.cpp/CMakeLists.txt
[INFO] [stderr]                   [2]	/usr/share/cmake-4.2/Modules/CMakeDetermineCCompiler.cmake
[INFO] [stderr]                   [1]	/usr/share/cmake-4.2/Modules/CMakeDetermineCompilerId.cmake
[INFO] [stderr]   -- The CXX compiler identification is GNU 15.2.0
[INFO] [stderr]      Called from: [3]	/opt/rustwide/target/debug/build/whisper-rs-sys/6644a0d166752add/out/whisper.cpp/CMakeLists.txt
[INFO] [stderr]                   [2]	/usr/share/cmake-4.2/Modules/CMakeDetermineCXXCompiler.cmake
[INFO] [stderr]                   [1]	/usr/share/cmake-4.2/Modules/CMakeDetermineCompilerId.cmake
[INFO] [stderr]   -- Detecting C compiler ABI info
[INFO] [stderr]      Called from: [3]	/opt/rustwide/target/debug/build/whisper-rs-sys/6644a0d166752add/out/whisper.cpp/CMakeLists.txt
[INFO] [stderr]                   [2]	/usr/share/cmake-4.2/Modules/CMakeTestCCompiler.cmake
[INFO] [stderr]                   [1]	/usr/share/cmake-4.2/Modules/CMakeDetermineCompilerABI.cmake
[INFO] [stderr]   -- Detecting C compiler ABI info - done
[INFO] [stderr]      Called from: [3]	/opt/rustwide/target/debug/build/whisper-rs-sys/6644a0d166752add/out/whisper.cpp/CMakeLists.txt
[INFO] [stderr]                   [2]	/usr/share/cmake-4.2/Modules/CMakeTestCCompiler.cmake
[INFO] [stderr]                   [1]	/usr/share/cmake-4.2/Modules/CMakeDetermineCompilerABI.cmake
[INFO] [stderr]   -- Check for working C compiler: /usr/bin/cc - skipped
[INFO] [stderr]      Called from: [2]	/opt/rustwide/target/debug/build/whisper-rs-sys/6644a0d166752add/out/whisper.cpp/CMakeLists.txt
[INFO] [stderr]                   [1]	/usr/share/cmake-4.2/Modules/CMakeTestCCompiler.cmake
[INFO] [stderr]   -- Detecting C compile features
[INFO] [stderr]      Called from: [3]	/opt/rustwide/target/debug/build/whisper-rs-sys/6644a0d166752add/out/whisper.cpp/CMakeLists.txt
[INFO] [stderr]                   [2]	/usr/share/cmake-4.2/Modules/CMakeTestCCompiler.cmake
[INFO] [stderr]                   [1]	/usr/share/cmake-4.2/Modules/CMakeDetermineCompilerSupport.cmake
[INFO] [stderr]   -- Detecting C compile features - done
[INFO] [stderr]      Called from: [3]	/opt/rustwide/target/debug/build/whisper-rs-sys/6644a0d166752add/out/whisper.cpp/CMakeLists.txt
[INFO] [stderr]                   [2]	/usr/share/cmake-4.2/Modules/CMakeTestCCompiler.cmake
[INFO] [stderr]                   [1]	/usr/share/cmake-4.2/Modules/CMakeDetermineCompilerSupport.cmake
[INFO] [stderr]   -- Detecting CXX compiler ABI info
[INFO] [stderr]      Called from: [3]	/opt/rustwide/target/debug/build/whisper-rs-sys/6644a0d166752add/out/whisper.cpp/CMakeLists.txt
[INFO] [stderr]                   [2]	/usr/share/cmake-4.2/Modules/CMakeTestCXXCompiler.cmake
[INFO] [stderr]                   [1]	/usr/share/cmake-4.2/Modules/CMakeDetermineCompilerABI.cmake
[INFO] [stderr]   -- Detecting CXX compiler ABI info - done
[INFO] [stderr]      Called from: [3]	/opt/rustwide/target/debug/build/whisper-rs-sys/6644a0d166752add/out/whisper.cpp/CMakeLists.txt
[INFO] [stderr]                   [2]	/usr/share/cmake-4.2/Modules/CMakeTestCXXCompiler.cmake
[INFO] [stderr]                   [1]	/usr/share/cmake-4.2/Modules/CMakeDetermineCompilerABI.cmake
[INFO] [stderr]   -- Check for working CXX compiler: /usr/bin/c++ - skipped
[INFO] [stderr]      Called from: [2]	/opt/rustwide/target/debug/build/whisper-rs-sys/6644a0d166752add/out/whisper.cpp/CMakeLists.txt
[INFO] [stderr]                   [1]	/usr/share/cmake-4.2/Modules/CMakeTestCXXCompiler.cmake
[INFO] [stderr]   -- Detecting CXX compile features
[INFO] [stderr]      Called from: [3]	/opt/rustwide/target/debug/build/whisper-rs-sys/6644a0d166752add/out/whisper.cpp/CMakeLists.txt
[INFO] [stderr]                   [2]	/usr/share/cmake-4.2/Modules/CMakeTestCXXCompiler.cmake
[INFO] [stderr]                   [1]	/usr/share/cmake-4.2/Modules/CMakeDetermineCompilerSupport.cmake
[INFO] [stderr]   -- Detecting CXX compile features - done
[INFO] [stderr]      Called from: [3]	/opt/rustwide/target/debug/build/whisper-rs-sys/6644a0d166752add/out/whisper.cpp/CMakeLists.txt
[INFO] [stderr]                   [2]	/usr/share/cmake-4.2/Modules/CMakeTestCXXCompiler.cmake
[INFO] [stderr]                   [1]	/usr/share/cmake-4.2/Modules/CMakeDetermineCompilerSupport.cmake
[INFO] [stderr]   -- Found Git: /usr/bin/git (found version "2.53.0")
[INFO] [stderr]      Called from: [5]	/opt/rustwide/target/debug/build/whisper-rs-sys/6644a0d166752add/out/whisper.cpp/CMakeLists.txt
[INFO] [stderr]                   [4]	/opt/rustwide/target/debug/build/whisper-rs-sys/6644a0d166752add/out/whisper.cpp/cmake/git-vars.cmake
[INFO] [stderr]                   [3]	/usr/share/cmake-4.2/Modules/FindGit.cmake
[INFO] [stderr]                   [2]	/usr/share/cmake-4.2/Modules/FindPackageHandleStandardArgs.cmake
[INFO] [stderr]                   [1]	/usr/share/cmake-4.2/Modules/FindPackageMessage.cmake
[INFO] [stderr]   -- The ASM compiler identification is GNU
[INFO] [stderr]      Called from: [2]	/opt/rustwide/target/debug/build/whisper-rs-sys/6644a0d166752add/out/whisper.cpp/ggml/CMakeLists.txt
[INFO] [stderr]                   [1]	/usr/share/cmake-4.2/Modules/CMakeDetermineASMCompiler.cmake
[INFO] [stderr]   -- Found assembler: /usr/bin/cc
[INFO] [stderr]      Called from: [2]	/opt/rustwide/target/debug/build/whisper-rs-sys/6644a0d166752add/out/whisper.cpp/ggml/CMakeLists.txt
[INFO] [stderr]                   [1]	/usr/share/cmake-4.2/Modules/CMakeDetermineASMCompiler.cmake
[INFO] [stderr]   -- Performing Test CMAKE_HAVE_LIBC_PTHREAD
[INFO] [stderr]      Called from: [5]	/opt/rustwide/target/debug/build/whisper-rs-sys/6644a0d166752add/out/whisper.cpp/ggml/CMakeLists.txt
[INFO] [stderr]                   [4]	/usr/share/cmake-4.2/Modules/FindThreads.cmake
[INFO] [stderr]                   [3]	/usr/share/cmake-4.2/Modules/FindThreads.cmake
[INFO] [stderr]                   [2]	/usr/share/cmake-4.2/Modules/CheckCSourceCompiles.cmake
[INFO] [stderr]                   [1]	/usr/share/cmake-4.2/Modules/Internal/CheckSourceCompiles.cmake
[INFO] [stderr]   -- Performing Test CMAKE_HAVE_LIBC_PTHREAD - Success
[INFO] [stderr]      Called from: [5]	/opt/rustwide/target/debug/build/whisper-rs-sys/6644a0d166752add/out/whisper.cpp/ggml/CMakeLists.txt
[INFO] [stderr]                   [4]	/usr/share/cmake-4.2/Modules/FindThreads.cmake
[INFO] [stderr]                   [3]	/usr/share/cmake-4.2/Modules/FindThreads.cmake
[INFO] [stderr]                   [2]	/usr/share/cmake-4.2/Modules/CheckCSourceCompiles.cmake
[INFO] [stderr]                   [1]	/usr/share/cmake-4.2/Modules/Internal/CheckSourceCompiles.cmake
[INFO] [stderr]   -- Found Threads: TRUE
[INFO] [stderr]      Called from: [4]	/opt/rustwide/target/debug/build/whisper-rs-sys/6644a0d166752add/out/whisper.cpp/ggml/CMakeLists.txt
[INFO] [stderr]                   [3]	/usr/share/cmake-4.2/Modules/FindThreads.cmake
[INFO] [stderr]                   [2]	/usr/share/cmake-4.2/Modules/FindPackageHandleStandardArgs.cmake
[INFO] [stderr]                   [1]	/usr/share/cmake-4.2/Modules/FindPackageMessage.cmake
[INFO] [stderr]   -- Warning: ccache not found - consider installing it for faster compilation or disable this warning with GGML_CCACHE=OFF
[INFO] [stderr]      Called from: [1]	/opt/rustwide/target/debug/build/whisper-rs-sys/6644a0d166752add/out/whisper.cpp/ggml/src/CMakeLists.txt
[INFO] [stderr]   -- CMAKE_SYSTEM_PROCESSOR: x86_64
[INFO] [stderr]      Called from: [1]	/opt/rustwide/target/debug/build/whisper-rs-sys/6644a0d166752add/out/whisper.cpp/ggml/src/CMakeLists.txt
[INFO] [stderr]   -- GGML_SYSTEM_ARCH: x86
[INFO] [stderr]      Called from: [1]	/opt/rustwide/target/debug/build/whisper-rs-sys/6644a0d166752add/out/whisper.cpp/ggml/src/CMakeLists.txt
[INFO] [stderr]   -- Including CPU backend
[INFO] [stderr]      Called from: [2]	/opt/rustwide/target/debug/build/whisper-rs-sys/6644a0d166752add/out/whisper.cpp/ggml/src/CMakeLists.txt
[INFO] [stderr]                   [1]	/opt/rustwide/target/debug/build/whisper-rs-sys/6644a0d166752add/out/whisper.cpp/ggml/src/CMakeLists.txt
[INFO] [stderr]   -- x86 detected
[INFO] [stderr]      Called from: [2]	/opt/rustwide/target/debug/build/whisper-rs-sys/6644a0d166752add/out/whisper.cpp/ggml/src/CMakeLists.txt
[INFO] [stderr]                   [1]	/opt/rustwide/target/debug/build/whisper-rs-sys/6644a0d166752add/out/whisper.cpp/ggml/src/ggml-cpu/CMakeLists.txt
[INFO] [stderr]   -- Adding CPU backend variant ggml-cpu: -march=native 
[INFO] [stderr]      Called from: [2]	/opt/rustwide/target/debug/build/whisper-rs-sys/6644a0d166752add/out/whisper.cpp/ggml/src/CMakeLists.txt
[INFO] [stderr]                   [1]	/opt/rustwide/target/debug/build/whisper-rs-sys/6644a0d166752add/out/whisper.cpp/ggml/src/ggml-cpu/CMakeLists.txt
[INFO] [stderr]   -- ggml version: 0.9.5
[INFO] [stderr]      Called from: [1]	/opt/rustwide/target/debug/build/whisper-rs-sys/6644a0d166752add/out/whisper.cpp/ggml/CMakeLists.txt
[INFO] [stderr]   -- ggml commit:  unknown
[INFO] [stderr]      Called from: [1]	/opt/rustwide/target/debug/build/whisper-rs-sys/6644a0d166752add/out/whisper.cpp/ggml/CMakeLists.txt
[INFO] [stderr]   -- Configuring done (2.2s)
[INFO] [stderr]   -- Generating /opt/rustwide/target/debug/build/whisper-rs-sys/6644a0d166752add/out/build
[INFO] [stderr]      Called from: [1]	/opt/rustwide/target/debug/build/whisper-rs-sys/6644a0d166752add/out/whisper.cpp/CMakeLists.txt
[INFO] [stderr]   -- Generating /opt/rustwide/target/debug/build/whisper-rs-sys/6644a0d166752add/out/build/ggml
[INFO] [stderr]      Called from: [1]	/opt/rustwide/target/debug/build/whisper-rs-sys/6644a0d166752add/out/whisper.cpp/ggml/CMakeLists.txt
[INFO] [stderr]   -- Generating /opt/rustwide/target/debug/build/whisper-rs-sys/6644a0d166752add/out/build/ggml/src
[INFO] [stderr]      Called from: [1]	/opt/rustwide/target/debug/build/whisper-rs-sys/6644a0d166752add/out/whisper.cpp/ggml/src/CMakeLists.txt
[INFO] [stderr]   -- Generating /opt/rustwide/target/debug/build/whisper-rs-sys/6644a0d166752add/out/build/ggml/src/ggml-cpu
[INFO] [stderr]      Called from: [1]	/opt/rustwide/target/debug/build/whisper-rs-sys/6644a0d166752add/out/whisper.cpp/ggml/src/ggml-cpu/CMakeLists.txt
[INFO] [stderr]   -- Generating /opt/rustwide/target/debug/build/whisper-rs-sys/6644a0d166752add/out/build/src
[INFO] [stderr]      Called from: [1]	/opt/rustwide/target/debug/build/whisper-rs-sys/6644a0d166752add/out/whisper.cpp/src/CMakeLists.txt
[INFO] [stderr]   -- Generating done (0.1s)
[INFO] [stderr]   -- Build files have been written to: /opt/rustwide/target/debug/build/whisper-rs-sys/6644a0d166752add/out/build
[INFO] [stderr]   Change Dir: '/opt/rustwide/target/debug/build/whisper-rs-sys/6644a0d166752add/out/build'
[INFO] [stderr] 
[INFO] [stderr]   Run Build Command(s): /usr/bin/cmake -E env VERBOSE=1 /usr/bin/gmake -f Makefile install
[INFO] [stderr]   /usr/bin/cmake -S/opt/rustwide/target/debug/build/whisper-rs-sys/6644a0d166752add/out/whisper.cpp -B/opt/rustwide/target/debug/build/whisper-rs-sys/6644a0d166752add/out/build --check-build-system CMakeFiles/Makefile.cmake 0
[INFO] [stderr]   /usr/bin/cmake -E cmake_progress_start /opt/rustwide/target/debug/build/whisper-rs-sys/6644a0d166752add/out/build/CMakeFiles /opt/rustwide/target/debug/build/whisper-rs-sys/6644a0d166752add/out/build//CMakeFiles/progress.marks
[INFO] [stderr]   /usr/bin/gmake  -f CMakeFiles/Makefile2 all
[INFO] [stderr]   gmake[1]: Entering directory '/opt/rustwide/target/debug/build/whisper-rs-sys/6644a0d166752add/out/build'
[INFO] [stderr]   /usr/bin/gmake  -f ggml/src/CMakeFiles/ggml-base.dir/build.make ggml/src/CMakeFiles/ggml-base.dir/depend
[INFO] [stderr]   gmake[2]: Entering directory '/opt/rustwide/target/debug/build/whisper-rs-sys/6644a0d166752add/out/build'
[INFO] [stderr]   cd /opt/rustwide/target/debug/build/whisper-rs-sys/6644a0d166752add/out/build && /usr/bin/cmake -E cmake_depends "Unix Makefiles" /opt/rustwide/target/debug/build/whisper-rs-sys/6644a0d166752add/out/whisper.cpp /opt/rustwide/target/debug/build/whisper-rs-sys/6644a0d166752add/out/whisper.cpp/ggml/src /opt/rustwide/target/debug/build/whisper-rs-sys/6644a0d166752add/out/build /opt/rustwide/target/debug/build/whisper-rs-sys/6644a0d166752add/out/build/ggml/src /opt/rustwide/target/debug/build/whisper-rs-sys/6644a0d166752add/out/build/ggml/src/CMakeFiles/ggml-base.dir/DependInfo.cmake "--color=" ggml-base
[INFO] [stderr]   gmake[2]: Leaving directory '/opt/rustwide/target/debug/build/whisper-rs-sys/6644a0d166752add/out/build'
[INFO] [stderr]   /usr/bin/gmake  -f ggml/src/CMakeFiles/ggml-base.dir/build.make ggml/src/CMakeFiles/ggml-base.dir/build
[INFO] [stderr]   gmake[2]: Entering directory '/opt/rustwide/target/debug/build/whisper-rs-sys/6644a0d166752add/out/build'
[INFO] [stderr]   [  3%] Building C object ggml/src/CMakeFiles/ggml-base.dir/ggml.c.o
[INFO] [stderr]   cd /opt/rustwide/target/debug/build/whisper-rs-sys/6644a0d166752add/out/build/ggml/src && /usr/bin/cc -DGGML_COMMIT=\"unknown\" -DGGML_SCHED_MAX_COPIES=4 -DGGML_VERSION=\"0.9.5\" -D_GNU_SOURCE -D_XOPEN_SOURCE=600 -I/opt/rustwide/target/debug/build/whisper-rs-sys/6644a0d166752add/out/whisper.cpp/ggml/src/. -I/opt/rustwide/target/debug/build/whisper-rs-sys/6644a0d166752add/out/whisper.cpp/ggml/src/../include -ffunction-sections -fdata-sections -fPIC -m64 -w -O2 -g -DNDEBUG -std=gnu11 -MD -MT ggml/src/CMakeFiles/ggml-base.dir/ggml.c.o -MF CMakeFiles/ggml-base.dir/ggml.c.o.d -o CMakeFiles/ggml-base.dir/ggml.c.o -c /opt/rustwide/target/debug/build/whisper-rs-sys/6644a0d166752add/out/whisper.cpp/ggml/src/ggml.c
[INFO] [stderr]   [  7%] Building CXX object ggml/src/CMakeFiles/ggml-base.dir/gguf.cpp.o
[INFO] [stderr]   [ 10%] Building CXX object ggml/src/CMakeFiles/ggml-base.dir/ggml-opt.cpp.o
[INFO] [stderr]   cd /opt/rustwide/target/debug/build/whisper-rs-sys/6644a0d166752add/out/build/ggml/src && /usr/bin/c++ -DGGML_COMMIT=\"unknown\" -DGGML_SCHED_MAX_COPIES=4 -DGGML_VERSION=\"0.9.5\" -D_GNU_SOURCE -D_XOPEN_SOURCE=600 -I/opt/rustwide/target/debug/build/whisper-rs-sys/6644a0d166752add/out/whisper.cpp/ggml/src/. -I/opt/rustwide/target/debug/build/whisper-rs-sys/6644a0d166752add/out/whisper.cpp/ggml/src/../include -DWHISPER_DEBUG -ffunction-sections -fdata-sections -fPIC -m64 -w -O2 -g -DNDEBUG -std=gnu++17 -MD -MT ggml/src/CMakeFiles/ggml-base.dir/ggml-opt.cpp.o -MF CMakeFiles/ggml-base.dir/ggml-opt.cpp.o.d -o CMakeFiles/ggml-base.dir/ggml-opt.cpp.o -c /opt/rustwide/target/debug/build/whisper-rs-sys/6644a0d166752add/out/whisper.cpp/ggml/src/ggml-opt.cpp
[INFO] [stderr]   cd /opt/rustwide/target/debug/build/whisper-rs-sys/6644a0d166752add/out/build/ggml/src && /usr/bin/c++ -DGGML_COMMIT=\"unknown\" -DGGML_SCHED_MAX_COPIES=4 -DGGML_VERSION=\"0.9.5\" -D_GNU_SOURCE -D_XOPEN_SOURCE=600 -I/opt/rustwide/target/debug/build/whisper-rs-sys/6644a0d166752add/out/whisper.cpp/ggml/src/. -I/opt/rustwide/target/debug/build/whisper-rs-sys/6644a0d166752add/out/whisper.cpp/ggml/src/../include -DWHISPER_DEBUG -ffunction-sections -fdata-sections -fPIC -m64 -w -O2 -g -DNDEBUG -std=gnu++17 -MD -MT ggml/src/CMakeFiles/ggml-base.dir/gguf.cpp.o -MF CMakeFiles/ggml-base.dir/gguf.cpp.o.d -o CMakeFiles/ggml-base.dir/gguf.cpp.o -c /opt/rustwide/target/debug/build/whisper-rs-sys/6644a0d166752add/out/whisper.cpp/ggml/src/gguf.cpp
[INFO] [stderr]   [ 14%] Building CXX object ggml/src/CMakeFiles/ggml-base.dir/ggml.cpp.o
[INFO] [stderr]   [ 17%] Building C object ggml/src/CMakeFiles/ggml-base.dir/ggml-quants.c.o
[INFO] [stderr]   [ 21%] Building CXX object ggml/src/CMakeFiles/ggml-base.dir/ggml-threading.cpp.o
[INFO] [stderr]   [ 25%] Building C object ggml/src/CMakeFiles/ggml-base.dir/ggml-alloc.c.o
[INFO] [stderr]   cd /opt/rustwide/target/debug/build/whisper-rs-sys/6644a0d166752add/out/build/ggml/src && /usr/bin/cc -DGGML_COMMIT=\"unknown\" -DGGML_SCHED_MAX_COPIES=4 -DGGML_VERSION=\"0.9.5\" -D_GNU_SOURCE -D_XOPEN_SOURCE=600 -I/opt/rustwide/target/debug/build/whisper-rs-sys/6644a0d166752add/out/whisper.cpp/ggml/src/. -I/opt/rustwide/target/debug/build/whisper-rs-sys/6644a0d166752add/out/whisper.cpp/ggml/src/../include -ffunction-sections -fdata-sections -fPIC -m64 -w -O2 -g -DNDEBUG -std=gnu11 -MD -MT ggml/src/CMakeFiles/ggml-base.dir/ggml-quants.c.o -MF CMakeFiles/ggml-base.dir/ggml-quants.c.o.d -o CMakeFiles/ggml-base.dir/ggml-quants.c.o -c /opt/rustwide/target/debug/build/whisper-rs-sys/6644a0d166752add/out/whisper.cpp/ggml/src/ggml-quants.c
[INFO] [stderr]   cd /opt/rustwide/target/debug/build/whisper-rs-sys/6644a0d166752add/out/build/ggml/src && /usr/bin/c++ -DGGML_COMMIT=\"unknown\" -DGGML_SCHED_MAX_COPIES=4 -DGGML_VERSION=\"0.9.5\" -D_GNU_SOURCE -D_XOPEN_SOURCE=600 -I/opt/rustwide/target/debug/build/whisper-rs-sys/6644a0d166752add/out/whisper.cpp/ggml/src/. -I/opt/rustwide/target/debug/build/whisper-rs-sys/6644a0d166752add/out/whisper.cpp/ggml/src/../include -DWHISPER_DEBUG -ffunction-sections -fdata-sections -fPIC -m64 -w -O2 -g -DNDEBUG -std=gnu++17 -MD -MT ggml/src/CMakeFiles/ggml-base.dir/ggml-threading.cpp.o -MF CMakeFiles/ggml-base.dir/ggml-threading.cpp.o.d -o CMakeFiles/ggml-base.dir/ggml-threading.cpp.o -c /opt/rustwide/target/debug/build/whisper-rs-sys/6644a0d166752add/out/whisper.cpp/ggml/src/ggml-threading.cpp
[INFO] [stderr]   [ 28%] Building CXX object ggml/src/CMakeFiles/ggml-base.dir/ggml-backend.cpp.o
[INFO] [stderr]   cd /opt/rustwide/target/debug/build/whisper-rs-sys/6644a0d166752add/out/build/ggml/src && /usr/bin/cc -DGGML_COMMIT=\"unknown\" -DGGML_SCHED_MAX_COPIES=4 -DGGML_VERSION=\"0.9.5\" -D_GNU_SOURCE -D_XOPEN_SOURCE=600 -I/opt/rustwide/target/debug/build/whisper-rs-sys/6644a0d166752add/out/whisper.cpp/ggml/src/. -I/opt/rustwide/target/debug/build/whisper-rs-sys/6644a0d166752add/out/whisper.cpp/ggml/src/../include -ffunction-sections -fdata-sections -fPIC -m64 -w -O2 -g -DNDEBUG -std=gnu11 -MD -MT ggml/src/CMakeFiles/ggml-base.dir/ggml-alloc.c.o -MF CMakeFiles/ggml-base.dir/ggml-alloc.c.o.d -o CMakeFiles/ggml-base.dir/ggml-alloc.c.o -c /opt/rustwide/target/debug/build/whisper-rs-sys/6644a0d166752add/out/whisper.cpp/ggml/src/ggml-alloc.c
[INFO] [stderr]   cd /opt/rustwide/target/debug/build/whisper-rs-sys/6644a0d166752add/out/build/ggml/src && /usr/bin/c++ -DGGML_COMMIT=\"unknown\" -DGGML_SCHED_MAX_COPIES=4 -DGGML_VERSION=\"0.9.5\" -D_GNU_SOURCE -D_XOPEN_SOURCE=600 -I/opt/rustwide/target/debug/build/whisper-rs-sys/6644a0d166752add/out/whisper.cpp/ggml/src/. -I/opt/rustwide/target/debug/build/whisper-rs-sys/6644a0d166752add/out/whisper.cpp/ggml/src/../include -DWHISPER_DEBUG -ffunction-sections -fdata-sections -fPIC -m64 -w -O2 -g -DNDEBUG -std=gnu++17 -MD -MT ggml/src/CMakeFiles/ggml-base.dir/ggml.cpp.o -MF CMakeFiles/ggml-base.dir/ggml.cpp.o.d -o CMakeFiles/ggml-base.dir/ggml.cpp.o -c /opt/rustwide/target/debug/build/whisper-rs-sys/6644a0d166752add/out/whisper.cpp/ggml/src/ggml.cpp
[INFO] [stderr]   cd /opt/rustwide/target/debug/build/whisper-rs-sys/6644a0d166752add/out/build/ggml/src && /usr/bin/c++ -DGGML_COMMIT=\"unknown\" -DGGML_SCHED_MAX_COPIES=4 -DGGML_VERSION=\"0.9.5\" -D_GNU_SOURCE -D_XOPEN_SOURCE=600 -I/opt/rustwide/target/debug/build/whisper-rs-sys/6644a0d166752add/out/whisper.cpp/ggml/src/. -I/opt/rustwide/target/debug/build/whisper-rs-sys/6644a0d166752add/out/whisper.cpp/ggml/src/../include -DWHISPER_DEBUG -ffunction-sections -fdata-sections -fPIC -m64 -w -O2 -g -DNDEBUG -std=gnu++17 -MD -MT ggml/src/CMakeFiles/ggml-base.dir/ggml-backend.cpp.o -MF CMakeFiles/ggml-base.dir/ggml-backend.cpp.o.d -o CMakeFiles/ggml-base.dir/ggml-backend.cpp.o -c /opt/rustwide/target/debug/build/whisper-rs-sys/6644a0d166752add/out/whisper.cpp/ggml/src/ggml-backend.cpp
[INFO] [stderr]   [ 32%] Linking CXX static library libggml-base.a
[INFO] [stderr]   cd /opt/rustwide/target/debug/build/whisper-rs-sys/6644a0d166752add/out/build/ggml/src && /usr/bin/cmake -P CMakeFiles/ggml-base.dir/cmake_clean_target.cmake
[INFO] [stderr]   cd /opt/rustwide/target/debug/build/whisper-rs-sys/6644a0d166752add/out/build/ggml/src && /usr/bin/cmake -E cmake_link_script CMakeFiles/ggml-base.dir/link.txt --verbose=1
[INFO] [stderr]   /usr/bin/ar qc libggml-base.a "CMakeFiles/ggml-base.dir/ggml.c.o" "CMakeFiles/ggml-base.dir/ggml.cpp.o" "CMakeFiles/ggml-base.dir/ggml-alloc.c.o" "CMakeFiles/ggml-base.dir/ggml-backend.cpp.o" "CMakeFiles/ggml-base.dir/ggml-opt.cpp.o" "CMakeFiles/ggml-base.dir/ggml-threading.cpp.o" "CMakeFiles/ggml-base.dir/ggml-quants.c.o" "CMakeFiles/ggml-base.dir/gguf.cpp.o"
[INFO] [stderr]   /usr/bin/ranlib libggml-base.a
[INFO] [stderr]   gmake[2]: Leaving directory '/opt/rustwide/target/debug/build/whisper-rs-sys/6644a0d166752add/out/build'
[INFO] [stderr]   [ 32%] Built target ggml-base
[INFO] [stderr]   /usr/bin/gmake  -f ggml/src/CMakeFiles/ggml-cpu.dir/build.make ggml/src/CMakeFiles/ggml-cpu.dir/depend
[INFO] [stderr]   gmake[2]: Entering directory '/opt/rustwide/target/debug/build/whisper-rs-sys/6644a0d166752add/out/build'
[INFO] [stderr]   cd /opt/rustwide/target/debug/build/whisper-rs-sys/6644a0d166752add/out/build && /usr/bin/cmake -E cmake_depends "Unix Makefiles" /opt/rustwide/target/debug/build/whisper-rs-sys/6644a0d166752add/out/whisper.cpp /opt/rustwide/target/debug/build/whisper-rs-sys/6644a0d166752add/out/whisper.cpp/ggml/src /opt/rustwide/target/debug/build/whisper-rs-sys/6644a0d166752add/out/build /opt/rustwide/target/debug/build/whisper-rs-sys/6644a0d166752add/out/build/ggml/src /opt/rustwide/target/debug/build/whisper-rs-sys/6644a0d166752add/out/build/ggml/src/CMakeFiles/ggml-cpu.dir/DependInfo.cmake "--color=" ggml-cpu
[INFO] [stderr]   gmake[2]: Leaving directory '/opt/rustwide/target/debug/build/whisper-rs-sys/6644a0d166752add/out/build'
[INFO] [stderr]   /usr/bin/gmake  -f ggml/src/CMakeFiles/ggml-cpu.dir/build.make ggml/src/CMakeFiles/ggml-cpu.dir/build
[INFO] [stderr]   gmake[2]: Entering directory '/opt/rustwide/target/debug/build/whisper-rs-sys/6644a0d166752add/out/build'
[INFO] [stderr]   [ 35%] Building C object ggml/src/CMakeFiles/ggml-cpu.dir/ggml-cpu/ggml-cpu.c.o
[INFO] [stderr]   cd /opt/rustwide/target/debug/build/whisper-rs-sys/6644a0d166752add/out/build/ggml/src && /usr/bin/cc -DGGML_SCHED_MAX_COPIES=4 -DGGML_USE_CPU_REPACK -D_GNU_SOURCE -D_XOPEN_SOURCE=600 -I/opt/rustwide/target/debug/build/whisper-rs-sys/6644a0d166752add/out/whisper.cpp/ggml/src/.. -I/opt/rustwide/target/debug/build/whisper-rs-sys/6644a0d166752add/out/whisper.cpp/ggml/src/. -I/opt/rustwide/target/debug/build/whisper-rs-sys/6644a0d166752add/out/whisper.cpp/ggml/src/ggml-cpu -I/opt/rustwide/target/debug/build/whisper-rs-sys/6644a0d166752add/out/whisper.cpp/ggml/src/../include -ffunction-sections -fdata-sections -fPIC -m64 -w -O2 -g -DNDEBUG -std=gnu11 -march=native -MD -MT ggml/src/CMakeFiles/ggml-cpu.dir/ggml-cpu/ggml-cpu.c.o -MF CMakeFiles/ggml-cpu.dir/ggml-cpu/ggml-cpu.c.o.d -o CMakeFiles/ggml-cpu.dir/ggml-cpu/ggml-cpu.c.o -c /opt/rustwide/target/debug/build/whisper-rs-sys/6644a0d166752add/out/whisper.cpp/ggml/src/ggml-cpu/ggml-cpu.c
[INFO] [stderr]   [ 39%] Building C object ggml/src/CMakeFiles/ggml-cpu.dir/ggml-cpu/arch/x86/quants.c.o
[INFO] [stderr]   cd /opt/rustwide/target/debug/build/whisper-rs-sys/6644a0d166752add/out/build/ggml/src && /usr/bin/cc -DGGML_SCHED_MAX_COPIES=4 -DGGML_USE_CPU_REPACK -D_GNU_SOURCE -D_XOPEN_SOURCE=600 -I/opt/rustwide/target/debug/build/whisper-rs-sys/6644a0d166752add/out/whisper.cpp/ggml/src/.. -I/opt/rustwide/target/debug/build/whisper-rs-sys/6644a0d166752add/out/whisper.cpp/ggml/src/. -I/opt/rustwide/target/debug/build/whisper-rs-sys/6644a0d166752add/out/whisper.cpp/ggml/src/ggml-cpu -I/opt/rustwide/target/debug/build/whisper-rs-sys/6644a0d166752add/out/whisper.cpp/ggml/src/../include -ffunction-sections -fdata-sections -fPIC -m64 -w -O2 -g -DNDEBUG -std=gnu11 -march=native -MD -MT ggml/src/CMakeFiles/ggml-cpu.dir/ggml-cpu/arch/x86/quants.c.o -MF CMakeFiles/ggml-cpu.dir/ggml-cpu/arch/x86/quants.c.o.d -o CMakeFiles/ggml-cpu.dir/ggml-cpu/arch/x86/quants.c.o -c /opt/rustwide/target/debug/build/whisper-rs-sys/6644a0d166752add/out/whisper.cpp/ggml/src/ggml-cpu/arch/x86/quants.c
[INFO] [stderr]   [ 42%] Building CXX object ggml/src/CMakeFiles/ggml-cpu.dir/ggml-cpu/amx/amx.cpp.o
[INFO] [stderr]   [ 46%] Building CXX object ggml/src/CMakeFiles/ggml-cpu.dir/ggml-cpu/vec.cpp.o
[INFO] [stderr]   [ 50%] Building CXX object ggml/src/CMakeFiles/ggml-cpu.dir/ggml-cpu/binary-ops.cpp.o
[INFO] [stderr]   cd /opt/rustwide/target/debug/build/whisper-rs-sys/6644a0d166752add/out/build/ggml/src && /usr/bin/c++ -DGGML_SCHED_MAX_COPIES=4 -DGGML_USE_CPU_REPACK -D_GNU_SOURCE -D_XOPEN_SOURCE=600 -I/opt/rustwide/target/debug/build/whisper-rs-sys/6644a0d166752add/out/whisper.cpp/ggml/src/.. -I/opt/rustwide/target/debug/build/whisper-rs-sys/6644a0d166752add/out/whisper.cpp/ggml/src/. -I/opt/rustwide/target/debug/build/whisper-rs-sys/6644a0d166752add/out/whisper.cpp/ggml/src/ggml-cpu -I/opt/rustwide/target/debug/build/whisper-rs-sys/6644a0d166752add/out/whisper.cpp/ggml/src/../include -DWHISPER_DEBUG -ffunction-sections -fdata-sections -fPIC -m64 -w -O2 -g -DNDEBUG -std=gnu++17 -march=native -MD -MT ggml/src/CMakeFiles/ggml-cpu.dir/ggml-cpu/vec.cpp.o -MF CMakeFiles/ggml-cpu.dir/ggml-cpu/vec.cpp.o.d -o CMakeFiles/ggml-cpu.dir/ggml-cpu/vec.cpp.o -c /opt/rustwide/target/debug/build/whisper-rs-sys/6644a0d166752add/out/whisper.cpp/ggml/src/ggml-cpu/vec.cpp
[INFO] [stderr]   cd /opt/rustwide/target/debug/build/whisper-rs-sys/6644a0d166752add/out/build/ggml/src && /usr/bin/c++ -DGGML_SCHED_MAX_COPIES=4 -DGGML_USE_CPU_REPACK -D_GNU_SOURCE -D_XOPEN_SOURCE=600 -I/opt/rustwide/target/debug/build/whisper-rs-sys/6644a0d166752add/out/whisper.cpp/ggml/src/.. -I/opt/rustwide/target/debug/build/whisper-rs-sys/6644a0d166752add/out/whisper.cpp/ggml/src/. -I/opt/rustwide/target/debug/build/whisper-rs-sys/6644a0d166752add/out/whisper.cpp/ggml/src/ggml-cpu -I/opt/rustwide/target/debug/build/whisper-rs-sys/6644a0d166752add/out/whisper.cpp/ggml/src/../include -DWHISPER_DEBUG -ffunction-sections -fdata-sections -fPIC -m64 -w -O2 -g -DNDEBUG -std=gnu++17 -march=native -MD -MT ggml/src/CMakeFiles/ggml-cpu.dir/ggml-cpu/amx/amx.cpp.o -MF CMakeFiles/ggml-cpu.dir/ggml-cpu/amx/amx.cpp.o.d -o CMakeFiles/ggml-cpu.dir/ggml-cpu/amx/amx.cpp.o -c /opt/rustwide/target/debug/build/whisper-rs-sys/6644a0d166752add/out/whisper.cpp/ggml/src/ggml-cpu/amx/amx.cpp
[INFO] [stderr]   [ 53%] Building CXX object ggml/src/CMakeFiles/ggml-cpu.dir/ggml-cpu/hbm.cpp.o
[INFO] [stderr]   [ 57%] Building CXX object ggml/src/CMakeFiles/ggml-cpu.dir/ggml-cpu/traits.cpp.o
[INFO] [stderr]   [ 60%] Building CXX object ggml/src/CMakeFiles/ggml-cpu.dir/ggml-cpu/ggml-cpu.cpp.o
[INFO] [stderr]   cd /opt/rustwide/target/debug/build/whisper-rs-sys/6644a0d166752add/out/build/ggml/src && /usr/bin/c++ -DGGML_SCHED_MAX_COPIES=4 -DGGML_USE_CPU_REPACK -D_GNU_SOURCE -D_XOPEN_SOURCE=600 -I/opt/rustwide/target/debug/build/whisper-rs-sys/6644a0d166752add/out/whisper.cpp/ggml/src/.. -I/opt/rustwide/target/debug/build/whisper-rs-sys/6644a0d166752add/out/whisper.cpp/ggml/src/. -I/opt/rustwide/target/debug/build/whisper-rs-sys/6644a0d166752add/out/whisper.cpp/ggml/src/ggml-cpu -I/opt/rustwide/target/debug/build/whisper-rs-sys/6644a0d166752add/out/whisper.cpp/ggml/src/../include -DWHISPER_DEBUG -ffunction-sections -fdata-sections -fPIC -m64 -w -O2 -g -DNDEBUG -std=gnu++17 -march=native -MD -MT ggml/src/CMakeFiles/ggml-cpu.dir/ggml-cpu/traits.cpp.o -MF CMakeFiles/ggml-cpu.dir/ggml-cpu/traits.cpp.o.d -o CMakeFiles/ggml-cpu.dir/ggml-cpu/traits.cpp.o -c /opt/rustwide/target/debug/build/whisper-rs-sys/6644a0d166752add/out/whisper.cpp/ggml/src/ggml-cpu/traits.cpp
[INFO] [stderr]   cd /opt/rustwide/target/debug/build/whisper-rs-sys/6644a0d166752add/out/build/ggml/src && /usr/bin/c++ -DGGML_SCHED_MAX_COPIES=4 -DGGML_USE_CPU_REPACK -D_GNU_SOURCE -D_XOPEN_SOURCE=600 -I/opt/rustwide/target/debug/build/whisper-rs-sys/6644a0d166752add/out/whisper.cpp/ggml/src/.. -I/opt/rustwide/target/debug/build/whisper-rs-sys/6644a0d166752add/out/whisper.cpp/ggml/src/. -I/opt/rustwide/target/debug/build/whisper-rs-sys/6644a0d166752add/out/whisper.cpp/ggml/src/ggml-cpu -I/opt/rustwide/target/debug/build/whisper-rs-sys/6644a0d166752add/out/whisper.cpp/ggml/src/../include -DWHISPER_DEBUG -ffunction-sections -fdata-sections -fPIC -m64 -w -O2 -g -DNDEBUG -std=gnu++17 -march=native -MD -MT ggml/src/CMakeFiles/ggml-cpu.dir/ggml-cpu/ggml-cpu.cpp.o -MF CMakeFiles/ggml-cpu.dir/ggml-cpu/ggml-cpu.cpp.o.d -o CMakeFiles/ggml-cpu.dir/ggml-cpu/ggml-cpu.cpp.o -c /opt/rustwide/target/debug/build/whisper-rs-sys/6644a0d166752add/out/whisper.cpp/ggml/src/ggml-cpu/ggml-cpu.cpp
[INFO] [stderr]   cd /opt/rustwide/target/debug/build/whisper-rs-sys/6644a0d166752add/out/build/ggml/src && /usr/bin/c++ -DGGML_SCHED_MAX_COPIES=4 -DGGML_USE_CPU_REPACK -D_GNU_SOURCE -D_XOPEN_SOURCE=600 -I/opt/rustwide/target/debug/build/whisper-rs-sys/6644a0d166752add/out/whisper.cpp/ggml/src/.. -I/opt/rustwide/target/debug/build/whisper-rs-sys/6644a0d166752add/out/whisper.cpp/ggml/src/. -I/opt/rustwide/target/debug/build/whisper-rs-sys/6644a0d166752add/out/whisper.cpp/ggml/src/ggml-cpu -I/opt/rustwide/target/debug/build/whisper-rs-sys/6644a0d166752add/out/whisper.cpp/ggml/src/../include -DWHISPER_DEBUG -ffunction-sections -fdata-sections -fPIC -m64 -w -O2 -g -DNDEBUG -std=gnu++17 -march=native -MD -MT ggml/src/CMakeFiles/ggml-cpu.dir/ggml-cpu/binary-ops.cpp.o -MF CMakeFiles/ggml-cpu.dir/ggml-cpu/binary-ops.cpp.o.d -o CMakeFiles/ggml-cpu.dir/ggml-cpu/binary-ops.cpp.o -c /opt/rustwide/target/debug/build/whisper-rs-sys/6644a0d166752add/out/whisper.cpp/ggml/src/ggml-cpu/binary-ops.cpp
[INFO] [stderr]   [ 64%] Building CXX object ggml/src/CMakeFiles/ggml-cpu.dir/ggml-cpu/arch/x86/repack.cpp.o
[INFO] [stderr]   cd /opt/rustwide/target/debug/build/whisper-rs-sys/6644a0d166752add/out/build/ggml/src && /usr/bin/c++ -DGGML_SCHED_MAX_COPIES=4 -DGGML_USE_CPU_REPACK -D_GNU_SOURCE -D_XOPEN_SOURCE=600 -I/opt/rustwide/target/debug/build/whisper-rs-sys/6644a0d166752add/out/whisper.cpp/ggml/src/.. -I/opt/rustwide/target/debug/build/whisper-rs-sys/6644a0d166752add/out/whisper.cpp/ggml/src/. -I/opt/rustwide/target/debug/build/whisper-rs-sys/6644a0d166752add/out/whisper.cpp/ggml/src/ggml-cpu -I/opt/rustwide/target/debug/build/whisper-rs-sys/6644a0d166752add/out/whisper.cpp/ggml/src/../include -DWHISPER_DEBUG -ffunction-sections -fdata-sections -fPIC -m64 -w -O2 -g -DNDEBUG -std=gnu++17 -march=native -MD -MT ggml/src/CMakeFiles/ggml-cpu.dir/ggml-cpu/arch/x86/repack.cpp.o -MF CMakeFiles/ggml-cpu.dir/ggml-cpu/arch/x86/repack.cpp.o.d -o CMakeFiles/ggml-cpu.dir/ggml-cpu/arch/x86/repack.cpp.o -c /opt/rustwide/target/debug/build/whisper-rs-sys/6644a0d166752add/out/whisper.cpp/ggml/src/ggml-cpu/arch/x86/repack.cpp
[INFO] [stderr]   [ 67%] Building CXX object ggml/src/CMakeFiles/ggml-cpu.dir/ggml-cpu/repack.cpp.o
[INFO] [stderr]   cd /opt/rustwide/target/debug/build/whisper-rs-sys/6644a0d166752add/out/build/ggml/src && /usr/bin/c++ -DGGML_SCHED_MAX_COPIES=4 -DGGML_USE_CPU_REPACK -D_GNU_SOURCE -D_XOPEN_SOURCE=600 -I/opt/rustwide/target/debug/build/whisper-rs-sys/6644a0d166752add/out/whisper.cpp/ggml/src/.. -I/opt/rustwide/target/debug/build/whisper-rs-sys/6644a0d166752add/out/whisper.cpp/ggml/src/. -I/opt/rustwide/target/debug/build/whisper-rs-sys/6644a0d166752add/out/whisper.cpp/ggml/src/ggml-cpu -I/opt/rustwide/target/debug/build/whisper-rs-sys/6644a0d166752add/out/whisper.cpp/ggml/src/../include -DWHISPER_DEBUG -ffunction-sections -fdata-sections -fPIC -m64 -w -O2 -g -DNDEBUG -std=gnu++17 -march=native -MD -MT ggml/src/CMakeFiles/ggml-cpu.dir/ggml-cpu/hbm.cpp.o -MF CMakeFiles/ggml-cpu.dir/ggml-cpu/hbm.cpp.o.d -o CMakeFiles/ggml-cpu.dir/ggml-cpu/hbm.cpp.o -c /opt/rustwide/target/debug/build/whisper-rs-sys/6644a0d166752add/out/whisper.cpp/ggml/src/ggml-cpu/hbm.cpp
[INFO] [stderr]   [ 71%] Building CXX object ggml/src/CMakeFiles/ggml-cpu.dir/ggml-cpu/amx/mmq.cpp.o
[INFO] [stderr]   [ 75%] Building CXX object ggml/src/CMakeFiles/ggml-cpu.dir/ggml-cpu/ops.cpp.o
[INFO] [stderr]   [ 78%] Building C object ggml/src/CMakeFiles/ggml-cpu.dir/ggml-cpu/quants.c.o
[INFO] [stderr]   cd /opt/rustwide/target/debug/build/whisper-rs-sys/6644a0d166752add/out/build/ggml/src && /usr/bin/c++ -DGGML_SCHED_MAX_COPIES=4 -DGGML_USE_CPU_REPACK -D_GNU_SOURCE -D_XOPEN_SOURCE=600 -I/opt/rustwide/target/debug/build/whisper-rs-sys/6644a0d166752add/out/whisper.cpp/ggml/src/.. -I/opt/rustwide/target/debug/build/whisper-rs-sys/6644a0d166752add/out/whisper.cpp/ggml/src/. -I/opt/rustwide/target/debug/build/whisper-rs-sys/6644a0d166752add/out/whisper.cpp/ggml/src/ggml-cpu -I/opt/rustwide/target/debug/build/whisper-rs-sys/6644a0d166752add/out/whisper.cpp/ggml/src/../include -DWHISPER_DEBUG -ffunction-sections -fdata-sections -fPIC -m64 -w -O2 -g -DNDEBUG -std=gnu++17 -march=native -MD -MT ggml/src/CMakeFiles/ggml-cpu.dir/ggml-cpu/repack.cpp.o -MF CMakeFiles/ggml-cpu.dir/ggml-cpu/repack.cpp.o.d -o CMakeFiles/ggml-cpu.dir/ggml-cpu/repack.cpp.o -c /opt/rustwide/target/debug/build/whisper-rs-sys/6644a0d166752add/out/whisper.cpp/ggml/src/ggml-cpu/repack.cpp
[INFO] [stderr]   [ 82%] Building CXX object ggml/src/CMakeFiles/ggml-cpu.dir/ggml-cpu/unary-ops.cpp.o
[INFO] [stderr]   cd /opt/rustwide/target/debug/build/whisper-rs-sys/6644a0d166752add/out/build/ggml/src && /usr/bin/cc -DGGML_SCHED_MAX_COPIES=4 -DGGML_USE_CPU_REPACK -D_GNU_SOURCE -D_XOPEN_SOURCE=600 -I/opt/rustwide/target/debug/build/whisper-rs-sys/6644a0d166752add/out/whisper.cpp/ggml/src/.. -I/opt/rustwide/target/debug/build/whisper-rs-sys/6644a0d166752add/out/whisper.cpp/ggml/src/. -I/opt/rustwide/target/debug/build/whisper-rs-sys/6644a0d166752add/out/whisper.cpp/ggml/src/ggml-cpu -I/opt/rustwide/target/debug/build/whisper-rs-sys/6644a0d166752add/out/whisper.cpp/ggml/src/../include -ffunction-sections -fdata-sections -fPIC -m64 -w -O2 -g -DNDEBUG -std=gnu11 -march=native -MD -MT ggml/src/CMakeFiles/ggml-cpu.dir/ggml-cpu/quants.c.o -MF CMakeFiles/ggml-cpu.dir/ggml-cpu/quants.c.o.d -o CMakeFiles/ggml-cpu.dir/ggml-cpu/quants.c.o -c /opt/rustwide/target/debug/build/whisper-rs-sys/6644a0d166752add/out/whisper.cpp/ggml/src/ggml-cpu/quants.c
[INFO] [stderr]   cd /opt/rustwide/target/debug/build/whisper-rs-sys/6644a0d166752add/out/build/ggml/src && /usr/bin/c++ -DGGML_SCHED_MAX_COPIES=4 -DGGML_USE_CPU_REPACK -D_GNU_SOURCE -D_XOPEN_SOURCE=600 -I/opt/rustwide/target/debug/build/whisper-rs-sys/6644a0d166752add/out/whisper.cpp/ggml/src/.. -I/opt/rustwide/target/debug/build/whisper-rs-sys/6644a0d166752add/out/whisper.cpp/ggml/src/. -I/opt/rustwide/target/debug/build/whisper-rs-sys/6644a0d166752add/out/whisper.cpp/ggml/src/ggml-cpu -I/opt/rustwide/target/debug/build/whisper-rs-sys/6644a0d166752add/out/whisper.cpp/ggml/src/../include -DWHISPER_DEBUG -ffunction-sections -fdata-sections -fPIC -m64 -w -O2 -g -DNDEBUG -std=gnu++17 -march=native -MD -MT ggml/src/CMakeFiles/ggml-cpu.dir/ggml-cpu/amx/mmq.cpp.o -MF CMakeFiles/ggml-cpu.dir/ggml-cpu/amx/mmq.cpp.o.d -o CMakeFiles/ggml-cpu.dir/ggml-cpu/amx/mmq.cpp.o -c /opt/rustwide/target/debug/build/whisper-rs-sys/6644a0d166752add/out/whisper.cpp/ggml/src/ggml-cpu/amx/mmq.cpp
[INFO] [stderr]   cd /opt/rustwide/target/debug/build/whisper-rs-sys/6644a0d166752add/out/build/ggml/src && /usr/bin/c++ -DGGML_SCHED_MAX_COPIES=4 -DGGML_USE_CPU_REPACK -D_GNU_SOURCE -D_XOPEN_SOURCE=600 -I/opt/rustwide/target/debug/build/whisper-rs-sys/6644a0d166752add/out/whisper.cpp/ggml/src/.. -I/opt/rustwide/target/debug/build/whisper-rs-sys/6644a0d166752add/out/whisper.cpp/ggml/src/. -I/opt/rustwide/target/debug/build/whisper-rs-sys/6644a0d166752add/out/whisper.cpp/ggml/src/ggml-cpu -I/opt/rustwide/target/debug/build/whisper-rs-sys/6644a0d166752add/out/whisper.cpp/ggml/src/../include -DWHISPER_DEBUG -ffunction-sections -fdata-sections -fPIC -m64 -w -O2 -g -DNDEBUG -std=gnu++17 -march=native -MD -MT ggml/src/CMakeFiles/ggml-cpu.dir/ggml-cpu/unary-ops.cpp.o -MF CMakeFiles/ggml-cpu.dir/ggml-cpu/unary-ops.cpp.o.d -o CMakeFiles/ggml-cpu.dir/ggml-cpu/unary-ops.cpp.o -c /opt/rustwide/target/debug/build/whisper-rs-sys/6644a0d166752add/out/whisper.cpp/ggml/src/ggml-cpu/unary-ops.cpp
[INFO] [stderr]   cd /opt/rustwide/target/debug/build/whisper-rs-sys/6644a0d166752add/out/build/ggml/src && /usr/bin/c++ -DGGML_SCHED_MAX_COPIES=4 -DGGML_USE_CPU_REPACK -D_GNU_SOURCE -D_XOPEN_SOURCE=600 -I/opt/rustwide/target/debug/build/whisper-rs-sys/6644a0d166752add/out/whisper.cpp/ggml/src/.. -I/opt/rustwide/target/debug/build/whisper-rs-sys/6644a0d166752add/out/whisper.cpp/ggml/src/. -I/opt/rustwide/target/debug/build/whisper-rs-sys/6644a0d166752add/out/whisper.cpp/ggml/src/ggml-cpu -I/opt/rustwide/target/debug/build/whisper-rs-sys/6644a0d166752add/out/whisper.cpp/ggml/src/../include -DWHISPER_DEBUG -ffunction-sections -fdata-sections -fPIC -m64 -w -O2 -g -DNDEBUG -std=gnu++17 -march=native -MD -MT ggml/src/CMakeFiles/ggml-cpu.dir/ggml-cpu/ops.cpp.o -MF CMakeFiles/ggml-cpu.dir/ggml-cpu/ops.cpp.o.d -o CMakeFiles/ggml-cpu.dir/ggml-cpu/ops.cpp.o -c /opt/rustwide/target/debug/build/whisper-rs-sys/6644a0d166752add/out/whisper.cpp/ggml/src/ggml-cpu/ops.cpp
[INFO] [stderr]   gmake[2]: Leaving directory '/opt/rustwide/target/debug/build/whisper-rs-sys/6644a0d166752add/out/build'
[INFO] [stderr]   gmake[1]: Leaving directory '/opt/rustwide/target/debug/build/whisper-rs-sys/6644a0d166752add/out/build'
[INFO] [stderr] 
[INFO] [stderr] 
[INFO] [stderr]   --- stderr
[INFO] [stderr]   error: 'rustfmt' is not installed for the custom toolchain '3154cc1a3e6424e44f438a95007d043ed5ceaaf6'.
[INFO] [stderr]   note: this is a custom toolchain, which cannot use `rustup component add`
[INFO] [stderr]   help: if you built this toolchain from source, and used `rustup toolchain link`, then you may be able to build the component with `x.py`
[INFO] [stderr]   Failed to run rustfmt: Internal rustfmt error (non-fatal, continuing)
[INFO] [stderr]   running: cd "/opt/rustwide/target/debug/build/whisper-rs-sys/6644a0d166752add/out/build" && CMAKE_PREFIX_PATH="" LC_ALL="C" "cmake" "-Wdev" "--debug-output" "/opt/rustwide/target/debug/build/whisper-rs-sys/6644a0d166752add/out/whisper.cpp" "-B" "/opt/rustwide/target/debug/build/whisper-rs-sys/6644a0d166752add/out/build" "-DBUILD_SHARED_LIBS=OFF" "-DWHISPER_ALL_WARNINGS=OFF" "-DWHISPER_ALL_WARNINGS_3RD_PARTY=OFF" "-DWHISPER_BUILD_TESTS=OFF" "-DWHISPER_BUILD_EXAMPLES=OFF" "-DGGML_METAL=OFF" "-DCMAKE_BUILD_TYPE=RelWithDebInfo" "-DGGML_OPENMP=OFF" "-DCMAKE_INSTALL_PREFIX=/opt/rustwide/target/debug/build/whisper-rs-sys/6644a0d166752add/out" "-DCMAKE_C_FLAGS= -ffunction-sections -fdata-sections -fPIC -m64 -w" "-DCMAKE_C_COMPILER=/usr/bin/cc" "-DCMAKE_CXX_FLAGS= -DWHISPER_DEBUG -ffunction-sections -fdata-sections -fPIC -m64 -w" "-DCMAKE_CXX_COMPILER=/usr/bin/c++" "-DCMAKE_ASM_FLAGS= -ffunction-sections -fdata-sections -fPIC -m64 -w" "-DCMAKE_ASM_COMPILER=/usr/bin/cc" "-DCMAKE_VERBOSE_MAKEFILE:BOOL=ON"
[INFO] [stderr]   CMake Deprecation Warning at CMakeLists.txt:1 (cmake_minimum_required):
[INFO] [stderr]     Compatibility with CMake < 3.10 will be removed from a future version of
[INFO] [stderr]     CMake.
[INFO] [stderr] 
[INFO] [stderr]     Update the VERSION argument <min> value.  Or, use the <min>...<max> syntax
[INFO] [stderr]     to tell CMake that the project requires at least <min> but has been updated
[INFO] [stderr]     to work with policies introduced by <max> or earlier.
[INFO] [stderr] 
[INFO] [stderr] 
[INFO] [stderr]      Called from: [1]	/opt/rustwide/target/debug/build/whisper-rs-sys/6644a0d166752add/out/whisper.cpp/CMakeLists.txt
[INFO] [stderr]   CMake Warning (dev) at /usr/share/cmake-4.2/Modules/CMakeDetermineCompiler.cmake:128 (set):
[INFO] [stderr]     Policy CMP0126 is not set: set(CACHE) does not remove a normal variable of
[INFO] [stderr]     the same name.  Run "cmake --help-policy CMP0126" for policy details.  Use
[INFO] [stderr]     the cmake_policy command to set the policy and suppress this warning.
[INFO] [stderr] 
[INFO] [stderr]     For compatibility with older versions of CMake, normal variable
[INFO] [stderr]     "CMAKE_C_COMPILER" will be removed from the current scope.
[INFO] [stderr]   Call Stack (most recent call first):
[INFO] [stderr]     /usr/share/cmake-4.2/Modules/CMakeDetermineCCompiler.cmake:67 (_cmake_find_compiler_path)
[INFO] [stderr]     CMakeLists.txt:2 (project)
[INFO] [stderr]   This warning is for project developers.  Use -Wno-dev to suppress it.
[INFO] [stderr] 
[INFO] [stderr]      Called from: [3]	/opt/rustwide/target/debug/build/whisper-rs-sys/6644a0d166752add/out/whisper.cpp/CMakeLists.txt
[INFO] [stderr]                   [2]	/usr/share/cmake-4.2/Modules/CMakeDetermineCCompiler.cmake
[INFO] [stderr]                   [1]	/usr/share/cmake-4.2/Modules/CMakeDetermineCompiler.cmake
[INFO] [stderr]   CMake Warning (dev) at /usr/share/cmake-4.2/Modules/CMakeDetermineCompiler.cmake:128 (set):
[INFO] [stderr]     Policy CMP0126 is not set: set(CACHE) does not remove a normal variable of
[INFO] [stderr]     the same name.  Run "cmake --help-policy CMP0126" for policy details.  Use
[INFO] [stderr]     the cmake_policy command to set the policy and suppress this warning.
[INFO] [stderr] 
[INFO] [stderr]     For compatibility with older versions of CMake, normal variable
[INFO] [stderr]     "CMAKE_CXX_COMPILER" will be removed from the current scope.
[INFO] [stderr]   Call Stack (most recent call first):
[INFO] [stderr]     /usr/share/cmake-4.2/Modules/CMakeDetermineCXXCompiler.cmake:71 (_cmake_find_compiler_path)
[INFO] [stderr]     CMakeLists.txt:2 (project)
[INFO] [stderr]   This warning is for project developers.  Use -Wno-dev to suppress it.
[INFO] [stderr] 
[INFO] [stderr]      Called from: [3]	/opt/rustwide/target/debug/build/whisper-rs-sys/6644a0d166752add/out/whisper.cpp/CMakeLists.txt
[INFO] [stderr]                   [2]	/usr/share/cmake-4.2/Modules/CMakeDetermineCXXCompiler.cmake
[INFO] [stderr]                   [1]	/usr/share/cmake-4.2/Modules/CMakeDetermineCompiler.cmake
[INFO] [stderr]   CMake Warning (dev) at /usr/share/cmake-4.2/Modules/CMakeFindBinUtils.cmake:243 (find_program):
[INFO] [stderr]     Policy CMP0126 is not set: set(CACHE) does not remove a normal variable of
[INFO] [stderr]     the same name.  Run "cmake --help-policy CMP0126" for policy details.  Use
[INFO] [stderr]     the cmake_policy command to set the policy and suppress this warning.
[INFO] [stderr] 
[INFO] [stderr]     For compatibility with older versions of CMake, normal variable
[INFO] [stderr]     "CMAKE_TAPI" will be removed from the current scope.
[INFO] [stderr]   Call Stack (most recent call first):
[INFO] [stderr]     /usr/share/cmake-4.2/Modules/CMakeDetermineCXXCompiler.cmake:206 (include)
[INFO] [stderr]     CMakeLists.txt:2 (project)
[INFO] [stderr]   This warning is for project developers.  Use -Wno-dev to suppress it.
[INFO] [stderr] 
[INFO] [stderr]      Called from: [3]	/opt/rustwide/target/debug/build/whisper-rs-sys/6644a0d166752add/out/whisper.cpp/CMakeLists.txt
[INFO] [stderr]                   [2]	/usr/share/cmake-4.2/Modules/CMakeDetermineCXXCompiler.cmake
[INFO] [stderr]                   [1]	/usr/share/cmake-4.2/Modules/CMakeFindBinUtils.cmake
[INFO] [stderr]   CMake Warning (dev) at /usr/share/cmake-4.2/Modules/CMakeDetermineCompilerABI.cmake:83 (try_compile):
[INFO] [stderr]     Policy CMP0066 is not set: Honor per-config flags in try_compile()
[INFO] [stderr]     source-file signature.  Run "cmake --help-policy CMP0066" for policy
[INFO] [stderr]     details.  Use the cmake_policy command to set the policy and suppress this
[INFO] [stderr]     warning.
[INFO] [stderr] 
[INFO] [stderr]     For compatibility with older versions of CMake, try_compile is not honoring
[INFO] [stderr]     caller config-specific compiler flags (e.g.  CMAKE_C_FLAGS_DEBUG) in the
[INFO] [stderr]     test project.
[INFO] [stderr]   Call Stack (most recent call first):
[INFO] [stderr]     /usr/share/cmake-4.2/Modules/CMakeTestCCompiler.cmake:26 (CMAKE_DETERMINE_COMPILER_ABI)
[INFO] [stderr]     CMakeLists.txt:2 (project)
[INFO] [stderr]   This warning is for project developers.  Use -Wno-dev to suppress it.
[INFO] [stderr] 
[INFO] [stderr]      Called from: [3]	/opt/rustwide/target/debug/build/whisper-rs-sys/6644a0d166752add/out/whisper.cpp/CMakeLists.txt
[INFO] [stderr]                   [2]	/usr/share/cmake-4.2/Modules/CMakeTestCCompiler.cmake
[INFO] [stderr]                   [1]	/usr/share/cmake-4.2/Modules/CMakeDetermineCompilerABI.cmake
[INFO] [stderr]   CMake Warning (dev) at /usr/share/cmake-4.2/Modules/CMakeDetermineCompilerABI.cmake:83 (try_compile):
[INFO] [stderr]     Policy CMP0066 is not set: Honor per-config flags in try_compile()
[INFO] [stderr]     source-file signature.  Run "cmake --help-policy CMP0066" for policy
[INFO] [stderr]     details.  Use the cmake_policy command to set the policy and suppress this
[INFO] [stderr]     warning.
[INFO] [stderr] 
[INFO] [stderr]     For compatibility with older versions of CMake, try_compile is not honoring
[INFO] [stderr]     caller config-specific compiler flags (e.g.  CMAKE_C_FLAGS_DEBUG) in the
[INFO] [stderr]     test project.
[INFO] [stderr]   Call Stack (most recent call first):
[INFO] [stderr]     /usr/share/cmake-4.2/Modules/CMakeTestCXXCompiler.cmake:26 (CMAKE_DETERMINE_COMPILER_ABI)
[INFO] [stderr]     CMakeLists.txt:2 (project)
[INFO] [stderr]   This warning is for project developers.  Use -Wno-dev to suppress it.
[INFO] [stderr] 
[INFO] [stderr]      Called from: [3]	/opt/rustwide/target/debug/build/whisper-rs-sys/6644a0d166752add/out/whisper.cpp/CMakeLists.txt
[INFO] [stderr]                   [2]	/usr/share/cmake-4.2/Modules/CMakeTestCXXCompiler.cmake
[INFO] [stderr]                   [1]	/usr/share/cmake-4.2/Modules/CMakeDetermineCompilerABI.cmake
[INFO] [stderr]   fatal: not a git repository (or any parent up to mount point /opt/rustwide)
[INFO] [stderr]   Stopping at filesystem boundary (GIT_DISCOVERY_ACROSS_FILESYSTEM not set).
[INFO] [stderr]   fatal: not a git repository (or any parent up to mount point /opt/rustwide)
[INFO] [stderr]   Stopping at filesystem boundary (GIT_DISCOVERY_ACROSS_FILESYSTEM not set).
[INFO] [stderr]      Entering             /opt/rustwide/target/debug/build/whisper-rs-sys/6644a0d166752add/out/whisper.cpp/ggml
[INFO] [stderr]      Called from: [1]	/opt/rustwide/target/debug/build/whisper-rs-sys/6644a0d166752add/out/whisper.cpp/CMakeLists.txt
[INFO] [stderr]   CMake Warning (dev) at /usr/share/cmake-4.2/Modules/CMakeDetermineCompiler.cmake:128 (set):
[INFO] [stderr]     Policy CMP0126 is not set: set(CACHE) does not remove a normal variable of
[INFO] [stderr]     the same name.  Run "cmake --help-policy CMP0126" for policy details.  Use
[INFO] [stderr]     the cmake_policy command to set the policy and suppress this warning.
[INFO] [stderr] 
[INFO] [stderr]     For compatibility with older versions of CMake, normal variable
[INFO] [stderr]     "CMAKE_ASM_COMPILER" will be removed from the current scope.
[INFO] [stderr]   Call Stack (most recent call first):
[INFO] [stderr]     /usr/share/cmake-4.2/Modules/CMakeDetermineASMCompiler.cmake:64 (_cmake_find_compiler_path)
[INFO] [stderr]     ggml/CMakeLists.txt:2 (project)
[INFO] [stderr]   This warning is for project developers.  Use -Wno-dev to suppress it.
[INFO] [stderr] 
[INFO] [stderr]      Called from: [3]	/opt/rustwide/target/debug/build/whisper-rs-sys/6644a0d166752add/out/whisper.cpp/ggml/CMakeLists.txt
[INFO] [stderr]                   [2]	/usr/share/cmake-4.2/Modules/CMakeDetermineASMCompiler.cmake
[INFO] [stderr]                   [1]	/usr/share/cmake-4.2/Modules/CMakeDetermineCompiler.cmake
[INFO] [stderr]   CMake Warning (dev) at /usr/share/cmake-4.2/Modules/CMakeFindBinUtils.cmake:243 (find_program):
[INFO] [stderr]     Policy CMP0126 is not set: set(CACHE) does not remove a normal variable of
[INFO] [stderr]     the same name.  Run "cmake --help-policy CMP0126" for policy details.  Use
[INFO] [stderr]     the cmake_policy command to set the policy and suppress this warning.
[INFO] [stderr] 
[INFO] [stderr]     For compatibility with older versions of CMake, normal variable
[INFO] [stderr]     "CMAKE_TAPI" will be removed from the current scope.
[INFO] [stderr]   Call Stack (most recent call first):
[INFO] [stderr]     /usr/share/cmake-4.2/Modules/CMakeDetermineASMCompiler.cmake:267 (include)
[INFO] [stderr]     ggml/CMakeLists.txt:2 (project)
[INFO] [stderr]   This warning is for project developers.  Use -Wno-dev to suppress it.
[INFO] [stderr] 
[INFO] [stderr]      Called from: [3]	/opt/rustwide/target/debug/build/whisper-rs-sys/6644a0d166752add/out/whisper.cpp/ggml/CMakeLists.txt
[INFO] [stderr]                   [2]	/usr/share/cmake-4.2/Modules/CMakeDetermineASMCompiler.cmake
[INFO] [stderr]                   [1]	/usr/share/cmake-4.2/Modules/CMakeFindBinUtils.cmake
[INFO] [stderr]      Entering             /opt/rustwide/target/debug/build/whisper-rs-sys/6644a0d166752add/out/whisper.cpp/ggml/src
[INFO] [stderr]      Called from: [1]	/opt/rustwide/target/debug/build/whisper-rs-sys/6644a0d166752add/out/whisper.cpp/ggml/CMakeLists.txt
[INFO] [stderr]      Entering             /opt/rustwide/target/debug/build/whisper-rs-sys/6644a0d166752add/out/whisper.cpp/ggml/src/ggml-cpu
[INFO] [stderr]      Called from: [2]	/opt/rustwide/target/debug/build/whisper-rs-sys/6644a0d166752add/out/whisper.cpp/ggml/src/CMakeLists.txt
[INFO] [stderr]                   [1]	/opt/rustwide/target/debug/build/whisper-rs-sys/6644a0d166752add/out/whisper.cpp/ggml/src/CMakeLists.txt
[INFO] [stderr]      Returning to         /opt/rustwide/target/debug/build/whisper-rs-sys/6644a0d166752add/out/whisper.cpp/ggml/src
[INFO] [stderr]      Called from: [2]	/opt/rustwide/target/debug/build/whisper-rs-sys/6644a0d166752add/out/whisper.cpp/ggml/src/CMakeLists.txt
[INFO] [stderr]                   [1]	/opt/rustwide/target/debug/build/whisper-rs-sys/6644a0d166752add/out/whisper.cpp/ggml/src/CMakeLists.txt
[INFO] [stderr]      Returning to         /opt/rustwide/target/debug/build/whisper-rs-sys/6644a0d166752add/out/whisper.cpp/ggml
[INFO] [stderr]      Called from: [1]	/opt/rustwide/target/debug/build/whisper-rs-sys/6644a0d166752add/out/whisper.cpp/ggml/CMakeLists.txt
[INFO] [stderr]      Returning to         /opt/rustwide/target/debug/build/whisper-rs-sys/6644a0d166752add/out/whisper.cpp
[INFO] [stderr]      Called from: [1]	/opt/rustwide/target/debug/build/whisper-rs-sys/6644a0d166752add/out/whisper.cpp/CMakeLists.txt
[INFO] [stderr]      Entering             /opt/rustwide/target/debug/build/whisper-rs-sys/6644a0d166752add/out/whisper.cpp/src
[INFO] [stderr]      Called from: [1]	/opt/rustwide/target/debug/build/whisper-rs-sys/6644a0d166752add/out/whisper.cpp/CMakeLists.txt
[INFO] [stderr]      Returning to         /opt/rustwide/target/debug/build/whisper-rs-sys/6644a0d166752add/out/whisper.cpp
[INFO] [stderr]      Called from: [1]	/opt/rustwide/target/debug/build/whisper-rs-sys/6644a0d166752add/out/whisper.cpp/CMakeLists.txt
[INFO] [stderr]   CMake Warning (dev) in ggml/CMakeLists.txt:
[INFO] [stderr]     Policy CMP0200 is not set: Location and configuration selection for
[INFO] [stderr]     imported targets is more consistent.  Run "cmake --help-policy CMP0200" for
[INFO] [stderr]     policy details.  Use the cmake_policy command to set the policy and
[INFO] [stderr]     suppress this warning.
[INFO] [stderr] 
[INFO] [stderr]     Configuration selection for imported target "Threads::Threads" selected
[INFO] [stderr]     configuration "(none)", but would select configuration "RELWITHDEBINFO"
[INFO] [stderr]     under the NEW policy.
[INFO] [stderr] 
[INFO] [stderr]   This warning is for project developers.  Use -Wno-dev to suppress it.
[INFO] [stderr] 
[INFO] [stderr]   CMake Warning (dev) in src/CMakeLists.txt:
[INFO] [stderr]     Policy CMP0200 is not set: Location and configuration selection for
[INFO] [stderr]     imported targets is more consistent.  Run "cmake --help-policy CMP0200" for
[INFO] [stderr]     policy details.  Use the cmake_policy command to set the policy and
[INFO] [stderr]     suppress this warning.
[INFO] [stderr] 
[INFO] [stderr]     Configuration selection for imported target "Threads::Threads" selected
[INFO] [stderr]     configuration "(none)", but would select configuration "RELWITHDEBINFO"
[INFO] [stderr]     under the NEW policy.
[INFO] [stderr] 
[INFO] [stderr]   This warning is for project developers.  Use -Wno-dev to suppress it.
[INFO] [stderr] 
[INFO] [stderr]   CMake Warning (dev) in CMakeLists.txt:
[INFO] [stderr]     Policy CMP0082 is not set: Install rules from add_subdirectory() are
[INFO] [stderr]     interleaved with those in caller.  Run "cmake --help-policy CMP0082" for
[INFO] [stderr]     policy details.  Use the cmake_policy command to set the policy and
[INFO] [stderr]     suppress this warning.
[INFO] [stderr] 
[INFO] [stderr]   This warning is for project developers.  Use -Wno-dev to suppress it.
[INFO] [stderr] 
[INFO] [stderr]      Called from: [1]	/opt/rustwide/target/debug/build/whisper-rs-sys/6644a0d166752add/out/whisper.cpp/CMakeLists.txt
[INFO] [stderr]   CMake Warning (dev) at ggml/src/CMakeLists.txt:192 (add_library):
[INFO] [stderr]     Policy CMP0156 is not set: De-duplicate libraries on link lines based on
[INFO] [stderr]     linker capabilities.  Run "cmake --help-policy CMP0156" for policy details.
[INFO] [stderr]     Use the cmake_policy command to set the policy and suppress this warning.
[INFO] [stderr] 
[INFO] [stderr]     Since the policy is not set, legacy libraries de-duplication strategy will
[INFO] [stderr]     be applied.
[INFO] [stderr]   This warning is for project developers.  Use -Wno-dev to suppress it.
[INFO] [stderr] 
[INFO] [stderr]      Called from: [1]	/opt/rustwide/target/debug/build/whisper-rs-sys/6644a0d166752add/out/whisper.cpp/ggml/src/CMakeLists.txt
[INFO] [stderr]   CMake Warning (dev) at ggml/src/CMakeLists.txt:259 (add_library):
[INFO] [stderr]     Policy CMP0156 is not set: De-duplicate libraries on link lines based on
[INFO] [stderr]     linker capabilities.  Run "cmake --help-policy CMP0156" for policy details.
[INFO] [stderr]     Use the cmake_policy command to set the policy and suppress this warning.
[INFO] [stderr] 
[INFO] [stderr]     Since the policy is not set, legacy libraries de-duplication strategy will
[INFO] [stderr]     be applied.
[INFO] [stderr]   Call Stack (most recent call first):
[INFO] [stderr]     ggml/src/ggml-cpu/CMakeLists.txt:22 (ggml_add_backend_library)
[INFO] [stderr]     ggml/src/CMakeLists.txt:444 (ggml_add_cpu_backend_variant_impl)
[INFO] [stderr]   This warning is for project developers.  Use -Wno-dev to suppress it.
[INFO] [stderr] 
[INFO] [stderr]      Called from: [1]	/opt/rustwide/target/debug/build/whisper-rs-sys/6644a0d166752add/out/whisper.cpp/ggml/src/CMakeLists.txt
[INFO] [stderr]   CMake Warning (dev) at ggml/src/CMakeLists.txt:224 (add_library):
[INFO] [stderr]     Policy CMP0156 is not set: De-duplicate libraries on link lines based on
[INFO] [stderr]     linker capabilities.  Run "cmake --help-policy CMP0156" for policy details.
[INFO] [stderr]     Use the cmake_policy command to set the policy and suppress this warning.
[INFO] [stderr] 
[INFO] [stderr]     Since the policy is not set, legacy libraries de-duplication strategy will
[INFO] [stderr]     be applied.
[INFO] [stderr]   This warning is for project developers.  Use -Wno-dev to suppress it.
[INFO] [stderr] 
[INFO] [stderr]      Called from: [1]	/opt/rustwide/target/debug/build/whisper-rs-sys/6644a0d166752add/out/whisper.cpp/ggml/src/CMakeLists.txt
[INFO] [stderr]   CMake Warning (dev) at src/CMakeLists.txt:106 (add_library):
[INFO] [stderr]     Policy CMP0156 is not set: De-duplicate libraries on link lines based on
[INFO] [stderr]     linker capabilities.  Run "cmake --help-policy CMP0156" for policy details.
[INFO] [stderr]     Use the cmake_policy command to set the policy and suppress this warning.
[INFO] [stderr] 
[INFO] [stderr]     Since the policy is not set, legacy libraries de-duplication strategy will
[INFO] [stderr]     be applied.
[INFO] [stderr]   This warning is for project developers.  Use -Wno-dev to suppress it.
[INFO] [stderr] 
[INFO] [stderr]      Called from: [1]	/opt/rustwide/target/debug/build/whisper-rs-sys/6644a0d166752add/out/whisper.cpp/src/CMakeLists.txt
[INFO] [stderr]   running: cd "/opt/rustwide/target/debug/build/whisper-rs-sys/6644a0d166752add/out/build" && LC_ALL="C" MAKEFLAGS="-j --jobserver-fds=4,5 --jobserver-auth=4,5" "cmake" "--build" "/opt/rustwide/target/debug/build/whisper-rs-sys/6644a0d166752add/out/build" "--target" "install" "--config" "Release"
[INFO] [stderr]   c++: fatal error: Killed signal terminated program cc1plus
[INFO] [stderr]   compilation terminated.
[INFO] [stderr]   gmake[2]: *** [ggml/src/CMakeFiles/ggml-cpu.dir/build.make:236: ggml/src/CMakeFiles/ggml-cpu.dir/ggml-cpu/ops.cpp.o] Error 1
[INFO] [stderr]   gmake[2]: *** Waiting for unfinished jobs....
[INFO] [stderr]   c++: fatal error: Killed signal terminated program cc1plus
[INFO] [stderr]   compilation terminated.
[INFO] [stderr]   gmake[2]: *** [ggml/src/CMakeFiles/ggml-cpu.dir/build.make:96: ggml/src/CMakeFiles/ggml-cpu.dir/ggml-cpu/ggml-cpu.cpp.o] Error 1
[INFO] [stderr]   c++: fatal error: Killed signal terminated program cc1plus
[INFO] [stderr]   compilation terminated.
[INFO] [stderr]   gmake[2]: *** [ggml/src/CMakeFiles/ggml-cpu.dir/build.make:264: ggml/src/CMakeFiles/ggml-cpu.dir/ggml-cpu/arch/x86/repack.cpp.o] Error 1
[INFO] [stderr]   c++: fatal error: Killed signal terminated program cc1plus
[INFO] [stderr]   compilation terminated.
[INFO] [stderr]   gmake[2]: *** [ggml/src/CMakeFiles/ggml-cpu.dir/build.make:152: ggml/src/CMakeFiles/ggml-cpu.dir/ggml-cpu/traits.cpp.o] Error 1
[INFO] [stderr]   c++: fatal error: Killed signal terminated program cc1plus
[INFO] [stderr]   compilation terminated.
[INFO] [stderr]   gmake[2]: *** [ggml/src/CMakeFiles/ggml-cpu.dir/build.make:166: ggml/src/CMakeFiles/ggml-cpu.dir/ggml-cpu/amx/amx.cpp.o] Error 1
[INFO] [stderr]   c++: fatal error: Killed signal terminated program cc1plus
[INFO] [stderr]   compilation terminated.
[INFO] [stderr]   gmake[2]: *** [ggml/src/CMakeFiles/ggml-cpu.dir/build.make:180: ggml/src/CMakeFiles/ggml-cpu.dir/ggml-cpu/amx/mmq.cpp.o] Error 1
[INFO] [stderr]   c++: fatal error: Killed signal terminated program cc1plus
[INFO] [stderr]   compilation terminated.
[INFO] [stderr]   gmake[2]: *** [ggml/src/CMakeFiles/ggml-cpu.dir/build.make:208: ggml/src/CMakeFiles/ggml-cpu.dir/ggml-cpu/unary-ops.cpp.o] Error 1
[INFO] [stderr]   gmake[1]: *** [CMakeFiles/Makefile2:244: ggml/src/CMakeFiles/ggml-cpu.dir/all] Error 2
[INFO] [stderr]   gmake: *** [Makefile:139: all] Error 2
[INFO] [stderr] 
[INFO] [stderr]   thread 'main' (1678) panicked at /opt/rustwide/cargo-home/registry/src/index.crates.io-1949cf8c6b5b557f/cmake-0.1.58/src/lib.rs:1132:5:
[INFO] [stderr] 
[INFO] [stderr]   command did not execute successfully, got: exit status: 2
[INFO] [stderr] 
[INFO] [stderr]   build script failed, must exit now
[INFO] [stderr]   stack backtrace:
[INFO] [stderr]      0:     0x64fc68400f11 - std[3164a59e47d3bde]::backtrace_rs::backtrace::libunwind::trace
[INFO] [stderr]                                  at /rustc/3154cc1a3e6424e44f438a95007d043ed5ceaaf6/library/std/src/../../backtrace/src/backtrace/libunwind.rs:117:9
[INFO] [stderr]      1:     0x64fc68400f11 - std[3164a59e47d3bde]::backtrace_rs::backtrace::trace_unsynchronized::<std[3164a59e47d3bde]::sys::backtrace::_print_fmt::{closure#1}>
[INFO] [stderr]                                  at /rustc/3154cc1a3e6424e44f438a95007d043ed5ceaaf6/library/std/src/../../backtrace/src/backtrace/mod.rs:66:14
[INFO] [stderr]      2:     0x64fc68400f11 - std[3164a59e47d3bde]::sys::backtrace::_print_fmt
[INFO] [stderr]                                  at /rustc/3154cc1a3e6424e44f438a95007d043ed5ceaaf6/library/std/src/sys/backtrace.rs:74:9
[INFO] [stderr]      3:     0x64fc68400f11 - <<std[3164a59e47d3bde]::sys::backtrace::BacktraceLock>::print::DisplayBacktrace as core[934024a1e6126fb4]::fmt::Display>::fmt
[INFO] [stderr]                                  at /rustc/3154cc1a3e6424e44f438a95007d043ed5ceaaf6/library/std/src/sys/backtrace.rs:44:26
[INFO] [stderr]      4:     0x64fc6841915a - <core[934024a1e6126fb4]::fmt::rt::Argument>::fmt
[INFO] [stderr]                                  at /rustc/3154cc1a3e6424e44f438a95007d043ed5ceaaf6/library/core/src/fmt/rt.rs:152:76
[INFO] [stderr]      5:     0x64fc6841915a - core[934024a1e6126fb4]::fmt::write
[INFO] [stderr]      6:     0x64fc684074dc - core[934024a1e6126fb4]::io::write::default_write_fmt::<std[3164a59e47d3bde]::sys::stdio::unix::Stderr>
[INFO] [stderr]                                  at /rustc/3154cc1a3e6424e44f438a95007d043ed5ceaaf6/library/core/src/io/write.rs:402:11
[INFO] [stderr]      7:     0x64fc684074dc - <std[3164a59e47d3bde]::sys::stdio::unix::Stderr as core[934024a1e6126fb4]::io::write::Write>::write_fmt
[INFO] [stderr]                                  at /rustc/3154cc1a3e6424e44f438a95007d043ed5ceaaf6/library/core/src/io/write.rs:335:13
[INFO] [stderr]      8:     0x64fc683da3b6 - <std[3164a59e47d3bde]::sys::backtrace::BacktraceLock>::print
[INFO] [stderr]                                  at /rustc/3154cc1a3e6424e44f438a95007d043ed5ceaaf6/library/std/src/sys/backtrace.rs:47:9
[INFO] [stderr]      9:     0x64fc683da3b6 - std[3164a59e47d3bde]::panicking::default_hook::{closure#0}
[INFO] [stderr]                                  at /rustc/3154cc1a3e6424e44f438a95007d043ed5ceaaf6/library/std/src/panicking.rs:289:27
[INFO] [stderr]     10:     0x64fc683f7b21 - std[3164a59e47d3bde]::panicking::default_hook
[INFO] [stderr]                                  at /rustc/3154cc1a3e6424e44f438a95007d043ed5ceaaf6/library/std/src/panicking.rs:316:9
[INFO] [stderr]     11:     0x64fc683f7e4b - std[3164a59e47d3bde]::panicking::panic_with_hook
[INFO] [stderr]                                  at /rustc/3154cc1a3e6424e44f438a95007d043ed5ceaaf6/library/std/src/panicking.rs:811:13
[INFO] [stderr]     12:     0x64fc683da462 - std[3164a59e47d3bde]::panicking::panic_handler::{closure#0}
[INFO] [stderr]                                  at /rustc/3154cc1a3e6424e44f438a95007d043ed5ceaaf6/library/std/src/panicking.rs:685:13
[INFO] [stderr]     13:     0x64fc683d2fe9 - std[3164a59e47d3bde]::sys::backtrace::__rust_end_short_backtrace::<std[3164a59e47d3bde]::panicking::panic_handler::{closure#0}, !>
[INFO] [stderr]                                  at /rustc/3154cc1a3e6424e44f438a95007d043ed5ceaaf6/library/std/src/sys/backtrace.rs:182:18
[INFO] [stderr]     14:     0x64fc683db05d - __rustc[2e7b49d4226056d3]::rust_begin_unwind
[INFO] [stderr]                                  at /rustc/3154cc1a3e6424e44f438a95007d043ed5ceaaf6/library/std/src/panicking.rs:676:5
[INFO] [stderr]     15:     0x64fc684199fc - core[934024a1e6126fb4]::panicking::panic_fmt
[INFO] [stderr]                                  at /rustc/3154cc1a3e6424e44f438a95007d043ed5ceaaf6/library/core/src/panicking.rs:80:14
[INFO] [stderr]     16:     0x64fc67e44927 - cmake[6f41a9355e352c40]::fail
[INFO] [stderr]     17:     0x64fc67e445b3 - cmake[6f41a9355e352c40]::run
[INFO] [stderr]     18:     0x64fc67e4a5b5 - <cmake[6f41a9355e352c40]::Config>::build
[INFO] [stderr]     19:     0x64fc67e31bba - build_script_build[d0c087f8a22fcf30]::main
[INFO] [stderr]     20:     0x64fc67e35303 - <fn() as core[934024a1e6126fb4]::ops::function::FnOnce<()>>::call_once
[INFO] [stderr]     21:     0x64fc67e2fa66 - std[3164a59e47d3bde]::sys::backtrace::__rust_begin_short_backtrace::<fn(), ()>
[INFO] [stderr]     22:     0x64fc67e2fbe9 - std[3164a59e47d3bde]::rt::lang_start::<()>::{closure#0}
[INFO] [stderr]     23:     0x64fc683f6e18 - <&dyn core[934024a1e6126fb4]::ops::function::Fn<(), Output = i32> + core[934024a1e6126fb4]::marker::Sync + core[934024a1e6126fb4]::panic::unwind_safe::RefUnwindSafe as core[934024a1e6126fb4]::ops::function::FnOnce<()>>::call_once
[INFO] [stderr]                                  at /rustc/3154cc1a3e6424e44f438a95007d043ed5ceaaf6/library/core/src/ops/function.rs:287:21
[INFO] [stderr]     24:     0x64fc683f6e18 - std[3164a59e47d3bde]::panicking::catch_unwind::do_call::<&dyn core[934024a1e6126fb4]::ops::function::Fn<(), Output = i32> + core[934024a1e6126fb4]::marker::Sync + core[934024a1e6126fb4]::panic::unwind_safe::RefUnwindSafe, i32>
[INFO] [stderr]                                  at /rustc/3154cc1a3e6424e44f438a95007d043ed5ceaaf6/library/std/src/panicking.rs:573:43
[INFO] [stderr]     25:     0x64fc683f6e18 - std[3164a59e47d3bde]::panicking::catch_unwind::<i32, &dyn core[934024a1e6126fb4]::ops::function::Fn<(), Output = i32> + core[934024a1e6126fb4]::marker::Sync + core[934024a1e6126fb4]::panic::unwind_safe::RefUnwindSafe>
[INFO] [stderr]                                  at /rustc/3154cc1a3e6424e44f438a95007d043ed5ceaaf6/library/std/src/panicking.rs:541:19
[INFO] [stderr]     26:     0x64fc683f6e18 - std[3164a59e47d3bde]::panic::catch_unwind::<&dyn core[934024a1e6126fb4]::ops::function::Fn<(), Output = i32> + core[934024a1e6126fb4]::marker::Sync + core[934024a1e6126fb4]::panic::unwind_safe::RefUnwindSafe, i32>
[INFO] [stderr]                                  at /rustc/3154cc1a3e6424e44f438a95007d043ed5ceaaf6/library/std/src/panic.rs:359:14
[INFO] [stderr]     27:     0x64fc683f6e18 - std[3164a59e47d3bde]::rt::lang_start_internal::{closure#0}
[INFO] [stderr]                                  at /rustc/3154cc1a3e6424e44f438a95007d043ed5ceaaf6/library/std/src/rt.rs:175:24
[INFO] [stderr]     28:     0x64fc683f6e18 - std[3164a59e47d3bde]::panicking::catch_unwind::do_call::<std[3164a59e47d3bde]::rt::lang_start_internal::{closure#0}, isize>
[INFO] [stderr]                                  at /rustc/3154cc1a3e6424e44f438a95007d043ed5ceaaf6/library/std/src/panicking.rs:573:43
[INFO] [stderr]     29:     0x64fc683f6e18 - std[3164a59e47d3bde]::panicking::catch_unwind::<isize, std[3164a59e47d3bde]::rt::lang_start_internal::{closure#0}>
[INFO] [stderr]                                  at /rustc/3154cc1a3e6424e44f438a95007d043ed5ceaaf6/library/std/src/panicking.rs:541:19
[INFO] [stderr]     30:     0x64fc683f6e18 - std[3164a59e47d3bde]::panic::catch_unwind::<std[3164a59e47d3bde]::rt::lang_start_internal::{closure#0}, isize>
[INFO] [stderr]                                  at /rustc/3154cc1a3e6424e44f438a95007d043ed5ceaaf6/library/std/src/panic.rs:359:14
[INFO] [stderr]     31:     0x64fc683f6e18 - std[3164a59e47d3bde]::rt::lang_start_internal
[INFO] [stderr]                                  at /rustc/3154cc1a3e6424e44f438a95007d043ed5ceaaf6/library/std/src/rt.rs:171:5
[INFO] [stderr]     32:     0x64fc67e2f671 - std[3164a59e47d3bde]::rt::lang_start::<()>
[INFO] [stderr]     33:     0x64fc67e35645 - main
[INFO] [stderr]     34:     0x7fa652204601 - <unknown>
[INFO] [stderr]     35:     0x7fa652204718 - __libc_start_main
[INFO] [stderr]     36:     0x64fc67e293b5 - _start
[INFO] [stderr]     37:                0x0 - <unknown>
[INFO] running `Command { std: "docker" "inspect" "5fdc2beaef8b243f7cd1921ce9c631b071ce28d2ad7892b2f736ee9d0c27fb40", kill_on_drop: false }`
[INFO] running `Command { std: "docker" "rm" "-f" "5fdc2beaef8b243f7cd1921ce9c631b071ce28d2ad7892b2f736ee9d0c27fb40", kill_on_drop: false }`
[INFO] [stdout] 5fdc2beaef8b243f7cd1921ce9c631b071ce28d2ad7892b2f736ee9d0c27fb40
