[INFO] cloning repository https://github.com/nghiaomg/ExoRoute
[INFO] running `Command { std: "git" "-c" "credential.helper=" "-c" "credential.helper=/workspace/cargo-home/bin/git-credential-null" "clone" "--bare" "https://github.com/nghiaomg/ExoRoute" "/workspace/cache/git-repos/https%3A%2F%2Fgithub.com%2Fnghiaomg%2FExoRoute", kill_on_drop: false }`
[INFO] [stderr] Cloning into bare repository '/workspace/cache/git-repos/https%3A%2F%2Fgithub.com%2Fnghiaomg%2FExoRoute'...
[INFO] running `Command { std: "git" "rev-parse" "HEAD", kill_on_drop: false }`
[INFO] [stdout] 84dac5cd842c3bc2f88bd43b156ec0eeef48266c
[INFO] checking nghiaomg/ExoRoute against 3154cc1a3e6424e44f438a95007d043ed5ceaaf6+rustflags=-Znext-solver=coherence for pr-133502-30
[INFO] running `Command { std: "git" "clone" "/workspace/cache/git-repos/https%3A%2F%2Fgithub.com%2Fnghiaomg%2FExoRoute" "/workspace/builds/worker-5-tc1/source", kill_on_drop: false }`
[INFO] [stderr] Cloning into '/workspace/builds/worker-5-tc1/source'...
[INFO] [stderr] done.
[INFO] started tweaking git repo https://github.com/nghiaomg/ExoRoute
[INFO] finished tweaking git repo https://github.com/nghiaomg/ExoRoute
[INFO] tweaked toml for git repo https://github.com/nghiaomg/ExoRoute written to /workspace/builds/worker-5-tc1/source/Cargo.toml
[INFO] validating manifest of git repo https://github.com/nghiaomg/ExoRoute on toolchain 3154cc1a3e6424e44f438a95007d043ed5ceaaf6
[INFO] running `Command { std: CARGO_HOME="/workspace/cargo-home" RUSTUP_HOME="/workspace/rustup-home" "/workspace/cargo-home/bin/cargo" "+3154cc1a3e6424e44f438a95007d043ed5ceaaf6" "metadata" "--manifest-path" "Cargo.toml" "--no-deps", kill_on_drop: false }`
[INFO] crate git repo https://github.com/nghiaomg/ExoRoute already has a lockfile, it will not be regenerated
[INFO] running `Command { std: CARGO_HOME="/workspace/cargo-home" RUSTUP_HOME="/workspace/rustup-home" "/workspace/cargo-home/bin/cargo" "+3154cc1a3e6424e44f438a95007d043ed5ceaaf6" "fetch" "--manifest-path" "Cargo.toml", kill_on_drop: false }`
[INFO] [stderr]     Updating crates.io index
[INFO] [stderr]     Blocking waiting for file lock on package cache
[INFO] [stderr]  Downloading crates ...
[INFO] [stderr]   Downloaded zstd-safe v7.3.0
[INFO] [stderr]   Downloaded rust-embed-utils v8.12.0
[INFO] [stderr]   Downloaded rust-embed-impl v8.12.0
[INFO] [stderr]   Downloaded zxcvbn v3.1.1
[INFO] [stderr]   Downloaded if-addrs v0.14.0
[INFO] [stderr]   Downloaded heed v0.22.1
[INFO] [stderr]   Downloaded rust-embed v8.12.0
[INFO] [stderr]   Downloaded lmdb-master-sys v0.2.6
[INFO] running `Command { std: "docker" "create" "-v" "/var/lib/crater-agent-workspace/builds/worker-5-tc1/source:/opt/rustwide/workdir:ro,Z" "-v" "/var/lib/crater-agent-workspace/builds/worker-5-tc1/target:/opt/rustwide/target:rw,Z" "-v" "/var/lib/crater-agent-workspace/cargo-home:/opt/rustwide/cargo-home:ro,Z" "-v" "/var/lib/crater-agent-workspace/rustup-home:/opt/rustwide/rustup-home:ro,Z" "-m" "1610612736" "--network" "none" "ghcr.io/rust-lang/crates-build-env/linux@sha256:77db811e55d90add9212f6832c23229e3de5f1c1f9905e8cb07319ea15df73ac" "sleep" "infinity", kill_on_drop: false }`
[INFO] [stdout] d7dc4de4bedc739844f1229c176de88be1615a6a40419a82c8178789906584a2
[INFO] running `Command { std: "docker" "start" "d7dc4de4bedc739844f1229c176de88be1615a6a40419a82c8178789906584a2", kill_on_drop: false }`
[INFO] running `Command { std: "docker" "inspect" "d7dc4de4bedc739844f1229c176de88be1615a6a40419a82c8178789906584a2", kill_on_drop: false }`
[INFO] running `Command { std: "docker" "exec" "-e" "SOURCE_DIR=/opt/rustwide/workdir" "-e" "CARGO_HOME=/opt/rustwide/cargo-home" "-e" "RUSTUP_HOME=/opt/rustwide/rustup-home" "-e" "CARGO_TARGET_DIR=/opt/rustwide/target" "-w" "/opt/rustwide/workdir" "--user" "0:0" "d7dc4de4bedc739844f1229c176de88be1615a6a40419a82c8178789906584a2" "/opt/rustwide/cargo-home/bin/cargo" "+3154cc1a3e6424e44f438a95007d043ed5ceaaf6" "metadata" "--no-deps" "--format-version=1", kill_on_drop: false }`
[INFO] running `Command { std: "docker" "inspect" "d7dc4de4bedc739844f1229c176de88be1615a6a40419a82c8178789906584a2", kill_on_drop: false }`
[INFO] running `Command { std: "docker" "exec" "-e" "SOURCE_DIR=/opt/rustwide/workdir" "-e" "CARGO_HOME=/opt/rustwide/cargo-home" "-e" "RUSTUP_HOME=/opt/rustwide/rustup-home" "-e" "CARGO_TARGET_DIR=/opt/rustwide/target" "-e" "CARGO_INCREMENTAL=0" "-e" "RUST_BACKTRACE=full" "-e" "RUSTFLAGS=--cap-lints=forbid -Znext-solver=coherence" "-e" "RUSTDOCFLAGS=--cap-lints=forbid" "-w" "/opt/rustwide/workdir" "--user" "0:0" "d7dc4de4bedc739844f1229c176de88be1615a6a40419a82c8178789906584a2" "/opt/rustwide/cargo-home/bin/cargo" "+3154cc1a3e6424e44f438a95007d043ed5ceaaf6" "check" "--frozen" "--all" "--all-targets" "--message-format=json", kill_on_drop: false }`
[INFO] [stderr]    Compiling find-msvc-tools v0.1.12
[INFO] [stderr]    Compiling syn v2.0.119
[INFO] [stderr]    Compiling syn v3.0.5
[INFO] [stderr]     Checking getrandom v0.2.17
[INFO] [stderr]    Compiling jobserver v0.1.35
[INFO] [stderr]    Compiling serde_core v1.0.229
[INFO] [stderr]     Checking subtle v2.6.1
[INFO] [stderr]     Checking smallvec v1.16.1
[INFO] [stderr]     Checking mio v1.2.3
[INFO] [stderr]     Checking rand_core v0.6.4
[INFO] [stderr]     Checking log v0.4.34
[INFO] [stderr]    Compiling cc v1.4.5
[INFO] [stderr]     Checking crypto-common v0.1.7
[INFO] [stderr]     Checking zeroize v1.9.0
[INFO] [stderr]    Compiling phf_shared v0.11.3
[INFO] [stderr]    Compiling typenum v1.20.1
[INFO] [stderr]     Checking slab v0.4.12
[INFO] [stderr]     Checking rustls-pki-types v1.15.1
[INFO] [stderr]    Compiling rand v0.8.8
[INFO] [stderr]     Checking aho-corasick v1.1.5
[INFO] [stderr]    Compiling mime_guess v2.0.5
[INFO] [stderr]    Compiling phf_generator v0.11.3
[INFO] [stderr]     Checking sync_wrapper v1.0.2
[INFO] [stderr]    Compiling zerocopy v0.8.57
[INFO] [stderr]    Compiling const-oid v0.10.2
[INFO] [stderr]    Compiling hybrid-array v0.4.15
[INFO] [stderr]     Checking regex-automata v0.4.18
[INFO] [stderr]    Compiling rustls v0.23.44
[INFO] [stderr]    Compiling crossbeam-utils v0.8.23
[INFO] [stderr]     Checking ipnet v2.12.2
[INFO] [stderr]    Compiling cpufeatures v0.3.1
[INFO] [stderr]    Compiling indexmap v2.14.2
[INFO] [stderr]    Compiling block-buffer v0.12.1
[INFO] [stderr]    Compiling crypto-common v0.2.2
[INFO] [stderr]    Compiling ring v0.17.14
[INFO] [stderr]    Compiling zstd-sys v2.1.0+zstd.1.5.7
[INFO] [stderr]     Checking bitflags v2.13.2
[INFO] [stderr]     Checking digest v0.10.7
[INFO] [stderr]    Compiling digest v0.11.3
[INFO] [stderr]    Compiling sha2 v0.11.0
[INFO] [stderr]     Checking http-body-util v0.1.5
[INFO] [stderr]     Checking inout v0.1.4
[INFO] [stderr]    Compiling mime v0.3.17
[INFO] [stderr]     Checking bit-vec v0.8.0
[INFO] [stderr]    Compiling unsafe-libyaml v0.2.11
[INFO] [stderr]    Compiling zstd-safe v7.3.0
[INFO] [stderr]    Compiling ryu v1.0.23
[INFO] [stderr]    Compiling synstructure v0.13.2
[INFO] [stderr]    Compiling darling_core v0.20.11
[INFO] [stderr]     Checking bit-set v0.8.0
[INFO] [stderr]     Checking cipher v0.4.4
[INFO] [stderr]    Compiling rust-embed-utils v8.12.0
[INFO] [stderr]    Compiling zerovec-derive v0.11.6
[INFO] [stderr]    Compiling displaydoc v0.2.7
[INFO] [stderr]    Compiling serde_derive v1.0.229
[INFO] [stderr]    Compiling tokio-macros v2.7.2
[INFO] [stderr]     Checking tokio v1.53.1
[INFO] [stderr]    Compiling futures-macro v0.3.34
[INFO] [stderr]    Compiling zerofrom-derive v0.1.7
[INFO] [stderr]    Compiling yoke-derive v0.8.2
[INFO] [stderr]    Compiling tracing-attributes v0.1.31
[INFO] [stderr]     Checking futures-util v0.3.34
[INFO] [stderr]     Checking zerofrom v0.1.8
[INFO] [stderr]    Compiling phf_macros v0.11.3
[INFO] [stderr]     Checking yoke v0.8.3
[INFO] [stderr]    Compiling darling_macro v0.20.11
[INFO] [stderr]     Checking zerovec v0.11.8
[INFO] [stderr]     Checking zerotrie v0.2.5
[INFO] [stderr]    Compiling phf v0.11.3
[INFO] [stderr]    Compiling doxygen-rs v0.4.2
[INFO] [stderr]    Compiling darling v0.20.11
[INFO] [stderr]     Checking rustls-webpki v0.103.15
[INFO] [stderr]     Checking tinystr v0.8.4
[INFO] [stderr]     Checking potential_utf v0.1.6
[INFO] [stderr]     Checking tracing v0.1.44
[INFO] [stderr]     Checking icu_collections v2.3.0
[INFO] [stderr]     Checking icu_locale_core v2.3.0
[INFO] [stderr]    Compiling lmdb-master-sys v0.2.6
[INFO] [stderr]    Compiling derive_builder_core v0.20.2
[INFO] [stderr]     Checking serde v1.0.229
[INFO] [stderr]     Checking icu_provider v2.3.1
[INFO] [stderr]     Checking bincode v1.3.3
[INFO] [stderr]    Compiling serde_yaml_ng v0.10.0
[INFO] [stderr]     Checking serde_urlencoded v0.7.1
[INFO] [stderr]     Checking icu_properties v2.3.0
[INFO] [stderr]     Checking icu_normalizer v2.3.0
[INFO] [stderr]    Compiling derive_builder_macro v0.20.2
[INFO] [stderr]     Checking ppv-lite86 v0.2.21
[INFO] [stderr]     Checking serde_json v1.0.151
[INFO] [stderr]     Checking hyper v1.11.1
[INFO] [stderr]     Checking tower v0.5.3
[INFO] [stderr]     Checking idna_adapter v1.2.2
[INFO] [stderr]     Checking crossbeam-queue v0.3.14
[INFO] [stderr]     Checking idna v1.1.0
[INFO] [stderr]     Checking webpki-roots v1.0.9
[INFO] [stderr]     Checking universal-hash v0.5.1
[INFO] [stderr]     Checking either v1.18.0
[INFO] [stderr]     Checking heed-traits v0.20.0
[INFO] [stderr]     Checking futures-sink v0.3.34
[INFO] [stderr]    Compiling heed v0.22.1
[INFO] [stderr]     Checking base64ct v1.8.3
[INFO] [stderr]     Checking opaque-debug v0.3.1
[INFO] [stderr]     Checking time v0.3.55
[INFO] [stderr]     Checking itertools v0.14.0
[INFO] [stderr]     Checking poly1305 v0.8.0
[INFO] [stderr]     Checking url v2.5.8
[INFO] [stderr]     Checking hyper-util v0.1.20
[INFO] [stderr]     Checking password-hash v0.5.0
[INFO] [stderr]     Checking heed-types v0.21.0
[INFO] [stderr]     Checking tokio-util v0.7.19
[INFO] [stderr]    Compiling exoroute v0.1.1 (/opt/rustwide/workdir)
[INFO] [stderr]     Checking tower-http v0.6.11
[INFO] [stderr]     Checking synchronoise v1.0.1
[INFO] [stderr]     Checking tokio-rustls v0.26.5
[INFO] [stderr]     Checking rand_chacha v0.3.1
[INFO] [stderr]     Checking derive_builder v0.20.2
[INFO] [stderr]     Checking axum-core v0.5.6
[INFO] [stderr]    Compiling rust-embed-impl v8.12.0
[INFO] [stderr]    Compiling async-stream-impl v0.3.6
[INFO] [stderr]     Checking chacha20 v0.9.1
[INFO] [stderr]     Checking fancy-regex v0.18.0
[INFO] [stderr]     Checking matchers v0.2.0
[INFO] [stderr]     Checking regex v1.13.1
[INFO] [stderr]     Checking blake2 v0.10.6
[INFO] [stderr]     Checking serde_path_to_error v0.1.20
[INFO] [stderr]     Checking aead v0.5.2
[INFO] [stderr]     Checking tracing-log v0.2.0
[INFO] [stderr]     Checking page_size v0.6.0
[INFO] [stderr]     Checking unicase v2.9.0
[INFO] [stderr]     Checking tracing-subscriber v0.3.23
[INFO] [stderr]     Checking chacha20poly1305 v0.10.1
[INFO] [stderr]     Checking argon2 v0.5.3
[INFO] [stderr]     Checking hyper-rustls v0.27.9
[INFO] [stderr]     Checking zxcvbn v3.1.1
[INFO] [stderr]     Checking reqwest v0.12.28
[INFO] [stderr]     Checking rust-embed v8.12.0
[INFO] [stderr]     Checking async-stream v0.3.6
[INFO] [stderr]     Checking uuid v1.26.1
[INFO] [stderr]     Checking axum v0.8.9
[INFO] [stderr]     Checking sha2 v0.10.9
[INFO] [stderr]     Checking fs2 v0.4.3
[INFO] [stderr]     Checking if-addrs v0.14.0
[INFO] [stderr]     Checking zstd v0.13.3
[INFO] [stdout] error: #[derive(RustEmbed)] folder '/opt/rustwide/workdir/web/dist/' does not exist. cwd: '/opt/rustwide/workdir'
[INFO] [stdout]   --> src/static_assets.rs:12:1
[INFO] [stdout]    |
[INFO] [stdout] 12 | / #[folder = "web/dist/"]
[INFO] [stdout] 13 | | struct DashboardAssets;
[INFO] [stdout]    | |_______________________^
[INFO] [stdout] 
[INFO] [stdout] 
[INFO] [stdout] error: #[derive(RustEmbed)] folder '/opt/rustwide/workdir/web/dist/' does not exist. cwd: '/opt/rustwide/workdir'
[INFO] [stdout]   --> src/static_assets.rs:12:1
[INFO] [stdout]    |
[INFO] [stdout] 12 | / #[folder = "web/dist/"]
[INFO] [stdout] 13 | | struct DashboardAssets;
[INFO] [stdout]    | |_______________________^
[INFO] [stdout] 
[INFO] [stdout] 
[INFO] [stdout] warning: use of deprecated method `std::sync::atomic::Atomic::<u64>::fetch_update`: renamed to `try_update` for consistency
[INFO] [stdout]   --> src/state/provider_usage.rs:95:14
[INFO] [stdout]    |
[INFO] [stdout] 95 |             .fetch_update(Ordering::AcqRel, Ordering::Acquire, |epoch| {
[INFO] [stdout]    |              ^^^^^^^^^^^^
[INFO] [stdout]    |
[INFO] [stdout]    = note: `#[warn(deprecated)]` on by default
[INFO] [stdout] help: replace the use of the deprecated method
[INFO] [stdout]    |
[INFO] [stdout] 95 -             .fetch_update(Ordering::AcqRel, Ordering::Acquire, |epoch| {
[INFO] [stdout] 95 +             .try_update(Ordering::AcqRel, Ordering::Acquire, |epoch| {
[INFO] [stdout]    |
[INFO] [stdout] 
[INFO] [stdout] 
[INFO] [stdout] error[E0599]: no associated function or constant named `get` found for struct `DashboardAssets` in the current scope
[INFO] [stdout]   --> src/static_assets.rs:28:45
[INFO] [stdout]    |
[INFO] [stdout] 13 | struct DashboardAssets;
[INFO] [stdout]    | ---------------------- associated function or constant `get` not found for this struct
[INFO] [stdout] ...
[INFO] [stdout] 28 |     let resolved_path = if DashboardAssets::get(requested).is_some() {
[INFO] [stdout]    |                                             ^^^ associated function or constant not found in `DashboardAssets`
[INFO] [stdout]    |
[INFO] [stdout]    = help: items from traits can only be used if the trait is implemented and in scope
[INFO] [stdout]    = note: the following traits define an item `get`, perhaps you need to implement one of them:
[INFO] [stdout]            candidate #1: `Embed`
[INFO] [stdout]            candidate #2: `SliceIndex`
[INFO] [stdout]            candidate #3: `icu_collections::codepointtrie::cptrie::TypedCodePointTrie`
[INFO] [stdout]            candidate #4: `icu_properties::names::PropertyEnumToValueNameLookup`
[INFO] [stdout]            candidate #5: `icu_provider::baked::DataStore`
[INFO] [stdout]            candidate #6: `itertools::Itertools`
[INFO] [stdout]            candidate #7: `rustls::server::server_conn::StoresServerSessions`
[INFO] [stdout] 
[INFO] [stdout] 
[INFO] [stdout] error[E0599]: no associated function or constant named `get` found for struct `DashboardAssets` in the current scope
[INFO] [stdout]   --> src/static_assets.rs:35:34
[INFO] [stdout]    |
[INFO] [stdout] 13 | struct DashboardAssets;
[INFO] [stdout]    | ---------------------- associated function or constant `get` not found for this struct
[INFO] [stdout] ...
[INFO] [stdout] 35 |     let asset = DashboardAssets::get(resolved_path);
[INFO] [stdout]    |                                  ^^^ associated function or constant not found in `DashboardAssets`
[INFO] [stdout]    |
[INFO] [stdout]    = help: items from traits can only be used if the trait is implemented and in scope
[INFO] [stdout]    = note: the following traits define an item `get`, perhaps you need to implement one of them:
[INFO] [stdout]            candidate #1: `Embed`
[INFO] [stdout]            candidate #2: `SliceIndex`
[INFO] [stdout]            candidate #3: `icu_collections::codepointtrie::cptrie::TypedCodePointTrie`
[INFO] [stdout]            candidate #4: `icu_properties::names::PropertyEnumToValueNameLookup`
[INFO] [stdout]            candidate #5: `icu_provider::baked::DataStore`
[INFO] [stdout]            candidate #6: `itertools::Itertools`
[INFO] [stdout]            candidate #7: `rustls::server::server_conn::StoresServerSessions`
[INFO] [stdout] 
[INFO] [stdout] 
[INFO] [stdout] warning: use of deprecated method `std::sync::atomic::Atomic::<u64>::fetch_update`: renamed to `try_update` for consistency
[INFO] [stdout]   --> src/state/provider_usage.rs:95:14
[INFO] [stdout]    |
[INFO] [stdout] 95 |             .fetch_update(Ordering::AcqRel, Ordering::Acquire, |epoch| {
[INFO] [stdout]    |              ^^^^^^^^^^^^
[INFO] [stdout]    |
[INFO] [stdout]    = note: `#[warn(deprecated)]` on by default
[INFO] [stdout] help: replace the use of the deprecated method
[INFO] [stdout]    |
[INFO] [stdout] 95 -             .fetch_update(Ordering::AcqRel, Ordering::Acquire, |epoch| {
[INFO] [stdout] 95 +             .try_update(Ordering::AcqRel, Ordering::Acquire, |epoch| {
[INFO] [stdout]    |
[INFO] [stdout] 
[INFO] [stdout] 
[INFO] [stdout] error[E0599]: no associated function or constant named `get` found for struct `DashboardAssets` in the current scope
[INFO] [stdout]   --> src/static_assets.rs:28:45
[INFO] [stdout]    |
[INFO] [stdout] 13 | struct DashboardAssets;
[INFO] [stdout]    | ---------------------- associated function or constant `get` not found for this struct
[INFO] [stdout] ...
[INFO] [stdout] 28 |     let resolved_path = if DashboardAssets::get(requested).is_some() {
[INFO] [stdout]    |                                             ^^^ associated function or constant not found in `DashboardAssets`
[INFO] [stdout]    |
[INFO] [stdout]    = help: items from traits can only be used if the trait is implemented and in scope
[INFO] [stdout]    = note: the following traits define an item `get`, perhaps you need to implement one of them:
[INFO] [stdout]            candidate #1: `Embed`
[INFO] [stdout]            candidate #2: `SliceIndex`
[INFO] [stdout]            candidate #3: `icu_collections::codepointtrie::cptrie::TypedCodePointTrie`
[INFO] [stdout]            candidate #4: `icu_properties::names::PropertyEnumToValueNameLookup`
[INFO] [stdout]            candidate #5: `icu_provider::baked::DataStore`
[INFO] [stdout]            candidate #6: `itertools::Itertools`
[INFO] [stdout]            candidate #7: `rustls::server::server_conn::StoresServerSessions`
[INFO] [stdout] 
[INFO] [stdout] 
[INFO] [stdout] error[E0599]: no associated function or constant named `get` found for struct `DashboardAssets` in the current scope
[INFO] [stdout]   --> src/static_assets.rs:35:34
[INFO] [stdout]    |
[INFO] [stdout] 13 | struct DashboardAssets;
[INFO] [stdout]    | ---------------------- associated function or constant `get` not found for this struct
[INFO] [stdout] ...
[INFO] [stdout] 35 |     let asset = DashboardAssets::get(resolved_path);
[INFO] [stdout]    |                                  ^^^ associated function or constant not found in `DashboardAssets`
[INFO] [stdout]    |
[INFO] [stdout]    = help: items from traits can only be used if the trait is implemented and in scope
[INFO] [stdout]    = note: the following traits define an item `get`, perhaps you need to implement one of them:
[INFO] [stdout]            candidate #1: `Embed`
[INFO] [stdout]            candidate #2: `SliceIndex`
[INFO] [stdout]            candidate #3: `icu_collections::codepointtrie::cptrie::TypedCodePointTrie`
[INFO] [stdout]            candidate #4: `icu_properties::names::PropertyEnumToValueNameLookup`
[INFO] [stdout]            candidate #5: `icu_provider::baked::DataStore`
[INFO] [stdout]            candidate #6: `itertools::Itertools`
[INFO] [stdout]            candidate #7: `rustls::server::server_conn::StoresServerSessions`
[INFO] [stdout] 
[INFO] [stdout] 
[INFO] [stdout] warning: use of deprecated method `std::sync::atomic::Atomic::<u64>::fetch_update`: renamed to `try_update` for consistency
[INFO] [stdout]    --> src/infra/telemetry/mod.rs:306:10
[INFO] [stdout]     |
[INFO] [stdout] 306 |         .fetch_update(Ordering::Relaxed, Ordering::Relaxed, |value| {
[INFO] [stdout]     |          ^^^^^^^^^^^^
[INFO] [stdout]     |
[INFO] [stdout] help: replace the use of the deprecated method
[INFO] [stdout]     |
[INFO] [stdout] 306 -         .fetch_update(Ordering::Relaxed, Ordering::Relaxed, |value| {
[INFO] [stdout] 306 +         .try_update(Ordering::Relaxed, Ordering::Relaxed, |value| {
[INFO] [stdout]     |
[INFO] [stdout] 
[INFO] [stdout] 
[INFO] [stdout] warning: use of deprecated method `std::sync::atomic::Atomic::<u64>::fetch_update`: renamed to `try_update` for consistency
[INFO] [stdout]   --> src/state/runtime_gates.rs:58:22
[INFO] [stdout]    |
[INFO] [stdout] 58 |                     .fetch_update(Ordering::AcqRel, Ordering::Acquire, |value| {
[INFO] [stdout]    |                      ^^^^^^^^^^^^
[INFO] [stdout]    |
[INFO] [stdout] help: replace the use of the deprecated method
[INFO] [stdout]    |
[INFO] [stdout] 58 -                     .fetch_update(Ordering::AcqRel, Ordering::Acquire, |value| {
[INFO] [stdout] 58 +                     .try_update(Ordering::AcqRel, Ordering::Acquire, |value| {
[INFO] [stdout]    |
[INFO] [stdout] 
[INFO] [stdout] 
[INFO] [stdout] warning: use of deprecated method `std::sync::atomic::Atomic::<u64>::fetch_update`: renamed to `try_update` for consistency
[INFO] [stdout]   --> src/state/runtime_gates.rs:78:22
[INFO] [stdout]    |
[INFO] [stdout] 78 |                     .fetch_update(Ordering::AcqRel, Ordering::Acquire, |id| id.checked_add(1))
[INFO] [stdout]    |                      ^^^^^^^^^^^^
[INFO] [stdout]    |
[INFO] [stdout] help: replace the use of the deprecated method
[INFO] [stdout]    |
[INFO] [stdout] 78 -                     .fetch_update(Ordering::AcqRel, Ordering::Acquire, |id| id.checked_add(1))
[INFO] [stdout] 78 +                     .try_update(Ordering::AcqRel, Ordering::Acquire, |id| id.checked_add(1))
[INFO] [stdout]    |
[INFO] [stdout] 
[INFO] [stdout] 
[INFO] [stdout] warning: use of deprecated method `std::sync::atomic::Atomic::<u64>::fetch_update`: renamed to `try_update` for consistency
[INFO] [stdout]   --> src/support/output_styles/apply.rs:62:19
[INFO] [stdout]    |
[INFO] [stdout] 62 |     let _ = value.fetch_update(Ordering::Relaxed, Ordering::Relaxed, |current| {
[INFO] [stdout]    |                   ^^^^^^^^^^^^
[INFO] [stdout]    |
[INFO] [stdout] help: replace the use of the deprecated method
[INFO] [stdout]    |
[INFO] [stdout] 62 -     let _ = value.fetch_update(Ordering::Relaxed, Ordering::Relaxed, |current| {
[INFO] [stdout] 62 +     let _ = value.try_update(Ordering::Relaxed, Ordering::Relaxed, |current| {
[INFO] [stdout]    |
[INFO] [stdout] 
[INFO] [stdout] 
[INFO] [stdout] warning: use of deprecated method `std::sync::atomic::Atomic::<u64>::fetch_update`: renamed to `try_update` for consistency
[INFO] [stdout]    --> src/infra/telemetry/mod.rs:306:10
[INFO] [stdout]     |
[INFO] [stdout] 306 |         .fetch_update(Ordering::Relaxed, Ordering::Relaxed, |value| {
[INFO] [stdout]     |          ^^^^^^^^^^^^
[INFO] [stdout]     |
[INFO] [stdout] help: replace the use of the deprecated method
[INFO] [stdout]     |
[INFO] [stdout] 306 -         .fetch_update(Ordering::Relaxed, Ordering::Relaxed, |value| {
[INFO] [stdout] 306 +         .try_update(Ordering::Relaxed, Ordering::Relaxed, |value| {
[INFO] [stdout]     |
[INFO] [stdout] 
[INFO] [stdout] 
[INFO] [stdout] For more information about this error, try `rustc --explain E0599`.
[INFO] [stdout] 
[INFO] [stderr] error: could not compile `exoroute` (bin "exoroute") due to 3 previous errors; 5 warnings emitted
[INFO] [stderr] warning: build failed, waiting for other jobs to finish...
[INFO] [stdout] warning: use of deprecated method `std::sync::atomic::Atomic::<u64>::fetch_update`: renamed to `try_update` for consistency
[INFO] [stdout]   --> src/state/runtime_gates.rs:58:22
[INFO] [stdout]    |
[INFO] [stdout] 58 |                     .fetch_update(Ordering::AcqRel, Ordering::Acquire, |value| {
[INFO] [stdout]    |                      ^^^^^^^^^^^^
[INFO] [stdout]    |
[INFO] [stdout] help: replace the use of the deprecated method
[INFO] [stdout]    |
[INFO] [stdout] 58 -                     .fetch_update(Ordering::AcqRel, Ordering::Acquire, |value| {
[INFO] [stdout] 58 +                     .try_update(Ordering::AcqRel, Ordering::Acquire, |value| {
[INFO] [stdout]    |
[INFO] [stdout] 
[INFO] [stdout] 
[INFO] [stdout] warning: use of deprecated method `std::sync::atomic::Atomic::<u64>::fetch_update`: renamed to `try_update` for consistency
[INFO] [stdout]   --> src/state/runtime_gates.rs:78:22
[INFO] [stdout]    |
[INFO] [stdout] 78 |                     .fetch_update(Ordering::AcqRel, Ordering::Acquire, |id| id.checked_add(1))
[INFO] [stdout]    |                      ^^^^^^^^^^^^
[INFO] [stdout]    |
[INFO] [stdout] help: replace the use of the deprecated method
[INFO] [stdout]    |
[INFO] [stdout] 78 -                     .fetch_update(Ordering::AcqRel, Ordering::Acquire, |id| id.checked_add(1))
[INFO] [stdout] 78 +                     .try_update(Ordering::AcqRel, Ordering::Acquire, |id| id.checked_add(1))
[INFO] [stdout]    |
[INFO] [stdout] 
[INFO] [stdout] 
[INFO] [stdout] warning: use of deprecated method `std::sync::atomic::Atomic::<u64>::fetch_update`: renamed to `try_update` for consistency
[INFO] [stdout]   --> src/support/output_styles/apply.rs:62:19
[INFO] [stdout]    |
[INFO] [stdout] 62 |     let _ = value.fetch_update(Ordering::Relaxed, Ordering::Relaxed, |current| {
[INFO] [stdout]    |                   ^^^^^^^^^^^^
[INFO] [stdout]    |
[INFO] [stdout] help: replace the use of the deprecated method
[INFO] [stdout]    |
[INFO] [stdout] 62 -     let _ = value.fetch_update(Ordering::Relaxed, Ordering::Relaxed, |current| {
[INFO] [stdout] 62 +     let _ = value.try_update(Ordering::Relaxed, Ordering::Relaxed, |current| {
[INFO] [stdout]    |
[INFO] [stdout] 
[INFO] [stdout] 
[INFO] [stdout] For more information about this error, try `rustc --explain E0599`.
[INFO] [stdout] 
[INFO] [stderr] error: could not compile `exoroute` (bin "exoroute" test) due to 3 previous errors; 5 warnings emitted
[INFO] running `Command { std: "docker" "inspect" "d7dc4de4bedc739844f1229c176de88be1615a6a40419a82c8178789906584a2", kill_on_drop: false }`
[INFO] running `Command { std: "docker" "rm" "-f" "d7dc4de4bedc739844f1229c176de88be1615a6a40419a82c8178789906584a2", kill_on_drop: false }`
[INFO] [stdout] d7dc4de4bedc739844f1229c176de88be1615a6a40419a82c8178789906584a2
