[INFO] cloning repository https://github.com/nelson-experiments/photo_organiser
[INFO] running `Command { std: "git" "-c" "credential.helper=" "-c" "credential.helper=/workspace/cargo-home/bin/git-credential-null" "clone" "--bare" "https://github.com/nelson-experiments/photo_organiser" "/workspace/cache/git-repos/https%3A%2F%2Fgithub.com%2Fnelson-experiments%2Fphoto_organiser", kill_on_drop: false }`
[INFO] [stderr] Cloning into bare repository '/workspace/cache/git-repos/https%3A%2F%2Fgithub.com%2Fnelson-experiments%2Fphoto_organiser'...
[INFO] running `Command { std: "git" "rev-parse" "HEAD", kill_on_drop: false }`
[INFO] [stdout] ab14831f66fec28bc744141137f472c6be48879a
[INFO] checking nelson-experiments/photo_organiser against 3154cc1a3e6424e44f438a95007d043ed5ceaaf6 for pr-133502-30
[INFO] running `Command { std: "git" "clone" "/workspace/cache/git-repos/https%3A%2F%2Fgithub.com%2Fnelson-experiments%2Fphoto_organiser" "/workspace/builds/worker-5-tc2/source", kill_on_drop: false }`
[INFO] [stderr] Cloning into '/workspace/builds/worker-5-tc2/source'...
[INFO] [stderr] done.
[INFO] started tweaking git repo https://github.com/nelson-experiments/photo_organiser
[INFO] finished tweaking git repo https://github.com/nelson-experiments/photo_organiser
[INFO] tweaked toml for git repo https://github.com/nelson-experiments/photo_organiser written to /workspace/builds/worker-5-tc2/source/Cargo.toml
[INFO] validating manifest of git repo https://github.com/nelson-experiments/photo_organiser on toolchain 3154cc1a3e6424e44f438a95007d043ed5ceaaf6
[INFO] running `Command { std: CARGO_HOME="/workspace/cargo-home" RUSTUP_HOME="/workspace/rustup-home" "/workspace/cargo-home/bin/cargo" "+3154cc1a3e6424e44f438a95007d043ed5ceaaf6" "metadata" "--manifest-path" "Cargo.toml" "--no-deps", kill_on_drop: false }`
[INFO] crate git repo https://github.com/nelson-experiments/photo_organiser already has a lockfile, it will not be regenerated
[INFO] running `Command { std: CARGO_HOME="/workspace/cargo-home" RUSTUP_HOME="/workspace/rustup-home" "/workspace/cargo-home/bin/cargo" "+3154cc1a3e6424e44f438a95007d043ed5ceaaf6" "fetch" "--manifest-path" "Cargo.toml", kill_on_drop: false }`
[INFO] running `Command { std: "docker" "create" "-v" "/var/lib/crater-agent-workspace/builds/worker-5-tc2/source:/opt/rustwide/workdir:ro,Z" "-v" "/var/lib/crater-agent-workspace/builds/worker-5-tc2/target:/opt/rustwide/target:rw,Z" "-v" "/var/lib/crater-agent-workspace/cargo-home:/opt/rustwide/cargo-home:ro,Z" "-v" "/var/lib/crater-agent-workspace/rustup-home:/opt/rustwide/rustup-home:ro,Z" "-m" "1610612736" "--network" "none" "ghcr.io/rust-lang/crates-build-env/linux@sha256:77db811e55d90add9212f6832c23229e3de5f1c1f9905e8cb07319ea15df73ac" "sleep" "infinity", kill_on_drop: false }`
[INFO] [stdout] 99a7a2e237f8339e700ebc47abdc52da9bf013868a7e7b4399ffe8a1e05ce650
[INFO] running `Command { std: "docker" "start" "99a7a2e237f8339e700ebc47abdc52da9bf013868a7e7b4399ffe8a1e05ce650", kill_on_drop: false }`
[INFO] running `Command { std: "docker" "inspect" "99a7a2e237f8339e700ebc47abdc52da9bf013868a7e7b4399ffe8a1e05ce650", kill_on_drop: false }`
[INFO] running `Command { std: "docker" "exec" "-e" "SOURCE_DIR=/opt/rustwide/workdir" "-e" "CARGO_HOME=/opt/rustwide/cargo-home" "-e" "RUSTUP_HOME=/opt/rustwide/rustup-home" "-e" "CARGO_TARGET_DIR=/opt/rustwide/target" "-w" "/opt/rustwide/workdir" "--user" "0:0" "99a7a2e237f8339e700ebc47abdc52da9bf013868a7e7b4399ffe8a1e05ce650" "/opt/rustwide/cargo-home/bin/cargo" "+3154cc1a3e6424e44f438a95007d043ed5ceaaf6" "metadata" "--no-deps" "--format-version=1", kill_on_drop: false }`
[INFO] running `Command { std: "docker" "inspect" "99a7a2e237f8339e700ebc47abdc52da9bf013868a7e7b4399ffe8a1e05ce650", kill_on_drop: false }`
[INFO] running `Command { std: "docker" "exec" "-e" "SOURCE_DIR=/opt/rustwide/workdir" "-e" "CARGO_HOME=/opt/rustwide/cargo-home" "-e" "RUSTUP_HOME=/opt/rustwide/rustup-home" "-e" "CARGO_TARGET_DIR=/opt/rustwide/target" "-e" "CARGO_INCREMENTAL=0" "-e" "RUST_BACKTRACE=full" "-e" "RUSTFLAGS=--cap-lints=forbid" "-e" "RUSTDOCFLAGS=--cap-lints=forbid" "-w" "/opt/rustwide/workdir" "--user" "0:0" "99a7a2e237f8339e700ebc47abdc52da9bf013868a7e7b4399ffe8a1e05ce650" "/opt/rustwide/cargo-home/bin/cargo" "+3154cc1a3e6424e44f438a95007d043ed5ceaaf6" "check" "--frozen" "--all" "--all-targets" "--message-format=json", kill_on_drop: false }`
[INFO] [stderr]    Compiling cc v1.4.3
[INFO] [stderr]    Compiling syn v3.0.3
[INFO] [stderr]     Checking ahash v0.8.12
[INFO] [stderr]    Compiling portable-atomic v1.15.0
[INFO] [stderr]     Checking console v0.15.11
[INFO] [stderr]     Checking fallible-iterator v0.3.0
[INFO] [stderr]     Checking number_prefix v0.4.0
[INFO] [stderr]     Checking fallible-streaming-iterator v0.1.9
[INFO] [stderr]     Checking smallvec v1.15.2
[INFO] [stderr]     Checking either v1.17.0
[INFO] [stderr]     Checking hashbrown v0.14.5
[INFO] [stderr]     Checking rayon v1.12.0
[INFO] [stderr]     Checking hashlink v0.9.1
[INFO] [stderr]     Checking indicatif v0.17.11
[INFO] [stderr]    Compiling libsqlite3-sys v0.30.1
[INFO] [stderr]    Compiling blake3 v1.8.6
[INFO] [stderr]    Compiling clap_derive v4.6.4
[INFO] [stderr]    Compiling serde_derive v1.0.229
[INFO] [stderr]     Checking clap v4.6.6
[INFO] [stderr]     Checking serde v1.0.229
[INFO] [stderr]     Checking rusqlite v0.32.1
[INFO] [stderr]     Checking photo_organiser v0.1.0 (/opt/rustwide/workdir)
[INFO] [stdout] error[E0433]: cannot find module or crate `objc2` in this scope
[INFO] [stdout]   --> src/photokit.rs:12:5
[INFO] [stdout]    |
[INFO] [stdout] 12 | use objc2::rc::Retained;
[INFO] [stdout]    |     ^^^^^ use of unresolved module or unlinked crate `objc2`
[INFO] [stdout]    |
[INFO] [stdout]    = help: if you wanted to use a crate named `objc2`, use `cargo add objc2` to add it to your `Cargo.toml`
[INFO] [stdout] 
[INFO] [stdout] 
[INFO] [stdout] error[E0433]: cannot find module or crate `objc2` in this scope
[INFO] [stdout]   --> src/photokit.rs:13:5
[INFO] [stdout]    |
[INFO] [stdout] 13 | use objc2::runtime::AnyObject;
[INFO] [stdout]    |     ^^^^^ use of unresolved module or unlinked crate `objc2`
[INFO] [stdout]    |
[INFO] [stdout]    = help: if you wanted to use a crate named `objc2`, use `cargo add objc2` to add it to your `Cargo.toml`
[INFO] [stdout] 
[INFO] [stdout] 
[INFO] [stdout] error[E0432]: unresolved import `objc2`
[INFO] [stdout]   --> src/photokit.rs:14:5
[INFO] [stdout]    |
[INFO] [stdout] 14 | use objc2::{class, msg_send};
[INFO] [stdout]    |     ^^^^^ use of unresolved module or unlinked crate `objc2`
[INFO] [stdout]    |
[INFO] [stdout]    = help: if you wanted to use a crate named `objc2`, use `cargo add objc2` to add it to your `Cargo.toml`
[INFO] [stdout] 
[INFO] [stdout] 
[INFO] [stdout] error[E0432]: unresolved import `objc2_foundation`
[INFO] [stdout]   --> src/photokit.rs:15:5
[INFO] [stdout]    |
[INFO] [stdout] 15 | use objc2_foundation::{NSArray, NSError, NSString, NSURL};
[INFO] [stdout]    |     ^^^^^^^^^^^^^^^^ use of unresolved module or unlinked crate `objc2_foundation`
[INFO] [stdout]    |
[INFO] [stdout]    = help: if you wanted to use a crate named `objc2_foundation`, use `cargo add objc2_foundation` to add it to your `Cargo.toml`
[INFO] [stdout] 
[INFO] [stdout] 
[INFO] [stdout] error[E0432]: unresolved import `objc2_photos`
[INFO] [stdout]   --> src/photokit.rs:16:5
[INFO] [stdout]    |
[INFO] [stdout] 16 | use objc2_photos::{
[INFO] [stdout]    |     ^^^^^^^^^^^^ use of unresolved module or unlinked crate `objc2_photos`
[INFO] [stdout]    |
[INFO] [stdout]    = help: if you wanted to use a crate named `objc2_photos`, use `cargo add objc2_photos` to add it to your `Cargo.toml`
[INFO] [stdout] 
[INFO] [stdout] 
[INFO] [stdout] error[E0433]: cannot find module or crate `block2` in this scope
[INFO] [stdout]   --> src/photokit.rs:37:21
[INFO] [stdout]    |
[INFO] [stdout] 37 |         let block = block2::RcBlock::new(move |s: PHAuthorizationStatus| {
[INFO] [stdout]    |                     ^^^^^^ use of unresolved module or unlinked crate `block2`
[INFO] [stdout]    |
[INFO] [stdout]    = help: if you wanted to use a crate named `block2`, use `cargo add block2` to add it to your `Cargo.toml`
[INFO] [stdout] 
[INFO] [stdout] 
[INFO] [stdout] error[E0433]: cannot find module or crate `block2` in this scope
[INFO] [stdout]    --> src/photokit.rs:166:23
[INFO] [stdout]     |
[INFO] [stdout] 166 |         let handler = block2::RcBlock::new(move |err: *mut NSError| {
[INFO] [stdout]     |                       ^^^^^^ use of unresolved module or unlinked crate `block2`
[INFO] [stdout]     |
[INFO] [stdout]     = help: if you wanted to use a crate named `block2`, use `cargo add block2` to add it to your `Cargo.toml`
[INFO] [stdout] 
[INFO] [stdout] 
[INFO] [stdout] error[E0433]: cannot find module or crate `block2` in this scope
[INFO] [stdout]    --> src/photokit.rs:202:22
[INFO] [stdout]     |
[INFO] [stdout] 202 |         let change = block2::RcBlock::new(|| {});
[INFO] [stdout]     |                      ^^^^^^ use of unresolved module or unlinked crate `block2`
[INFO] [stdout]     |
[INFO] [stdout]     = help: if you wanted to use a crate named `block2`, use `cargo add block2` to add it to your `Cargo.toml`
[INFO] [stdout] 
[INFO] [stdout] 
[INFO] [stdout] error[E0433]: cannot find module or crate `block2` in this scope
[INFO] [stdout]    --> src/photokit.rs:291:22
[INFO] [stdout]     |
[INFO] [stdout] 291 |         let change = block2::RcBlock::new(move || {
[INFO] [stdout]     |                      ^^^^^^ use of unresolved module or unlinked crate `block2`
[INFO] [stdout]     |
[INFO] [stdout]     = help: if you wanted to use a crate named `block2`, use `cargo add block2` to add it to your `Cargo.toml`
[INFO] [stdout] 
[INFO] [stdout] 
[INFO] [stdout] error[E0433]: cannot find module or crate `objc2` in this scope
[INFO] [stdout]   --> src/photokit.rs:12:5
[INFO] [stdout]    |
[INFO] [stdout] 12 | use objc2::rc::Retained;
[INFO] [stdout]    |     ^^^^^ use of unresolved module or unlinked crate `objc2`
[INFO] [stdout]    |
[INFO] [stdout]    = help: if you wanted to use a crate named `objc2`, use `cargo add objc2` to add it to your `Cargo.toml`
[INFO] [stdout] 
[INFO] [stdout] 
[INFO] [stdout] error[E0433]: cannot find module or crate `objc2` in this scope
[INFO] [stdout]   --> src/photokit.rs:13:5
[INFO] [stdout]    |
[INFO] [stdout] 13 | use objc2::runtime::AnyObject;
[INFO] [stdout]    |     ^^^^^ use of unresolved module or unlinked crate `objc2`
[INFO] [stdout]    |
[INFO] [stdout]    = help: if you wanted to use a crate named `objc2`, use `cargo add objc2` to add it to your `Cargo.toml`
[INFO] [stdout] 
[INFO] [stdout] 
[INFO] [stdout] error[E0432]: unresolved import `objc2`
[INFO] [stdout]   --> src/photokit.rs:14:5
[INFO] [stdout]    |
[INFO] [stdout] 14 | use objc2::{class, msg_send};
[INFO] [stdout]    |     ^^^^^ use of unresolved module or unlinked crate `objc2`
[INFO] [stdout]    |
[INFO] [stdout]    = help: if you wanted to use a crate named `objc2`, use `cargo add objc2` to add it to your `Cargo.toml`
[INFO] [stdout] 
[INFO] [stdout] 
[INFO] [stdout] error[E0432]: unresolved import `objc2_foundation`
[INFO] [stdout]   --> src/photokit.rs:15:5
[INFO] [stdout]    |
[INFO] [stdout] 15 | use objc2_foundation::{NSArray, NSError, NSString, NSURL};
[INFO] [stdout]    |     ^^^^^^^^^^^^^^^^ use of unresolved module or unlinked crate `objc2_foundation`
[INFO] [stdout]    |
[INFO] [stdout]    = help: if you wanted to use a crate named `objc2_foundation`, use `cargo add objc2_foundation` to add it to your `Cargo.toml`
[INFO] [stdout] 
[INFO] [stdout] 
[INFO] [stdout] error[E0432]: unresolved import `objc2_photos`
[INFO] [stdout]   --> src/photokit.rs:16:5
[INFO] [stdout]    |
[INFO] [stdout] 16 | use objc2_photos::{
[INFO] [stdout]    |     ^^^^^^^^^^^^ use of unresolved module or unlinked crate `objc2_photos`
[INFO] [stdout]    |
[INFO] [stdout]    = help: if you wanted to use a crate named `objc2_photos`, use `cargo add objc2_photos` to add it to your `Cargo.toml`
[INFO] [stdout] 
[INFO] [stdout] 
[INFO] [stdout] error[E0433]: cannot find module or crate `block2` in this scope
[INFO] [stdout]   --> src/photokit.rs:37:21
[INFO] [stdout]    |
[INFO] [stdout] 37 |         let block = block2::RcBlock::new(move |s: PHAuthorizationStatus| {
[INFO] [stdout]    |                     ^^^^^^ use of unresolved module or unlinked crate `block2`
[INFO] [stdout]    |
[INFO] [stdout]    = help: if you wanted to use a crate named `block2`, use `cargo add block2` to add it to your `Cargo.toml`
[INFO] [stdout] 
[INFO] [stdout] 
[INFO] [stdout] error[E0433]: cannot find module or crate `block2` in this scope
[INFO] [stdout]    --> src/photokit.rs:166:23
[INFO] [stdout]     |
[INFO] [stdout] 166 |         let handler = block2::RcBlock::new(move |err: *mut NSError| {
[INFO] [stdout]     |                       ^^^^^^ use of unresolved module or unlinked crate `block2`
[INFO] [stdout]     |
[INFO] [stdout]     = help: if you wanted to use a crate named `block2`, use `cargo add block2` to add it to your `Cargo.toml`
[INFO] [stdout] 
[INFO] [stdout] 
[INFO] [stdout] error[E0433]: cannot find module or crate `block2` in this scope
[INFO] [stdout]    --> src/photokit.rs:202:22
[INFO] [stdout]     |
[INFO] [stdout] 202 |         let change = block2::RcBlock::new(|| {});
[INFO] [stdout]     |                      ^^^^^^ use of unresolved module or unlinked crate `block2`
[INFO] [stdout]     |
[INFO] [stdout]     = help: if you wanted to use a crate named `block2`, use `cargo add block2` to add it to your `Cargo.toml`
[INFO] [stdout] 
[INFO] [stdout] 
[INFO] [stdout] error[E0433]: cannot find module or crate `block2` in this scope
[INFO] [stdout]    --> src/photokit.rs:291:22
[INFO] [stdout]     |
[INFO] [stdout] 291 |         let change = block2::RcBlock::new(move || {
[INFO] [stdout]     |                      ^^^^^^ use of unresolved module or unlinked crate `block2`
[INFO] [stdout]     |
[INFO] [stdout]     = help: if you wanted to use a crate named `block2`, use `cargo add block2` to add it to your `Cargo.toml`
[INFO] [stdout] 
[INFO] [stdout] 
[INFO] [stdout] Some errors have detailed explanations: E0432, E0433.
[INFO] [stdout] 
[INFO] [stdout] For more information about an error, try `rustc --explain E0432`.
[INFO] [stdout] 
[INFO] [stderr] error: could not compile `photo_organiser` (bin "photo_organiser") due to 9 previous errors
[INFO] [stderr] warning: build failed, waiting for other jobs to finish...
[INFO] [stdout] Some errors have detailed explanations: E0432, E0433.
[INFO] [stdout] 
[INFO] [stdout] For more information about an error, try `rustc --explain E0432`.
[INFO] [stdout] 
[INFO] [stderr] error: could not compile `photo_organiser` (bin "photo_organiser" test) due to 9 previous errors
[INFO] [stderr] warning: unused dependency `indicatif`
[INFO] [stderr]  --> Cargo.toml:4:1
[INFO] [stderr]   |
[INFO] [stderr] 4 | indicatif = "0.17"
[INFO] [stderr]   | ^^^^^^^^^^^^^^^^^^
[INFO] [stderr]   |
[INFO] [stderr]   = note: `cargo::unused_dependencies` is set to `warn` by default
[INFO] [stderr] help: consider removing the dependency on `indicatif`
[INFO] [stderr] warning: unused dependency `serde`
[INFO] [stderr]   --> Cargo.toml:17:15
[INFO] [stderr]    |
[INFO] [stderr] 17 | [dependencies.serde]
[INFO] [stderr]    |               ^^^^^^
[INFO] [stderr]    |
[INFO] [stderr] help: consider removing the dependency on `serde`
[INFO] [stderr] warning: unused dependency `serde_json`
[INFO] [stderr]  --> Cargo.toml:6:1
[INFO] [stderr]   |
[INFO] [stderr] 6 | serde_json = "1"
[INFO] [stderr]   | ^^^^^^^^^^^^^^^^
[INFO] [stderr]   |
[INFO] [stderr] help: consider removing the dependency on `serde_json`
[INFO] [stderr] warning: `photo_organiser` (manifest) generated 3 warnings
[INFO] running `Command { std: "docker" "inspect" "99a7a2e237f8339e700ebc47abdc52da9bf013868a7e7b4399ffe8a1e05ce650", kill_on_drop: false }`
[INFO] running `Command { std: "docker" "rm" "-f" "99a7a2e237f8339e700ebc47abdc52da9bf013868a7e7b4399ffe8a1e05ce650", kill_on_drop: false }`
[INFO] [stdout] 99a7a2e237f8339e700ebc47abdc52da9bf013868a7e7b4399ffe8a1e05ce650
