[INFO] cloning repository https://github.com/neko233-com/dsh-desktop
[INFO] running `Command { std: "git" "-c" "credential.helper=" "-c" "credential.helper=/workspace/cargo-home/bin/git-credential-null" "clone" "--bare" "https://github.com/neko233-com/dsh-desktop" "/workspace/cache/git-repos/https%3A%2F%2Fgithub.com%2Fneko233-com%2Fdsh-desktop", kill_on_drop: false }`
[INFO] [stderr] Cloning into bare repository '/workspace/cache/git-repos/https%3A%2F%2Fgithub.com%2Fneko233-com%2Fdsh-desktop'...
[INFO] running `Command { std: "git" "rev-parse" "HEAD", kill_on_drop: false }`
[INFO] [stdout] faec98953b973968b394999315e422f4528fa9a0
[INFO] checking neko233-com/dsh-desktop against 3154cc1a3e6424e44f438a95007d043ed5ceaaf6+rustflags=-Znext-solver=coherence for pr-133502-30
[INFO] running `Command { std: "git" "clone" "/workspace/cache/git-repos/https%3A%2F%2Fgithub.com%2Fneko233-com%2Fdsh-desktop" "/workspace/builds/worker-1-tc1/source", kill_on_drop: false }`
[INFO] [stderr] Cloning into '/workspace/builds/worker-1-tc1/source'...
[INFO] [stderr] done.
[INFO] removed /workspace/builds/worker-1-tc1/source/rust-toolchain.toml
[INFO] started tweaking git repo https://github.com/neko233-com/dsh-desktop
[INFO] finished tweaking git repo https://github.com/neko233-com/dsh-desktop
[INFO] tweaked toml for git repo https://github.com/neko233-com/dsh-desktop written to /workspace/builds/worker-1-tc1/source/Cargo.toml
[INFO] validating manifest of git repo https://github.com/neko233-com/dsh-desktop on toolchain 3154cc1a3e6424e44f438a95007d043ed5ceaaf6
[INFO] running `Command { std: CARGO_HOME="/workspace/cargo-home" RUSTUP_HOME="/workspace/rustup-home" "/workspace/cargo-home/bin/cargo" "+3154cc1a3e6424e44f438a95007d043ed5ceaaf6" "metadata" "--manifest-path" "Cargo.toml" "--no-deps", kill_on_drop: false }`
[INFO] crate git repo https://github.com/neko233-com/dsh-desktop already has a lockfile, it will not be regenerated
[INFO] running `Command { std: CARGO_HOME="/workspace/cargo-home" RUSTUP_HOME="/workspace/rustup-home" "/workspace/cargo-home/bin/cargo" "+3154cc1a3e6424e44f438a95007d043ed5ceaaf6" "fetch" "--manifest-path" "Cargo.toml", kill_on_drop: false }`
[INFO] [stderr]  Downloading crates ...
[INFO] [stderr]   Downloaded wry v0.56.1
[INFO] [stderr]   Downloaded keyring v4.1.6
[INFO] [stderr]   Downloaded secret-service v5.1.0
[INFO] running `Command { std: "docker" "create" "-v" "/var/lib/crater-agent-workspace/builds/worker-1-tc1/source:/opt/rustwide/workdir:ro,Z" "-v" "/var/lib/crater-agent-workspace/builds/worker-1-tc1/target:/opt/rustwide/target:rw,Z" "-v" "/var/lib/crater-agent-workspace/cargo-home:/opt/rustwide/cargo-home:ro,Z" "-v" "/var/lib/crater-agent-workspace/rustup-home:/opt/rustwide/rustup-home:ro,Z" "-m" "1610612736" "--network" "none" "ghcr.io/rust-lang/crates-build-env/linux@sha256:77db811e55d90add9212f6832c23229e3de5f1c1f9905e8cb07319ea15df73ac" "sleep" "infinity", kill_on_drop: false }`
[INFO] [stdout] c8f9887b1b12912582468028a082482b4dc52dc23eea77cbbde485dffdba2cdd
[INFO] running `Command { std: "docker" "start" "c8f9887b1b12912582468028a082482b4dc52dc23eea77cbbde485dffdba2cdd", kill_on_drop: false }`
[INFO] running `Command { std: "docker" "inspect" "c8f9887b1b12912582468028a082482b4dc52dc23eea77cbbde485dffdba2cdd", kill_on_drop: false }`
[INFO] running `Command { std: "docker" "exec" "-e" "SOURCE_DIR=/opt/rustwide/workdir" "-e" "CARGO_HOME=/opt/rustwide/cargo-home" "-e" "RUSTUP_HOME=/opt/rustwide/rustup-home" "-e" "CARGO_TARGET_DIR=/opt/rustwide/target" "-w" "/opt/rustwide/workdir" "--user" "0:0" "c8f9887b1b12912582468028a082482b4dc52dc23eea77cbbde485dffdba2cdd" "/opt/rustwide/cargo-home/bin/cargo" "+3154cc1a3e6424e44f438a95007d043ed5ceaaf6" "metadata" "--no-deps" "--format-version=1", kill_on_drop: false }`
[INFO] running `Command { std: "docker" "inspect" "c8f9887b1b12912582468028a082482b4dc52dc23eea77cbbde485dffdba2cdd", kill_on_drop: false }`
[INFO] running `Command { std: "docker" "exec" "-e" "SOURCE_DIR=/opt/rustwide/workdir" "-e" "CARGO_HOME=/opt/rustwide/cargo-home" "-e" "RUSTUP_HOME=/opt/rustwide/rustup-home" "-e" "CARGO_TARGET_DIR=/opt/rustwide/target" "-e" "CARGO_INCREMENTAL=0" "-e" "RUST_BACKTRACE=full" "-e" "RUSTFLAGS=--cap-lints=forbid -Znext-solver=coherence" "-e" "RUSTDOCFLAGS=--cap-lints=forbid" "-w" "/opt/rustwide/workdir" "--user" "0:0" "c8f9887b1b12912582468028a082482b4dc52dc23eea77cbbde485dffdba2cdd" "/opt/rustwide/cargo-home/bin/cargo" "+3154cc1a3e6424e44f438a95007d043ed5ceaaf6" "check" "--frozen" "--all" "--all-targets" "--message-format=json", kill_on_drop: false }`
[INFO] [stderr]    Compiling serde_core v1.0.229
[INFO] [stderr]    Compiling crossbeam-utils v0.8.22
[INFO] [stderr]    Compiling wayland-sys v0.31.11
[INFO] [stderr]    Compiling syn v3.0.3
[INFO] [stderr]    Compiling syn v2.0.119
[INFO] [stderr]     Checking polling v3.11.0
[INFO] [stderr]    Compiling wayland-backend v0.3.17
[INFO] [stderr]    Compiling toml_edit v0.25.13+spec-1.1.0
[INFO] [stderr]     Checking num-integer v0.1.47
[INFO] [stderr]     Checking block-padding v0.3.3
[INFO] [stderr]     Checking digest v0.10.7
[INFO] [stderr]     Checking num-complex v0.4.6
[INFO] [stderr]     Checking uuid v1.24.1
[INFO] [stderr]     Checking bytemuck v1.25.2
[INFO] [stderr]     Checking getrandom v0.2.17
[INFO] [stderr]     Checking inout v0.1.4
[INFO] [stderr]    Compiling cookie v0.18.2
[INFO] [stderr]     Checking hmac v0.12.1
[INFO] [stderr]     Checking sha2 v0.10.9
[INFO] [stderr]     Checking time v0.3.55
[INFO] [stderr]     Checking cipher v0.4.4
[INFO] [stderr]     Checking tiny-skia-path v0.11.4
[INFO] [stderr]     Checking cbc v0.1.2
[INFO] [stderr]     Checking aes v0.8.4
[INFO] [stderr]     Checking hkdf v0.12.4
[INFO] [stderr]     Checking gethostname v1.1.0
[INFO] [stderr]     Checking is-docker v0.2.0
[INFO] [stderr]     Checking keyring-core v1.0.0
[INFO] [stderr]    Compiling wry v0.56.1
[INFO] [stderr]     Checking num-bigint v0.4.8
[INFO] [stderr]     Checking num-iter v0.1.46
[INFO] [stderr]     Checking x11rb v0.13.2
[INFO] [stderr]     Checking is-wsl v0.4.0
[INFO] [stderr]     Checking flate2 v1.1.9
[INFO] [stderr]     Checking ahash v0.8.12
[INFO] [stderr]     Checking xkbcommon-dl v0.4.2
[INFO] [stderr]    Compiling dsh-desktop v0.1.8 (/opt/rustwide/workdir)
[INFO] [stderr]     Checking concurrent-queue v2.5.0
[INFO] [stderr]     Checking png v0.17.16
[INFO] [stderr]     Checking open v5.4.1
[INFO] [stderr]     Checking async-channel v2.5.0
[INFO] [stderr]     Checking async-io v2.6.0
[INFO] [stderr]     Checking async-executor v1.14.0
[INFO] [stderr]     Checking tiny-skia v0.11.4
[INFO] [stderr]    Compiling proc-macro-crate v3.5.0
[INFO] [stderr]     Checking blocking v1.6.2
[INFO] [stderr]     Checking wayland-client v0.31.15
[INFO] [stderr]     Checking wayland-csd-frame v0.3.0
[INFO] [stderr]     Checking async-signal v0.2.14
[INFO] [stderr]     Checking async-process v2.5.0
[INFO] [stderr]     Checking num-rational v0.4.2
[INFO] [stderr]     Checking num v0.4.3
[INFO] [stderr]     Checking wayland-protocols v0.32.13
[INFO] [stderr]     Checking wayland-cursor v0.31.14
[INFO] [stderr]    Compiling enumflags2_derive v0.7.12
[INFO] [stderr]    Compiling tracing-attributes v0.1.31
[INFO] [stderr]    Compiling thiserror-impl v1.0.69
[INFO] [stderr]    Compiling async-recursion v1.1.1
[INFO] [stderr]    Compiling serde_derive v1.0.229
[INFO] [stderr]    Compiling serde_repr v0.1.21
[INFO] [stderr]    Compiling futures-macro v0.3.34
[INFO] [stderr]    Compiling async-trait v0.1.92
[INFO] [stderr]    Compiling thiserror-impl v2.0.20
[INFO] [stderr]     Checking tracing v0.1.44
[INFO] [stderr]     Checking thiserror v1.0.69
[INFO] [stderr]     Checking calloop v0.13.0
[INFO] [stderr]     Checking futures-util v0.3.34
[INFO] [stderr]     Checking calloop-wayland-source v0.3.0
[INFO] [stderr]     Checking thiserror v2.0.20
[INFO] [stdout] error[E0433]: cannot find module or crate `gtk` in this scope
[INFO] [stdout]     --> /opt/rustwide/cargo-home/registry/src/index.crates.io-1949cf8c6b5b557f/wry-0.56.1/src/lib.rs:2041:8
[INFO] [stdout]      |
[INFO] [stdout] 2041 |     W: gtk::prelude::IsA<gtk::Container>;
[INFO] [stdout]      |        ^^^ use of unresolved module or unlinked crate `gtk`
[INFO] [stdout]      |
[INFO] [stdout]      = help: if you wanted to use a crate named `gtk`, use `cargo add gtk` to add it to your `Cargo.toml`
[INFO] [stdout] 
[INFO] [stdout] 
[INFO] [stdout] error[E0433]: cannot find module or crate `gtk` in this scope
[INFO] [stdout]     --> /opt/rustwide/cargo-home/registry/src/index.crates.io-1949cf8c6b5b557f/wry-0.56.1/src/lib.rs:2061:8
[INFO] [stdout]      |
[INFO] [stdout] 2061 |     W: gtk::prelude::IsA<gtk::Container>,
[INFO] [stdout]      |        ^^^ use of unresolved module or unlinked crate `gtk`
[INFO] [stdout]      |
[INFO] [stdout]      = help: if you wanted to use a crate named `gtk`, use `cargo add gtk` to add it to your `Cargo.toml`
[INFO] [stdout] 
[INFO] [stdout] 
[INFO] [stdout] error[E0425]: cannot find type `InnerWebView` in this scope
[INFO] [stdout]     --> /opt/rustwide/cargo-home/registry/src/index.crates.io-1949cf8c6b5b557f/wry-0.56.1/src/lib.rs:2086:12
[INFO] [stdout]      |
[INFO] [stdout] 2086 |   webview: InnerWebView,
[INFO] [stdout]      |            ^^^^^^^^^^^^ not found in this scope
[INFO] [stdout] 
[INFO] [stdout] 
[INFO] [stdout] error[E0433]: cannot find module or crate `webkit2gtk` in this scope
[INFO] [stdout]    --> /opt/rustwide/cargo-home/registry/src/index.crates.io-1949cf8c6b5b557f/wry-0.56.1/src/lib.rs:478:14
[INFO] [stdout]     |
[INFO] [stdout] 478 |     webview: webkit2gtk::WebView,
[INFO] [stdout]     |              ^^^^^^^^^^ use of unresolved module or unlinked crate `webkit2gtk`
[INFO] [stdout]     |
[INFO] [stdout]     = help: if you wanted to use a crate named `webkit2gtk`, use `cargo add webkit2gtk` to add it to your `Cargo.toml`
[INFO] [stdout] 
[INFO] [stdout] 
[INFO] [stdout] error[E0433]: cannot find module or crate `webkit2gtk` in this scope
[INFO] [stdout]    --> /opt/rustwide/cargo-home/registry/src/index.crates.io-1949cf8c6b5b557f/wry-0.56.1/src/lib.rs:501:16
[INFO] [stdout]     |
[INFO] [stdout] 501 |   pub webview: webkit2gtk::WebView,
[INFO] [stdout]     |                ^^^^^^^^^^ use of unresolved module or unlinked crate `webkit2gtk`
[INFO] [stdout]     |
[INFO] [stdout]     = help: if you wanted to use a crate named `webkit2gtk`, use `cargo add webkit2gtk` to add it to your `Cargo.toml`
[INFO] [stdout] 
[INFO] [stdout] 
[INFO] [stdout] error[E0433]: cannot find type `InnerWebView` in this scope
[INFO] [stdout]     --> /opt/rustwide/cargo-home/registry/src/index.crates.io-1949cf8c6b5b557f/wry-0.56.1/src/lib.rs:1546:5
[INFO] [stdout]      |
[INFO] [stdout] 1546 |     InnerWebView::new(window, self.attrs, self.platform_specific).map(|webview| WebView { webview })
[INFO] [stdout]      |     ^^^^^^^^^^^^ use of undeclared type `InnerWebView`
[INFO] [stdout] 
[INFO] [stdout] 
[INFO] [stdout] error[E0433]: cannot find type `InnerWebView` in this scope
[INFO] [stdout]     --> /opt/rustwide/cargo-home/registry/src/index.crates.io-1949cf8c6b5b557f/wry-0.56.1/src/lib.rs:1574:5
[INFO] [stdout]      |
[INFO] [stdout] 1574 |     InnerWebView::new_as_child(window, self.attrs, self.platform_specific)
[INFO] [stdout]      |     ^^^^^^^^^^^^ use of undeclared type `InnerWebView`
[INFO] [stdout] 
[INFO] [stdout] 
[INFO] [stdout] error[E0433]: cannot find module or crate `webkit2gtk` in this scope
[INFO] [stdout]     --> /opt/rustwide/cargo-home/registry/src/index.crates.io-1949cf8c6b5b557f/wry-0.56.1/src/lib.rs:2018:24
[INFO] [stdout]      |
[INFO] [stdout] 2018 |   related_view: Option<webkit2gtk::WebView>,
[INFO] [stdout]      |                        ^^^^^^^^^^ use of unresolved module or unlinked crate `webkit2gtk`
[INFO] [stdout]      |
[INFO] [stdout]      = help: if you wanted to use a crate named `webkit2gtk`, use `cargo add webkit2gtk` to add it to your `Cargo.toml`
[INFO] [stdout] 
[INFO] [stdout] 
[INFO] [stdout] error[E0433]: cannot find module or crate `gtk` in this scope
[INFO] [stdout]     --> /opt/rustwide/cargo-home/registry/src/index.crates.io-1949cf8c6b5b557f/wry-0.56.1/src/lib.rs:2041:26
[INFO] [stdout]      |
[INFO] [stdout] 2041 |     W: gtk::prelude::IsA<gtk::Container>;
[INFO] [stdout]      |                          ^^^ use of unresolved module or unlinked crate `gtk`
[INFO] [stdout]      |
[INFO] [stdout]      = help: if you wanted to use a crate named `gtk`, use `cargo add gtk` to add it to your `Cargo.toml`
[INFO] [stdout] 
[INFO] [stdout] 
[INFO] [stdout] error[E0433]: cannot find module or crate `webkit2gtk` in this scope
[INFO] [stdout]     --> /opt/rustwide/cargo-home/registry/src/index.crates.io-1949cf8c6b5b557f/wry-0.56.1/src/lib.rs:2048:39
[INFO] [stdout]      |
[INFO] [stdout] 2048 |   fn with_related_view(self, webview: webkit2gtk::WebView) -> Self;
[INFO] [stdout]      |                                       ^^^^^^^^^^ use of unresolved module or unlinked crate `webkit2gtk`
[INFO] [stdout]      |
[INFO] [stdout]      = help: if you wanted to use a crate named `webkit2gtk`, use `cargo add webkit2gtk` to add it to your `Cargo.toml`
[INFO] [stdout] 
[INFO] [stdout] 
[INFO] [stdout] error[E0433]: cannot find module or crate `gtk` in this scope
[INFO] [stdout]     --> /opt/rustwide/cargo-home/registry/src/index.crates.io-1949cf8c6b5b557f/wry-0.56.1/src/lib.rs:2061:26
[INFO] [stdout]      |
[INFO] [stdout] 2061 |     W: gtk::prelude::IsA<gtk::Container>,
[INFO] [stdout]      |                          ^^^ use of unresolved module or unlinked crate `gtk`
[INFO] [stdout]      |
[INFO] [stdout]      = help: if you wanted to use a crate named `gtk`, use `cargo add gtk` to add it to your `Cargo.toml`
[INFO] [stdout] 
[INFO] [stdout] 
[INFO] [stdout] error[E0433]: cannot find type `InnerWebView` in this scope
[INFO] [stdout]     --> /opt/rustwide/cargo-home/registry/src/index.crates.io-1949cf8c6b5b557f/wry-0.56.1/src/lib.rs:2065:5
[INFO] [stdout]      |
[INFO] [stdout] 2065 |     InnerWebView::new_gtk(widget, self.attrs, self.platform_specific)
[INFO] [stdout]      |     ^^^^^^^^^^^^ use of undeclared type `InnerWebView`
[INFO] [stdout] 
[INFO] [stdout] 
[INFO] [stdout] error[E0433]: cannot find module or crate `webkit2gtk` in this scope
[INFO] [stdout]     --> /opt/rustwide/cargo-home/registry/src/index.crates.io-1949cf8c6b5b557f/wry-0.56.1/src/lib.rs:2074:43
[INFO] [stdout]      |
[INFO] [stdout] 2074 |   fn with_related_view(mut self, webview: webkit2gtk::WebView) -> Self {
[INFO] [stdout]      |                                           ^^^^^^^^^^ use of unresolved module or unlinked crate `webkit2gtk`
[INFO] [stdout]      |
[INFO] [stdout]      = help: if you wanted to use a crate named `webkit2gtk`, use `cargo add webkit2gtk` to add it to your `Cargo.toml`
[INFO] [stdout] 
[INFO] [stdout] 
[INFO] [stdout] Some errors have detailed explanations: E0425, E0433.
[INFO] [stdout] 
[INFO] [stdout] For more information about an error, try `rustc --explain E0425`.
[INFO] [stdout] 
[INFO] [stderr] error: could not compile `wry` (lib) due to 13 previous errors
[INFO] [stderr] warning: build failed, waiting for other jobs to finish...
[INFO] running `Command { std: "docker" "inspect" "c8f9887b1b12912582468028a082482b4dc52dc23eea77cbbde485dffdba2cdd", kill_on_drop: false }`
[INFO] running `Command { std: "docker" "rm" "-f" "c8f9887b1b12912582468028a082482b4dc52dc23eea77cbbde485dffdba2cdd", kill_on_drop: false }`
[INFO] [stdout] c8f9887b1b12912582468028a082482b4dc52dc23eea77cbbde485dffdba2cdd
