[INFO] cloning repository https://github.com/ncdevshiv/nc-tools
[INFO] running `Command { std: "git" "-c" "credential.helper=" "-c" "credential.helper=/workspace/cargo-home/bin/git-credential-null" "clone" "--bare" "https://github.com/ncdevshiv/nc-tools" "/workspace/cache/git-repos/https%3A%2F%2Fgithub.com%2Fncdevshiv%2Fnc-tools", kill_on_drop: false }`
[INFO] [stderr] Cloning into bare repository '/workspace/cache/git-repos/https%3A%2F%2Fgithub.com%2Fncdevshiv%2Fnc-tools'...
[INFO] running `Command { std: "git" "rev-parse" "HEAD", kill_on_drop: false }`
[INFO] [stdout] 00ce589248b889dada887877b582e7897043088f
[INFO] checking ncdevshiv/nc-tools against 3154cc1a3e6424e44f438a95007d043ed5ceaaf6 for pr-133502-30
[INFO] running `Command { std: "git" "clone" "/workspace/cache/git-repos/https%3A%2F%2Fgithub.com%2Fncdevshiv%2Fnc-tools" "/workspace/builds/worker-4-tc2/source", kill_on_drop: false }`
[INFO] [stderr] Cloning into '/workspace/builds/worker-4-tc2/source'...
[INFO] [stderr] done.
[INFO] removed /workspace/builds/worker-4-tc2/source/.cargo/config.toml
[INFO] started tweaking git repo https://github.com/ncdevshiv/nc-tools
[INFO] finished tweaking git repo https://github.com/ncdevshiv/nc-tools
[INFO] tweaked toml for git repo https://github.com/ncdevshiv/nc-tools written to /workspace/builds/worker-4-tc2/source/Cargo.toml
[INFO] validating manifest of git repo https://github.com/ncdevshiv/nc-tools on toolchain 3154cc1a3e6424e44f438a95007d043ed5ceaaf6
[INFO] running `Command { std: CARGO_HOME="/workspace/cargo-home" RUSTUP_HOME="/workspace/rustup-home" "/workspace/cargo-home/bin/cargo" "+3154cc1a3e6424e44f438a95007d043ed5ceaaf6" "metadata" "--manifest-path" "Cargo.toml" "--no-deps", kill_on_drop: false }`
[INFO] crate git repo https://github.com/ncdevshiv/nc-tools already has a lockfile, it will not be regenerated
[INFO] running `Command { std: CARGO_HOME="/workspace/cargo-home" RUSTUP_HOME="/workspace/rustup-home" "/workspace/cargo-home/bin/cargo" "+3154cc1a3e6424e44f438a95007d043ed5ceaaf6" "fetch" "--manifest-path" "Cargo.toml", kill_on_drop: false }`
[INFO] [stderr]     Blocking waiting for file lock on package cache
[INFO] [stderr]     Blocking waiting for file lock on package cache
[INFO] running `Command { std: "docker" "create" "-v" "/var/lib/crater-agent-workspace/builds/worker-4-tc2/source:/opt/rustwide/workdir:ro,Z" "-v" "/var/lib/crater-agent-workspace/builds/worker-4-tc2/target:/opt/rustwide/target:rw,Z" "-v" "/var/lib/crater-agent-workspace/cargo-home:/opt/rustwide/cargo-home:ro,Z" "-v" "/var/lib/crater-agent-workspace/rustup-home:/opt/rustwide/rustup-home:ro,Z" "-m" "1610612736" "--network" "none" "ghcr.io/rust-lang/crates-build-env/linux@sha256:77db811e55d90add9212f6832c23229e3de5f1c1f9905e8cb07319ea15df73ac" "sleep" "infinity", kill_on_drop: false }`
[INFO] [stdout] e2840062eb0246a3aac56ec91e245f2efd30292823d9f82e5165d445623dd4e4
[INFO] running `Command { std: "docker" "start" "e2840062eb0246a3aac56ec91e245f2efd30292823d9f82e5165d445623dd4e4", kill_on_drop: false }`
[INFO] running `Command { std: "docker" "inspect" "e2840062eb0246a3aac56ec91e245f2efd30292823d9f82e5165d445623dd4e4", kill_on_drop: false }`
[INFO] running `Command { std: "docker" "exec" "-e" "SOURCE_DIR=/opt/rustwide/workdir" "-e" "CARGO_HOME=/opt/rustwide/cargo-home" "-e" "RUSTUP_HOME=/opt/rustwide/rustup-home" "-e" "CARGO_TARGET_DIR=/opt/rustwide/target" "-w" "/opt/rustwide/workdir" "--user" "0:0" "e2840062eb0246a3aac56ec91e245f2efd30292823d9f82e5165d445623dd4e4" "/opt/rustwide/cargo-home/bin/cargo" "+3154cc1a3e6424e44f438a95007d043ed5ceaaf6" "metadata" "--no-deps" "--format-version=1", kill_on_drop: false }`
[INFO] running `Command { std: "docker" "inspect" "e2840062eb0246a3aac56ec91e245f2efd30292823d9f82e5165d445623dd4e4", kill_on_drop: false }`
[INFO] running `Command { std: "docker" "exec" "-e" "SOURCE_DIR=/opt/rustwide/workdir" "-e" "CARGO_HOME=/opt/rustwide/cargo-home" "-e" "RUSTUP_HOME=/opt/rustwide/rustup-home" "-e" "CARGO_TARGET_DIR=/opt/rustwide/target" "-e" "CARGO_INCREMENTAL=0" "-e" "RUST_BACKTRACE=full" "-e" "RUSTFLAGS=--cap-lints=forbid" "-e" "RUSTDOCFLAGS=--cap-lints=forbid" "-w" "/opt/rustwide/workdir" "--user" "0:0" "e2840062eb0246a3aac56ec91e245f2efd30292823d9f82e5165d445623dd4e4" "/opt/rustwide/cargo-home/bin/cargo" "+3154cc1a3e6424e44f438a95007d043ed5ceaaf6" "check" "--frozen" "--all" "--all-targets" "--message-format=json", kill_on_drop: false }`
[INFO] [stderr]    Compiling libm v0.2.16
[INFO] [stderr]    Compiling num-traits v0.2.19
[INFO] [stderr]    Compiling syn v3.0.4
[INFO] [stderr]     Checking stable_deref_trait v1.2.1
[INFO] [stderr]    Compiling zerocopy-derive v0.8.56
[INFO] [stderr]     Checking getrandom v0.3.4
[INFO] [stderr]     Checking zerofrom v0.1.8
[INFO] [stderr]    Compiling serde_json v1.0.151
[INFO] [stderr]    Compiling libc v0.2.189
[INFO] [stderr]     Checking yoke v0.8.3
[INFO] [stderr]     Checking rand_core v0.9.5
[INFO] [stderr]     Checking bitflags v2.13.1
[INFO] [stderr]     Checking smallvec v1.15.2
[INFO] [stderr]    Compiling cc v1.4.4
[INFO] [stderr]    Compiling zerocopy v0.8.56
[INFO] [stderr]     Checking aho-corasick v1.1.5
[INFO] [stderr]     Checking regex-syntax v0.8.11
[INFO] [stderr]     Checking either v1.18.0
[INFO] [stderr]     Checking rayon v1.12.0
[INFO] [stderr]    Compiling getrandom v0.2.17
[INFO] [stderr]    Compiling rand_core v0.6.4
[INFO] [stderr]    Compiling pulp v0.22.3
[INFO] [stderr]     Checking raw-cpuid v11.6.0
[INFO] [stderr]    Compiling dyn-stack-macros v0.1.3
[INFO] [stderr]     Checking pulp-wasm-simd-flag v0.1.1
[INFO] [stderr]    Compiling seq-macro v0.3.6
[INFO] [stderr]    Compiling serde_derive_internals v0.29.1
[INFO] [stderr]     Checking regex-automata v0.4.18
[INFO] [stderr]     Checking toml_write v0.1.2
[INFO] [stderr]    Compiling schemars v0.8.22
[INFO] [stderr]    Compiling siphasher v1.0.3
[INFO] [stderr]     Checking dyn-clone v1.0.20
[INFO] [stderr]    Compiling phf_shared v0.11.3
[INFO] [stderr]     Checking sha2 v0.10.9
[INFO] [stderr]    Compiling schemars_derive v0.8.22
[INFO] [stderr]    Compiling darling_core v0.20.11
[INFO] [stderr]    Compiling serde_derive v1.0.229
[INFO] [stderr]    Compiling bytemuck_derive v1.12.0
[INFO] [stderr]    Compiling zerovec-derive v0.11.6
[INFO] [stderr]    Compiling displaydoc v0.2.7
[INFO] [stderr]     Checking zerotrie v0.2.5
[INFO] [stderr]    Compiling ring v0.17.14
[INFO] [stderr]     Checking bytemuck v1.25.2
[INFO] [stderr]     Checking zerovec v0.11.8
[INFO] [stderr]     Checking num-complex v0.4.6
[INFO] [stderr]     Checking dyn-stack v0.13.2
[INFO] [stderr]    Compiling ppv-lite86 v0.2.21
[INFO] [stderr]     Checking regex v1.13.1
[INFO] [stderr]     Checking zeroize v1.9.0
[INFO] [stderr]     Checking rustls-pki-types v1.15.1
[INFO] [stderr]     Checking tinystr v0.8.4
[INFO] [stderr]    Compiling rand_chacha v0.3.1
[INFO] [stderr]     Checking potential_utf v0.1.6
[INFO] [stderr]     Checking icu_locale_core v2.3.0
[INFO] [stderr]     Checking icu_collections v2.3.0
[INFO] [stderr]    Compiling rand v0.8.8
[INFO] [stderr]    Compiling darling_macro v0.20.11
[INFO] [stderr]    Compiling thiserror-impl v2.0.20
[INFO] [stderr]    Compiling onig_sys v69.9.3
[INFO] [stderr]     Checking hashbrown v0.16.1
[INFO] [stderr]    Compiling phf_generator v0.11.3
[INFO] [stderr]     Checking icu_provider v2.3.1
[INFO] [stderr]    Compiling darling v0.20.11
[INFO] [stderr]     Checking serde v1.0.229
[INFO] [stderr]     Checking icu_properties v2.3.0
[INFO] [stderr]     Checking icu_normalizer v2.3.0
[INFO] [stderr]    Compiling ahash v0.8.12
[INFO] [stderr]    Compiling portable-atomic v1.15.0
[INFO] [stderr]     Checking typed-path v0.12.3
[INFO] [stderr]     Checking thiserror v2.0.20
[INFO] [stderr]     Checking toml_datetime v0.6.11
[INFO] [stderr]     Checking serde_spanned v0.6.9
[INFO] [stderr]     Checking chrono v0.4.45
[INFO] [stderr]     Checking toml_edit v0.22.27
[INFO] [stderr]     Checking rand_chacha v0.9.0
[INFO] [stderr]     Checking rand v0.9.5
[INFO] [stderr]     Checking idna_adapter v1.2.2
[INFO] [stderr]     Checking idna v1.1.0
[INFO] [stderr]     Checking zip v7.2.0
[INFO] [stderr]     Checking safetensors v0.7.0
[INFO] [stderr]     Checking rand_distr v0.5.1
[INFO] [stderr]    Compiling derive_builder_core v0.20.2
[INFO] [stderr]     Checking flate2 v1.1.10
[INFO] [stderr]    Compiling esaxx-rs v0.1.10
[INFO] [stderr]     Checking half v2.7.1
[INFO] [stderr]     Checking memmap2 v0.9.11
[INFO] [stderr]     Checking num_cpus v1.17.0
[INFO] [stderr]     Checking bit-vec v0.8.0
[INFO] [stderr]    Compiling rustls v0.23.43
[INFO] [stderr]     Checking toml v0.8.23
[INFO] [stderr]     Checking bit-set v0.8.0
[INFO] [stderr]     Checking url v2.5.8
[INFO] [stderr]     Checking rustls-webpki v0.103.15
[INFO] [stderr]     Checking gemm-common v0.19.0
[INFO] [stderr]     Checking float8 v0.6.1
[INFO] [stderr]    Compiling derive_builder_macro v0.20.2
[INFO] [stderr]     Checking nct-core v0.2.0 (/opt/rustwide/workdir/crates/nct-core)
[INFO] [stderr]     Checking gemm-f32 v0.19.0
[INFO] [stderr]     Checking gemm-c32 v0.19.0
[INFO] [stderr]     Checking gemm-f64 v0.19.0
[INFO] [stderr]     Checking gemm-c64 v0.19.0
[INFO] [stderr]     Checking console v0.15.11
[INFO] [stderr]     Checking webpki-roots v1.0.9
[INFO] [stderr]     Checking itertools v0.14.0
[INFO] [stderr]    Compiling monostate-impl v0.1.18
[INFO] [stderr]    Compiling macro_rules_attribute-proc_macro v0.2.3
[INFO] [stderr]     Checking gemm-f16 v0.19.0
[INFO] [stderr]     Checking subtle v2.6.1
[INFO] [stderr]    Compiling pastey v0.2.3
[INFO] [stderr]    Compiling siphasher v0.3.11
[INFO] [stderr]     Checking base64 v0.13.1
[INFO] [stderr]     Checking number_prefix v0.4.0
[INFO] [stderr]     Checking indicatif v0.17.11
[INFO] [stderr]    Compiling phf_shared v0.10.0
[INFO] [stderr]     Checking macro_rules_attribute v0.2.3
[INFO] [stderr]     Checking spm_precompiled v0.1.4
[INFO] [stderr]     Checking tracing v0.1.44
[INFO] [stderr]     Checking compact_str v0.9.1
[INFO] [stderr]     Checking monostate v0.1.18
[INFO] [stderr]     Checking webpki-roots v0.26.11
[INFO] [stderr]     Checking derive_builder v0.20.2
[INFO] [stderr]     Checking gemm v0.19.0
[INFO] [stderr]     Checking fancy-regex v0.17.0
[INFO] [stderr]     Checking candle-core v0.9.2
[INFO] [stderr]     Checking dary_heap v0.3.9
[INFO] [stderr]     Checking serde_plain v1.0.2
[INFO] [stderr]    Compiling phf_macros v0.11.3
[INFO] [stderr]     Checking unicode-normalization-alignments v0.1.12
[INFO] [stderr]    Compiling phf_generator v0.10.0
[INFO] [stderr]     Checking parking_lot_core v0.9.12
[INFO] [stderr]     Checking safetensors v0.4.5
[INFO] [stderr]    Compiling phf_codegen v0.11.3
[INFO] [stderr]    Compiling string_cache_codegen v0.5.4
[INFO] [stderr]     Checking mac v0.1.1
[INFO] [stderr]     Checking precomputed-hash v0.1.1
[INFO] [stderr]     Checking phf v0.11.3
[INFO] [stderr]     Checking futf v0.1.5
[INFO] [stderr]     Checking parking_lot v0.12.5
[INFO] [stderr]    Compiling phf_codegen v0.10.0
[INFO] [stderr]     Checking dtoa v1.0.11
[INFO] [stderr]     Checking string_cache v0.8.9
[INFO] [stderr]    Compiling selectors v0.25.0
[INFO] [stderr]     Checking dtoa-short v0.3.5
[INFO] [stderr]     Checking tendril v0.4.3
[INFO] [stderr]    Compiling markup5ever v0.12.1
[INFO] [stderr]    Compiling html5ever v0.27.0
[INFO] [stderr]    Compiling cssparser-macros v0.6.1
[INFO] [stderr]     Checking pom v1.1.0
[INFO] [stderr]     Checking rayon-cond v0.4.0
[INFO] [stderr]     Checking tinyvec v1.12.0
[INFO] [stderr]     Checking time v0.3.55
[INFO] [stderr]     Checking cssparser v0.31.2
[INFO] [stderr]     Checking phf v0.10.1
[INFO] [stderr]     Checking getrandom v0.4.3
[INFO] [stderr]     Checking fxhash v0.2.1
[INFO] [stderr]     Checking md-5 v0.10.6
[INFO] [stderr]     Checking onig v6.5.3
[INFO] [stderr]     Checking servo_arc v0.3.0
[INFO] [stderr]    Compiling derive_more v0.99.20
[INFO] [stderr]     Checking bit-vec v0.6.3
[INFO] [stderr]     Checking rangemap v1.8.0
[INFO] [stderr]     Checking bit-set v0.5.3
[INFO] [stderr]     Checking uuid v1.26.0
[INFO] [stderr]     Checking unicode-normalization v0.1.25
[INFO] [stderr]     Checking adobe-cmap-parser v0.4.1
[INFO] [stderr]     Checking tokenizers v0.21.4
[INFO] [stderr]     Checking type1-encoding-parser v0.1.1
[INFO] [stderr]     Checking quick-xml v0.41.0
[INFO] [stderr]     Checking mediatype v0.21.0
[INFO] [stderr]     Checking ureq v2.12.1
[INFO] [stderr]     Checking getopts v0.2.24
[INFO] [stderr]     Checking euclid v0.20.14
[INFO] [stderr]     Checking ego-tree v0.6.3
[INFO] [stderr]     Checking postscript v0.14.1
[INFO] [stderr]     Checking feed-rs v2.4.0
[INFO] [stderr]     Checking fancy-regex v0.13.0
[INFO] [stderr]     Checking scraper v0.20.0
[INFO] [stderr]     Checking lopdf v0.34.0
[INFO] [stderr]     Checking candle-nn v0.9.2
[INFO] [stderr]     Checking nct-git v0.2.0 (/opt/rustwide/workdir/crates/nct-git)
[INFO] [stderr]     Checking nct-proc v0.2.0 (/opt/rustwide/workdir/crates/nct-proc)
[INFO] [stdout] warning: unused import: `CREATE_NO_WINDOW`
[INFO] [stdout]   --> crates/nct-proc/src/lib.rs:21:25
[INFO] [stdout]    |
[INFO] [stdout] 21 | use nct_core::{now_iso, CREATE_NO_WINDOW};
[INFO] [stdout]    |                         ^^^^^^^^^^^^^^^^
[INFO] [stdout]    |
[INFO] [stdout]    = note: `#[warn(unused_imports)]` (part of `#[warn(unused)]`) on by default
[INFO] [stdout] 
[INFO] [stdout] 
[INFO] [stdout] warning: unused import: `CREATE_NO_WINDOW`
[INFO] [stdout]   --> crates/nct-proc/src/lib.rs:21:25
[INFO] [stdout]    |
[INFO] [stdout] 21 | use nct_core::{now_iso, CREATE_NO_WINDOW};
[INFO] [stdout]    |                         ^^^^^^^^^^^^^^^^
[INFO] [stdout]    |
[INFO] [stdout]    = note: `#[warn(unused_imports)]` (part of `#[warn(unused)]`) on by default
[INFO] [stdout] 
[INFO] [stdout] 
[INFO] [stdout] error[E0599]: no method named `filter` found for enum `Result<u64, ParseIntError>` in the current scope
[INFO] [stdout]     --> crates/nct-proc/src/lib.rs:1529:55
[INFO] [stdout]      |
[INFO] [stdout] 1529 |                 if let Ok(pid) = pid_s.parse::<u64>().filter(|p| *p > 0) {
[INFO] [stdout]      |                                                       ^^^^^^ `Result<u64, ParseIntError>` is not an iterator
[INFO] [stdout]      |
[INFO] [stdout] help: call `.into_iter()` first
[INFO] [stdout]      |
[INFO] [stdout] 1529 |                 if let Ok(pid) = pid_s.parse::<u64>().into_iter().filter(|p| *p > 0) {
[INFO] [stdout]      |                                                       ++++++++++++
[INFO] [stdout] 
[INFO] [stdout] 
[INFO] [stderr]     Checking candle-transformers v0.9.2
[INFO] [stdout] error[E0599]: no method named `filter` found for enum `Result<u64, ParseIntError>` in the current scope
[INFO] [stdout]     --> crates/nct-proc/src/lib.rs:1529:55
[INFO] [stdout]      |
[INFO] [stdout] 1529 |                 if let Ok(pid) = pid_s.parse::<u64>().filter(|p| *p > 0) {
[INFO] [stdout]      |                                                       ^^^^^^ `Result<u64, ParseIntError>` is not an iterator
[INFO] [stdout]      |
[INFO] [stdout] help: call `.into_iter()` first
[INFO] [stdout]      |
[INFO] [stdout] 1529 |                 if let Ok(pid) = pid_s.parse::<u64>().into_iter().filter(|p| *p > 0) {
[INFO] [stdout]      |                                                       ++++++++++++
[INFO] [stdout] 
[INFO] [stdout] 
[INFO] [stdout] error[E0282]: type annotations needed for `(&str, std::vec::Vec<_>)`
[INFO] [stdout]     --> crates/nct-proc/src/lib.rs:1848:13
[INFO] [stdout]      |
[INFO] [stdout] 1848 |         let (cmd, args) = ("pwd", vec![]);
[INFO] [stdout]      |             ^^^^^^^^^^^   --------------- type must be known at this point
[INFO] [stdout]      |
[INFO] [stdout] help: consider giving this pattern a type, where the placeholders `_` are specified
[INFO] [stdout]      |
[INFO] [stdout] 1848 |         let (cmd, args): (&_, std::vec::Vec<_>) = ("pwd", vec![]);
[INFO] [stdout]      |                        ++++++++++++++++++++++++
[INFO] [stdout] 
[INFO] [stdout] 
[INFO] [stdout] For more information about this error, try `rustc --explain E0599`.
[INFO] [stdout] 
[INFO] [stderr] error: could not compile `nct-proc` (lib) due to 1 previous error; 1 warning emitted
[INFO] [stderr] warning: build failed, waiting for other jobs to finish...
[INFO] [stdout] Some errors have detailed explanations: E0282, E0599.
[INFO] [stdout] 
[INFO] [stdout] For more information about an error, try `rustc --explain E0282`.
[INFO] [stdout] 
[INFO] [stderr] error: could not compile `nct-proc` (lib test) due to 2 previous errors; 1 warning emitted
[INFO] [stderr] warning: unused dependency `regex`
[INFO] [stderr]   --> crates/nct-core/Cargo.toml:17:1
[INFO] [stderr]    |
[INFO] [stderr] 17 | regex = { workspace = true }
[INFO] [stderr]    | ^^^^^^^^^^^^^^^^^^^^^^^^^^^^
[INFO] [stderr]    |
[INFO] [stderr]    = note: `cargo::unused_dependencies` is set to `warn` by default
[INFO] [stderr] help: consider removing the dependency on `regex`
[INFO] [stderr] warning: `nct-core` (manifest) generated 1 warning
[INFO] running `Command { std: "docker" "inspect" "e2840062eb0246a3aac56ec91e245f2efd30292823d9f82e5165d445623dd4e4", kill_on_drop: false }`
[INFO] running `Command { std: "docker" "rm" "-f" "e2840062eb0246a3aac56ec91e245f2efd30292823d9f82e5165d445623dd4e4", kill_on_drop: false }`
[INFO] [stdout] e2840062eb0246a3aac56ec91e245f2efd30292823d9f82e5165d445623dd4e4
