[INFO] cloning repository https://github.com/naups/thinkpad-battery-watcher
[INFO] running `Command { std: "git" "-c" "credential.helper=" "-c" "credential.helper=/workspace/cargo-home/bin/git-credential-null" "clone" "--bare" "https://github.com/naups/thinkpad-battery-watcher" "/workspace/cache/git-repos/https%3A%2F%2Fgithub.com%2Fnaups%2Fthinkpad-battery-watcher", kill_on_drop: false }`
[INFO] [stderr] Cloning into bare repository '/workspace/cache/git-repos/https%3A%2F%2Fgithub.com%2Fnaups%2Fthinkpad-battery-watcher'...
[INFO] running `Command { std: "git" "rev-parse" "HEAD", kill_on_drop: false }`
[INFO] [stdout] fee8d911fb46e4ae28ce445f5139a476d7fa4369
[INFO] checking naups/thinkpad-battery-watcher against 3154cc1a3e6424e44f438a95007d043ed5ceaaf6+rustflags=-Znext-solver=coherence for pr-133502-30
[INFO] running `Command { std: "git" "clone" "/workspace/cache/git-repos/https%3A%2F%2Fgithub.com%2Fnaups%2Fthinkpad-battery-watcher" "/workspace/builds/worker-6-tc1/source", kill_on_drop: false }`
[INFO] [stderr] Cloning into '/workspace/builds/worker-6-tc1/source'...
[INFO] [stderr] done.
[INFO] started tweaking git repo https://github.com/naups/thinkpad-battery-watcher
[INFO] finished tweaking git repo https://github.com/naups/thinkpad-battery-watcher
[INFO] tweaked toml for git repo https://github.com/naups/thinkpad-battery-watcher written to /workspace/builds/worker-6-tc1/source/Cargo.toml
[INFO] validating manifest of git repo https://github.com/naups/thinkpad-battery-watcher on toolchain 3154cc1a3e6424e44f438a95007d043ed5ceaaf6
[INFO] running `Command { std: CARGO_HOME="/workspace/cargo-home" RUSTUP_HOME="/workspace/rustup-home" "/workspace/cargo-home/bin/cargo" "+3154cc1a3e6424e44f438a95007d043ed5ceaaf6" "metadata" "--manifest-path" "Cargo.toml" "--no-deps", kill_on_drop: false }`
[INFO] crate git repo https://github.com/naups/thinkpad-battery-watcher already has a lockfile, it will not be regenerated
[INFO] running `Command { std: CARGO_HOME="/workspace/cargo-home" RUSTUP_HOME="/workspace/rustup-home" "/workspace/cargo-home/bin/cargo" "+3154cc1a3e6424e44f438a95007d043ed5ceaaf6" "fetch" "--manifest-path" "Cargo.toml", kill_on_drop: false }`
[INFO] [stderr]     Updating crates.io index
[INFO] [stderr]  Downloading crates ...
[INFO] [stderr]   Downloaded winrt-notification v0.5.1
[INFO] [stderr]   Downloaded wmi v0.14.5
[INFO] [stderr]   Downloaded strum v0.22.0
[INFO] [stderr]   Downloaded strum_macros v0.22.0
[INFO] [stderr]   Downloaded windows_x86_64_msvc v0.24.0
[INFO] [stderr]   Downloaded windows_x86_64_gnu v0.24.0
[INFO] [stderr]   Downloaded windows_i686_msvc v0.24.0
[INFO] [stderr]   Downloaded windows_i686_gnu v0.24.0
[INFO] [stderr]   Downloaded windows v0.24.0
[INFO] running `Command { std: "docker" "create" "-v" "/var/lib/crater-agent-workspace/builds/worker-6-tc1/source:/opt/rustwide/workdir:ro,Z" "-v" "/var/lib/crater-agent-workspace/builds/worker-6-tc1/target:/opt/rustwide/target:rw,Z" "-v" "/var/lib/crater-agent-workspace/cargo-home:/opt/rustwide/cargo-home:ro,Z" "-v" "/var/lib/crater-agent-workspace/rustup-home:/opt/rustwide/rustup-home:ro,Z" "-m" "1610612736" "--network" "none" "ghcr.io/rust-lang/crates-build-env/linux@sha256:77db811e55d90add9212f6832c23229e3de5f1c1f9905e8cb07319ea15df73ac" "sleep" "infinity", kill_on_drop: false }`
[INFO] [stdout] fa5ab93d2bc8fade9758400397c4c493bdc296fe74b94f32cc4ddcbf160b5553
[INFO] running `Command { std: "docker" "start" "fa5ab93d2bc8fade9758400397c4c493bdc296fe74b94f32cc4ddcbf160b5553", kill_on_drop: false }`
[INFO] running `Command { std: "docker" "inspect" "fa5ab93d2bc8fade9758400397c4c493bdc296fe74b94f32cc4ddcbf160b5553", kill_on_drop: false }`
[INFO] running `Command { std: "docker" "exec" "-e" "SOURCE_DIR=/opt/rustwide/workdir" "-e" "CARGO_HOME=/opt/rustwide/cargo-home" "-e" "RUSTUP_HOME=/opt/rustwide/rustup-home" "-e" "CARGO_TARGET_DIR=/opt/rustwide/target" "-w" "/opt/rustwide/workdir" "--user" "0:0" "fa5ab93d2bc8fade9758400397c4c493bdc296fe74b94f32cc4ddcbf160b5553" "/opt/rustwide/cargo-home/bin/cargo" "+3154cc1a3e6424e44f438a95007d043ed5ceaaf6" "metadata" "--no-deps" "--format-version=1", kill_on_drop: false }`
[INFO] running `Command { std: "docker" "inspect" "fa5ab93d2bc8fade9758400397c4c493bdc296fe74b94f32cc4ddcbf160b5553", kill_on_drop: false }`
[INFO] running `Command { std: "docker" "exec" "-e" "SOURCE_DIR=/opt/rustwide/workdir" "-e" "CARGO_HOME=/opt/rustwide/cargo-home" "-e" "RUSTUP_HOME=/opt/rustwide/rustup-home" "-e" "CARGO_TARGET_DIR=/opt/rustwide/target" "-e" "CARGO_INCREMENTAL=0" "-e" "RUST_BACKTRACE=full" "-e" "RUSTFLAGS=--cap-lints=forbid -Znext-solver=coherence" "-e" "RUSTDOCFLAGS=--cap-lints=forbid" "-w" "/opt/rustwide/workdir" "--user" "0:0" "fa5ab93d2bc8fade9758400397c4c493bdc296fe74b94f32cc4ddcbf160b5553" "/opt/rustwide/cargo-home/bin/cargo" "+3154cc1a3e6424e44f438a95007d043ed5ceaaf6" "check" "--frozen" "--all" "--all-targets" "--message-format=json", kill_on_drop: false }`
[INFO] [stderr]    Compiling windows_x86_64_gnu v0.52.6
[INFO] [stderr]     Checking smallvec v1.15.2
[INFO] [stderr]    Compiling syn v1.0.109
[INFO] [stderr]    Compiling num-traits v0.2.19
[INFO] [stderr]    Compiling heck v0.3.3
[INFO] [stderr]     Checking regex-syntax v0.8.11
[INFO] [stderr]    Compiling syn v3.0.3
[INFO] [stderr]    Compiling syn v2.0.119
[INFO] [stderr]     Checking mio v1.2.2
[INFO] [stderr]    Compiling instability v0.3.13
[INFO] [stderr]     Checking signal-hook v0.3.18
[INFO] [stderr]     Checking clap_builder v4.6.6
[INFO] [stderr]     Checking windows v0.24.0
[INFO] [stderr]     Checking xml-rs v0.8.29
[INFO] [stderr]     Checking serde_json v1.0.151
[INFO] [stderr]     Checking wmi v0.14.5
[INFO] [stderr]     Checking windows-targets v0.52.6
[INFO] [stderr]     Checking windows-result v0.2.0
[INFO] [stderr]     Checking parking_lot_core v0.9.12
[INFO] [stderr]     Checking windows-strings v0.1.0
[INFO] [stderr]     Checking parking_lot v0.12.5
[INFO] [stderr]     Checking signal-hook-mio v0.2.5
[INFO] [stderr]     Checking regex-automata v0.4.18
[INFO] [stderr]     Checking crossterm v0.28.1
[INFO] [stderr]     Checking matchers v0.2.0
[INFO] [stderr]    Compiling strum_macros v0.22.0
[INFO] [stderr]     Checking strum v0.22.0
[INFO] [stderr]    Compiling darling_core v0.24.0
[INFO] [stderr]    Compiling serde_derive v1.0.229
[INFO] [stderr]    Compiling clap_derive v4.6.4
[INFO] [stderr]    Compiling thiserror-impl v2.0.20
[INFO] [stderr]    Compiling windows-interface v0.58.0
[INFO] [stderr]    Compiling windows-implement v0.58.0
[INFO] [stderr]    Compiling tracing-attributes v0.1.31
[INFO] [stderr]    Compiling strum_macros v0.26.4
[INFO] [stderr]     Checking windows-core v0.58.0
[INFO] [stderr]     Checking thiserror v2.0.20
[INFO] [stderr]     Checking windows v0.58.0
[INFO] [stderr]     Checking winrt-notification v0.5.1
[INFO] [stderr]     Checking tracing v0.1.44
[INFO] [stderr]     Checking tracing-subscriber v0.3.23
[INFO] [stderr]     Checking strum v0.26.3
[INFO] [stderr]     Checking clap v4.6.6
[INFO] [stderr]    Compiling darling_macro v0.24.0
[INFO] [stderr]     Checking serde v1.0.229
[INFO] [stderr]    Compiling darling v0.24.0
[INFO] [stderr]     Checking chrono v0.4.45
[INFO] [stderr]     Checking ratatui v0.29.0
[INFO] [stderr]     Checking thinkpad-battery-watcher v0.1.0 (/opt/rustwide/workdir)
[INFO] [stdout] error[E0433]: cannot find `Win32` in `windows`
[INFO] [stdout]  --> src/battery/power_status.rs:4:14
[INFO] [stdout]   |
[INFO] [stdout] 4 | use windows::Win32::System::Power::{GetSystemPowerStatus, SYSTEM_POWER_STATUS};
[INFO] [stdout]   |              ^^^^^ could not find `Win32` in `windows`
[INFO] [stdout] 
[INFO] [stdout] 
[INFO] [stdout] error[E0433]: cannot find `Win32` in `windows`
[INFO] [stdout]  --> src/battery/registry_reader.rs:4:14
[INFO] [stdout]   |
[INFO] [stdout] 4 | use windows::Win32::Foundation::ERROR_SUCCESS;
[INFO] [stdout]   |              ^^^^^ could not find `Win32` in `windows`
[INFO] [stdout] 
[INFO] [stdout] 
[INFO] [stdout] error[E0433]: cannot find `Win32` in `windows`
[INFO] [stdout]  --> src/battery/registry_reader.rs:5:14
[INFO] [stdout]   |
[INFO] [stdout] 5 | use windows::Win32::System::Registry::{
[INFO] [stdout]   |              ^^^^^ could not find `Win32` in `windows`
[INFO] [stdout] 
[INFO] [stdout] 
[INFO] [stdout] error[E0432]: unresolved import `windows::core`
[INFO] [stdout]  --> src/battery/registry_reader.rs:3:14
[INFO] [stdout]   |
[INFO] [stdout] 3 | use windows::core::PCWSTR;
[INFO] [stdout]   |              ^^^^ could not find `core` in `windows`
[INFO] [stdout] 
[INFO] [stdout] 
[INFO] [stdout] error[E0432]: unresolved imports `wmi::COMLibrary`, `wmi::WMIConnection`, `wmi::WMIResult`
[INFO] [stdout]  --> src/battery/wmi_client.rs:5:11
[INFO] [stdout]   |
[INFO] [stdout] 5 | use wmi::{COMLibrary, WMIConnection, WMIResult};
[INFO] [stdout]   |           ^^^^^^^^^^  ^^^^^^^^^^^^^  ^^^^^^^^^ no `WMIResult` in the root
[INFO] [stdout]   |           |           |
[INFO] [stdout]   |           |           no `WMIConnection` in the root
[INFO] [stdout]   |           no `COMLibrary` in the root
[INFO] [stdout] 
[INFO] [stdout] 
[INFO] [stdout] error[E0425]: cannot find type `WMIError` in crate `wmi`
[INFO] [stdout]   --> src/battery/wmi_client.rs:98:23
[INFO] [stdout]    |
[INFO] [stdout] 98 | ) -> impl FnOnce(wmi::WMIError) -> AppError + 'a {
[INFO] [stdout]    |                       ^^^^^^^^ not found in `wmi`
[INFO] [stdout] 
[INFO] [stdout] 
[INFO] [stdout] error[E0425]: cannot find type `WMIError` in crate `wmi`
[INFO] [stdout]   --> src/battery/wmi_client.rs:99:19
[INFO] [stdout]    |
[INFO] [stdout] 99 |     move |e: wmi::WMIError| {
[INFO] [stdout]    |                   ^^^^^^^^ not found in `wmi`
[INFO] [stdout] 
[INFO] [stdout] 
[INFO] [stdout] error[E0425]: cannot find type `WMIError` in crate `wmi`
[INFO] [stdout]   --> src/error.rs:29:16
[INFO] [stdout]    |
[INFO] [stdout] 29 | impl From<wmi::WMIError> for AppError {
[INFO] [stdout]    |                ^^^^^^^^ not found in `wmi`
[INFO] [stdout] 
[INFO] [stdout] 
[INFO] [stdout] error[E0425]: cannot find type `WMIError` in crate `wmi`
[INFO] [stdout]   --> src/error.rs:30:23
[INFO] [stdout]    |
[INFO] [stdout] 30 |     fn from(err: wmi::WMIError) -> Self {
[INFO] [stdout]    |                       ^^^^^^^^ not found in `wmi`
[INFO] [stdout] 
[INFO] [stdout] 
[INFO] [stdout] error[E0433]: cannot find `Win32` in `windows`
[INFO] [stdout]  --> src/battery/power_status.rs:4:14
[INFO] [stdout]   |
[INFO] [stdout] 4 | use windows::Win32::System::Power::{GetSystemPowerStatus, SYSTEM_POWER_STATUS};
[INFO] [stdout]   |              ^^^^^ could not find `Win32` in `windows`
[INFO] [stdout] 
[INFO] [stdout] 
[INFO] [stdout] error[E0433]: cannot find `Win32` in `windows`
[INFO] [stdout]  --> src/battery/registry_reader.rs:4:14
[INFO] [stdout]   |
[INFO] [stdout] 4 | use windows::Win32::Foundation::ERROR_SUCCESS;
[INFO] [stdout]   |              ^^^^^ could not find `Win32` in `windows`
[INFO] [stdout] 
[INFO] [stdout] 
[INFO] [stdout] error[E0433]: cannot find `Win32` in `windows`
[INFO] [stdout]  --> src/battery/registry_reader.rs:5:14
[INFO] [stdout]   |
[INFO] [stdout] 5 | use windows::Win32::System::Registry::{
[INFO] [stdout]   |              ^^^^^ could not find `Win32` in `windows`
[INFO] [stdout] 
[INFO] [stdout] 
[INFO] [stdout] error[E0432]: unresolved import `windows::core`
[INFO] [stdout]  --> src/battery/registry_reader.rs:3:14
[INFO] [stdout]   |
[INFO] [stdout] 3 | use windows::core::PCWSTR;
[INFO] [stdout]   |              ^^^^ could not find `core` in `windows`
[INFO] [stdout] 
[INFO] [stdout] 
[INFO] [stdout] error[E0432]: unresolved imports `wmi::COMLibrary`, `wmi::WMIConnection`, `wmi::WMIResult`
[INFO] [stdout]  --> src/battery/wmi_client.rs:5:11
[INFO] [stdout]   |
[INFO] [stdout] 5 | use wmi::{COMLibrary, WMIConnection, WMIResult};
[INFO] [stdout]   |           ^^^^^^^^^^  ^^^^^^^^^^^^^  ^^^^^^^^^ no `WMIResult` in the root
[INFO] [stdout]   |           |           |
[INFO] [stdout]   |           |           no `WMIConnection` in the root
[INFO] [stdout]   |           no `COMLibrary` in the root
[INFO] [stdout] 
[INFO] [stdout] 
[INFO] [stdout] error[E0425]: cannot find type `WMIError` in crate `wmi`
[INFO] [stdout]   --> src/battery/wmi_client.rs:98:23
[INFO] [stdout]    |
[INFO] [stdout] 98 | ) -> impl FnOnce(wmi::WMIError) -> AppError + 'a {
[INFO] [stdout]    |                       ^^^^^^^^ not found in `wmi`
[INFO] [stdout] 
[INFO] [stdout] 
[INFO] [stdout] error[E0425]: cannot find type `WMIError` in crate `wmi`
[INFO] [stdout]   --> src/battery/wmi_client.rs:99:19
[INFO] [stdout]    |
[INFO] [stdout] 99 |     move |e: wmi::WMIError| {
[INFO] [stdout]    |                   ^^^^^^^^ not found in `wmi`
[INFO] [stdout] 
[INFO] [stdout] 
[INFO] [stdout] error[E0425]: cannot find type `WMIError` in crate `wmi`
[INFO] [stdout]   --> src/error.rs:29:16
[INFO] [stdout]    |
[INFO] [stdout] 29 | impl From<wmi::WMIError> for AppError {
[INFO] [stdout]    |                ^^^^^^^^ not found in `wmi`
[INFO] [stdout] 
[INFO] [stdout] 
[INFO] [stdout] error[E0425]: cannot find type `WMIError` in crate `wmi`
[INFO] [stdout]   --> src/error.rs:30:23
[INFO] [stdout]    |
[INFO] [stdout] 30 |     fn from(err: wmi::WMIError) -> Self {
[INFO] [stdout]    |                       ^^^^^^^^ not found in `wmi`
[INFO] [stdout] 
[INFO] [stdout] 
[INFO] [stdout] Some errors have detailed explanations: E0425, E0432, E0433.
[INFO] [stdout] 
[INFO] [stdout] For more information about an error, try `rustc --explain E0425`.
[INFO] [stdout] 
[INFO] [stderr] error: could not compile `thinkpad-battery-watcher` (bin "thinkpad-battery-watcher" test) due to 9 previous errors
[INFO] [stderr] warning: build failed, waiting for other jobs to finish...
[INFO] [stdout] Some errors have detailed explanations: E0425, E0432, E0433.
[INFO] [stdout] 
[INFO] [stdout] For more information about an error, try `rustc --explain E0425`.
[INFO] [stdout] 
[INFO] [stderr] error: could not compile `thinkpad-battery-watcher` (bin "thinkpad-battery-watcher") due to 9 previous errors
[INFO] running `Command { std: "docker" "inspect" "fa5ab93d2bc8fade9758400397c4c493bdc296fe74b94f32cc4ddcbf160b5553", kill_on_drop: false }`
[INFO] running `Command { std: "docker" "rm" "-f" "fa5ab93d2bc8fade9758400397c4c493bdc296fe74b94f32cc4ddcbf160b5553", kill_on_drop: false }`
[INFO] [stdout] fa5ab93d2bc8fade9758400397c4c493bdc296fe74b94f32cc4ddcbf160b5553
