[INFO] cloning repository https://github.com/nattzchukwumela/audio_player
[INFO] running `Command { std: "git" "-c" "credential.helper=" "-c" "credential.helper=/workspace/cargo-home/bin/git-credential-null" "clone" "--bare" "https://github.com/nattzchukwumela/audio_player" "/workspace/cache/git-repos/https%3A%2F%2Fgithub.com%2Fnattzchukwumela%2Faudio_player", kill_on_drop: false }`
[INFO] [stderr] Cloning into bare repository '/workspace/cache/git-repos/https%3A%2F%2Fgithub.com%2Fnattzchukwumela%2Faudio_player'...
[INFO] running `Command { std: "git" "rev-parse" "HEAD", kill_on_drop: false }`
[INFO] [stdout] 0949114b4b0687af81818e50ca233d341c3b3a00
[INFO] checking nattzchukwumela/audio_player against 3154cc1a3e6424e44f438a95007d043ed5ceaaf6+rustflags=-Znext-solver=coherence for pr-133502-30
[INFO] running `Command { std: "git" "clone" "/workspace/cache/git-repos/https%3A%2F%2Fgithub.com%2Fnattzchukwumela%2Faudio_player" "/workspace/builds/worker-4-tc1/source", kill_on_drop: false }`
[INFO] [stderr] Cloning into '/workspace/builds/worker-4-tc1/source'...
[INFO] [stderr] done.
[INFO] started tweaking git repo https://github.com/nattzchukwumela/audio_player
[INFO] finished tweaking git repo https://github.com/nattzchukwumela/audio_player
[INFO] tweaked toml for git repo https://github.com/nattzchukwumela/audio_player written to /workspace/builds/worker-4-tc1/source/Cargo.toml
[INFO] validating manifest of git repo https://github.com/nattzchukwumela/audio_player on toolchain 3154cc1a3e6424e44f438a95007d043ed5ceaaf6
[INFO] running `Command { std: CARGO_HOME="/workspace/cargo-home" RUSTUP_HOME="/workspace/rustup-home" "/workspace/cargo-home/bin/cargo" "+3154cc1a3e6424e44f438a95007d043ed5ceaaf6" "metadata" "--manifest-path" "Cargo.toml" "--no-deps", kill_on_drop: false }`
[INFO] crate git repo https://github.com/nattzchukwumela/audio_player already has a lockfile, it will not be regenerated
[INFO] running `Command { std: CARGO_HOME="/workspace/cargo-home" RUSTUP_HOME="/workspace/rustup-home" "/workspace/cargo-home/bin/cargo" "+3154cc1a3e6424e44f438a95007d043ed5ceaaf6" "fetch" "--manifest-path" "Cargo.toml", kill_on_drop: false }`
[INFO] [stderr]  Downloading crates ...
[INFO] [stderr]   Downloaded coreaudio-sys v0.2.18
[INFO] running `Command { std: "docker" "create" "-v" "/var/lib/crater-agent-workspace/builds/worker-4-tc1/source:/opt/rustwide/workdir:ro,Z" "-v" "/var/lib/crater-agent-workspace/builds/worker-4-tc1/target:/opt/rustwide/target:rw,Z" "-v" "/var/lib/crater-agent-workspace/cargo-home:/opt/rustwide/cargo-home:ro,Z" "-v" "/var/lib/crater-agent-workspace/rustup-home:/opt/rustwide/rustup-home:ro,Z" "-m" "1610612736" "--network" "none" "ghcr.io/rust-lang/crates-build-env/linux@sha256:77db811e55d90add9212f6832c23229e3de5f1c1f9905e8cb07319ea15df73ac" "sleep" "infinity", kill_on_drop: false }`
[INFO] [stdout] 35cebe3dd5c3db7451f7ec23a1db3284e850680b7ab9b0b72afc9fbedd3373ec
[INFO] running `Command { std: "docker" "start" "35cebe3dd5c3db7451f7ec23a1db3284e850680b7ab9b0b72afc9fbedd3373ec", kill_on_drop: false }`
[INFO] running `Command { std: "docker" "inspect" "35cebe3dd5c3db7451f7ec23a1db3284e850680b7ab9b0b72afc9fbedd3373ec", kill_on_drop: false }`
[INFO] running `Command { std: "docker" "exec" "-e" "SOURCE_DIR=/opt/rustwide/workdir" "-e" "CARGO_HOME=/opt/rustwide/cargo-home" "-e" "RUSTUP_HOME=/opt/rustwide/rustup-home" "-e" "CARGO_TARGET_DIR=/opt/rustwide/target" "-w" "/opt/rustwide/workdir" "--user" "0:0" "35cebe3dd5c3db7451f7ec23a1db3284e850680b7ab9b0b72afc9fbedd3373ec" "/opt/rustwide/cargo-home/bin/cargo" "+3154cc1a3e6424e44f438a95007d043ed5ceaaf6" "metadata" "--no-deps" "--format-version=1", kill_on_drop: false }`
[INFO] running `Command { std: "docker" "inspect" "35cebe3dd5c3db7451f7ec23a1db3284e850680b7ab9b0b72afc9fbedd3373ec", kill_on_drop: false }`
[INFO] running `Command { std: "docker" "exec" "-e" "SOURCE_DIR=/opt/rustwide/workdir" "-e" "CARGO_HOME=/opt/rustwide/cargo-home" "-e" "RUSTUP_HOME=/opt/rustwide/rustup-home" "-e" "CARGO_TARGET_DIR=/opt/rustwide/target" "-e" "CARGO_INCREMENTAL=0" "-e" "RUST_BACKTRACE=full" "-e" "RUSTFLAGS=--cap-lints=forbid -Znext-solver=coherence" "-e" "RUSTDOCFLAGS=--cap-lints=forbid" "-w" "/opt/rustwide/workdir" "--user" "0:0" "35cebe3dd5c3db7451f7ec23a1db3284e850680b7ab9b0b72afc9fbedd3373ec" "/opt/rustwide/cargo-home/bin/cargo" "+3154cc1a3e6424e44f438a95007d043ed5ceaaf6" "check" "--frozen" "--all" "--all-targets" "--message-format=json", kill_on_drop: false }`
[INFO] [stderr]    Compiling alsa-sys v0.3.1
[INFO] [stderr]     Checking log v0.4.33
[INFO] [stderr]     Checking bytemuck v1.25.2
[INFO] [stderr]    Compiling cpal v0.15.3
[INFO] [stderr]     Checking dasp_sample v0.11.0
[INFO] [stderr]     Checking ogg v0.8.0
[INFO] [stderr]     Checking claxon v0.4.3
[INFO] [stderr]     Checking hound v3.5.1
[INFO] [stderr]    Compiling syn v2.0.119
[INFO] [stderr]     Checking symphonia-core v0.5.5
[INFO] [stderr]     Checking lewton v0.10.2
[INFO] [stderr]     Checking alsa v0.9.1
[INFO] [stderr]     Checking symphonia-metadata v0.5.5
[INFO] [stderr]     Checking symphonia-bundle-mp3 v0.5.5
[INFO] [stderr]     Checking symphonia v0.5.5
[INFO] [stderr]    Compiling thiserror-impl v1.0.69
[INFO] [stderr]     Checking thiserror v1.0.69
[INFO] [stderr]     Checking rodio v0.19.0
[INFO] [stderr]     Checking audio_player v0.1.0 (/opt/rustwide/workdir)
[INFO] [stdout] error: expected one of `,`, `:`, or `}`, found `!`
[INFO] [stdout]   --> src/main.rs:24:20
[INFO] [stdout]    |
[INFO] [stdout] 23 |         Some(device) => d{
[INFO] [stdout]    |                         - while parsing this struct
[INFO] [stdout] 24 |             ptintln!("Successfully found bluetooth device: {}", device.name().unwrap());
[INFO] [stdout]    |             -------^ expected one of `,`, `:`, or `}`
[INFO] [stdout]    |             |
[INFO] [stdout]    |             while parsing this struct field
[INFO] [stdout] 
[INFO] [stdout] 
[INFO] [stdout] error: expected one of `,`, `:`, or `}`, found `.`
[INFO] [stdout]   --> src/main.rs:24:71
[INFO] [stdout]    |
[INFO] [stdout] 23 |         Some(device) => d{
[INFO] [stdout]    |                         - while parsing this struct
[INFO] [stdout] 24 |             ptintln!("Successfully found bluetooth device: {}", device.name().unwrap());
[INFO] [stdout]    |                                                                 ------^ expected one of `,`, `:`, or `}`
[INFO] [stdout]    |                                                                 |
[INFO] [stdout]    |                                                                 while parsing this struct field
[INFO] [stdout]    |
[INFO] [stdout] help: try naming a field
[INFO] [stdout]    |
[INFO] [stdout] 24 |             ptintln!("Successfully found bluetooth device: {}", device: device.name().unwrap());
[INFO] [stdout]    |                                                                 +++++++
[INFO] [stdout] 
[INFO] [stdout] 
[INFO] [stdout] error: expected one of `,`, `:`, or `}`, found `!`
[INFO] [stdout]   --> src/main.rs:24:20
[INFO] [stdout]    |
[INFO] [stdout] 23 |         Some(device) => d{
[INFO] [stdout]    |                         - while parsing this struct
[INFO] [stdout] 24 |             ptintln!("Successfully found bluetooth device: {}", device.name().unwrap());
[INFO] [stdout]    |             -------^ expected one of `,`, `:`, or `}`
[INFO] [stdout]    |             |
[INFO] [stdout]    |             while parsing this struct field
[INFO] [stdout] 
[INFO] [stdout] 
[INFO] [stdout] error: expected one of `,`, `:`, or `}`, found `.`
[INFO] [stdout]   --> src/main.rs:24:71
[INFO] [stdout]    |
[INFO] [stdout] 23 |         Some(device) => d{
[INFO] [stdout]    |                         - while parsing this struct
[INFO] [stdout] 24 |             ptintln!("Successfully found bluetooth device: {}", device.name().unwrap());
[INFO] [stdout]    |                                                                 ------^ expected one of `,`, `:`, or `}`
[INFO] [stdout]    |                                                                 |
[INFO] [stdout]    |                                                                 while parsing this struct field
[INFO] [stdout]    |
[INFO] [stdout] help: try naming a field
[INFO] [stdout]    |
[INFO] [stdout] 24 |             ptintln!("Successfully found bluetooth device: {}", device: device.name().unwrap());
[INFO] [stdout]    |                                                                 +++++++
[INFO] [stdout] 
[INFO] [stdout] 
[INFO] [stdout] error: expected `,` following `match` arm
[INFO] [stdout]   --> src/main.rs:26:10
[INFO] [stdout]    |
[INFO] [stdout] 26 |         }
[INFO] [stdout]    |          ^
[INFO] [stdout]    |
[INFO] [stdout] help: missing a comma here to end this `match` arm
[INFO] [stdout]    |
[INFO] [stdout] 26 |         },
[INFO] [stdout]    |          +
[INFO] [stdout] 
[INFO] [stdout] 
[INFO] [stdout] error: expected `,` following `match` arm
[INFO] [stdout]   --> src/main.rs:26:10
[INFO] [stdout]    |
[INFO] [stdout] 26 |         }
[INFO] [stdout]    |          ^
[INFO] [stdout]    |
[INFO] [stdout] help: missing a comma here to end this `match` arm
[INFO] [stdout]    |
[INFO] [stdout] 26 |         },
[INFO] [stdout]    |          +
[INFO] [stdout] 
[INFO] [stdout] 
[INFO] [stdout] error[E0433]: cannot find module or crate `cpal` in this scope
[INFO] [stdout]  --> src/main.rs:9:21
[INFO] [stdout]   |
[INFO] [stdout] 9 |     let soundhost = cpal::default_host();
[INFO] [stdout]   |                     ^^^^ use of unresolved module or unlinked crate `cpal`
[INFO] [stdout]   |
[INFO] [stdout]   = help: if you wanted to use a crate named `cpal`, use `cargo add cpal` to add it to your `Cargo.toml`
[INFO] [stdout] help: consider importing this crate
[INFO] [stdout]   |
[INFO] [stdout] 1 + use rodio::cpal;
[INFO] [stdout]   |
[INFO] [stdout] 
[INFO] [stdout] 
[INFO] [stdout] error[E0422]: cannot find struct, variant or union type `d` in this scope
[INFO] [stdout]   --> src/main.rs:23:25
[INFO] [stdout]    |
[INFO] [stdout] 23 |         Some(device) => d{
[INFO] [stdout]    |                         ^ not found in this scope
[INFO] [stdout] 
[INFO] [stdout] 
[INFO] [stdout] error[E0425]: cannot find value `host` in this scope
[INFO] [stdout]   --> src/main.rs:29:13
[INFO] [stdout]    |
[INFO] [stdout] 29 |             host.default_output_device().expect("Failed to get default output device");
[INFO] [stdout]    |             ^^^^ not found in this scope
[INFO] [stdout] 
[INFO] [stdout] 
[INFO] [stdout] Some errors have detailed explanations: E0422, E0425, E0433.
[INFO] [stdout] 
[INFO] [stdout] For more information about an error, try `rustc --explain E0422`.
[INFO] [stdout] 
[INFO] [stdout] error[E0433]: cannot find module or crate `cpal` in this scope
[INFO] [stdout]  --> src/main.rs:9:21
[INFO] [stdout]   |
[INFO] [stdout] 9 |     let soundhost = cpal::default_host();
[INFO] [stdout]   |                     ^^^^ use of unresolved module or unlinked crate `cpal`
[INFO] [stdout]   |
[INFO] [stdout]   = help: if you wanted to use a crate named `cpal`, use `cargo add cpal` to add it to your `Cargo.toml`
[INFO] [stdout] help: consider importing this crate
[INFO] [stdout]   |
[INFO] [stdout] 1 + use rodio::cpal;
[INFO] [stdout]   |
[INFO] [stdout] 
[INFO] [stdout] 
[INFO] [stdout] error[E0422]: cannot find struct, variant or union type `d` in this scope
[INFO] [stdout]   --> src/main.rs:23:25
[INFO] [stdout]    |
[INFO] [stdout] 23 |         Some(device) => d{
[INFO] [stdout]    |                         ^ not found in this scope
[INFO] [stdout] 
[INFO] [stdout] 
[INFO] [stdout] error[E0425]: cannot find value `host` in this scope
[INFO] [stdout]   --> src/main.rs:29:13
[INFO] [stdout]    |
[INFO] [stdout] 29 |             host.default_output_device().expect("Failed to get default output device");
[INFO] [stdout]    |             ^^^^ not found in this scope
[INFO] [stdout] 
[INFO] [stdout] 
[INFO] [stderr] error: could not compile `audio_player` (bin "audio_player" test) due to 6 previous errors
[INFO] [stderr] warning: build failed, waiting for other jobs to finish...
[INFO] [stdout] Some errors have detailed explanations: E0422, E0425, E0433.
[INFO] [stdout] 
[INFO] [stdout] For more information about an error, try `rustc --explain E0422`.
[INFO] [stdout] 
[INFO] [stderr] error: could not compile `audio_player` (bin "audio_player") due to 6 previous errors
[INFO] running `Command { std: "docker" "inspect" "35cebe3dd5c3db7451f7ec23a1db3284e850680b7ab9b0b72afc9fbedd3373ec", kill_on_drop: false }`
[INFO] running `Command { std: "docker" "rm" "-f" "35cebe3dd5c3db7451f7ec23a1db3284e850680b7ab9b0b72afc9fbedd3373ec", kill_on_drop: false }`
[INFO] [stdout] 35cebe3dd5c3db7451f7ec23a1db3284e850680b7ab9b0b72afc9fbedd3373ec
