[INFO] cloning repository https://github.com/nambrosini/axum-todos
[INFO] running `Command { std: "git" "-c" "credential.helper=" "-c" "credential.helper=/workspace/cargo-home/bin/git-credential-null" "clone" "--bare" "https://github.com/nambrosini/axum-todos" "/workspace/cache/git-repos/https%3A%2F%2Fgithub.com%2Fnambrosini%2Faxum-todos", kill_on_drop: false }`
[INFO] [stderr] Cloning into bare repository '/workspace/cache/git-repos/https%3A%2F%2Fgithub.com%2Fnambrosini%2Faxum-todos'...
[INFO] running `Command { std: "git" "rev-parse" "HEAD", kill_on_drop: false }`
[INFO] [stdout] 363dfe39a3903fa4378b4767b19325230a16556d
[INFO] checking nambrosini/axum-todos against 3154cc1a3e6424e44f438a95007d043ed5ceaaf6 for pr-133502-30
[INFO] running `Command { std: "git" "clone" "/workspace/cache/git-repos/https%3A%2F%2Fgithub.com%2Fnambrosini%2Faxum-todos" "/workspace/builds/worker-6-tc2/source", kill_on_drop: false }`
[INFO] [stderr] Cloning into '/workspace/builds/worker-6-tc2/source'...
[INFO] [stderr] done.
[INFO] started tweaking git repo https://github.com/nambrosini/axum-todos
[INFO] finished tweaking git repo https://github.com/nambrosini/axum-todos
[INFO] tweaked toml for git repo https://github.com/nambrosini/axum-todos written to /workspace/builds/worker-6-tc2/source/Cargo.toml
[INFO] validating manifest of git repo https://github.com/nambrosini/axum-todos on toolchain 3154cc1a3e6424e44f438a95007d043ed5ceaaf6
[INFO] running `Command { std: CARGO_HOME="/workspace/cargo-home" RUSTUP_HOME="/workspace/rustup-home" "/workspace/cargo-home/bin/cargo" "+3154cc1a3e6424e44f438a95007d043ed5ceaaf6" "metadata" "--manifest-path" "Cargo.toml" "--no-deps", kill_on_drop: false }`
[INFO] crate git repo https://github.com/nambrosini/axum-todos already has a lockfile, it will not be regenerated
[INFO] running `Command { std: CARGO_HOME="/workspace/cargo-home" RUSTUP_HOME="/workspace/rustup-home" "/workspace/cargo-home/bin/cargo" "+3154cc1a3e6424e44f438a95007d043ed5ceaaf6" "fetch" "--manifest-path" "Cargo.toml", kill_on_drop: false }`
[INFO] running `Command { std: "docker" "create" "-v" "/var/lib/crater-agent-workspace/builds/worker-6-tc2/source:/opt/rustwide/workdir:ro,Z" "-v" "/var/lib/crater-agent-workspace/builds/worker-6-tc2/target:/opt/rustwide/target:rw,Z" "-v" "/var/lib/crater-agent-workspace/cargo-home:/opt/rustwide/cargo-home:ro,Z" "-v" "/var/lib/crater-agent-workspace/rustup-home:/opt/rustwide/rustup-home:ro,Z" "-m" "1610612736" "--network" "none" "ghcr.io/rust-lang/crates-build-env/linux@sha256:77db811e55d90add9212f6832c23229e3de5f1c1f9905e8cb07319ea15df73ac" "sleep" "infinity", kill_on_drop: false }`
[INFO] [stdout] 0ef6d5d69031affbd54276beec2cb5fd9ed3ff370289a68d3aa7d5cd659e6f1e
[INFO] running `Command { std: "docker" "start" "0ef6d5d69031affbd54276beec2cb5fd9ed3ff370289a68d3aa7d5cd659e6f1e", kill_on_drop: false }`
[INFO] running `Command { std: "docker" "inspect" "0ef6d5d69031affbd54276beec2cb5fd9ed3ff370289a68d3aa7d5cd659e6f1e", kill_on_drop: false }`
[INFO] running `Command { std: "docker" "exec" "-e" "SOURCE_DIR=/opt/rustwide/workdir" "-e" "CARGO_HOME=/opt/rustwide/cargo-home" "-e" "RUSTUP_HOME=/opt/rustwide/rustup-home" "-e" "CARGO_TARGET_DIR=/opt/rustwide/target" "-w" "/opt/rustwide/workdir" "--user" "0:0" "0ef6d5d69031affbd54276beec2cb5fd9ed3ff370289a68d3aa7d5cd659e6f1e" "/opt/rustwide/cargo-home/bin/cargo" "+3154cc1a3e6424e44f438a95007d043ed5ceaaf6" "metadata" "--no-deps" "--format-version=1", kill_on_drop: false }`
[INFO] running `Command { std: "docker" "inspect" "0ef6d5d69031affbd54276beec2cb5fd9ed3ff370289a68d3aa7d5cd659e6f1e", kill_on_drop: false }`
[INFO] running `Command { std: "docker" "exec" "-e" "SOURCE_DIR=/opt/rustwide/workdir" "-e" "CARGO_HOME=/opt/rustwide/cargo-home" "-e" "RUSTUP_HOME=/opt/rustwide/rustup-home" "-e" "CARGO_TARGET_DIR=/opt/rustwide/target" "-e" "CARGO_INCREMENTAL=0" "-e" "RUST_BACKTRACE=full" "-e" "RUSTFLAGS=--cap-lints=forbid" "-e" "RUSTDOCFLAGS=--cap-lints=forbid" "-w" "/opt/rustwide/workdir" "--user" "0:0" "0ef6d5d69031affbd54276beec2cb5fd9ed3ff370289a68d3aa7d5cd659e6f1e" "/opt/rustwide/cargo-home/bin/cargo" "+3154cc1a3e6424e44f438a95007d043ed5ceaaf6" "check" "--frozen" "--all" "--all-targets" "--message-format=json", kill_on_drop: false }`
[INFO] [stderr]     Checking subtle v2.6.1
[INFO] [stderr]    Compiling stable_deref_trait v1.2.1
[INFO] [stderr]     Checking base64ct v1.8.3
[INFO] [stderr]    Compiling serde_core v1.0.229
[INFO] [stderr]    Compiling num-traits v0.2.19
[INFO] [stderr]    Compiling syn v3.0.4
[INFO] [stderr]    Compiling zeroize_derive v1.5.0
[INFO] [stderr]     Checking mio v1.2.2
[INFO] [stderr]    Compiling generic-array v0.14.7
[INFO] [stderr]    Compiling zerofrom v0.1.8
[INFO] [stderr]     Checking tracing v0.1.44
[INFO] [stderr]     Checking futures-util v0.3.34
[INFO] [stderr]    Compiling zerocopy v0.8.56
[INFO] [stderr]    Compiling getrandom v0.2.17
[INFO] [stderr]    Compiling form_urlencoded v1.2.2
[INFO] [stderr]    Compiling tokio v1.53.1
[INFO] [stderr]     Checking ff v0.13.1
[INFO] [stderr]    Compiling tinyvec v1.12.0
[INFO] [stderr]    Compiling yoke v0.8.3
[INFO] [stderr]    Compiling rand_core v0.6.4
[INFO] [stderr]     Checking group v0.13.0
[INFO] [stderr]    Compiling tracing-core v0.1.36
[INFO] [stderr]     Checking pem-rfc7468 v0.7.0
[INFO] [stderr]     Checking serde_json v1.0.151
[INFO] [stderr]     Checking rand_chacha v0.3.1
[INFO] [stderr]    Compiling crossbeam-utils v0.8.22
[INFO] [stderr]    Compiling parking v2.2.1
[INFO] [stderr]    Compiling crc-catalog v2.5.0
[INFO] [stderr]    Compiling iana-time-zone v0.1.65
[INFO] [stderr]     Checking zeroize v1.9.0
[INFO] [stderr]    Compiling crc v3.4.0
[INFO] [stderr]     Checking der v0.7.10
[INFO] [stderr]     Checking rand v0.8.8
[INFO] [stderr]    Compiling unicode-normalization v0.1.25
[INFO] [stderr]    Compiling crypto-common v0.1.7
[INFO] [stderr]    Compiling block-buffer v0.10.4
[INFO] [stderr]    Compiling digest v0.10.7
[INFO] [stderr]    Compiling chrono v0.4.45
[INFO] [stderr]    Compiling event-listener v5.4.2
[INFO] [stderr]     Checking num-integer v0.1.47
[INFO] [stderr]    Compiling crossbeam-queue v0.3.13
[INFO] [stderr]     Checking crypto-bigint v0.5.5
[INFO] [stderr]    Compiling sha2 v0.10.9
[INFO] [stderr]    Compiling hmac v0.12.1
[INFO] [stderr]    Compiling hashlink v0.10.0
[INFO] [stderr]     Checking hybrid-array v0.4.14
[INFO] [stderr]    Compiling unicode-properties v0.1.4
[INFO] [stderr]    Compiling unicode-bidi v0.3.18
[INFO] [stderr]    Compiling uuid v1.26.0
[INFO] [stderr]     Checking spki v0.7.3
[INFO] [stderr]     Checking hkdf v0.12.4
[INFO] [stderr]     Checking signature v2.2.0
[INFO] [stderr]    Compiling base64 v0.22.1
[INFO] [stderr]     Checking pkcs8 v0.10.2
[INFO] [stderr]     Checking rfc6979 v0.4.0
[INFO] [stderr]    Compiling md-5 v0.10.6
[INFO] [stderr]    Compiling atoi v2.0.0
[INFO] [stderr]     Checking sec1 v0.7.3
[INFO] [stderr]    Compiling stringprep v0.1.5
[INFO] [stderr]    Compiling futures-channel v0.3.34
[INFO] [stderr]    Compiling dotenvy v0.15.7
[INFO] [stderr]    Compiling whoami v1.6.1
[INFO] [stderr]    Compiling num-bigint-dig v0.8.6
[INFO] [stderr]    Compiling hex v0.4.3
[INFO] [stderr]    Compiling byteorder v1.5.0
[INFO] [stderr]     Checking num-iter v0.1.46
[INFO] [stderr]    Compiling curve25519-dalek-derive v0.1.1
[INFO] [stderr]     Checking time v0.3.55
[INFO] [stderr]     Checking axum-core v0.5.6
[INFO] [stderr]     Checking block-buffer v0.12.1
[INFO] [stderr]     Checking crypto-common v0.2.2
[INFO] [stderr]     Checking phc v0.6.1
[INFO] [stderr]     Checking pkcs1 v0.7.5
[INFO] [stderr]     Checking ed25519 v2.2.3
[INFO] [stderr]     Checking sha1 v0.10.7
[INFO] [stderr]     Checking num-bigint v0.4.8
[INFO] [stderr]     Checking event-listener-strategy v0.5.4
[INFO] [stderr]     Checking headers-core v0.3.0
[INFO] [stderr]     Checking serde_path_to_error v0.1.20
[INFO] [stderr]     Checking fastrand v2.5.0
[INFO] [stderr]     Checking curve25519-dalek v4.1.3
[INFO] [stderr]     Checking async-lock v3.4.2
[INFO] [stderr]     Checking backon v1.6.0
[INFO] [stderr]     Checking headers v0.4.1
[INFO] [stderr]     Checking password-hash v0.6.1
[INFO] [stderr]     Checking digest v0.11.3
[INFO] [stderr]     Checking arc-swap v1.9.2
[INFO] [stderr]     Checking elliptic-curve v0.13.8
[INFO] [stderr]     Checking blake2 v0.11.0
[INFO] [stderr]     Checking num-bigint v0.5.1
[INFO] [stderr]     Checking sharded-slab v0.1.7
[INFO] [stderr]     Checking tracing-log v0.2.0
[INFO] [stderr]     Checking ecdsa v0.16.9
[INFO] [stderr]     Checking primeorder v0.13.6
[INFO] [stderr]     Checking sha1_smol v1.0.1
[INFO] [stderr]     Checking xxhash-rust v0.8.18
[INFO] [stderr]     Checking arcstr v1.2.0
[INFO] [stderr]     Checking argon2 v0.6.0
[INFO] [stderr]     Checking tower-http v0.7.0
[INFO] [stderr]     Checking ed25519-dalek v2.2.0
[INFO] [stderr]     Checking p384 v0.13.1
[INFO] [stderr]     Checking p256 v0.13.2
[INFO] [stderr]    Compiling serde_derive v1.0.229
[INFO] [stderr]    Compiling zerovec-derive v0.11.6
[INFO] [stderr]    Compiling displaydoc v0.2.7
[INFO] [stderr]    Compiling tokio-macros v2.7.2
[INFO] [stderr]    Compiling thiserror-impl v2.0.20
[INFO] [stderr]    Compiling zerotrie v0.2.5
[INFO] [stderr]    Compiling ppv-lite86 v0.2.21
[INFO] [stderr]     Checking thiserror v2.0.20
[INFO] [stderr]    Compiling zerovec v0.11.8
[INFO] [stderr]     Checking simple_asn1 v0.6.4
[INFO] [stderr]    Compiling tinystr v0.8.4
[INFO] [stderr]    Compiling potential_utf v0.1.6
[INFO] [stderr]    Compiling icu_collections v2.3.0
[INFO] [stderr]    Compiling tokio-stream v0.1.19
[INFO] [stderr]    Compiling icu_locale_core v2.3.0
[INFO] [stderr]     Checking serde v1.0.229
[INFO] [stderr]     Checking icu_provider v2.3.1
[INFO] [stderr]     Checking icu_properties v2.3.0
[INFO] [stderr]    Compiling smallvec v1.15.2
[INFO] [stderr]    Compiling either v1.18.0
[INFO] [stderr]     Checking serde_urlencoded v0.7.1
[INFO] [stderr]    Compiling icu_normalizer v2.3.0
[INFO] [stderr]    Compiling parking_lot_core v0.9.12
[INFO] [stderr]     Checking tracing-subscriber v0.3.23
[INFO] [stderr]    Compiling parking_lot v0.12.5
[INFO] [stderr]    Compiling futures-intrusive v0.5.0
[INFO] [stderr]     Checking idna_adapter v1.2.2
[INFO] [stderr]     Checking idna v1.1.0
[INFO] [stderr]     Checking url v2.5.8
[INFO] [stderr]     Checking rsa v0.9.10
[INFO] [stderr]     Checking jsonwebtoken v11.0.0
[INFO] [stderr]    Compiling sqlx-core v0.8.6
[INFO] [stderr]    Compiling sqlx-postgres v0.8.6
[INFO] [stderr]     Checking hyper v1.11.0
[INFO] [stderr]     Checking tower v0.5.3
[INFO] [stderr]     Checking tokio-util v0.7.19
[INFO] [stderr]     Checking combine v4.6.8
[INFO] [stderr]     Checking hyper-util v0.1.20
[INFO] [stderr]     Checking axum v0.8.9
[INFO] [stderr]    Compiling sqlx-macros-core v0.8.6
[INFO] [stderr]    Compiling sqlx-macros v0.8.6
[INFO] [stderr]     Checking axum-extra v0.12.6
[INFO] [stderr]     Checking redis v1.6.0
[INFO] [stderr]     Checking sqlx v0.8.6
[INFO] [stderr]     Checking axum-tutorial v0.1.0 (/opt/rustwide/workdir)
[INFO] [stdout] error: set `DATABASE_URL` to use query macros online, or run `cargo sqlx prepare` to update the query cache
[INFO] [stdout]   --> src/handlers/todos.rs:27:16
[INFO] [stdout]    |
[INFO] [stdout] 27 |       let todo = sqlx::query_as!(
[INFO] [stdout]    |  ________________^
[INFO] [stdout] 28 | |         Todo,
[INFO] [stdout] 29 | |         "SELECT id, title, description, done FROM todos WHERE id = $1",
[INFO] [stdout] 30 | |         id
[INFO] [stdout] 31 | |     )
[INFO] [stdout]    | |_____^
[INFO] [stdout]    |
[INFO] [stdout]    = note: this error originates in the macro `$crate::sqlx_macros::expand_query` which comes from the expansion of the macro `sqlx::query_as` (in Nightly builds, run with -Z macro-backtrace for more info)
[INFO] [stdout] 
[INFO] [stdout] 
[INFO] [stdout] error: set `DATABASE_URL` to use query macros online, or run `cargo sqlx prepare` to update the query cache
[INFO] [stdout]   --> src/handlers/todos.rs:55:16
[INFO] [stdout]    |
[INFO] [stdout] 55 |       let todo = sqlx::query_as!(
[INFO] [stdout]    |  ________________^
[INFO] [stdout] 56 | |         Todo,
[INFO] [stdout] 57 | |         "INSERT INTO todos (title, description, done) VALUES ($1, $2, $3) RETURNING id, title, description, done",
[INFO] [stdout] 58 | |         payload.title,
[INFO] [stdout] 59 | |         payload.description,
[INFO] [stdout] 60 | |         payload.done.unwrap_or_default(),
[INFO] [stdout] 61 | |     )
[INFO] [stdout]    | |_____^
[INFO] [stdout]    |
[INFO] [stdout]    = note: this error originates in the macro `$crate::sqlx_macros::expand_query` which comes from the expansion of the macro `sqlx::query_as` (in Nightly builds, run with -Z macro-backtrace for more info)
[INFO] [stdout] 
[INFO] [stdout] 
[INFO] [stdout] error: set `DATABASE_URL` to use query macros online, or run `cargo sqlx prepare` to update the query cache
[INFO] [stdout]   --> src/handlers/todos.rs:79:16
[INFO] [stdout]    |
[INFO] [stdout] 79 |       let todo = sqlx::query_as!(
[INFO] [stdout]    |  ________________^
[INFO] [stdout] 80 | |         Todo,
[INFO] [stdout] 81 | |         "UPDATE todos SET title = $1, description = $2, done = $3 WHERE id = $4 RETURNING id, title, description, done",
[INFO] [stdout] 82 | |         payload.title,
[INFO] [stdout] ...  |
[INFO] [stdout] 85 | |         id
[INFO] [stdout] 86 | |     )
[INFO] [stdout]    | |_____^
[INFO] [stdout]    |
[INFO] [stdout]    = note: this error originates in the macro `$crate::sqlx_macros::expand_query` which comes from the expansion of the macro `sqlx::query_as` (in Nightly builds, run with -Z macro-backtrace for more info)
[INFO] [stdout] 
[INFO] [stdout] 
[INFO] [stdout] error: set `DATABASE_URL` to use query macros online, or run `cargo sqlx prepare` to update the query cache
[INFO] [stdout]    --> src/handlers/todos.rs:101:16
[INFO] [stdout]     |
[INFO] [stdout] 101 |       let todo = sqlx::query_as!(
[INFO] [stdout]     |  ________________^
[INFO] [stdout] 102 | |         Todo,
[INFO] [stdout] 103 | |         "DELETE FROM todos WHERE id = $1 RETURNING id, title, description, done",
[INFO] [stdout] 104 | |         id
[INFO] [stdout] 105 | |     )
[INFO] [stdout]     | |_____^
[INFO] [stdout]     |
[INFO] [stdout]     = note: this error originates in the macro `$crate::sqlx_macros::expand_query` which comes from the expansion of the macro `sqlx::query_as` (in Nightly builds, run with -Z macro-backtrace for more info)
[INFO] [stdout] 
[INFO] [stdout] 
[INFO] [stdout] error: set `DATABASE_URL` to use query macros online, or run `cargo sqlx prepare` to update the query cache
[INFO] [stdout]    --> src/handlers/todos.rs:119:15
[INFO] [stdout]     |
[INFO] [stdout] 119 |     let res = sqlx::query!("UPDATE todos SET done = true WHERE id = $1", id)
[INFO] [stdout]     |               ^^^^^^^^^^^^^^^^^^^^^^^^^^^^^^^^^^^^^^^^^^^^^^^^^^^^^^^^^^^^^^
[INFO] [stdout]     |
[INFO] [stdout]     = note: this error originates in the macro `$crate::sqlx_macros::expand_query` which comes from the expansion of the macro `sqlx::query` (in Nightly builds, run with -Z macro-backtrace for more info)
[INFO] [stdout] 
[INFO] [stdout] 
[INFO] [stdout] error: set `DATABASE_URL` to use query macros online, or run `cargo sqlx prepare` to update the query cache
[INFO] [stdout]    --> src/handlers/todos.rs:136:26
[INFO] [stdout]     |
[INFO] [stdout] 136 |     let res: Vec<Todo> = sqlx::query_as!(Todo, "SELECT id, title, description, done FROM todos")
[INFO] [stdout]     |                          ^^^^^^^^^^^^^^^^^^^^^^^^^^^^^^^^^^^^^^^^^^^^^^^^^^^^^^^^^^^^^^^^^^^^^^^
[INFO] [stdout]     |
[INFO] [stdout]     = note: this error originates in the macro `$crate::sqlx_macros::expand_query` which comes from the expansion of the macro `sqlx::query_as` (in Nightly builds, run with -Z macro-backtrace for more info)
[INFO] [stdout] 
[INFO] [stdout] 
[INFO] [stdout] error: set `DATABASE_URL` to use query macros online, or run `cargo sqlx prepare` to update the query cache
[INFO] [stdout]   --> src/handlers/todos.rs:27:16
[INFO] [stdout]    |
[INFO] [stdout] 27 |       let todo = sqlx::query_as!(
[INFO] [stdout]    |  ________________^
[INFO] [stdout] 28 | |         Todo,
[INFO] [stdout] 29 | |         "SELECT id, title, description, done FROM todos WHERE id = $1",
[INFO] [stdout] 30 | |         id
[INFO] [stdout] 31 | |     )
[INFO] [stdout]    | |_____^
[INFO] [stdout]    |
[INFO] [stdout]    = note: this error originates in the macro `$crate::sqlx_macros::expand_query` which comes from the expansion of the macro `sqlx::query_as` (in Nightly builds, run with -Z macro-backtrace for more info)
[INFO] [stdout] 
[INFO] [stdout] 
[INFO] [stdout] error: set `DATABASE_URL` to use query macros online, or run `cargo sqlx prepare` to update the query cache
[INFO] [stdout]   --> src/handlers/users.rs:18:16
[INFO] [stdout]    |
[INFO] [stdout] 18 |       let user = sqlx::query_as!(
[INFO] [stdout]    |  ________________^
[INFO] [stdout] 19 | |         User,
[INFO] [stdout] 20 | |         "INSERT INTO users (email, password_hash) VALUES ($1, $2) RETURNING id, email, created_at, password_hash",
[INFO] [stdout] 21 | |         &payload.email,
[INFO] [stdout] 22 | |         &hash
[INFO] [stdout] 23 | |     )
[INFO] [stdout]    | |_____^
[INFO] [stdout]    |
[INFO] [stdout]    = note: this error originates in the macro `$crate::sqlx_macros::expand_query` which comes from the expansion of the macro `sqlx::query_as` (in Nightly builds, run with -Z macro-backtrace for more info)
[INFO] [stdout] 
[INFO] [stdout] 
[INFO] [stdout] error: set `DATABASE_URL` to use query macros online, or run `cargo sqlx prepare` to update the query cache
[INFO] [stdout]   --> src/handlers/todos.rs:55:16
[INFO] [stdout]    |
[INFO] [stdout] 55 |       let todo = sqlx::query_as!(
[INFO] [stdout]    |  ________________^
[INFO] [stdout] 56 | |         Todo,
[INFO] [stdout] 57 | |         "INSERT INTO todos (title, description, done) VALUES ($1, $2, $3) RETURNING id, title, description, done",
[INFO] [stdout] 58 | |         payload.title,
[INFO] [stdout] 59 | |         payload.description,
[INFO] [stdout] 60 | |         payload.done.unwrap_or_default(),
[INFO] [stdout] 61 | |     )
[INFO] [stdout]    | |_____^
[INFO] [stdout]    |
[INFO] [stdout]    = note: this error originates in the macro `$crate::sqlx_macros::expand_query` which comes from the expansion of the macro `sqlx::query_as` (in Nightly builds, run with -Z macro-backtrace for more info)
[INFO] [stdout] 
[INFO] [stdout] 
[INFO] [stdout] error: set `DATABASE_URL` to use query macros online, or run `cargo sqlx prepare` to update the query cache
[INFO] [stdout]   --> src/handlers/todos.rs:79:16
[INFO] [stdout]    |
[INFO] [stdout] 79 |       let todo = sqlx::query_as!(
[INFO] [stdout]    |  ________________^
[INFO] [stdout] 80 | |         Todo,
[INFO] [stdout] 81 | |         "UPDATE todos SET title = $1, description = $2, done = $3 WHERE id = $4 RETURNING id, title, description, done",
[INFO] [stdout] 82 | |         payload.title,
[INFO] [stdout] ...  |
[INFO] [stdout] 85 | |         id
[INFO] [stdout] 86 | |     )
[INFO] [stdout]    | |_____^
[INFO] [stdout]    |
[INFO] [stdout]    = note: this error originates in the macro `$crate::sqlx_macros::expand_query` which comes from the expansion of the macro `sqlx::query_as` (in Nightly builds, run with -Z macro-backtrace for more info)
[INFO] [stdout] 
[INFO] [stdout] 
[INFO] [stdout] error: set `DATABASE_URL` to use query macros online, or run `cargo sqlx prepare` to update the query cache
[INFO] [stdout]    --> src/handlers/todos.rs:101:16
[INFO] [stdout]     |
[INFO] [stdout] 101 |       let todo = sqlx::query_as!(
[INFO] [stdout]     |  ________________^
[INFO] [stdout] 102 | |         Todo,
[INFO] [stdout] 103 | |         "DELETE FROM todos WHERE id = $1 RETURNING id, title, description, done",
[INFO] [stdout] 104 | |         id
[INFO] [stdout] 105 | |     )
[INFO] [stdout]     | |_____^
[INFO] [stdout]     |
[INFO] [stdout]     = note: this error originates in the macro `$crate::sqlx_macros::expand_query` which comes from the expansion of the macro `sqlx::query_as` (in Nightly builds, run with -Z macro-backtrace for more info)
[INFO] [stdout] 
[INFO] [stdout] 
[INFO] [stdout] error: set `DATABASE_URL` to use query macros online, or run `cargo sqlx prepare` to update the query cache
[INFO] [stdout]    --> src/handlers/todos.rs:119:15
[INFO] [stdout]     |
[INFO] [stdout] 119 |     let res = sqlx::query!("UPDATE todos SET done = true WHERE id = $1", id)
[INFO] [stdout]     |               ^^^^^^^^^^^^^^^^^^^^^^^^^^^^^^^^^^^^^^^^^^^^^^^^^^^^^^^^^^^^^^
[INFO] [stdout]     |
[INFO] [stdout]     = note: this error originates in the macro `$crate::sqlx_macros::expand_query` which comes from the expansion of the macro `sqlx::query` (in Nightly builds, run with -Z macro-backtrace for more info)
[INFO] [stdout] 
[INFO] [stdout] 
[INFO] [stdout] error: set `DATABASE_URL` to use query macros online, or run `cargo sqlx prepare` to update the query cache
[INFO] [stdout]   --> src/handlers/users.rs:40:16
[INFO] [stdout]    |
[INFO] [stdout] 40 |     let user = sqlx::query_as!(User, "SELECT * FROM users WHERE email = $1", payload.email)
[INFO] [stdout]    |                ^^^^^^^^^^^^^^^^^^^^^^^^^^^^^^^^^^^^^^^^^^^^^^^^^^^^^^^^^^^^^^^^^^^^^^^^^^^^
[INFO] [stdout]    |
[INFO] [stdout]    = note: this error originates in the macro `$crate::sqlx_macros::expand_query` which comes from the expansion of the macro `sqlx::query_as` (in Nightly builds, run with -Z macro-backtrace for more info)
[INFO] [stdout] 
[INFO] [stdout] 
[INFO] [stdout] error: set `DATABASE_URL` to use query macros online, or run `cargo sqlx prepare` to update the query cache
[INFO] [stdout]    --> src/handlers/todos.rs:136:26
[INFO] [stdout]     |
[INFO] [stdout] 136 |     let res: Vec<Todo> = sqlx::query_as!(Todo, "SELECT id, title, description, done FROM todos")
[INFO] [stdout]     |                          ^^^^^^^^^^^^^^^^^^^^^^^^^^^^^^^^^^^^^^^^^^^^^^^^^^^^^^^^^^^^^^^^^^^^^^^
[INFO] [stdout]     |
[INFO] [stdout]     = note: this error originates in the macro `$crate::sqlx_macros::expand_query` which comes from the expansion of the macro `sqlx::query_as` (in Nightly builds, run with -Z macro-backtrace for more info)
[INFO] [stdout] 
[INFO] [stdout] 
[INFO] [stdout] error: set `DATABASE_URL` to use query macros online, or run `cargo sqlx prepare` to update the query cache
[INFO] [stdout]   --> src/handlers/users.rs:18:16
[INFO] [stdout]    |
[INFO] [stdout] 18 |       let user = sqlx::query_as!(
[INFO] [stdout]    |  ________________^
[INFO] [stdout] 19 | |         User,
[INFO] [stdout] 20 | |         "INSERT INTO users (email, password_hash) VALUES ($1, $2) RETURNING id, email, created_at, password_hash",
[INFO] [stdout] 21 | |         &payload.email,
[INFO] [stdout] 22 | |         &hash
[INFO] [stdout] 23 | |     )
[INFO] [stdout]    | |_____^
[INFO] [stdout]    |
[INFO] [stdout]    = note: this error originates in the macro `$crate::sqlx_macros::expand_query` which comes from the expansion of the macro `sqlx::query_as` (in Nightly builds, run with -Z macro-backtrace for more info)
[INFO] [stdout] 
[INFO] [stdout] 
[INFO] [stdout] error: set `DATABASE_URL` to use query macros online, or run `cargo sqlx prepare` to update the query cache
[INFO] [stdout]   --> src/handlers/users.rs:40:16
[INFO] [stdout]    |
[INFO] [stdout] 40 |     let user = sqlx::query_as!(User, "SELECT * FROM users WHERE email = $1", payload.email)
[INFO] [stdout]    |                ^^^^^^^^^^^^^^^^^^^^^^^^^^^^^^^^^^^^^^^^^^^^^^^^^^^^^^^^^^^^^^^^^^^^^^^^^^^^
[INFO] [stdout]    |
[INFO] [stdout]    = note: this error originates in the macro `$crate::sqlx_macros::expand_query` which comes from the expansion of the macro `sqlx::query_as` (in Nightly builds, run with -Z macro-backtrace for more info)
[INFO] [stdout] 
[INFO] [stdout] 
[INFO] [stdout] warning: unused import: `User`
[INFO] [stdout]  --> src/handlers/users.rs:7:66
[INFO] [stdout]   |
[INFO] [stdout] 7 |     models::user::{LoginRequest, RegisterRequest, TokenResponse, User, UserResponse},
[INFO] [stdout]   |                                                                  ^^^^
[INFO] [stdout]   |
[INFO] [stdout]   = note: `#[warn(unused_imports)]` (part of `#[warn(unused)]`) on by default
[INFO] [stdout] 
[INFO] [stdout] 
[INFO] [stdout] warning: unused import: `User`
[INFO] [stdout]  --> src/handlers/users.rs:7:66
[INFO] [stdout]   |
[INFO] [stdout] 7 |     models::user::{LoginRequest, RegisterRequest, TokenResponse, User, UserResponse},
[INFO] [stdout]   |                                                                  ^^^^
[INFO] [stdout]   |
[INFO] [stdout]   = note: `#[warn(unused_imports)]` (part of `#[warn(unused)]`) on by default
[INFO] [stdout] 
[INFO] [stdout] 
[INFO] [stdout] warning: method call on a diverging inference variable
[INFO] [stdout]   --> src/handlers/todos.rs:34:6
[INFO] [stdout]    |
[INFO] [stdout] 34 |     .ok_or(ApiError::NotFound)?;
[INFO] [stdout]    |      ^^^^^
[INFO] [stdout]    |
[INFO] [stdout]    = help: consider providing a type annotation
[INFO] [stdout]    = warning: this was previously accepted by the compiler but is being phased out; it will become a hard error in a future release!
[INFO] [stdout]    = note: for more information, see issue #156047 <https://github.com/rust-lang/rust/issues/156047>
[INFO] [stdout]    = note: `#[warn(method_call_on_diverging_infer_var)]` (part of `#[warn(future_incompatible)]`) on by default
[INFO] [stdout] 
[INFO] [stdout] 
[INFO] [stdout] warning: method call on a diverging inference variable
[INFO] [stdout]   --> src/handlers/todos.rs:34:6
[INFO] [stdout]    |
[INFO] [stdout] 34 |     .ok_or(ApiError::NotFound)?;
[INFO] [stdout]    |      ^^^^^
[INFO] [stdout]    |
[INFO] [stdout]    = help: consider providing a type annotation
[INFO] [stdout]    = warning: this was previously accepted by the compiler but is being phased out; it will become a hard error in a future release!
[INFO] [stdout]    = note: for more information, see issue #156047 <https://github.com/rust-lang/rust/issues/156047>
[INFO] [stdout]    = note: `#[warn(method_call_on_diverging_infer_var)]` (part of `#[warn(future_incompatible)]`) on by default
[INFO] [stdout] 
[INFO] [stdout] 
[INFO] [stdout] error[E0599]: no method named `ok_or` found for type `!` in the current scope
[INFO] [stdout]   --> src/handlers/todos.rs:34:6
[INFO] [stdout]    |
[INFO] [stdout] 27 |     let todo = sqlx::query_as!(
[INFO] [stdout] 28 |         Todo,
[INFO] [stdout] 29 |         "SELECT id, title, description, done FROM todos WHERE id = $1",
[INFO] [stdout] 30 |         id
[INFO] [stdout] 31 |     )
[INFO] [stdout] 32 |     .fetch_optional(&state.db)
[INFO] [stdout] 33 |     .await?
[INFO] [stdout] 34 |     .ok_or(ApiError::NotFound)?;
[INFO] [stdout]    |      ^^^^^ method not found in `!`
[INFO] [stdout] 
[INFO] [stdout] 
[INFO] [stdout] warning: method call on a diverging inference variable
[INFO] [stdout]   --> src/handlers/todos.rs:64:6
[INFO] [stdout]    |
[INFO] [stdout] 64 |     .ok_or(ApiError::NotFound)?;
[INFO] [stdout]    |      ^^^^^
[INFO] [stdout]    |
[INFO] [stdout]    = help: consider providing a type annotation
[INFO] [stdout]    = warning: this was previously accepted by the compiler but is being phased out; it will become a hard error in a future release!
[INFO] [stdout]    = note: for more information, see issue #156047 <https://github.com/rust-lang/rust/issues/156047>
[INFO] [stdout] 
[INFO] [stdout] 
[INFO] [stdout] error[E0599]: no method named `ok_or` found for type `!` in the current scope
[INFO] [stdout]   --> src/handlers/todos.rs:34:6
[INFO] [stdout]    |
[INFO] [stdout] 27 |     let todo = sqlx::query_as!(
[INFO] [stdout] 28 |         Todo,
[INFO] [stdout] 29 |         "SELECT id, title, description, done FROM todos WHERE id = $1",
[INFO] [stdout] 30 |         id
[INFO] [stdout] 31 |     )
[INFO] [stdout] 32 |     .fetch_optional(&state.db)
[INFO] [stdout] 33 |     .await?
[INFO] [stdout] 34 |     .ok_or(ApiError::NotFound)?;
[INFO] [stdout]    |      ^^^^^ method not found in `!`
[INFO] [stdout] 
[INFO] [stdout] 
[INFO] [stdout] warning: method call on a diverging inference variable
[INFO] [stdout]   --> src/handlers/todos.rs:64:6
[INFO] [stdout]    |
[INFO] [stdout] 64 |     .ok_or(ApiError::NotFound)?;
[INFO] [stdout]    |      ^^^^^
[INFO] [stdout]    |
[INFO] [stdout]    = help: consider providing a type annotation
[INFO] [stdout]    = warning: this was previously accepted by the compiler but is being phased out; it will become a hard error in a future release!
[INFO] [stdout]    = note: for more information, see issue #156047 <https://github.com/rust-lang/rust/issues/156047>
[INFO] [stdout] 
[INFO] [stdout] 
[INFO] [stdout] error[E0599]: no method named `ok_or` found for type `!` in the current scope
[INFO] [stdout]   --> src/handlers/todos.rs:64:6
[INFO] [stdout]    |
[INFO] [stdout] 55 |     let todo = sqlx::query_as!(
[INFO] [stdout] 56 |         Todo,
[INFO] [stdout] 57 |         "INSERT INTO todos (title, description, done) VALUES ($1, $2, $3) RETURNING id, title, description, done",
[INFO] [stdout] 58 |         payload.title,
[INFO] [stdout] 59 |         payload.description,
[INFO] [stdout] 60 |         payload.done.unwrap_or_default(),
[INFO] [stdout] 61 |     )
[INFO] [stdout] 62 |     .fetch_optional(&state.db)
[INFO] [stdout] 63 |     .await?
[INFO] [stdout] 64 |     .ok_or(ApiError::NotFound)?;
[INFO] [stdout]    |      ^^^^^ method not found in `!`
[INFO] [stdout] 
[INFO] [stdout] 
[INFO] [stdout] warning: method call on a diverging inference variable
[INFO] [stdout]   --> src/handlers/todos.rs:89:6
[INFO] [stdout]    |
[INFO] [stdout] 89 |     .ok_or(ApiError::NotFound)?;
[INFO] [stdout]    |      ^^^^^
[INFO] [stdout]    |
[INFO] [stdout]    = help: consider providing a type annotation
[INFO] [stdout]    = warning: this was previously accepted by the compiler but is being phased out; it will become a hard error in a future release!
[INFO] [stdout]    = note: for more information, see issue #156047 <https://github.com/rust-lang/rust/issues/156047>
[INFO] [stdout] 
[INFO] [stdout] 
[INFO] [stdout] error[E0599]: no method named `ok_or` found for type `!` in the current scope
[INFO] [stdout]   --> src/handlers/todos.rs:64:6
[INFO] [stdout]    |
[INFO] [stdout] 55 |     let todo = sqlx::query_as!(
[INFO] [stdout] 56 |         Todo,
[INFO] [stdout] 57 |         "INSERT INTO todos (title, description, done) VALUES ($1, $2, $3) RETURNING id, title, description, done",
[INFO] [stdout] 58 |         payload.title,
[INFO] [stdout] 59 |         payload.description,
[INFO] [stdout] 60 |         payload.done.unwrap_or_default(),
[INFO] [stdout] 61 |     )
[INFO] [stdout] 62 |     .fetch_optional(&state.db)
[INFO] [stdout] 63 |     .await?
[INFO] [stdout] 64 |     .ok_or(ApiError::NotFound)?;
[INFO] [stdout]    |      ^^^^^ method not found in `!`
[INFO] [stdout] 
[INFO] [stdout] 
[INFO] [stdout] warning: method call on a diverging inference variable
[INFO] [stdout]   --> src/handlers/todos.rs:89:6
[INFO] [stdout]    |
[INFO] [stdout] 89 |     .ok_or(ApiError::NotFound)?;
[INFO] [stdout]    |      ^^^^^
[INFO] [stdout]    |
[INFO] [stdout]    = help: consider providing a type annotation
[INFO] [stdout]    = warning: this was previously accepted by the compiler but is being phased out; it will become a hard error in a future release!
[INFO] [stdout]    = note: for more information, see issue #156047 <https://github.com/rust-lang/rust/issues/156047>
[INFO] [stdout] 
[INFO] [stdout] 
[INFO] [stdout] error[E0599]: no method named `ok_or` found for type `!` in the current scope
[INFO] [stdout]   --> src/handlers/todos.rs:89:6
[INFO] [stdout]    |
[INFO] [stdout] 79 |     let todo = sqlx::query_as!(
[INFO] [stdout] 80 |         Todo,
[INFO] [stdout] 81 |         "UPDATE todos SET title = $1, description = $2, done = $3 WHERE id = $4 RETURNING id, title, description, done",
[INFO] [stdout] 82 |         payload.title,
[INFO] [stdout] 83 |         payload.description,
[INFO] [stdout] 84 |         payload.done,
[INFO] [stdout] 85 |         id
[INFO] [stdout] 86 |     )
[INFO] [stdout] 87 |     .fetch_optional(&state.db)
[INFO] [stdout] 88 |     .await?
[INFO] [stdout] 89 |     .ok_or(ApiError::NotFound)?;
[INFO] [stdout]    |      ^^^^^ method not found in `!`
[INFO] [stdout] 
[INFO] [stdout] 
[INFO] [stdout] warning: method call on a diverging inference variable
[INFO] [stdout]    --> src/handlers/todos.rs:108:6
[INFO] [stdout]     |
[INFO] [stdout] 108 |     .ok_or(ApiError::NotFound)?;
[INFO] [stdout]     |      ^^^^^
[INFO] [stdout]     |
[INFO] [stdout]     = help: consider providing a type annotation
[INFO] [stdout]     = warning: this was previously accepted by the compiler but is being phased out; it will become a hard error in a future release!
[INFO] [stdout]     = note: for more information, see issue #156047 <https://github.com/rust-lang/rust/issues/156047>
[INFO] [stdout] 
[INFO] [stdout] 
[INFO] [stdout] error[E0599]: no method named `ok_or` found for type `!` in the current scope
[INFO] [stdout]   --> src/handlers/todos.rs:89:6
[INFO] [stdout]    |
[INFO] [stdout] 79 |     let todo = sqlx::query_as!(
[INFO] [stdout] 80 |         Todo,
[INFO] [stdout] 81 |         "UPDATE todos SET title = $1, description = $2, done = $3 WHERE id = $4 RETURNING id, title, description, done",
[INFO] [stdout] 82 |         payload.title,
[INFO] [stdout] 83 |         payload.description,
[INFO] [stdout] 84 |         payload.done,
[INFO] [stdout] 85 |         id
[INFO] [stdout] 86 |     )
[INFO] [stdout] 87 |     .fetch_optional(&state.db)
[INFO] [stdout] 88 |     .await?
[INFO] [stdout] 89 |     .ok_or(ApiError::NotFound)?;
[INFO] [stdout]    |      ^^^^^ method not found in `!`
[INFO] [stdout] 
[INFO] [stdout] 
[INFO] [stdout] warning: method call on a diverging inference variable
[INFO] [stdout]    --> src/handlers/todos.rs:108:6
[INFO] [stdout]     |
[INFO] [stdout] 108 |     .ok_or(ApiError::NotFound)?;
[INFO] [stdout]     |      ^^^^^
[INFO] [stdout]     |
[INFO] [stdout]     = help: consider providing a type annotation
[INFO] [stdout]     = warning: this was previously accepted by the compiler but is being phased out; it will become a hard error in a future release!
[INFO] [stdout]     = note: for more information, see issue #156047 <https://github.com/rust-lang/rust/issues/156047>
[INFO] [stdout] 
[INFO] [stdout] 
[INFO] [stdout] error[E0599]: no method named `ok_or` found for type `!` in the current scope
[INFO] [stdout]    --> src/handlers/todos.rs:108:6
[INFO] [stdout]     |
[INFO] [stdout] 101 |     let todo = sqlx::query_as!(
[INFO] [stdout] 102 |         Todo,
[INFO] [stdout] 103 |         "DELETE FROM todos WHERE id = $1 RETURNING id, title, description, done",
[INFO] [stdout] 104 |         id
[INFO] [stdout] 105 |     )
[INFO] [stdout] 106 |     .fetch_optional(&state.db)
[INFO] [stdout] 107 |     .await?
[INFO] [stdout] 108 |     .ok_or(ApiError::NotFound)?;
[INFO] [stdout]     |      ^^^^^ method not found in `!`
[INFO] [stdout] 
[INFO] [stdout] 
[INFO] [stdout] warning: method call on a diverging inference variable
[INFO] [stdout]    --> src/handlers/todos.rs:123:12
[INFO] [stdout]     |
[INFO] [stdout] 123 |     if res.rows_affected() == 0 {
[INFO] [stdout]     |            ^^^^^^^^^^^^^
[INFO] [stdout]     |
[INFO] [stdout]     = help: consider providing a type annotation
[INFO] [stdout]     = warning: this was previously accepted by the compiler but is being phased out; it will become a hard error in a future release!
[INFO] [stdout]     = note: for more information, see issue #156047 <https://github.com/rust-lang/rust/issues/156047>
[INFO] [stdout] 
[INFO] [stdout] 
[INFO] [stdout] error[E0599]: no method named `ok_or` found for type `!` in the current scope
[INFO] [stdout]    --> src/handlers/todos.rs:108:6
[INFO] [stdout]     |
[INFO] [stdout] 101 |     let todo = sqlx::query_as!(
[INFO] [stdout] 102 |         Todo,
[INFO] [stdout] 103 |         "DELETE FROM todos WHERE id = $1 RETURNING id, title, description, done",
[INFO] [stdout] 104 |         id
[INFO] [stdout] 105 |     )
[INFO] [stdout] 106 |     .fetch_optional(&state.db)
[INFO] [stdout] 107 |     .await?
[INFO] [stdout] 108 |     .ok_or(ApiError::NotFound)?;
[INFO] [stdout]     |      ^^^^^ method not found in `!`
[INFO] [stdout] 
[INFO] [stdout] 
[INFO] [stdout] warning: method call on a diverging inference variable
[INFO] [stdout]    --> src/handlers/todos.rs:123:12
[INFO] [stdout]     |
[INFO] [stdout] 123 |     if res.rows_affected() == 0 {
[INFO] [stdout]     |            ^^^^^^^^^^^^^
[INFO] [stdout]     |
[INFO] [stdout]     = help: consider providing a type annotation
[INFO] [stdout]     = warning: this was previously accepted by the compiler but is being phased out; it will become a hard error in a future release!
[INFO] [stdout]     = note: for more information, see issue #156047 <https://github.com/rust-lang/rust/issues/156047>
[INFO] [stdout] 
[INFO] [stdout] 
[INFO] [stdout] error[E0599]: no method named `rows_affected` found for type `!` in the current scope
[INFO] [stdout]    --> src/handlers/todos.rs:123:12
[INFO] [stdout]     |
[INFO] [stdout] 123 |     if res.rows_affected() == 0 {
[INFO] [stdout]     |            ^^^^^^^^^^^^^ method not found in `!`
[INFO] [stdout] 
[INFO] [stdout] 
[INFO] [stdout] warning: method call on a diverging inference variable
[INFO] [stdout]   --> src/handlers/users.rs:43:10
[INFO] [stdout]    |
[INFO] [stdout] 43 |         .ok_or(ApiError::Unauthorized)?;
[INFO] [stdout]    |          ^^^^^
[INFO] [stdout]    |
[INFO] [stdout]    = help: consider providing a type annotation
[INFO] [stdout]    = warning: this was previously accepted by the compiler but is being phased out; it will become a hard error in a future release!
[INFO] [stdout]    = note: for more information, see issue #156047 <https://github.com/rust-lang/rust/issues/156047>
[INFO] [stdout] 
[INFO] [stdout] 
[INFO] [stdout] error[E0599]: no method named `rows_affected` found for type `!` in the current scope
[INFO] [stdout]    --> src/handlers/todos.rs:123:12
[INFO] [stdout]     |
[INFO] [stdout] 123 |     if res.rows_affected() == 0 {
[INFO] [stdout]     |            ^^^^^^^^^^^^^ method not found in `!`
[INFO] [stdout] 
[INFO] [stdout] 
[INFO] [stdout] warning: method call on a diverging inference variable
[INFO] [stdout]   --> src/handlers/users.rs:43:10
[INFO] [stdout]    |
[INFO] [stdout] 43 |         .ok_or(ApiError::Unauthorized)?;
[INFO] [stdout]    |          ^^^^^
[INFO] [stdout]    |
[INFO] [stdout]    = help: consider providing a type annotation
[INFO] [stdout]    = warning: this was previously accepted by the compiler but is being phased out; it will become a hard error in a future release!
[INFO] [stdout]    = note: for more information, see issue #156047 <https://github.com/rust-lang/rust/issues/156047>
[INFO] [stdout] 
[INFO] [stdout] 
[INFO] [stdout] error[E0599]: no method named `ok_or` found for type `!` in the current scope
[INFO] [stdout]   --> src/handlers/users.rs:43:10
[INFO] [stdout]    |
[INFO] [stdout] 40 |     let user = sqlx::query_as!(User, "SELECT * FROM users WHERE email = $1", payload.email)
[INFO] [stdout] 41 |         .fetch_optional(&state.db)
[INFO] [stdout] 42 |         .await?
[INFO] [stdout] 43 |         .ok_or(ApiError::Unauthorized)?;
[INFO] [stdout]    |          ^^^^^ method not found in `!`
[INFO] [stdout] 
[INFO] [stdout] 
[INFO] [stdout] error[E0599]: no method named `ok_or` found for type `!` in the current scope
[INFO] [stdout]   --> src/handlers/users.rs:43:10
[INFO] [stdout]    |
[INFO] [stdout] 40 |     let user = sqlx::query_as!(User, "SELECT * FROM users WHERE email = $1", payload.email)
[INFO] [stdout] 41 |         .fetch_optional(&state.db)
[INFO] [stdout] 42 |         .await?
[INFO] [stdout] 43 |         .ok_or(ApiError::Unauthorized)?;
[INFO] [stdout]    |          ^^^^^ method not found in `!`
[INFO] [stdout] 
[INFO] [stdout] 
[INFO] [stdout] For more information about this error, try `rustc --explain E0599`.
[INFO] [stdout] 
[INFO] [stderr] error: could not compile `axum-tutorial` (lib) due to 14 previous errors; 13 warnings emitted
[INFO] [stderr] warning: build failed, waiting for other jobs to finish...
[INFO] [stdout] For more information about this error, try `rustc --explain E0599`.
[INFO] [stdout] 
[INFO] [stderr] error: could not compile `axum-tutorial` (lib test) due to 14 previous errors; 13 warnings emitted
[INFO] running `Command { std: "docker" "inspect" "0ef6d5d69031affbd54276beec2cb5fd9ed3ff370289a68d3aa7d5cd659e6f1e", kill_on_drop: false }`
[INFO] running `Command { std: "docker" "rm" "-f" "0ef6d5d69031affbd54276beec2cb5fd9ed3ff370289a68d3aa7d5cd659e6f1e", kill_on_drop: false }`
[INFO] [stdout] 0ef6d5d69031affbd54276beec2cb5fd9ed3ff370289a68d3aa7d5cd659e6f1e
