[INFO] cloning repository https://github.com/naganohara-yoshino/sakuga-backend
[INFO] running `Command { std: "git" "-c" "credential.helper=" "-c" "credential.helper=/workspace/cargo-home/bin/git-credential-null" "clone" "--bare" "https://github.com/naganohara-yoshino/sakuga-backend" "/workspace/cache/git-repos/https%3A%2F%2Fgithub.com%2Fnaganohara-yoshino%2Fsakuga-backend", kill_on_drop: false }`
[INFO] [stderr] Cloning into bare repository '/workspace/cache/git-repos/https%3A%2F%2Fgithub.com%2Fnaganohara-yoshino%2Fsakuga-backend'...
[INFO] running `Command { std: "git" "rev-parse" "HEAD", kill_on_drop: false }`
[INFO] [stdout] 838602dd027e3e9b392a51faeaf3ded7fe2245a8
[INFO] checking naganohara-yoshino/sakuga-backend against 3154cc1a3e6424e44f438a95007d043ed5ceaaf6 for pr-133502-30
[INFO] running `Command { std: "git" "clone" "/workspace/cache/git-repos/https%3A%2F%2Fgithub.com%2Fnaganohara-yoshino%2Fsakuga-backend" "/workspace/builds/worker-7-tc2/source", kill_on_drop: false }`
[INFO] [stderr] Cloning into '/workspace/builds/worker-7-tc2/source'...
[INFO] [stderr] done.
[INFO] started tweaking git repo https://github.com/naganohara-yoshino/sakuga-backend
[INFO] finished tweaking git repo https://github.com/naganohara-yoshino/sakuga-backend
[INFO] tweaked toml for git repo https://github.com/naganohara-yoshino/sakuga-backend written to /workspace/builds/worker-7-tc2/source/Cargo.toml
[INFO] validating manifest of git repo https://github.com/naganohara-yoshino/sakuga-backend on toolchain 3154cc1a3e6424e44f438a95007d043ed5ceaaf6
[INFO] running `Command { std: CARGO_HOME="/workspace/cargo-home" RUSTUP_HOME="/workspace/rustup-home" "/workspace/cargo-home/bin/cargo" "+3154cc1a3e6424e44f438a95007d043ed5ceaaf6" "metadata" "--manifest-path" "Cargo.toml" "--no-deps", kill_on_drop: false }`
[INFO] crate git repo https://github.com/naganohara-yoshino/sakuga-backend already has a lockfile, it will not be regenerated
[INFO] running `Command { std: CARGO_HOME="/workspace/cargo-home" RUSTUP_HOME="/workspace/rustup-home" "/workspace/cargo-home/bin/cargo" "+3154cc1a3e6424e44f438a95007d043ed5ceaaf6" "fetch" "--manifest-path" "Cargo.toml", kill_on_drop: false }`
[INFO] running `Command { std: "docker" "create" "-v" "/var/lib/crater-agent-workspace/builds/worker-7-tc2/source:/opt/rustwide/workdir:ro,Z" "-v" "/var/lib/crater-agent-workspace/builds/worker-7-tc2/target:/opt/rustwide/target:rw,Z" "-v" "/var/lib/crater-agent-workspace/cargo-home:/opt/rustwide/cargo-home:ro,Z" "-v" "/var/lib/crater-agent-workspace/rustup-home:/opt/rustwide/rustup-home:ro,Z" "-m" "1610612736" "--network" "none" "ghcr.io/rust-lang/crates-build-env/linux@sha256:77db811e55d90add9212f6832c23229e3de5f1c1f9905e8cb07319ea15df73ac" "sleep" "infinity", kill_on_drop: false }`
[INFO] [stdout] fd1d22faf3a936cb833e0bcc5549247d61584062b70709c92e7efc51412db216
[INFO] running `Command { std: "docker" "start" "fd1d22faf3a936cb833e0bcc5549247d61584062b70709c92e7efc51412db216", kill_on_drop: false }`
[INFO] running `Command { std: "docker" "inspect" "fd1d22faf3a936cb833e0bcc5549247d61584062b70709c92e7efc51412db216", kill_on_drop: false }`
[INFO] running `Command { std: "docker" "exec" "-e" "SOURCE_DIR=/opt/rustwide/workdir" "-e" "CARGO_HOME=/opt/rustwide/cargo-home" "-e" "RUSTUP_HOME=/opt/rustwide/rustup-home" "-e" "CARGO_TARGET_DIR=/opt/rustwide/target" "-w" "/opt/rustwide/workdir" "--user" "0:0" "fd1d22faf3a936cb833e0bcc5549247d61584062b70709c92e7efc51412db216" "/opt/rustwide/cargo-home/bin/cargo" "+3154cc1a3e6424e44f438a95007d043ed5ceaaf6" "metadata" "--no-deps" "--format-version=1", kill_on_drop: false }`
[INFO] running `Command { std: "docker" "inspect" "fd1d22faf3a936cb833e0bcc5549247d61584062b70709c92e7efc51412db216", kill_on_drop: false }`
[INFO] running `Command { std: "docker" "exec" "-e" "SOURCE_DIR=/opt/rustwide/workdir" "-e" "CARGO_HOME=/opt/rustwide/cargo-home" "-e" "RUSTUP_HOME=/opt/rustwide/rustup-home" "-e" "CARGO_TARGET_DIR=/opt/rustwide/target" "-e" "CARGO_INCREMENTAL=0" "-e" "RUST_BACKTRACE=full" "-e" "RUSTFLAGS=--cap-lints=forbid" "-e" "RUSTDOCFLAGS=--cap-lints=forbid" "-w" "/opt/rustwide/workdir" "--user" "0:0" "fd1d22faf3a936cb833e0bcc5549247d61584062b70709c92e7efc51412db216" "/opt/rustwide/cargo-home/bin/cargo" "+3154cc1a3e6424e44f438a95007d043ed5ceaaf6" "check" "--frozen" "--all" "--all-targets" "--message-format=json", kill_on_drop: false }`
[INFO] [stderr]    Compiling proc-macro2 v1.0.105
[INFO] [stderr]    Compiling quote v1.0.43
[INFO] [stderr]    Compiling serde_core v1.0.228
[INFO] [stderr]     Checking getrandom v0.2.16
[INFO] [stderr]     Checking itoa v1.0.17
[INFO] [stderr]    Compiling jobserver v0.1.34
[INFO] [stderr]    Compiling find-msvc-tools v0.1.7
[INFO] [stderr]     Checking parking_lot_core v0.9.12
[INFO] [stderr]     Checking slab v0.4.11
[INFO] [stderr]     Checking rand_core v0.6.4
[INFO] [stderr]     Checking parking_lot v0.12.5
[INFO] [stderr]    Compiling zmij v1.0.12
[INFO] [stderr]     Checking litemap v0.8.1
[INFO] [stderr]     Checking crypto-common v0.1.7
[INFO] [stderr]    Compiling serde_json v1.0.149
[INFO] [stderr]    Compiling cc v1.2.52
[INFO] [stderr]     Checking tracing-core v0.1.36
[INFO] [stderr]     Checking digest v0.11.3
[INFO] [stderr]     Checking getrandom v0.3.4
[INFO] [stderr]     Checking http v1.5.0
[INFO] [stderr]     Checking digest v0.10.7
[INFO] [stderr]    Compiling num-traits v0.2.19
[INFO] [stderr]     Checking hmac v0.13.0
[INFO] [stderr]    Compiling aws-lc-rs v1.15.2
[INFO] [stderr]     Checking rustls-pki-types v1.13.2
[INFO] [stderr]     Checking sha2 v0.11.0
[INFO] [stderr]    Compiling rustls v0.23.36
[INFO] [stderr]    Compiling syn v2.0.114
[INFO] [stderr]    Compiling syn v3.0.3
[INFO] [stderr]    Compiling crossbeam-utils v0.8.21
[INFO] [stderr]    Compiling time-macros v0.2.32
[INFO] [stderr]     Checking chacha20 v0.10.1
[INFO] [stderr]     Checking sha2 v0.10.9
[INFO] [stderr]     Checking md-5 v0.11.0
[INFO] [stderr]     Checking rand v0.10.2
[INFO] [stderr]    Compiling cmake v0.1.57
[INFO] [stderr]    Compiling anyhow v1.0.100
[INFO] [stderr]    Compiling rust_decimal v1.39.0
[INFO] [stderr]     Checking iana-time-zone v0.1.64
[INFO] [stderr]     Checking concurrent-queue v2.5.0
[INFO] [stderr]    Compiling aws-lc-sys v0.35.0
[INFO] [stderr]    Compiling ring v0.17.14
[INFO] [stderr]     Checking crc-catalog v2.4.0
[INFO] [stderr]     Checking arrayvec v0.7.6
[INFO] [stderr]     Checking event-listener v5.4.1
[INFO] [stderr]     Checking crc v3.3.0
[INFO] [stderr]    Compiling aho-corasick v1.1.4
[INFO] [stderr]     Checking indexmap v2.13.0
[INFO] [stderr]     Checking uuid v1.19.0
[INFO] [stderr]     Checking bitflags v2.10.0
[INFO] [stderr]     Checking deranged v0.5.8
[INFO] [stderr]     Checking regex-syntax v0.8.8
[INFO] [stderr]    Compiling pin-project-lite v0.2.16
[INFO] [stderr]     Checking tinyvec v1.10.0
[INFO] [stderr]    Compiling synstructure v0.13.2
[INFO] [stderr]     Checking time v0.3.55
[INFO] [stderr]    Compiling regex-automata v0.4.13
[INFO] [stderr]    Compiling darling_core v0.20.11
[INFO] [stderr]    Compiling tokio-macros v2.7.2
[INFO] [stderr]    Compiling serde_derive v1.0.228
[INFO] [stderr]    Compiling zerofrom-derive v0.1.6
[INFO] [stderr]     Checking tokio v1.53.1
[INFO] [stderr]     Checking zerofrom v0.1.6
[INFO] [stderr]    Compiling yoke-derive v0.8.1
[INFO] [stderr]    Compiling futures-macro v0.3.33
[INFO] [stderr]    Compiling zerovec-derive v0.11.2
[INFO] [stderr]     Checking futures-util v0.3.33
[INFO] [stderr]     Checking yoke v0.8.1
[INFO] [stderr]    Compiling displaydoc v0.2.5
[INFO] [stderr]    Compiling tracing-attributes v0.1.31
[INFO] [stderr]     Checking zerovec v0.11.5
[INFO] [stderr]    Compiling thiserror-impl v2.0.19
[INFO] [stderr]     Checking zerotrie v0.2.3
[INFO] [stderr]    Compiling async-trait v0.1.89
[INFO] [stderr]     Checking tinystr v0.8.2
[INFO] [stderr]     Checking serde v1.0.228
[INFO] [stderr]     Checking icu_locale_core v2.1.1
[INFO] [stderr]     Checking potential_utf v0.1.4
[INFO] [stderr]     Checking icu_collections v2.1.1
[INFO] [stderr]     Checking tracing v0.1.44
[INFO] [stderr]     Checking thiserror v2.0.19
[INFO] [stderr]     Checking chrono v0.4.42
[INFO] [stderr]    Compiling regex v1.12.2
[INFO] [stderr]     Checking http-body v1.0.1
[INFO] [stderr]     Checking icu_provider v2.1.1
[INFO] [stderr]     Checking jiff-core v0.1.0
[INFO] [stderr]     Checking base64 v0.23.0
[INFO] [stderr]     Checking icu_properties v2.1.2
[INFO] [stderr]     Checking icu_normalizer v2.1.1
[INFO] [stderr]    Compiling darling_macro v0.20.11
[INFO] [stderr]     Checking unicode-normalization v0.1.25
[INFO] [stderr]     Checking crossbeam-queue v0.3.12
[INFO] [stderr]     Checking webpki-roots v1.0.5
[INFO] [stderr]     Checking sha1 v0.11.0
[INFO] [stderr]     Checking hashlink v0.11.1
[INFO] [stderr]     Checking futures-intrusive v0.5.0
[INFO] [stderr]     Checking jiff v0.2.35
[INFO] [stderr]    Compiling rustix v1.1.3
[INFO] [stderr]     Checking futures-executor v0.3.33
[INFO] [stderr]     Checking futures v0.3.31
[INFO] [stderr]     Checking stringprep v0.1.5
[INFO] [stderr]    Compiling darling v0.20.11
[INFO] [stderr]     Checking atoi v2.0.0
[INFO] [stderr]     Checking hkdf v0.13.0
[INFO] [stderr]    Compiling proc-macro2-diagnostics v0.10.1
[INFO] [stderr]     Checking ryu v1.0.22
[INFO] [stderr]     Checking whoami v2.1.2
[INFO] [stderr]     Checking pin-utils v0.1.0
[INFO] [stderr]     Checking byteorder v1.5.0
[INFO] [stderr]    Compiling zerocopy v0.8.33
[INFO] [stderr]     Checking tokio-util v0.7.18
[INFO] [stderr]     Checking tokio-stream v0.1.18
[INFO] [stderr]     Checking idna_adapter v1.2.1
[INFO] [stderr]    Compiling winnow v0.7.14
[INFO] [stderr]     Checking idna v1.1.0
[INFO] [stderr]    Compiling zstd-sys v2.0.16+zstd.1.5.7
[INFO] [stderr]    Compiling mime-infer v4.0.1
[INFO] [stderr]     Checking url v2.5.8
[INFO] [stderr]    Compiling sea-query-derive v1.0.0
[INFO] [stderr]     Checking quick-xml v0.41.0
[INFO] [stderr]     Checking ordered-float v4.6.0
[INFO] [stderr]     Checking h2 v0.4.13
[INFO] [stderr]    Compiling proc-macro-error-attr2 v2.0.0
[INFO] [stderr]    Compiling toml_datetime v0.7.5+spec-1.1.0
[INFO] [stderr]    Compiling yansi v1.0.1
[INFO] [stderr]    Compiling proc-macro-error2 v2.0.1
[INFO] [stderr]     Checking sea-query v1.0.1
[INFO] [stderr]     Checking cipher v0.4.4
[INFO] [stderr]    Compiling const-random-macro v0.1.16
[INFO] [stderr]     Checking reqsign-core v3.2.0
[INFO] [stderr]    Compiling toml_parser v1.0.6+spec-1.1.0
[INFO] [stderr]    Compiling toml_edit v0.23.10+spec-1.0.0
[INFO] [stderr]    Compiling pin-project-internal v1.1.10
[INFO] [stderr]    Compiling enumflags2_derive v0.7.12
[INFO] [stderr]     Checking universal-hash v0.5.1
[INFO] [stderr]     Checking mea v0.6.5
[INFO] [stderr]    Compiling smallvec v1.15.1
[INFO] [stderr]    Compiling futures-sink v0.3.33
[INFO] [stderr]    Compiling either v1.15.0
[INFO] [stderr]     Checking polyval v0.6.2
[INFO] [stderr]    Compiling itertools v0.14.0
[INFO] [stderr]    Compiling derive_more-impl v2.1.1
[INFO] [stderr]     Checking hyper v1.8.1
[INFO] [stderr]     Checking opendal-core v0.58.1
[INFO] [stderr]    Compiling proc-macro-crate v3.4.0
[INFO] [stderr]     Checking hyper-util v0.1.19
[INFO] [stderr]     Checking ppv-lite86 v0.2.21
[INFO] [stderr]     Checking const-random v0.1.18
[INFO] [stderr]    Compiling ouroboros_macro v0.18.5
[INFO] [stderr]    Compiling sea-bae v0.2.1
[INFO] [stderr]     Checking serde_urlencoded v0.7.1
[INFO] [stderr]    Compiling pluralizer v0.5.0
[INFO] [stderr]     Checking http-body-util v0.1.3
[INFO] [stderr]     Checking matchers v0.2.0
[INFO] [stderr]    Compiling sea-schema-derive v0.3.0
[INFO] [stderr]    Compiling async-stream-impl v0.3.6
[INFO] [stderr]    Compiling salvo-serde-util v0.95.1
[INFO] [stderr]    Compiling httparse v1.10.1
[INFO] [stderr]     Checking tracing-log v0.2.0
[INFO] [stderr]    Compiling zstd-safe v7.2.4
[INFO] [stderr]    Compiling try-lock v0.2.5
[INFO] [stderr]     Checking aliasable v0.1.3
[INFO] [stderr]    Compiling httpdate v1.0.3
[INFO] [stderr]    Compiling atomic-waker v1.1.2
[INFO] [stderr]    Compiling rand_core v0.10.1
[INFO] [stderr]    Compiling salvo_macros v0.95.1
[INFO] [stderr]    Compiling want v0.3.1
[INFO] [stderr]     Checking tracing-subscriber v0.3.22
[INFO] [stderr]     Checking ouroboros v0.18.5
[INFO] [stderr]     Checking async-stream v0.3.6
[INFO] [stderr]     Checking tower v0.5.3
[INFO] [stderr]    Compiling sea-orm-macros v2.0.1
[INFO] [stderr]     Checking dlv-list v0.5.2
[INFO] [stderr]     Checking rand_chacha v0.3.1
[INFO] [stderr]     Checking derive_more v2.1.1
[INFO] [stderr]     Checking ghash v0.5.1
[INFO] [stderr]     Checking aes v0.8.4
[INFO] [stderr]     Checking ctr v0.9.2
[INFO] [stderr]    Compiling futures-channel v0.3.33
[INFO] [stderr]     Checking pgvector v0.4.1
[INFO] [stderr]    Compiling derive-where v1.6.1
[INFO] [stderr]    Compiling encoding_rs v0.8.35
[INFO] [stderr]     Checking aead v0.5.2
[INFO] [stderr]    Compiling cookie v0.18.1
[INFO] [stderr]    Compiling futures-io v0.3.33
[INFO] [stderr]     Checking hashbrown v0.14.5
[INFO] [stderr]     Checking strum v0.28.0
[INFO] [stderr]    Compiling linux-raw-sys v0.11.0
[INFO] [stderr]     Checking simd-adler32 v0.3.8
[INFO] [stderr]     Checking miniz_oxide v0.8.9
[INFO] [stderr]     Checking ordered-multimap v0.7.3
[INFO] [stderr]    Compiling pest v2.8.5
[INFO] [stderr]     Checking anstyle-parse v0.2.7
[INFO] [stderr]     Checking aes-gcm v0.10.3
[INFO] [stderr]     Checking rand v0.8.5
[INFO] [stderr]    Compiling getrandom v0.4.3
[INFO] [stderr]    Compiling sha1 v0.10.6
[INFO] [stderr]    Compiling headers-core v0.3.0
[INFO] [stderr]     Checking hmac v0.12.1
[INFO] [stderr]     Checking xml v1.2.1
[INFO] [stderr]     Checking colorchoice v1.0.4
[INFO] [stderr]     Checking anstyle v1.0.13
[INFO] [stderr]    Compiling fastrand v2.3.0
[INFO] [stderr]     Checking openssl-probe v0.2.0
[INFO] [stderr]     Checking anstream v0.6.21
[INFO] [stderr]     Checking rustls-native-certs v0.8.3
[INFO] [stderr]    Compiling tempfile v3.24.0
[INFO] [stderr]    Compiling form_urlencoded v1.2.2
[INFO] [stderr]     Checking serde-xml-rs v0.8.2
[INFO] [stderr]    Compiling headers v0.4.1
[INFO] [stderr]    Compiling multra v1.1.0
[INFO] [stderr]    Compiling pest_meta v2.8.5
[INFO] [stderr]    Compiling rust-embed-utils v8.10.0
[INFO] [stderr]     Checking flate2 v1.1.8
[INFO] [stderr]     Checking rust-ini v0.21.3
[INFO] [stderr]    Compiling chardetng v1.0.0
[INFO] [stderr]    Compiling multimap v0.10.1
[INFO] [stderr]    Compiling pin-project v1.1.10
[INFO] [stderr]    Compiling enumflags2 v0.7.12
[INFO] [stderr]    Compiling content_inspector v0.2.4
[INFO] [stderr]     Checking iri-string v0.7.10
[INFO] [stderr]    Compiling sync_wrapper v1.0.2
[INFO] [stderr]     Checking xxhash-rust v0.8.15
[INFO] [stderr]    Compiling erased-serde v0.4.9
[INFO] [stderr]     Checking clap_lex v0.7.6
[INFO] [stderr]     Checking clap_builder v4.5.54
[INFO] [stderr]     Checking hashbrown v0.15.5
[INFO] [stderr]    Compiling pest_generator v2.8.5
[INFO] [stderr]    Compiling salvo_core v0.95.1
[INFO] [stderr]     Checking zstd v0.13.3
[INFO] [stderr]    Compiling rust-embed-impl v8.10.0
[INFO] [stderr]     Checking backon v1.6.0
[INFO] [stderr]    Compiling clap_derive v4.5.49
[INFO] [stderr]     Checking tungstenite v0.30.0
[INFO] [stderr]    Compiling libmimalloc-sys v0.1.44
[INFO] [stderr]     Checking ulid v3.0.0
[INFO] [stderr]     Checking spin v0.10.1
[INFO] [stderr]     Checking tower-http v0.6.8
[INFO] [stderr]     Checking unsafe-libyaml-norway v0.2.15
[INFO] [stderr]     Checking str-buf v3.0.3
[INFO] [stderr]     Checking etag v4.0.0
[INFO] [stderr]     Checking crc-fast v1.9.0
[INFO] [stderr]     Checking serde_norway v0.9.42
[INFO] [stderr]     Checking clap v4.5.54
[INFO] [stderr]     Checking tokio-tungstenite v0.30.0
[INFO] [stderr]     Checking rust-embed v8.10.0
[INFO] [stderr]     Checking compact_str v0.10.0
[INFO] [stderr]    Compiling pest_derive v2.8.5
[INFO] [stderr]     Checking hashlink v0.10.0
[INFO] [stderr]     Checking reqsign-aws-v4 v3.0.3
[INFO] [stderr]     Checking reqsign-file-read-tokio v3.0.3
[INFO] [stderr]     Checking serde_spanned v1.0.4
[INFO] [stderr]     Checking event-listener-strategy v0.5.4
[INFO] [stderr]     Checking num-integer v0.1.46
[INFO] [stderr]     Checking unicode-ident v1.0.22
[INFO] [stderr]     Checking link-section v0.19.2
[INFO] [stderr]     Checking inventory v0.3.21
[INFO] [stderr]     Checking glob v0.3.3
[INFO] [stderr]    Compiling linktime-proc-macro v0.2.2
[INFO] [stderr]     Checking yaml-rust2 v0.10.4
[INFO] [stderr]     Checking sea-orm-cli v2.0.1
[INFO] [stderr]     Checking num-bigint v0.4.6
[INFO] [stderr]     Checking ron v0.12.0
[INFO] [stderr]     Checking opendal-service-s3 v0.58.1
[INFO] [stderr]     Checking salvo_extra v0.95.1
[INFO] [stderr]     Checking toml v0.9.11+spec-1.1.0
[INFO] [stderr]     Checking ctor v1.0.12
[INFO] [stderr]     Checking async-lock v3.4.2
[INFO] [stderr]    Compiling salvo-oapi-macros v0.95.1
[INFO] [stderr]     Checking serde-untagged v0.1.9
[INFO] [stderr]     Checking json5 v0.4.1
[INFO] [stderr]     Checking opendal-layer-retry v0.58.1
[INFO] [stderr]     Checking opendal-layer-logging v0.58.1
[INFO] [stderr]     Checking opendal-layer-timeout v0.58.1
[INFO] [stderr]     Checking opendal-layer-concurrent-limit v0.58.1
[INFO] [stderr]     Checking combine v4.6.7
[INFO] [stderr]     Checking arc-swap v1.9.2
[INFO] [stderr]     Checking arcstr v1.2.0
[INFO] [stderr]     Checking config v0.15.19
[INFO] [stderr]     Checking mimalloc v0.1.48
[INFO] [stderr]     Checking salvo-oapi v0.95.1
[INFO] [stderr]     Checking redis v1.5.0
[INFO] [stderr]     Checking rustls-webpki v0.103.8
[INFO] [stderr]     Checking salvo v0.95.1
[INFO] [stderr]     Checking sqlx-core v0.9.0
[INFO] [stderr]     Checking tokio-rustls v0.26.4
[INFO] [stderr]     Checking rustls-platform-verifier v0.6.2
[INFO] [stderr]     Checking hyper-rustls v0.27.7
[INFO] [stderr]     Checking reqwest v0.13.4
[INFO] [stderr]     Checking opendal-http-transport-reqwest v0.58.1
[INFO] [stderr]     Checking opendal v0.58.1
[INFO] [stderr]     Checking sqlx-postgres v0.9.0
[INFO] [stderr]     Checking sqlx v0.9.0
[INFO] [stderr]     Checking sea-query-sqlx v0.9.1
[INFO] [stderr]     Checking sea-schema v0.18.1
[INFO] [stderr]     Checking sea-orm v2.0.1
[INFO] [stderr]     Checking sea-orm-migration v2.0.1
[INFO] [stderr]     Checking server v0.1.0 (/opt/rustwide/workdir/server)
[INFO] [stdout] error[E0432]: unresolved imports `crate::dtos::response::Meta`, `crate::dtos::response::ResponseData`
[INFO] [stdout]  --> server/src/services/works.rs:4:29
[INFO] [stdout]   |
[INFO] [stdout] 4 | use crate::dtos::response::{Meta, ResponseData};
[INFO] [stdout]   |                             ^^^^  ^^^^^^^^^^^^ no `ResponseData` in `dtos::response`
[INFO] [stdout]   |                             |
[INFO] [stdout]   |                             no `Meta` in `dtos::response`
[INFO] [stdout]   |
[INFO] [stdout] help: a similar name exists in the module
[INFO] [stdout]   |
[INFO] [stdout] 4 - use crate::dtos::response::{Meta, ResponseData};
[INFO] [stdout] 4 + use crate::dtos::response::{Meta, Response};
[INFO] [stdout]   |
[INFO] [stdout] 
[INFO] [stdout] 
[INFO] [stdout] error[E0432]: unresolved imports `crate::dtos::response::Meta`, `crate::dtos::response::ResponseData`
[INFO] [stdout]  --> server/src/services/works.rs:4:29
[INFO] [stdout]   |
[INFO] [stdout] 4 | use crate::dtos::response::{Meta, ResponseData};
[INFO] [stdout]   |                             ^^^^  ^^^^^^^^^^^^ no `ResponseData` in `dtos::response`
[INFO] [stdout]   |                             |
[INFO] [stdout]   |                             no `Meta` in `dtos::response`
[INFO] [stdout]   |
[INFO] [stdout] help: a similar name exists in the module
[INFO] [stdout]   |
[INFO] [stdout] 4 - use crate::dtos::response::{Meta, ResponseData};
[INFO] [stdout] 4 + use crate::dtos::response::{Meta, Response};
[INFO] [stdout]   |
[INFO] [stdout] 
[INFO] [stdout] 
[INFO] [stdout] warning: use of deprecated method `salvo::Depot::obtain`: use `Depot::get_typed` instead
[INFO] [stdout]   --> server/src/api/endpoints/works.rs:14:27
[INFO] [stdout]    |
[INFO] [stdout] 14 |     let app_state = depot.obtain::<AppState>().unwrap();
[INFO] [stdout]    |                           ^^^^^^
[INFO] [stdout]    |
[INFO] [stdout]    = note: `#[warn(deprecated)]` on by default
[INFO] [stdout] 
[INFO] [stdout] 
[INFO] [stdout] warning: use of deprecated method `opendal::services::S3::delete_max_size`: S3 delete batch capability is enabled by default and this option is no longer needed.
[INFO] [stdout]   --> server/src/infrastructure/storage.rs:13:10
[INFO] [stdout]    |
[INFO] [stdout] 13 |         .delete_max_size(600);
[INFO] [stdout]    |          ^^^^^^^^^^^^^^^
[INFO] [stdout] 
[INFO] [stdout] 
[INFO] [stdout] warning: use of deprecated method `salvo::Depot::obtain`: use `Depot::get_typed` instead
[INFO] [stdout]   --> server/src/api/endpoints/works.rs:14:27
[INFO] [stdout]    |
[INFO] [stdout] 14 |     let app_state = depot.obtain::<AppState>().unwrap();
[INFO] [stdout]    |                           ^^^^^^
[INFO] [stdout]    |
[INFO] [stdout]    = note: `#[warn(deprecated)]` on by default
[INFO] [stdout] 
[INFO] [stdout] 
[INFO] [stdout] warning: use of deprecated method `opendal::services::S3::delete_max_size`: S3 delete batch capability is enabled by default and this option is no longer needed.
[INFO] [stdout]   --> server/src/infrastructure/storage.rs:13:10
[INFO] [stdout]    |
[INFO] [stdout] 13 |         .delete_max_size(600);
[INFO] [stdout]    |          ^^^^^^^^^^^^^^^
[INFO] [stdout] 
[INFO] [stdout] 
[INFO] [stdout] error[E0599]: no method named `finish` found for struct `Operator` in the current scope
[INFO] [stdout]   --> server/src/infrastructure/storage.rs:15:38
[INFO] [stdout]    |
[INFO] [stdout] 15 |     let op = Operator::new(builder)?.finish();
[INFO] [stdout]    |                                      ^^^^^^ method not found in `Operator`
[INFO] [stdout] 
[INFO] [stdout] 
[INFO] [stdout] error[E0599]: no method named `finish` found for struct `Operator` in the current scope
[INFO] [stdout]   --> server/src/infrastructure/storage.rs:15:38
[INFO] [stdout]    |
[INFO] [stdout] 15 |     let op = Operator::new(builder)?.finish();
[INFO] [stdout]    |                                      ^^^^^^ method not found in `Operator`
[INFO] [stdout] 
[INFO] [stdout] 
[INFO] [stdout] error[E0277]: the trait bound `Result<(), AppError>: EndpointOutRegister` is not satisfied
[INFO] [stdout]   --> server/src/api/endpoints/works.rs:13:6
[INFO] [stdout]    |
[INFO] [stdout] 13 | ) -> AppResult<()> {
[INFO] [stdout]    |      ^^^^^^^^^^^^^ the trait `EndpointOutRegister` is not implemented for `Result<(), AppError>`
[INFO] [stdout]    |
[INFO] [stdout] help: the following other types implement trait `EndpointOutRegister`
[INFO] [stdout]   --> /opt/rustwide/cargo-home/registry/src/index.crates.io-1949cf8c6b5b557f/salvo-oapi-0.95.1/src/endpoint.rs:56:1
[INFO] [stdout]    |
[INFO] [stdout] 56 | / impl<T, E> EndpointOutRegister for Result<T, E>
[INFO] [stdout] 57 | | where
[INFO] [stdout] 58 | |     T: EndpointOutRegister + Send,
[INFO] [stdout] 59 | |     E: EndpointOutRegister + Send,
[INFO] [stdout]    | |__________________________________^ `Result<T, E>`
[INFO] [stdout] ...
[INFO] [stdout] 67 | / impl<E> EndpointOutRegister for Result<(), E>
[INFO] [stdout] 68 | | where
[INFO] [stdout] 69 | |     E: EndpointOutRegister + Send,
[INFO] [stdout]    | |__________________________________^ `Result<(), E>`
[INFO] [stdout] 
[INFO] [stdout] 
[INFO] [stderr]     Checking migration v0.1.0 (/opt/rustwide/workdir/migration)
[INFO] [stdout] error[E0277]: the trait bound `Result<(), AppError>: EndpointOutRegister` is not satisfied
[INFO] [stdout]   --> server/src/api/endpoints/works.rs:13:6
[INFO] [stdout]    |
[INFO] [stdout] 13 | ) -> AppResult<()> {
[INFO] [stdout]    |      ^^^^^^^^^^^^^ the trait `EndpointOutRegister` is not implemented for `Result<(), AppError>`
[INFO] [stdout]    |
[INFO] [stdout] help: the following other types implement trait `EndpointOutRegister`
[INFO] [stdout]   --> /opt/rustwide/cargo-home/registry/src/index.crates.io-1949cf8c6b5b557f/salvo-oapi-0.95.1/src/endpoint.rs:56:1
[INFO] [stdout]    |
[INFO] [stdout] 56 | / impl<T, E> EndpointOutRegister for Result<T, E>
[INFO] [stdout] 57 | | where
[INFO] [stdout] 58 | |     T: EndpointOutRegister + Send,
[INFO] [stdout] 59 | |     E: EndpointOutRegister + Send,
[INFO] [stdout]    | |__________________________________^ `Result<T, E>`
[INFO] [stdout] ...
[INFO] [stdout] 67 | / impl<E> EndpointOutRegister for Result<(), E>
[INFO] [stdout] 68 | | where
[INFO] [stdout] 69 | |     E: EndpointOutRegister + Send,
[INFO] [stdout]    | |__________________________________^ `Result<(), E>`
[INFO] [stdout] 
[INFO] [stdout] 
[INFO] [stdout] Some errors have detailed explanations: E0277, E0432, E0599.
[INFO] [stdout] 
[INFO] [stdout] For more information about an error, try `rustc --explain E0277`.
[INFO] [stdout] 
[INFO] [stderr] error: could not compile `server` (lib test) due to 3 previous errors; 2 warnings emitted
[INFO] [stderr] warning: build failed, waiting for other jobs to finish...
[INFO] [stdout] Some errors have detailed explanations: E0277, E0432, E0599.
[INFO] [stdout] 
[INFO] [stdout] For more information about an error, try `rustc --explain E0277`.
[INFO] [stdout] 
[INFO] [stderr] error: could not compile `server` (lib) due to 3 previous errors; 2 warnings emitted
[INFO] running `Command { std: "docker" "inspect" "fd1d22faf3a936cb833e0bcc5549247d61584062b70709c92e7efc51412db216", kill_on_drop: false }`
[INFO] running `Command { std: "docker" "rm" "-f" "fd1d22faf3a936cb833e0bcc5549247d61584062b70709c92e7efc51412db216", kill_on_drop: false }`
[INFO] [stdout] fd1d22faf3a936cb833e0bcc5549247d61584062b70709c92e7efc51412db216
