[INFO] cloning repository https://github.com/nadaess43/myconsole
[INFO] running `Command { std: "git" "-c" "credential.helper=" "-c" "credential.helper=/workspace/cargo-home/bin/git-credential-null" "clone" "--bare" "https://github.com/nadaess43/myconsole" "/workspace/cache/git-repos/https%3A%2F%2Fgithub.com%2Fnadaess43%2Fmyconsole", kill_on_drop: false }`
[INFO] [stderr] Cloning into bare repository '/workspace/cache/git-repos/https%3A%2F%2Fgithub.com%2Fnadaess43%2Fmyconsole'...
[INFO] running `Command { std: "git" "rev-parse" "HEAD", kill_on_drop: false }`
[INFO] [stdout] 25db1465ccf083a862e4d662380245a3e4530f12
[INFO] checking nadaess43/myconsole against 3154cc1a3e6424e44f438a95007d043ed5ceaaf6 for pr-133502-30
[INFO] running `Command { std: "git" "clone" "/workspace/cache/git-repos/https%3A%2F%2Fgithub.com%2Fnadaess43%2Fmyconsole" "/workspace/builds/worker-6-tc2/source", kill_on_drop: false }`
[INFO] [stderr] Cloning into '/workspace/builds/worker-6-tc2/source'...
[INFO] [stderr] done.
[INFO] started tweaking git repo https://github.com/nadaess43/myconsole
[INFO] finished tweaking git repo https://github.com/nadaess43/myconsole
[INFO] tweaked toml for git repo https://github.com/nadaess43/myconsole written to /workspace/builds/worker-6-tc2/source/Cargo.toml
[INFO] validating manifest of git repo https://github.com/nadaess43/myconsole on toolchain 3154cc1a3e6424e44f438a95007d043ed5ceaaf6
[INFO] running `Command { std: CARGO_HOME="/workspace/cargo-home" RUSTUP_HOME="/workspace/rustup-home" "/workspace/cargo-home/bin/cargo" "+3154cc1a3e6424e44f438a95007d043ed5ceaaf6" "metadata" "--manifest-path" "Cargo.toml" "--no-deps", kill_on_drop: false }`
[INFO] crate git repo https://github.com/nadaess43/myconsole already has a lockfile, it will not be regenerated
[INFO] running `Command { std: CARGO_HOME="/workspace/cargo-home" RUSTUP_HOME="/workspace/rustup-home" "/workspace/cargo-home/bin/cargo" "+3154cc1a3e6424e44f438a95007d043ed5ceaaf6" "fetch" "--manifest-path" "Cargo.toml", kill_on_drop: false }`
[INFO] running `Command { std: "docker" "create" "-v" "/var/lib/crater-agent-workspace/builds/worker-6-tc2/source:/opt/rustwide/workdir:ro,Z" "-v" "/var/lib/crater-agent-workspace/builds/worker-6-tc2/target:/opt/rustwide/target:rw,Z" "-v" "/var/lib/crater-agent-workspace/cargo-home:/opt/rustwide/cargo-home:ro,Z" "-v" "/var/lib/crater-agent-workspace/rustup-home:/opt/rustwide/rustup-home:ro,Z" "-m" "1610612736" "--network" "none" "ghcr.io/rust-lang/crates-build-env/linux@sha256:77db811e55d90add9212f6832c23229e3de5f1c1f9905e8cb07319ea15df73ac" "sleep" "infinity", kill_on_drop: false }`
[INFO] [stdout] 3c5176585993423ad4e47e37bb46fee53c2e48ffe18ca67e577d188f65680d25
[INFO] running `Command { std: "docker" "start" "3c5176585993423ad4e47e37bb46fee53c2e48ffe18ca67e577d188f65680d25", kill_on_drop: false }`
[INFO] running `Command { std: "docker" "inspect" "3c5176585993423ad4e47e37bb46fee53c2e48ffe18ca67e577d188f65680d25", kill_on_drop: false }`
[INFO] running `Command { std: "docker" "exec" "-e" "SOURCE_DIR=/opt/rustwide/workdir" "-e" "CARGO_HOME=/opt/rustwide/cargo-home" "-e" "RUSTUP_HOME=/opt/rustwide/rustup-home" "-e" "CARGO_TARGET_DIR=/opt/rustwide/target" "-w" "/opt/rustwide/workdir" "--user" "0:0" "3c5176585993423ad4e47e37bb46fee53c2e48ffe18ca67e577d188f65680d25" "/opt/rustwide/cargo-home/bin/cargo" "+3154cc1a3e6424e44f438a95007d043ed5ceaaf6" "metadata" "--no-deps" "--format-version=1", kill_on_drop: false }`
[INFO] running `Command { std: "docker" "inspect" "3c5176585993423ad4e47e37bb46fee53c2e48ffe18ca67e577d188f65680d25", kill_on_drop: false }`
[INFO] running `Command { std: "docker" "exec" "-e" "SOURCE_DIR=/opt/rustwide/workdir" "-e" "CARGO_HOME=/opt/rustwide/cargo-home" "-e" "RUSTUP_HOME=/opt/rustwide/rustup-home" "-e" "CARGO_TARGET_DIR=/opt/rustwide/target" "-e" "CARGO_INCREMENTAL=0" "-e" "RUST_BACKTRACE=full" "-e" "RUSTFLAGS=--cap-lints=forbid" "-e" "RUSTDOCFLAGS=--cap-lints=forbid" "-w" "/opt/rustwide/workdir" "--user" "0:0" "3c5176585993423ad4e47e37bb46fee53c2e48ffe18ca67e577d188f65680d25" "/opt/rustwide/cargo-home/bin/cargo" "+3154cc1a3e6424e44f438a95007d043ed5ceaaf6" "check" "--frozen" "--all" "--all-targets" "--message-format=json", kill_on_drop: false }`
[INFO] [stderr]    Compiling proc-macro2 v1.0.107
[INFO] [stderr]    Compiling quote v1.0.47
[INFO] [stderr]    Compiling libc v0.2.189
[INFO] [stderr]    Compiling godot-bindings v0.2.4
[INFO] [stderr]    Compiling gdextension-api v0.2.2
[INFO] [stderr]    Compiling serde_core v1.0.229
[INFO] [stderr]    Compiling autocfg v1.5.1
[INFO] [stderr]    Compiling regex-syntax v0.8.11
[INFO] [stderr]    Compiling serde v1.0.229
[INFO] [stderr]    Compiling getrandom v0.4.3
[INFO] [stderr]    Compiling nanoserde-derive v0.1.22
[INFO] [stderr]    Compiling zmij v1.0.23
[INFO] [stderr]    Compiling thiserror v2.0.19
[INFO] [stderr]    Compiling serde_json v1.0.151
[INFO] [stderr]     Checking memchr v2.8.3
[INFO] [stderr]    Compiling windows_x86_64_gnu v0.52.6
[INFO] [stderr]    Compiling paste v1.0.15
[INFO] [stderr]    Compiling anyhow v1.0.104
[INFO] [stderr]    Compiling shlex v2.0.1
[INFO] [stderr]     Checking anstyle-parse v1.0.0
[INFO] [stderr]     Checking lazy_static v1.5.0
[INFO] [stderr]     Checking anstyle v1.0.14
[INFO] [stderr]    Compiling portable-atomic v1.14.0
[INFO] [stderr]     Checking windows-targets v0.52.6
[INFO] [stderr]    Compiling cc v1.4.0
[INFO] [stderr]     Checking colorchoice v1.0.5
[INFO] [stderr]     Checking windows-sys v0.59.0
[INFO] [stderr]     Checking colored v2.2.0
[INFO] [stderr]     Checking anstream v1.0.0
[INFO] [stderr]     Checking unicode-width v0.2.2
[INFO] [stderr]     Checking glam v0.28.0
[INFO] [stderr]    Compiling num-traits v0.2.19
[INFO] [stderr]     Checking godot-cell v0.2.4
[INFO] [stderr]     Checking clap_lex v1.1.0
[INFO] [stderr]     Checking constant_time_eq v0.4.2
[INFO] [stderr]     Checking clap_builder v4.6.2
[INFO] [stderr]     Checking number_prefix v0.4.0
[INFO] [stderr]     Checking arrayref v0.3.9
[INFO] [stderr]     Checking same-file v1.0.6
[INFO] [stderr]     Checking cpufeatures v0.3.0
[INFO] [stderr]     Checking arrayvec v0.7.8
[INFO] [stderr]    Compiling nanoserde v0.1.37
[INFO] [stderr]     Checking walkdir v2.5.0
[INFO] [stderr]    Compiling syn v3.0.3
[INFO] [stderr]    Compiling venial v0.6.1
[INFO] [stderr]    Compiling blake3 v1.8.5
[INFO] [stderr]    Compiling regex-automata v0.4.16
[INFO] [stderr]    Compiling godot-codegen v0.2.4
[INFO] [stderr]    Compiling godot-macros v0.2.4
[INFO] [stderr]     Checking console v0.15.11
[INFO] [stderr]     Checking indicatif v0.17.11
[INFO] [stderr]     Checking uuid v1.24.0
[INFO] [stderr]    Compiling regex v1.13.1
[INFO] [stderr]    Compiling godot-ffi v0.2.4
[INFO] [stderr]    Compiling godot-core v0.2.4
[INFO] [stderr]    Compiling serde_derive v1.0.229
[INFO] [stderr]    Compiling thiserror-impl v2.0.19
[INFO] [stderr]    Compiling clap_derive v4.6.4
[INFO] [stderr]     Checking clap v4.6.4
[INFO] [stderr]     Checking chrono v0.4.45
[INFO] [stderr]     Checking cartridge-core v0.1.0 (/opt/rustwide/workdir/crates/cartridge-core)
[INFO] [stderr]     Checking cartridge-maker v0.1.0 (/opt/rustwide/workdir/crates/cartridge-maker)
[INFO] [stderr]     Checking cartridge-daemon v0.1.0 (/opt/rustwide/workdir/crates/cartridge-daemon)
[INFO] [stdout] error[E0433]: cannot find `windows` in `os`
[INFO] [stdout]  --> crates/cartridge-daemon/src/scanner.rs:2:14
[INFO] [stdout]   |
[INFO] [stdout] 2 | use std::os::windows::ffi::OsStrExt;
[INFO] [stdout]   |              ^^^^^^^ could not find `windows` in `os`
[INFO] [stdout]   |
[INFO] [stdout] note: found an item that was configured out
[INFO] [stdout]  --> /rustc/3154cc1a3e6424e44f438a95007d043ed5ceaaf6/library/std/src/os/mod.rs:62:4
[INFO] [stdout]   |
[INFO] [stdout]   = note: the item is gated behind the `windows` feature
[INFO] [stdout] 
[INFO] [stdout] 
[INFO] [stdout] error[E0433]: cannot find `windows` in `os`
[INFO] [stdout]  --> crates/cartridge-daemon/src/scanner.rs:2:14
[INFO] [stdout]   |
[INFO] [stdout] 2 | use std::os::windows::ffi::OsStrExt;
[INFO] [stdout]   |              ^^^^^^^ could not find `windows` in `os`
[INFO] [stdout]   |
[INFO] [stdout] note: found an item that was configured out
[INFO] [stdout]  --> /rustc/3154cc1a3e6424e44f438a95007d043ed5ceaaf6/library/std/src/os/mod.rs:62:4
[INFO] [stdout]   |
[INFO] [stdout]   = note: the item is gated behind the `windows` feature
[INFO] [stdout] 
[INFO] [stdout] 
[INFO] [stdout] error[E0599]: no method named `encode_wide` found for reference `&OsStr` in the current scope
[INFO] [stdout]    --> crates/cartridge-daemon/src/scanner.rs:142:19
[INFO] [stdout]     |
[INFO] [stdout] 142 |     OsStr::new(s).encode_wide().chain(std::iter::once(0)).collect()
[INFO] [stdout]     |                   ^^^^^^^^^^^ method not found in `&OsStr`
[INFO] [stdout] 
[INFO] [stdout] 
[INFO] [stdout] error[E0599]: no method named `encode_wide` found for reference `&OsStr` in the current scope
[INFO] [stdout]    --> crates/cartridge-daemon/src/scanner.rs:142:19
[INFO] [stdout]     |
[INFO] [stdout] 142 |     OsStr::new(s).encode_wide().chain(std::iter::once(0)).collect()
[INFO] [stdout]     |                   ^^^^^^^^^^^ method not found in `&OsStr`
[INFO] [stdout] 
[INFO] [stdout] 
[INFO] [stdout] Some errors have detailed explanations: E0433, E0599.
[INFO] [stdout] 
[INFO] [stdout] For more information about an error, try `rustc --explain E0433`.
[INFO] [stdout] 
[INFO] [stderr] error: could not compile `cartridge-daemon` (bin "cartridge-daemon" test) due to 2 previous errors
[INFO] [stderr] warning: build failed, waiting for other jobs to finish...
[INFO] [stdout] Some errors have detailed explanations: E0433, E0599.
[INFO] [stdout] 
[INFO] [stdout] For more information about an error, try `rustc --explain E0433`.
[INFO] [stdout] 
[INFO] [stderr] error: could not compile `cartridge-daemon` (bin "cartridge-daemon") due to 2 previous errors
[INFO] [stderr] warning: unused dependency `anyhow`
[INFO] [stderr]   --> crates/cartridge-daemon/Cargo.toml:23:1
[INFO] [stderr]    |
[INFO] [stderr] 23 | anyhow = "1"
[INFO] [stderr]    | ^^^^^^^^^^^^
[INFO] [stderr]    |
[INFO] [stderr]    = note: `cargo::unused_dependencies` is set to `warn` by default
[INFO] [stderr] help: consider removing the dependency on `anyhow`
[INFO] [stderr] warning: `cartridge-daemon` (manifest) generated 1 warning
[INFO] running `Command { std: "docker" "inspect" "3c5176585993423ad4e47e37bb46fee53c2e48ffe18ca67e577d188f65680d25", kill_on_drop: false }`
[INFO] running `Command { std: "docker" "rm" "-f" "3c5176585993423ad4e47e37bb46fee53c2e48ffe18ca67e577d188f65680d25", kill_on_drop: false }`
[INFO] [stdout] 3c5176585993423ad4e47e37bb46fee53c2e48ffe18ca67e577d188f65680d25
