[INFO] cloning repository https://github.com/nabob-labs/dripline
[INFO] running `Command { std: "git" "-c" "credential.helper=" "-c" "credential.helper=/workspace/cargo-home/bin/git-credential-null" "clone" "--bare" "https://github.com/nabob-labs/dripline" "/workspace/cache/git-repos/https%3A%2F%2Fgithub.com%2Fnabob-labs%2Fdripline", kill_on_drop: false }`
[INFO] [stderr] Cloning into bare repository '/workspace/cache/git-repos/https%3A%2F%2Fgithub.com%2Fnabob-labs%2Fdripline'...
[INFO] running `Command { std: "git" "rev-parse" "HEAD", kill_on_drop: false }`
[INFO] [stdout] 8dd4dba561c6f2b084919a290a912a9bbcbdfd1f
[INFO] checking nabob-labs/dripline against 3154cc1a3e6424e44f438a95007d043ed5ceaaf6+rustflags=-Znext-solver=coherence for pr-133502-30
[INFO] running `Command { std: "git" "clone" "/workspace/cache/git-repos/https%3A%2F%2Fgithub.com%2Fnabob-labs%2Fdripline" "/workspace/builds/worker-4-tc1/source", kill_on_drop: false }`
[INFO] [stderr] Cloning into '/workspace/builds/worker-4-tc1/source'...
[INFO] [stderr] done.
[INFO] removed /workspace/builds/worker-4-tc1/source/rust-toolchain.toml
[INFO] started tweaking git repo https://github.com/nabob-labs/dripline
[INFO] finished tweaking git repo https://github.com/nabob-labs/dripline
[INFO] tweaked toml for git repo https://github.com/nabob-labs/dripline written to /workspace/builds/worker-4-tc1/source/Cargo.toml
[INFO] validating manifest of git repo https://github.com/nabob-labs/dripline on toolchain 3154cc1a3e6424e44f438a95007d043ed5ceaaf6
[INFO] running `Command { std: CARGO_HOME="/workspace/cargo-home" RUSTUP_HOME="/workspace/rustup-home" "/workspace/cargo-home/bin/cargo" "+3154cc1a3e6424e44f438a95007d043ed5ceaaf6" "metadata" "--manifest-path" "Cargo.toml" "--no-deps", kill_on_drop: false }`
[INFO] crate git repo https://github.com/nabob-labs/dripline already has a lockfile, it will not be regenerated
[INFO] running `Command { std: CARGO_HOME="/workspace/cargo-home" RUSTUP_HOME="/workspace/rustup-home" "/workspace/cargo-home/bin/cargo" "+3154cc1a3e6424e44f438a95007d043ed5ceaaf6" "fetch" "--manifest-path" "Cargo.toml", kill_on_drop: false }`
[INFO] [stderr]     Updating crates.io index
[INFO] [stderr]  Downloading crates ...
[INFO] [stderr]   Downloaded solana-short-vec v2.2.1
[INFO] [stderr]   Downloaded solana-serde-varint v2.2.2
[INFO] [stderr]   Downloaded solana-vote-interface v2.2.6
[INFO] [stderr]   Downloaded solana-program v2.3.0
[INFO] [stderr]   Downloaded wasm-bindgen v0.2.105
[INFO] [stderr]   Downloaded base64 v0.12.3
[INFO] [stderr]   Downloaded ark-ff-macros v0.4.2
[INFO] [stderr]   Downloaded solana-message v2.4.0
[INFO] [stderr]   Downloaded solana-loader-v2-interface v2.2.1
[INFO] [stderr]   Downloaded libsecp256k1-gen-ecmult v0.2.1
[INFO] [stderr]   Downloaded solana-bincode v2.2.1
[INFO] [stderr]   Downloaded solana-address-lookup-table-interface v2.2.2
[INFO] [stderr]   Downloaded hmac v0.8.1
[INFO] [stderr]   Downloaded serde_bytes v0.11.19
[INFO] [stderr]   Downloaded solana-big-mod-exp v2.2.1
[INFO] [stderr]   Downloaded libsecp256k1-gen-genmult v0.2.1
[INFO] [stderr]   Downloaded solana-loader-v4-interface v2.2.1
[INFO] [stderr]   Downloaded solana-example-mocks v2.2.1
[INFO] [stderr]   Downloaded solana-blake3-hasher v2.2.1
[INFO] [stderr]   Downloaded solana-nonce v2.2.1
[INFO] [stderr]   Downloaded solana-account v2.2.1
[INFO] [stderr]   Downloaded spl-generic-token v1.0.1
[INFO] [stderr]   Downloaded solana-secp256k1-recover v2.2.1
[INFO] [stderr]   Downloaded spl-token-metadata-interface v0.6.0
[INFO] [stderr]   Downloaded spl-token-confidential-transfer-ciphertext-arithmetic v0.2.1
[INFO] [stderr]   Downloaded spl-associated-token-account-client v2.0.0
[INFO] [stderr]   Downloaded solana-rent-debits v2.2.1
[INFO] [stderr]   Downloaded solana-cluster-type v2.2.1
[INFO] [stderr]   Downloaded libsecp256k1 v0.6.0
[INFO] [stderr]   Downloaded solana-logger v2.3.1
[INFO] [stderr]   Downloaded solana-presigner v2.2.1
[INFO] [stderr]   Downloaded solana-epoch-info v2.2.1
[INFO] [stderr]   Downloaded solana-client-traits v2.2.1
[INFO] [stderr]   Downloaded ark-serialize-derive v0.4.2
[INFO] [stderr]   Downloaded hmac-drbg v0.3.0
[INFO] [stderr]   Downloaded crypto-mac v0.8.0
[INFO] [stderr]   Downloaded solana-loader-v3-interface v5.0.0
[INFO] [stderr]   Downloaded solana-keccak-hasher v2.2.1
[INFO] [stderr]   Downloaded solana-feature-gate-interface v2.2.2
[INFO] [stderr]   Downloaded spl-token-confidential-transfer-proof-extraction v0.2.1
[INFO] [stderr]   Downloaded spl-elgamal-registry v0.1.1
[INFO] [stderr]   Downloaded solana-precompiles v2.2.2
[INFO] [stderr]   Downloaded solana-secp256r1-program v2.2.4
[INFO] [stderr]   Downloaded solana-account-decoder-client-types v2.3.13
[INFO] [stderr]   Downloaded kaigan v0.2.6
[INFO] [stderr]   Downloaded solana-svm-feature-set v2.3.13
[INFO] [stderr]   Downloaded solana-time-utils v2.2.1
[INFO] [stderr]   Downloaded solana-epoch-rewards-hasher v2.2.1
[INFO] [stderr]   Downloaded solana-compute-budget-interface v2.2.2
[INFO] [stderr]   Downloaded solana-reward-info v2.2.1
[INFO] [stderr]   Downloaded agave-reserved-account-keys v2.3.13
[INFO] [stderr]   Downloaded solana-hard-forks v2.2.1
[INFO] [stderr]   Downloaded solana-serde v2.2.1
[INFO] [stderr]   Downloaded solana-genesis-config v2.3.0
[INFO] [stderr]   Downloaded solana-packet v2.2.1
[INFO] [stderr]   Downloaded cfg_eval v0.1.2
[INFO] [stderr]   Downloaded solana-nonce-account v2.2.1
[INFO] [stderr]   Downloaded solana-fee-structure v2.3.0
[INFO] [stderr]   Downloaded objc2-core-data v0.3.2
[INFO] [stderr]   Downloaded spl-token-confidential-transfer-proof-generation v0.2.0
[INFO] [stderr]   Downloaded solana-transaction-status-client-types v2.3.13
[INFO] [stderr]   Downloaded solana-precompile-error v2.2.2
[INFO] [stderr]   Downloaded solana-ed25519-program v2.2.3
[INFO] [stderr]   Downloaded ed25519-dalek-bip32 v0.2.0
[INFO] [stderr]   Downloaded solana-commitment-config v2.2.1
[INFO] [stderr]   Downloaded solana-validator-exit v2.2.1
[INFO] [stderr]   Downloaded solana-system-transaction v2.2.1
[INFO] [stderr]   Downloaded solana-shred-version v2.2.1
[INFO] [stderr]   Downloaded solana-reserved-account-keys v2.2.2
[INFO] [stderr]   Downloaded solana-rent-collector v2.3.0
[INFO] [stderr]   Downloaded solana-inflation v2.2.1
[INFO] [stderr]   Downloaded solana-quic-definitions v2.3.1
[INFO] [stderr]   Downloaded solana-offchain-message v2.2.1
[INFO] [stderr]   Downloaded ark-serialize v0.4.2
[INFO] [stderr]   Downloaded solana-last-restart-slot v2.2.1
[INFO] [stderr]   Downloaded solana-epoch-rewards v2.2.1
[INFO] [stderr]   Downloaded libsecp256k1-core v0.2.2
[INFO] [stderr]   Downloaded console_log v0.2.2
[INFO] [stderr]   Downloaded spl-token-group-interface v0.5.0
[INFO] [stderr]   Downloaded spl-token v7.0.0
[INFO] [stderr]   Downloaded spl-associated-token-account v7.0.0
[INFO] [stderr]   Downloaded solana-transaction-context v2.3.13
[INFO] [stderr]   Downloaded solana-transaction v2.2.3
[INFO] [stderr]   Downloaded solana-feature-set v2.2.5
[INFO] [stderr]   Downloaded solana-secp256k1-program v2.2.3
[INFO] [stderr]   Downloaded solana-keypair v2.2.3
[INFO] [stderr]   Downloaded solana-account-decoder v2.3.13
[INFO] [stderr]   Downloaded solana-config-program-client v0.0.2
[INFO] [stderr]   Downloaded Inflector v0.11.4
[INFO] [stderr]   Downloaded agave-feature-set v2.3.13
[INFO] [stderr]   Downloaded solana-sdk v2.3.1
[INFO] [stderr]   Downloaded solana-poh-config v2.2.1
[INFO] [stderr]   Downloaded env_logger v0.9.3
[INFO] [stderr]   Downloaded humantime v2.3.0
[INFO] [stderr]   Downloaded memmap2 v0.5.10
[INFO] [stderr]   Downloaded serde_with_macros v3.16.0
[INFO] [stderr]   Downloaded solana-bn254 v2.2.2
[INFO] [stderr]   Downloaded ark-std v0.4.0
[INFO] [stderr]   Downloaded derivative v2.2.0
[INFO] [stderr]   Downloaded asn1-rs-derive v0.4.0
[INFO] [stderr]   Downloaded addr2line v0.25.1
[INFO] [stderr]   Downloaded objc2-core-image v0.3.2
[INFO] [stderr]   Downloaded machine-uid v0.5.4
[INFO] [stderr]   Downloaded fslock v0.2.1
[INFO] [stderr]   Downloaded darling_macro v0.13.4
[INFO] [stderr]   Downloaded bv v0.11.1
[INFO] [stderr]   Downloaded spl-type-length-value v0.7.0
[INFO] [stderr]   Downloaded solana-transaction-status v2.3.13
[INFO] [stderr]   Downloaded ark-ff v0.4.2
[INFO] [stderr]   Downloaded ark-ff-asm v0.4.2
[INFO] [stderr]   Downloaded ark-ec v0.4.2
[INFO] [stderr]   Downloaded ark-poly v0.4.2
[INFO] [stderr]   Downloaded asn1-rs v0.5.2
[INFO] [stderr]   Downloaded asn1-rs-impl v0.1.0
[INFO] [stderr]   Downloaded tower-http v0.6.7
[INFO] [stderr]   Downloaded rustls-webpki v0.103.8
[INFO] [stderr]   Downloaded solana-measure v2.3.13
[INFO] [stderr]   Downloaded percentage v0.1.0
[INFO] [stderr]   Downloaded num v0.2.1
[INFO] [stderr]   Downloaded nonzero_ext v0.3.0
[INFO] [stderr]   Downloaded no-std-compat v0.4.1
[INFO] [stderr]   Downloaded dashmap v5.5.3
[INFO] [stderr]   Downloaded solana-connection-cache v2.3.13
[INFO] [stderr]   Downloaded solana-tpu-client v2.3.13
[INFO] [stderr]   Downloaded solana-rpc-client-api v2.3.13
[INFO] [stderr]   Downloaded ref-cast-impl v1.0.27
[INFO] [stderr]   Downloaded pastey v0.2.3
[INFO] [stderr]   Downloaded r2d2_sqlite v0.31.0
[INFO] [stderr]   Downloaded r2d2 v0.8.10
[INFO] [stderr]   Downloaded scheduled-thread-pool v0.2.7
[INFO] [stderr]   Downloaded rgb v0.8.52
[INFO] [stderr]   Downloaded num-format v0.4.4
[INFO] [stderr]   Downloaded object v0.37.3
[INFO] [stderr]   Downloaded objc2-quartz-core v0.3.2
[INFO] [stderr]   Downloaded objc2-core-video v0.3.2
[INFO] [stderr]   Downloaded objc2-io-surface v0.3.2
[INFO] [stderr]   Downloaded objc2-core-text v0.3.2
[INFO] [stderr]   Downloaded tagptr v0.2.0
[INFO] [stderr]   Downloaded ghash v0.5.1
[INFO] [stderr]   Downloaded wasm-bindgen-macro v0.2.105
[INFO] [stderr]   Downloaded qrcodegen-image v1.5.0
[INFO] [stderr]   Downloaded byteorder-lite v0.1.0
[INFO] [stderr]   Downloaded serde_spanned v1.0.3
[INFO] [stderr]   Downloaded teloxide-macros v0.8.0
[INFO] [stderr]   Downloaded takecell v0.1.1
[INFO] [stderr]   Downloaded strsim v0.10.0
[INFO] [stderr]   Downloaded spl-memo v6.0.0
[INFO] [stderr]   Downloaded spl-token-2022 v6.0.0
[INFO] [stderr]   Downloaded blake3 v1.8.2
[INFO] [stderr]   Downloaded regex v1.12.2
[INFO] [stderr]   Downloaded serde_with v3.16.0
[INFO] [stderr]   Downloaded iri-string v0.7.9
[INFO] [stderr]   Downloaded rustls v0.23.35
[INFO] [stderr]   Downloaded quick-xml v0.26.0
[INFO] [stderr]   Downloaded findshlibs v0.10.2
[INFO] [stderr]   Downloaded backtrace v0.3.76
[INFO] [stderr]   Downloaded gimli v0.32.3
[INFO] [stderr]   Downloaded objc2-app-kit v0.3.2
[INFO] [stderr]   Downloaded objc2-core-graphics v0.3.2
[INFO] [stderr]   Downloaded objc2-cloud-kit v0.3.2
[INFO] [stderr]   Downloaded console-api v0.6.0
[INFO] [stderr]   Downloaded codepage v0.1.2
[INFO] [stderr]   Downloaded debug_unsafe v0.1.3
[INFO] [stderr]   Downloaded wasm-bindgen-shared v0.2.105
[INFO] [stderr]   Downloaded rand_core v0.9.3
[INFO] [stderr]   Downloaded simd-adler32 v0.3.7
[INFO] [stderr]   Downloaded totp-rs v5.7.0
[INFO] [stderr]   Downloaded qrcodegen v1.8.0
[INFO] [stderr]   Downloaded bytemuck_derive v1.10.2
[INFO] [stderr]   Downloaded constant_time_eq v0.3.1
[INFO] [stderr]   Downloaded base32 v0.5.1
[INFO] [stderr]   Downloaded toml_writer v1.0.4
[INFO] [stderr]   Downloaded tokio-tungstenite v0.21.0
[INFO] [stderr]   Downloaded zeroize_derive v1.4.2
[INFO] [stderr]   Downloaded tokio-rustls v0.25.0
[INFO] [stderr]   Downloaded rustls-native-certs v0.7.3
[INFO] [stderr]   Downloaded tikv-jemallocator v0.6.1
[INFO] [stderr]   Downloaded thiserror v2.0.17
[INFO] [stderr]   Downloaded thiserror-impl v2.0.17
[INFO] [stderr]   Downloaded take_mut v0.2.2
[INFO] [stderr]   Downloaded serde_with_macros v1.5.2
[INFO] [stderr]   Downloaded darling v0.13.4
[INFO] [stderr]   Downloaded wasm-bindgen-futures v0.4.55
[INFO] [stderr]   Downloaded tokio-socks v0.5.3
[INFO] [stderr]   Downloaded rc-box v1.3.0
[INFO] [stderr]   Downloaded erasable v1.3.0
[INFO] [stderr]   Downloaded derive_more v0.99.20
[INFO] [stderr]   Downloaded proc-macro-crate v0.1.5
[INFO] [stderr]   Downloaded borsh-schema-derive-internal v0.10.4
[INFO] [stderr]   Downloaded borsh-derive-internal v0.10.4
[INFO] [stderr]   Downloaded solana-signature v2.3.0
[INFO] [stderr]   Downloaded serde-big-array v0.5.1
[INFO] [stderr]   Downloaded ed25519-dalek v1.0.1
[INFO] [stderr]   Downloaded sha2 v0.9.9
[INFO] [stderr]   Downloaded opaque-debug v0.3.1
[INFO] [stderr]   Downloaded digest v0.9.0
[INFO] [stderr]   Downloaded block-buffer v0.9.0
[INFO] [stderr]   Downloaded solana-stable-layout v2.2.1
[INFO] [stderr]   Downloaded arrayref v0.3.9
[INFO] [stderr]   Downloaded solana-borsh v2.2.1
[INFO] [stderr]   Downloaded spl-token-group-interface v0.6.0
[INFO] [stderr]   Downloaded solana-instructions-sysvar v2.2.2
[INFO] [stderr]   Downloaded solana-curve25519 v2.3.13
[INFO] [stderr]   Downloaded console-subscriber v0.2.0
[INFO] [stderr]   Downloaded colored v3.0.0
[INFO] [stderr]   Downloaded fast-float2 v0.2.3
[INFO] [stderr]   Downloaded atoi_simd v0.16.1
[INFO] [stderr]   Downloaded wasm-bindgen-macro-support v0.2.105
[INFO] [stderr]   Downloaded js-sys v0.3.82
[INFO] [stderr]   Downloaded socket2 v0.6.1
[INFO] [stderr]   Downloaded signal-hook-registry v1.4.7
[INFO] [stderr]   Downloaded compression-codecs v0.4.33
[INFO] [stderr]   Downloaded zstd-safe v7.2.4
[INFO] [stderr]   Downloaded find-msvc-tools v0.1.5
[INFO] [stderr]   Downloaded zstd v0.13.3
[INFO] [stderr]   Downloaded libz-rs-sys v0.5.4
[INFO] [stderr]   Downloaded pin-project v1.1.10
[INFO] [stderr]   Downloaded pin-project-internal v1.1.10
[INFO] [stderr]   Downloaded fdeflate v0.3.7
[INFO] [stderr]   Downloaded bytemuck v1.24.0
[INFO] [stderr]   Downloaded toml_parser v1.0.4
[INFO] [stderr]   Downloaded toml_datetime v0.7.3
[INFO] [stderr]   Downloaded tungstenite v0.21.0
[INFO] [stderr]   Downloaded rustls-pki-types v1.13.0
[INFO] [stderr]   Downloaded tokio-metrics v0.4.6
[INFO] [stderr]   Downloaded tempfile v3.23.0
[INFO] [stderr]   Downloaded darling_core v0.13.4
[INFO] [stderr]   Downloaded include_dir v0.7.4
[INFO] [stderr]   Downloaded include_dir_macros v0.7.4
[INFO] [stderr]   Downloaded spl-token-metadata-interface v0.7.0
[INFO] [stderr]   Downloaded spl-token-confidential-transfer-proof-generation v0.4.1
[INFO] [stderr]   Downloaded spl-token-confidential-transfer-proof-extraction v0.3.0
[INFO] [stderr]   Downloaded solana-sysvar-id v2.2.1
[INFO] [stderr]   Downloaded solana-serialize-utils v2.2.1
[INFO] [stderr]   Downloaded spl-token-confidential-transfer-ciphertext-arithmetic v0.3.1
[INFO] [stderr]   Downloaded solana-sysvar v2.3.0
[INFO] [stderr]   Downloaded solana-stake-interface v1.2.1
[INFO] [stderr]   Downloaded solana-fee-calculator v2.2.1
[INFO] [stderr]   Downloaded solana-program-pack v2.2.1
[INFO] [stderr]   Downloaded ark-bn254 v0.4.0
[INFO] [stderr]   Downloaded solana-client v2.3.13
[INFO] [stderr]   Downloaded solana-udp-client v2.3.13
[INFO] [stderr]   Downloaded solana-streamer v2.3.13
[INFO] [stderr]   Downloaded rusticata-macros v4.1.0
[INFO] [stderr]   Downloaded oid-registry v0.6.1
[INFO] [stderr]   Downloaded synstructure v0.12.6
[INFO] [stderr]   Downloaded der-parser v8.2.0
[INFO] [stderr]   Downloaded solana-transaction-metrics-tracker v2.3.13
[INFO] [stderr]   Downloaded solana-perf v2.3.13
[INFO] [stderr]   Downloaded solana-rayon-threadlimit v2.3.13
[INFO] [stderr]   Downloaded num_cpus v1.17.0
[INFO] [stderr]   Downloaded solana-metrics v2.3.13
[INFO] [stderr]   Downloaded rustls-native-certs v0.8.2
[INFO] [stderr]   Downloaded fastbloom v0.14.0
[INFO] [stderr]   Downloaded hyper-util v0.1.18
[INFO] [stderr]   Downloaded dlopen2 v0.5.0
[INFO] [stderr]   Downloaded tonic v0.10.2
[INFO] [stderr]   Downloaded zip v4.6.1
[INFO] [stderr]   Downloaded arc-swap v1.8.2
[INFO] [stderr]   Downloaded icu_properties v2.1.1
[INFO] [stderr]   Downloaded cc v1.2.47
[INFO] [stderr]   Downloaded flate2 v1.1.5
[INFO] [stderr]   Downloaded toml v0.9.8
[INFO] [stderr]   Downloaded teloxide v0.13.0
[INFO] [stderr]   Downloaded dptree v0.3.0
[INFO] [stderr]   Downloaded spl-token v8.0.0
[INFO] [stderr]   Downloaded x509-parser v0.14.0
[INFO] [stderr]   Downloaded time v0.3.44
[INFO] [stderr]   Downloaded reqwest v0.12.24
[INFO] [stderr]   Downloaded webpki-roots v1.0.4
[INFO] [stderr]   Downloaded webpki-root-certs v1.0.4
[INFO] [stderr]   Downloaded crossbeam-channel v0.5.15
[INFO] [stderr]   Downloaded nix v0.30.1
[INFO] [stderr]   Downloaded calamine v0.32.0
[INFO] [stderr]   Downloaded aes-gcm v0.10.3
[INFO] [stderr]   Downloaded zerocopy-derive v0.8.30
[INFO] [stderr]   Downloaded tokio-util v0.7.17
[INFO] [stderr]   Downloaded mio v1.1.0
[INFO] [stderr]   Downloaded bytes v1.11.0
[INFO] [stderr]   Downloaded async-compression v0.4.34
[INFO] [stderr]   Downloaded png v0.18.0
[INFO] [stderr]   Downloaded indexmap v2.12.1
[INFO] [stderr]   Downloaded serde_with v1.14.0
[INFO] [stderr]   Downloaded solana-tls-utils v2.3.13
[INFO] [stderr]   Downloaded moka v0.12.13
[INFO] [stderr]   Downloaded quick-xml v0.38.4
[INFO] [stderr]   Downloaded icu_properties_data v2.1.1
[INFO] [stderr]   Downloaded zlib-rs v0.5.4
[INFO] [stderr]   Downloaded moxcms v0.7.11
[INFO] [stderr]   Downloaded spl-type-length-value v0.8.0
[INFO] [stderr]   Downloaded spl-pod v0.5.1
[INFO] [stderr]   Downloaded solana-signer v2.2.1
[INFO] [stderr]   Downloaded solana-transaction-error v2.2.1
[INFO] [stderr]   Downloaded solana-sanitize v2.2.1
[INFO] [stderr]   Downloaded spl-elgamal-registry v0.2.0
[INFO] [stderr]   Downloaded dlopen2_derive v0.3.0
[INFO] [stderr]   Downloaded caps v0.5.6
[INFO] [stderr]   Downloaded num-rational v0.2.4
[INFO] [stderr]   Downloaded num-bigint v0.2.6
[INFO] [stderr]   Downloaded num-complex v0.2.4
[INFO] [stderr]   Downloaded pem v1.1.1
[INFO] [stderr]   Downloaded histogram v0.6.9
[INFO] [stderr]   Downloaded solana-version v2.3.13
[INFO] [stderr]   Downloaded jsonrpc-core v18.0.0
[INFO] [stderr]   Downloaded pprof v0.13.0
[INFO] [stderr]   Downloaded zerocopy v0.8.30
[INFO] [stderr]   Downloaded tabled_derive v0.11.0
[INFO] [stderr]   Downloaded solana-instruction v2.3.3
[INFO] [stderr]   Downloaded solana-pubkey v2.4.0
[INFO] [stderr]   Downloaded solana-net-utils v2.3.13
[INFO] [stderr]   Downloaded governor v0.6.3
[INFO] [stderr]   Downloaded spinning_top v0.3.0
[INFO] [stderr]   Downloaded quanta v0.12.6
[INFO] [stderr]   Downloaded raw-cpuid v11.6.0
[INFO] [stderr]   Downloaded portable-atomic v1.11.1
[INFO] [stderr]   Downloaded solana-rpc-client-types v2.3.13
[INFO] [stderr]   Downloaded reqwest-middleware v0.4.2
[INFO] [stderr]   Downloaded solana-rpc-client v2.3.13
[INFO] [stderr]   Downloaded indicatif v0.17.11
[INFO] [stderr]   Downloaded qrcode v0.14.1
[INFO] [stderr]   Downloaded symbolic-demangle v12.17.0
[INFO] [stderr]   Downloaded symbolic-common v12.17.0
[INFO] [stderr]   Downloaded memmap2 v0.9.9
[INFO] [stderr]   Downloaded hdrhistogram v7.5.4
[INFO] [stderr]   Downloaded image v0.25.9
[INFO] [stderr]   Downloaded rustls v0.22.4
[INFO] [stderr]   Downloaded teloxide-core v0.10.1
[INFO] [stderr]   Downloaded tabled v0.20.0
[INFO] [stderr]   Downloaded testing_table v0.3.0
[INFO] [stderr]   Downloaded papergrid v0.17.0
[INFO] [stderr]   Downloaded bytecount v0.6.9
[INFO] [stderr]   Downloaded sysinfo v0.30.13
[INFO] [stderr]   Downloaded regex-syntax v0.8.8
[INFO] [stderr]   Downloaded ntapi v0.4.1
[INFO] [stderr]   Downloaded spl-token-2022 v8.0.1
[INFO] [stderr]   Downloaded spl-transfer-hook-interface v0.9.0
[INFO] [stderr]   Downloaded libsqlite3-sys v0.35.0
[INFO] [stderr]   Downloaded number_prefix v0.4.0
[INFO] [stderr]   Downloaded solana-pubsub-client v2.3.13
[INFO] [stderr]   Downloaded tungstenite v0.20.1
[INFO] [stderr]   Downloaded tokio-tungstenite v0.20.1
[INFO] [stderr]   Downloaded regex-automata v0.4.13
[INFO] [stderr]   Downloaded web-sys v0.3.82
[INFO] [stderr]   Downloaded webpki-roots v0.24.0
[INFO] [stderr]   Downloaded libc v0.2.177
[INFO] [stderr]   Downloaded zstd-sys v2.0.16+zstd.1.5.7
[INFO] [stderr]   Downloaded tokio v1.48.0
[INFO] [stderr]   Downloaded pxfm v0.1.27
[INFO] [stderr]   Downloaded tikv-jemalloc-sys v0.6.1+5.3.0-1-ge13ca993e8ccb9ba9847cc330696e02839f328f7
[INFO] [stderr]   Downloaded solana-sha256-hasher v2.3.0
[INFO] [stderr]   Downloaded solana-hash v2.3.0
[INFO] [stderr]   Downloaded solana-atomic-u64 v2.2.1
[INFO] [stderr]   Downloaded five8 v0.2.1
[INFO] [stderr]   Downloaded five8_core v0.1.2
[INFO] [stderr]   Downloaded borsh-derive v1.6.0
[INFO] [stderr]   Downloaded solana-define-syscall v2.3.0
[INFO] [stderr]   Downloaded ed25519 v1.5.3
[INFO] [stderr]   Downloaded solana-seed-phrase v2.2.1
[INFO] [stderr]   Downloaded solana-derivation-path v2.2.1
[INFO] [stderr]   Downloaded qstring v0.7.2
[INFO] [stderr]   Downloaded borsh v1.6.0
[INFO] [stderr]   Downloaded toml_edit v0.23.7
[INFO] [stderr]   Downloaded signature v1.6.4
[INFO] [stderr]   Downloaded pbkdf2 v0.11.0
[INFO] [stderr]   Downloaded solana-seed-derivable v2.2.1
[INFO] [stderr]   Downloaded uriparse v0.6.4
[INFO] [stderr]   Downloaded solana-decode-error v2.3.0
[INFO] [stderr]   Downloaded five8_const v0.1.4
[INFO] [stderr]   Downloaded borsh v0.10.4
[INFO] [stderr]   Downloaded borsh-derive v0.10.4
[INFO] [stderr]   Downloaded curve25519-dalek v3.2.0
[INFO] [stderr]   Downloaded aquamarine v0.5.0
[INFO] [stderr]   Downloaded solana-zk-sdk v2.3.13
[INFO] [stderr]   Downloaded hashbrown v0.13.2
[INFO] [stderr]   Downloaded derivation-path v0.2.0
[INFO] [stderr]   Downloaded solana-sdk-ids v2.2.1
[INFO] [stderr]   Downloaded keccak v0.1.5
[INFO] [stderr]   Downloaded merlin v3.0.0
[INFO] [stderr]   Downloaded aes-gcm-siv v0.11.1
[INFO] [stderr]   Downloaded polyval v0.6.2
[INFO] [stderr]   Downloaded universal-hash v0.5.1
[INFO] [stderr]   Downloaded ctr v0.9.2
[INFO] [stderr]   Downloaded cipher v0.4.4
[INFO] [stderr]   Downloaded inout v0.1.4
[INFO] [stderr]   Downloaded openssl-src v300.5.4+3.5.4
[INFO] [stderr]   Downloaded aead v0.5.2
[INFO] [stderr]   Downloaded aes v0.8.4
[INFO] [stderr]   Downloaded solana-program-option v2.2.1
[INFO] [stderr]   Downloaded spl-discriminator v0.4.1
[INFO] [stderr]   Downloaded spl-discriminator-derive v0.2.0
[INFO] [stderr]   Downloaded spl-discriminator-syn v0.2.1
[INFO] [stderr]   Downloaded solana-account-info v2.3.0
[INFO] [stderr]   Downloaded solana-program-memory v2.3.1
[INFO] [stderr]   Downloaded sha3 v0.10.8
[INFO] [stderr]   Downloaded solana-program-error v2.2.2
[INFO] [stderr]   Downloaded solana-msg v2.2.1
[INFO] [stderr]   Downloaded spl-program-error-derive v0.5.0
[INFO] [stderr]   Downloaded solana-cpi v2.2.1
[INFO] [stderr]   Downloaded str_stack v0.1.0
[INFO] [stderr]   Downloaded spl-transfer-hook-interface v0.10.0
[INFO] [stderr]   Downloaded spl-tlv-account-resolution v0.10.0
[INFO] [stderr]   Downloaded spl-program-error v0.7.0
[INFO] [stderr]   Downloaded spl-program-error v0.6.0
[INFO] [stderr]   Downloaded spl-program-error-derive v0.4.1
[INFO] [stderr]   Downloaded solana-system-interface v1.0.0
[INFO] [stderr]   Downloaded solana-clock v2.2.2
[INFO] [stderr]   Downloaded solana-sdk-macro v2.2.1
[INFO] [stderr]   Downloaded bs58 v0.5.1
[INFO] [stderr]   Downloaded solana-slot-history v2.2.1
[INFO] [stderr]   Downloaded feature-probe v0.1.1
[INFO] [stderr]   Downloaded solana-slot-hashes v2.2.1
[INFO] [stderr]   Downloaded solana-rent v2.2.1
[INFO] [stderr]   Downloaded solana-program-entrypoint v2.3.0
[INFO] [stderr]   Downloaded solana-epoch-schedule v2.2.1
[INFO] [stderr]   Downloaded num_enum v0.7.5
[INFO] [stderr]   Downloaded num_enum_derive v0.7.5
[INFO] [stderr]   Downloaded solana-security-txt v1.1.2
[INFO] [stderr]   Downloaded solana-native-token v2.3.0
[INFO] [stderr]   Downloaded spl-associated-token-account v6.0.0
[INFO] [stderr]   Downloaded spl-tlv-account-resolution v0.9.0
[INFO] [stderr]   Downloaded fallible-streaming-iterator v0.1.9
[INFO] [stderr]   Downloaded schemars v1.2.2
[INFO] [stderr]   Downloaded debugid v0.8.0
[INFO] [stderr]   Downloaded solana-thin-client v2.3.13
[INFO] [stderr]   Downloaded solana-rpc-client-nonce-utils v2.3.13
[INFO] [stderr]   Downloaded fallible-iterator v0.3.0
[INFO] [stderr]   Downloaded schemars_derive v1.2.2
[INFO] [stderr]   Downloaded ref-cast v1.0.27
[INFO] [stderr]   Downloaded solana-quic-client v2.3.13
[INFO] [stderr]   Downloaded serde_derive_internals v0.30.0
[INFO] [stderr]   Downloaded rusqlite v0.37.0
[INFO] [stderr]   Downloaded inferno v0.11.21
[INFO] [stderr]   Downloaded nix v0.26.4
[INFO] [stderr]   Downloaded hashlink v0.10.0
[INFO] [stderr]   Downloaded cpp_demangle v0.4.5
[INFO] [stderr]   Downloaded syn v3.0.4
[INFO] [stderr]   Downloaded rmcp v3.1.4
[INFO] [stderr]   Downloaded windows v0.52.0
[INFO] running `Command { std: "docker" "create" "-v" "/var/lib/crater-agent-workspace/builds/worker-4-tc1/source:/opt/rustwide/workdir:ro,Z" "-v" "/var/lib/crater-agent-workspace/builds/worker-4-tc1/target:/opt/rustwide/target:rw,Z" "-v" "/var/lib/crater-agent-workspace/cargo-home:/opt/rustwide/cargo-home:ro,Z" "-v" "/var/lib/crater-agent-workspace/rustup-home:/opt/rustwide/rustup-home:ro,Z" "-m" "1610612736" "--network" "none" "ghcr.io/rust-lang/crates-build-env/linux@sha256:77db811e55d90add9212f6832c23229e3de5f1c1f9905e8cb07319ea15df73ac" "sleep" "infinity", kill_on_drop: false }`
[INFO] [stdout] 2f4c738cf81f4ee4da64c55fc698b909fa473d915a6599b7578ef784ae1b9665
[INFO] running `Command { std: "docker" "start" "2f4c738cf81f4ee4da64c55fc698b909fa473d915a6599b7578ef784ae1b9665", kill_on_drop: false }`
[INFO] running `Command { std: "docker" "inspect" "2f4c738cf81f4ee4da64c55fc698b909fa473d915a6599b7578ef784ae1b9665", kill_on_drop: false }`
[INFO] running `Command { std: "docker" "exec" "-e" "SOURCE_DIR=/opt/rustwide/workdir" "-e" "CARGO_HOME=/opt/rustwide/cargo-home" "-e" "RUSTUP_HOME=/opt/rustwide/rustup-home" "-e" "CARGO_TARGET_DIR=/opt/rustwide/target" "-w" "/opt/rustwide/workdir" "--user" "0:0" "2f4c738cf81f4ee4da64c55fc698b909fa473d915a6599b7578ef784ae1b9665" "/opt/rustwide/cargo-home/bin/cargo" "+3154cc1a3e6424e44f438a95007d043ed5ceaaf6" "metadata" "--no-deps" "--format-version=1", kill_on_drop: false }`
[INFO] running `Command { std: "docker" "inspect" "2f4c738cf81f4ee4da64c55fc698b909fa473d915a6599b7578ef784ae1b9665", kill_on_drop: false }`
[INFO] running `Command { std: "docker" "exec" "-e" "SOURCE_DIR=/opt/rustwide/workdir" "-e" "CARGO_HOME=/opt/rustwide/cargo-home" "-e" "RUSTUP_HOME=/opt/rustwide/rustup-home" "-e" "CARGO_TARGET_DIR=/opt/rustwide/target" "-e" "CARGO_INCREMENTAL=0" "-e" "RUST_BACKTRACE=full" "-e" "RUSTFLAGS=--cap-lints=forbid -Znext-solver=coherence" "-e" "RUSTDOCFLAGS=--cap-lints=forbid" "-w" "/opt/rustwide/workdir" "--user" "0:0" "2f4c738cf81f4ee4da64c55fc698b909fa473d915a6599b7578ef784ae1b9665" "/opt/rustwide/cargo-home/bin/cargo" "+3154cc1a3e6424e44f438a95007d043ed5ceaaf6" "check" "--frozen" "--all" "--all-targets" "--message-format=json", kill_on_drop: false }`
[INFO] [stderr]    Compiling proc-macro2 v1.0.103
[INFO] [stderr]    Compiling unicode-ident v1.0.22
[INFO] [stderr]    Compiling quote v1.0.42
[INFO] [stderr]    Compiling libc v0.2.177
[INFO] [stderr]    Compiling serde_core v1.0.228
[INFO] [stderr]    Compiling serde v1.0.228
[INFO] [stderr]    Compiling version_check v0.9.5
[INFO] [stderr]    Compiling typenum v1.19.0
[INFO] [stderr]    Compiling autocfg v1.5.0
[INFO] [stderr]    Compiling zerocopy v0.8.30
[INFO] [stderr]    Compiling syn v1.0.109
[INFO] [stderr]    Compiling getrandom v0.3.4
[INFO] [stderr]    Compiling cfg_aliases v0.2.1
[INFO] [stderr]    Compiling equivalent v1.0.2
[INFO] [stderr]    Compiling winnow v0.7.13
[INFO] [stderr]    Compiling hashbrown v0.16.1
[INFO] [stderr]    Compiling toml_datetime v0.7.3
[INFO] [stderr]    Compiling borsh v1.6.0
[INFO] [stderr]    Compiling once_cell v1.21.3
[INFO] [stderr]     Checking cfg-if v1.0.4
[INFO] [stderr]    Compiling generic-array v0.14.7
[INFO] [stderr]    Compiling ahash v0.8.12
[INFO] [stderr]    Compiling semver v1.0.27
[INFO] [stderr]    Compiling serde_json v1.0.145
[INFO] [stderr]    Compiling find-msvc-tools v0.1.5
[INFO] [stderr]    Compiling shlex v1.3.0
[INFO] [stderr]     Checking subtle v2.6.1
[INFO] [stderr]    Compiling num-traits v0.2.19
[INFO] [stderr]    Compiling rustc_version v0.4.1
[INFO] [stderr]     Checking memchr v2.7.6
[INFO] [stderr]    Compiling getrandom v0.1.16
[INFO] [stderr]     Checking cpufeatures v0.2.17
[INFO] [stderr]     Checking itoa v1.0.15
[INFO] [stderr]     Checking five8_core v0.1.2
[INFO] [stderr]     Checking solana-sanitize v2.2.1
[INFO] [stderr]     Checking five8 v0.2.1
[INFO] [stderr]    Compiling indexmap v2.12.1
[INFO] [stderr]    Compiling curve25519-dalek v4.1.3
[INFO] [stderr]     Checking solana-atomic-u64 v2.2.1
[INFO] [stderr]    Compiling thiserror v2.0.17
[INFO] [stderr]    Compiling bs58 v0.5.1
[INFO] [stderr]    Compiling syn v2.0.111
[INFO] [stderr]     Checking five8_const v0.1.4
[INFO] [stderr]    Compiling parking_lot_core v0.9.12
[INFO] [stderr]     Checking ryu v1.0.20
[INFO] [stderr]    Compiling thiserror v1.0.69
[INFO] [stderr]     Checking solana-decode-error v2.3.0
[INFO] [stderr]    Compiling jobserver v0.1.34
[INFO] [stderr]    Compiling pkg-config v0.3.32
[INFO] [stderr]     Checking block-buffer v0.10.4
[INFO] [stderr]    Compiling cc v1.2.47
[INFO] [stderr]     Checking getrandom v0.2.16
[INFO] [stderr]     Checking rand_core v0.6.4
[INFO] [stderr]     Checking log v0.4.28
[INFO] [stderr]    Compiling feature-probe v0.1.1
[INFO] [stderr]     Checking crypto-common v0.1.7
[INFO] [stderr]     Checking digest v0.10.7
[INFO] [stderr]    Compiling bv v0.11.1
[INFO] [stderr]    Compiling toml_parser v1.0.4
[INFO] [stderr]     Checking lazy_static v1.5.0
[INFO] [stderr]    Compiling crunchy v0.2.4
[INFO] [stderr]    Compiling httparse v1.10.1
[INFO] [stderr]     Checking digest v0.9.0
[INFO] [stderr]     Checking sha2 v0.10.9
[INFO] [stderr]     Checking ppv-lite86 v0.2.21
[INFO] [stderr]     Checking opaque-debug v0.3.1
[INFO] [stderr]     Checking byteorder v1.5.0
[INFO] [stderr]    Compiling toml_edit v0.23.7
[INFO] [stderr]     Checking hashbrown v0.13.2
[INFO] [stderr]     Checking bitflags v2.10.0
[INFO] [stderr]     Checking rand_core v0.5.1
[INFO] [stderr]    Compiling libsecp256k1-core v0.2.2
[INFO] [stderr]     Checking percent-encoding v2.3.2
[INFO] [stderr]     Checking block-buffer v0.9.0
[INFO] [stderr]     Checking pin-project-lite v0.2.16
[INFO] [stderr]     Checking sha2 v0.9.9
[INFO] [stderr]     Checking base64 v0.22.1
[INFO] [stderr]    Compiling vcpkg v0.2.15
[INFO] [stderr]     Checking rand_chacha v0.3.1
[INFO] [stderr]     Checking rand_chacha v0.2.2
[INFO] [stderr]    Compiling icu_properties_data v2.1.1
[INFO] [stderr]     Checking rand v0.7.3
[INFO] [stderr]     Checking smallvec v1.15.1
[INFO] [stderr]     Checking rand v0.8.5
[INFO] [stderr]    Compiling icu_normalizer_data v2.1.1
[INFO] [stderr]     Checking signature v1.6.4
[INFO] [stderr]     Checking fnv v1.0.7
[INFO] [stderr]    Compiling crc32fast v1.5.0
[INFO] [stderr]     Checking scopeguard v1.2.0
[INFO] [stderr]     Checking ed25519 v1.5.3
[INFO] [stderr]    Compiling openssl-src v300.5.4+3.5.4
[INFO] [stderr]     Checking solana-msg v2.2.1
[INFO] [stderr]    Compiling zstd-safe v7.2.4
[INFO] [stderr]    Compiling ring v0.17.14
[INFO] [stderr]    Compiling blake3 v1.8.2
[INFO] [stderr]    Compiling libsecp256k1-gen-ecmult v0.2.1
[INFO] [stderr]    Compiling libsecp256k1-gen-genmult v0.2.1
[INFO] [stderr]    Compiling proc-macro-crate v3.4.0
[INFO] [stderr]    Compiling zstd-sys v2.0.16+zstd.1.5.7
[INFO] [stderr]    Compiling toml v0.5.11
[INFO] [stderr]    Compiling crossbeam-utils v0.8.21
[INFO] [stderr]    Compiling libsecp256k1 v0.6.0
[INFO] [stderr]     Checking lock_api v0.4.14
[INFO] [stderr]    Compiling openssl-sys v0.9.111
[INFO] [stderr]     Checking futures-core v0.3.31
[INFO] [stderr]     Checking signal-hook-registry v1.4.7
[INFO] [stderr]    Compiling memoffset v0.9.1
[INFO] [stderr]    Compiling openssl v0.10.75
[INFO] [stderr]     Checking keccak v0.1.5
[INFO] [stderr]     Checking either v1.15.0
[INFO] [stderr]     Checking solana-program-memory v2.3.1
[INFO] [stderr]     Checking socket2 v0.6.1
[INFO] [stderr]     Checking parking_lot v0.12.5
[INFO] [stderr]     Checking futures-sink v0.3.31
[INFO] [stderr]    Compiling rustls v0.23.35
[INFO] [stderr]     Checking mio v1.1.0
[INFO] [stderr]     Checking slab v0.4.11
[INFO] [stderr]     Checking sha3 v0.10.8
[INFO] [stderr]     Checking futures-channel v0.3.31
[INFO] [stderr]     Checking hmac v0.12.1
[INFO] [stderr]     Checking derivation-path v0.2.0
[INFO] [stderr]     Checking pin-utils v0.1.0
[INFO] [stderr]     Checking uriparse v0.6.4
[INFO] [stderr]     Checking qstring v0.7.2
[INFO] [stderr]     Checking futures-io v0.3.31
[INFO] [stderr]     Checking futures-task v0.3.31
[INFO] [stderr]     Checking arrayref v0.3.9
[INFO] [stderr]     Checking pbkdf2 v0.11.0
[INFO] [stderr]     Checking untrusted v0.9.0
[INFO] [stderr]     Checking stable_deref_trait v1.2.1
[INFO] [stderr]     Checking constant_time_eq v0.3.1
[INFO] [stderr]     Checking solana-seed-phrase v2.2.1
[INFO] [stderr]     Checking tracing-core v0.1.34
[INFO] [stderr]     Checking arrayvec v0.7.6
[INFO] [stderr]    Compiling ident_case v1.0.1
[INFO] [stderr]     Checking serde_bytes v0.11.19
[INFO] [stderr]     Checking num-integer v0.1.46
[INFO] [stderr]     Checking crypto-mac v0.8.0
[INFO] [stderr]     Checking itertools v0.12.1
[INFO] [stderr]     Checking hmac v0.8.1
[INFO] [stderr]    Compiling proc-macro-crate v0.1.5
[INFO] [stderr]     Checking litemap v0.8.1
[INFO] [stderr]    Compiling rustversion v1.0.22
[INFO] [stderr]     Checking writeable v0.6.2
[INFO] [stderr]     Checking solana-derivation-path v2.2.1
[INFO] [stderr]     Checking hmac-drbg v0.3.0
[INFO] [stderr]     Checking solana-seed-derivable v2.2.1
[INFO] [stderr]     Checking inout v0.1.4
[INFO] [stderr]     Checking base64 v0.12.3
[INFO] [stderr]     Checking universal-hash v0.5.1
[INFO] [stderr]     Checking cipher v0.4.4
[INFO] [stderr]     Checking polyval v0.6.2
[INFO] [stderr]     Checking simd-adler32 v0.3.7
[INFO] [stderr]     Checking tower-service v0.3.3
[INFO] [stderr]     Checking num-bigint v0.4.6
[INFO] [stderr]     Checking form_urlencoded v1.2.2
[INFO] [stderr]     Checking aead v0.5.2
[INFO] [stderr]     Checking solana-program-option v2.2.1
[INFO] [stderr]     Checking zlib-rs v0.5.4
[INFO] [stderr]    Compiling portable-atomic v1.11.1
[INFO] [stderr]     Checking aes v0.8.4
[INFO] [stderr]     Checking ctr v0.9.2
[INFO] [stderr]    Compiling rayon-core v1.13.0
[INFO] [stderr]     Checking adler2 v2.0.1
[INFO] [stderr]     Checking utf8_iter v1.0.4
[INFO] [stderr]    Compiling anyhow v1.0.100
[INFO] [stderr]     Checking miniz_oxide v0.8.9
[INFO] [stderr]    Compiling strsim v0.11.1
[INFO] [stderr]     Checking try-lock v0.2.5
[INFO] [stderr]     Checking foreign-types-shared v0.1.1
[INFO] [stderr]     Checking want v0.3.1
[INFO] [stderr]    Compiling rustls v0.21.12
[INFO] [stderr]     Checking httpdate v1.0.3
[INFO] [stderr]     Checking foreign-types v0.3.2
[INFO] [stderr]    Compiling num-conv v0.1.0
[INFO] [stderr]    Compiling solana-version v2.3.13
[INFO] [stderr]    Compiling time-core v0.1.6
[INFO] [stderr]    Compiling unicode-xid v0.2.6
[INFO] [stderr]    Compiling nix v0.30.1
[INFO] [stderr]     Checking tower-layer v0.3.3
[INFO] [stderr]     Checking ipnet v2.11.0
[INFO] [stderr]     Checking alloc-no-stdlib v2.0.4
[INFO] [stderr]     Checking sync_wrapper v1.0.2
[INFO] [stderr]    Compiling time-macros v0.2.24
[INFO] [stderr]    Compiling borsh-schema-derive-internal v0.10.4
[INFO] [stderr]    Compiling borsh-derive-internal v0.10.4
[INFO] [stderr]    Compiling synstructure v0.13.2
[INFO] [stderr]    Compiling darling_core v0.21.3
[INFO] [stderr]    Compiling synstructure v0.12.6
[INFO] [stderr]     Checking alloc-stdlib v0.2.2
[INFO] [stderr]     Checking brotli-decompressor v5.0.0
[INFO] [stderr]     Checking solana-precompile-error v2.2.2
[INFO] [stderr]    Compiling num-bigint v0.2.6
[INFO] [stderr]     Checking atomic-waker v1.1.2
[INFO] [stderr]     Checking libz-rs-sys v0.5.4
[INFO] [stderr]    Compiling libm v0.2.15
[INFO] [stderr]     Checking flate2 v1.1.5
[INFO] [stderr]     Checking compression-core v0.4.31
[INFO] [stderr]    Compiling num-rational v0.2.4
[INFO] [stderr]    Compiling num-complex v0.2.4
[INFO] [stderr]    Compiling oid-registry v0.6.1
[INFO] [stderr]     Checking rand_core v0.9.3
[INFO] [stderr]    Compiling paste v1.0.15
[INFO] [stderr]     Checking solana-native-token v2.3.0
[INFO] [stderr]     Checking openssl-probe v0.1.6
[INFO] [stderr]     Checking iri-string v0.7.9
[INFO] [stderr]     Checking rand_chacha v0.9.0
[INFO] [stderr]     Checking brotli v8.0.2
[INFO] [stderr]    Compiling quinn-udp v0.5.14
[INFO] [stderr]     Checking data-encoding v2.9.0
[INFO] [stderr]    Compiling solana-perf v2.3.13
[INFO] [stderr]    Compiling native-tls v0.2.14
[INFO] [stderr]     Checking rand v0.9.2
[INFO] [stderr]     Checking solana-big-mod-exp v2.2.1
[INFO] [stderr]     Checking crossbeam-epoch v0.9.18
[INFO] [stderr]    Compiling quinn v0.11.9
[INFO] [stderr]    Compiling signal-hook v0.3.18
[INFO] [stderr]     Checking solana-svm-feature-set v2.3.13
[INFO] [stderr]     Checking solana-time-utils v2.2.1
[INFO] [stderr]     Checking crossbeam-deque v0.8.6
[INFO] [stderr]     Checking crossbeam-channel v0.5.15
[INFO] [stderr]     Checking socket2 v0.5.10
[INFO] [stderr]     Checking aho-corasick v1.1.4
[INFO] [stderr]     Checking regex-syntax v0.8.8
[INFO] [stderr]    Compiling unicase v2.8.1
[INFO] [stderr]    Compiling borsh-derive v0.10.4
[INFO] [stderr]    Compiling serde_derive v1.0.228
[INFO] [stderr]    Compiling zeroize_derive v1.4.2
[INFO] [stderr]    Compiling bytemuck_derive v1.10.2
[INFO] [stderr]    Compiling borsh-derive v1.6.0
[INFO] [stderr]    Compiling curve25519-dalek-derive v0.1.1
[INFO] [stderr]    Compiling thiserror-impl v2.0.17
[INFO] [stderr]     Checking borsh v0.10.4
[INFO] [stderr]    Compiling solana-sdk-macro v2.2.1
[INFO] [stderr]     Checking zeroize v1.8.2
[INFO] [stderr]    Compiling thiserror-impl v1.0.69
[INFO] [stderr]    Compiling tokio-macros v2.6.0
[INFO] [stderr]    Compiling futures-macro v0.3.31
[INFO] [stderr]    Compiling displaydoc v0.2.5
[INFO] [stderr]    Compiling zerofrom-derive v0.1.6
[INFO] [stderr]    Compiling num-derive v0.4.2
[INFO] [stderr]    Compiling yoke-derive v0.8.1
[INFO] [stderr]    Compiling zerovec-derive v0.11.2
[INFO] [stderr]    Compiling tracing-attributes v0.1.30
[INFO] [stderr]     Checking curve25519-dalek v3.2.0
[INFO] [stderr]    Compiling openssl-macros v0.1.1
[INFO] [stderr]     Checking bytemuck v1.24.0
[INFO] [stderr]     Checking futures-util v0.3.31
[INFO] [stderr]     Checking rustls-pki-types v1.13.0
[INFO] [stderr]     Checking merlin v3.0.0
[INFO] [stderr]     Checking aes-gcm-siv v0.11.1
[INFO] [stderr]    Compiling async-trait v0.1.89
[INFO] [stderr]    Compiling darling_macro v0.21.3
[INFO] [stderr]    Compiling num_enum_derive v0.7.5
[INFO] [stderr]     Checking zerofrom v0.1.6
[INFO] [stderr]     Checking rustls-webpki v0.103.8
[INFO] [stderr]    Compiling cfg_eval v0.1.2
[INFO] [stderr]     Checking yoke v0.8.1
[INFO] [stderr]     Checking zerovec v0.11.5
[INFO] [stderr]     Checking zerotrie v0.2.3
[INFO] [stderr]    Compiling darling v0.21.3
[INFO] [stderr]    Compiling spl-discriminator-syn v0.2.1
[INFO] [stderr]    Compiling serde_with_macros v3.16.0
[INFO] [stderr]    Compiling asn1-rs-impl v0.1.0
[INFO] [stderr]    Compiling asn1-rs-derive v0.4.0
[INFO] [stderr]     Checking webpki-roots v1.0.4
[INFO] [stderr]    Compiling dlopen2_derive v0.3.0
[INFO] [stderr]    Compiling spl-program-error-derive v0.5.0
[INFO] [stderr]    Compiling ark-serialize-derive v0.4.2
[INFO] [stderr]    Compiling spl-discriminator-derive v0.2.0
[INFO] [stderr]     Checking solana-borsh v2.2.1
[INFO] [stderr]    Compiling derivative v2.2.0
[INFO] [stderr]    Compiling ark-ff-asm v0.4.2
[INFO] [stderr]     Checking rustls-webpki v0.101.7
[INFO] [stderr]     Checking tinystr v0.8.2
[INFO] [stderr]     Checking potential_utf v0.1.4
[INFO] [stderr]     Checking tracing v0.1.41
[INFO] [stderr]    Compiling spl-program-error-derive v0.4.1
[INFO] [stderr]     Checking icu_collections v2.1.1
[INFO] [stderr]    Compiling strsim v0.10.0
[INFO] [stderr]     Checking regex-automata v0.4.13
[INFO] [stderr]     Checking icu_locale_core v2.1.1
[INFO] [stderr]    Compiling darling_core v0.13.4
[INFO] [stderr]     Checking sct v0.7.1
[INFO] [stderr]    Compiling mime_guess v2.0.5
[INFO] [stderr]     Checking sha1 v0.10.6
[INFO] [stderr]    Compiling syn v3.0.4
[INFO] [stderr]    Compiling erasable v1.3.0
[INFO] [stderr]     Checking powerfmt v0.2.0
[INFO] [stderr]     Checking icu_provider v2.1.1
[INFO] [stderr]     Checking allocator-api2 v0.2.21
[INFO] [stderr]     Checking minimal-lexical v0.2.1
[INFO] [stderr]     Checking foldhash v0.1.5
[INFO] [stderr]    Compiling rustls v0.22.4
[INFO] [stderr]     Checking nom v7.1.3
[INFO] [stderr]     Checking hashbrown v0.15.2
[INFO] [stderr]     Checking rayon v1.11.0
[INFO] [stderr]     Checking icu_properties v2.1.1
[INFO] [stderr]     Checking icu_normalizer v2.1.1
[INFO] [stderr]    Compiling ark-ff-macros v0.4.2
[INFO] [stderr]     Checking deranged v0.5.5
[INFO] [stderr]     Checking solana-hash v2.3.0
[INFO] [stderr]     Checking solana-sha256-hasher v2.3.0
[INFO] [stderr]     Checking bincode v1.3.3
[INFO] [stderr]     Checking ed25519-dalek v1.0.1
[INFO] [stderr]     Checking bytes v1.11.0
[INFO] [stderr]     Checking serde-big-array v0.5.1
[INFO] [stderr]     Checking solana-fee-calculator v2.2.1
[INFO] [stderr]     Checking solana-signature v2.3.0
[INFO] [stderr]     Checking solana-short-vec v2.2.1
[INFO] [stderr]     Checking idna_adapter v1.2.1
[INFO] [stderr]     Checking solana-serde-varint v2.2.2
[INFO] [stderr]     Checking idna v1.1.0
[INFO] [stderr]     Checking serde_urlencoded v0.7.1
[INFO] [stderr]     Checking futures-executor v0.3.31
[INFO] [stderr]     Checking futures v0.3.31
[INFO] [stderr]     Checking tokio v1.48.0
[INFO] [stderr]     Checking http v1.4.0
[INFO] [stderr]     Checking ed25519-dalek-bip32 v0.2.0
[INFO] [stderr]     Checking solana-keccak-hasher v2.2.1
[INFO] [stderr]     Checking url v2.5.7
[INFO] [stderr]     Checking solana-blake3-hasher v2.2.1
[INFO] [stderr]     Checking http v0.2.12
[INFO] [stderr]     Checking solana-cluster-type v2.2.1
[INFO] [stderr]     Checking solana-commitment-config v2.2.1
[INFO] [stderr]     Checking solana-reward-info v2.2.1
[INFO] [stderr]     Checking solana-pubkey v2.4.0
[INFO] [stderr]     Checking solana-curve25519 v2.3.13
[INFO] [stderr]     Checking solana-inflation v2.2.1
[INFO] [stderr]    Compiling darling_macro v0.13.4
[INFO] [stderr]     Checking num_enum v0.7.5
[INFO] [stderr]    Compiling pin-project-internal v1.1.10
[INFO] [stderr]     Checking solana-instruction v2.3.3
[INFO] [stderr]     Checking solana-sdk-ids v2.2.1
[INFO] [stderr]     Checking solana-sysvar-id v2.2.1
[INFO] [stderr]     Checking solana-nonce v2.2.1
[INFO] [stderr]     Checking spl-generic-token v1.0.1
[INFO] [stderr]     Checking solana-transaction-error v2.2.1
[INFO] [stderr]     Checking solana-program-error v2.2.2
[INFO] [stderr]     Checking solana-system-interface v1.0.0
[INFO] [stderr]     Checking solana-epoch-schedule v2.2.1
[INFO] [stderr]     Checking solana-account-info v2.3.0
[INFO] [stderr]     Checking solana-clock v2.2.2
[INFO] [stderr]     Checking solana-serialize-utils v2.2.1
[INFO] [stderr]     Checking solana-slot-hashes v2.2.1
[INFO] [stderr]     Checking solana-rent v2.2.1
[INFO] [stderr]     Checking solana-signer v2.2.1
[INFO] [stderr]     Checking solana-slot-history v2.2.1
[INFO] [stderr]     Checking solana-epoch-rewards v2.2.1
[INFO] [stderr]     Checking solana-cpi v2.2.1
[INFO] [stderr]     Checking solana-instructions-sysvar v2.2.2
[INFO] [stderr]     Checking solana-program-entrypoint v2.3.0
[INFO] [stderr]     Checking solana-last-restart-slot v2.2.1
[INFO] [stderr]     Checking solana-bincode v2.2.1
[INFO] [stderr]     Checking http-body v1.0.1
[INFO] [stderr]     Checking solana-feature-set v2.2.5
[INFO] [stderr]     Checking solana-zk-sdk v2.3.13
[INFO] [stderr]     Checking spl-discriminator v0.4.1
[INFO] [stderr]     Checking solana-program-pack v2.2.1
[INFO] [stderr]     Checking solana-address-lookup-table-interface v2.2.2
[INFO] [stderr]     Checking solana-keypair v2.2.3
[INFO] [stderr]     Checking solana-stable-layout v2.2.1
[INFO] [stderr]     Checking solana-stake-interface v1.2.1
[INFO] [stderr]     Checking solana-message v2.4.0
[INFO] [stderr]     Checking solana-vote-interface v2.2.6
[INFO] [stderr]     Checking http-body-util v0.1.3
[INFO] [stderr]     Checking solana-loader-v3-interface v5.0.0
[INFO] [stderr]     Checking solana-loader-v4-interface v2.2.1
[INFO] [stderr]     Checking solana-loader-v2-interface v2.2.1
[INFO] [stderr]     Checking agave-feature-set v2.3.13
[INFO] [stderr]     Checking gethostname v0.2.3
[INFO] [stderr]     Checking utf-8 v0.7.6
[INFO] [stderr]     Checking unicode-width v0.2.2
[INFO] [stderr]     Checking solana-example-mocks v2.2.1
[INFO] [stderr]    Compiling darling v0.13.4
[INFO] [stderr]     Checking rusticata-macros v4.1.0
[INFO] [stderr]     Checking time v0.3.44
[INFO] [stderr]     Checking serde_with v3.16.0
[INFO] [stderr]    Compiling libsqlite3-sys v0.35.0
[INFO] [stderr]    Compiling ref-cast v1.0.27
[INFO] [stderr]    Compiling serde_with_macros v1.5.2
[INFO] [stderr]    Compiling ref-cast-impl v1.0.27
[INFO] [stderr]     Checking regex v1.12.2
[INFO] [stderr]     Checking spl-pod v0.5.1
[INFO] [stderr]     Checking solana-ed25519-program v2.2.3
[INFO] [stderr]     Checking solana-sysvar v2.3.0
[INFO] [stderr]     Checking concurrent-queue v2.5.0
[INFO] [stderr]    Compiling proc-macro-error-attr v1.0.4
[INFO] [stderr]     Checking encoding_rs v0.8.35
[INFO] [stderr]    Compiling heck v0.5.0
[INFO] [stderr]     Checking solana-account v2.2.1
[INFO] [stderr]     Checking iana-time-zone v0.1.64
[INFO] [stderr]     Checking spl-type-length-value v0.8.0
[INFO] [stderr]     Checking chrono v0.4.42
[INFO] [stderr]    Compiling serde_derive_internals v0.30.0
[INFO] [stderr]     Checking jsonrpc-core v18.0.0
[INFO] [stderr]     Checking solana-packet v2.2.1
[INFO] [stderr]     Checking solana-serde v2.2.1
[INFO] [stderr]     Checking solana-feature-gate-interface v2.2.2
[INFO] [stderr]     Checking solana-transaction-context v2.3.13
[INFO] [stderr]     Checking solana-epoch-info v2.2.1
[INFO] [stderr]     Checking rustls-native-certs v0.8.2
[INFO] [stderr]     Checking ark-std v0.4.0
[INFO] [stderr]    Compiling tikv-jemalloc-sys v0.6.1+5.3.0-1-ge13ca993e8ccb9ba9847cc330696e02839f328f7
[INFO] [stderr]     Checking num_cpus v1.17.0
[INFO] [stderr]    Compiling proc-macro-error v1.0.4
[INFO] [stderr]    Compiling multer v3.1.0
[INFO] [stderr]    Compiling convert_case v0.4.0
[INFO] [stderr]     Checking webpki-roots v0.25.4
[INFO] [stderr]     Checking mime v0.3.17
[INFO] [stderr]     Checking solana-measure v2.3.13
[INFO] [stderr]     Checking base64 v0.13.1
[INFO] [stderr]     Checking siphasher v1.0.1
[INFO] [stderr]     Checking tinyvec_macros v0.1.1
[INFO] [stderr]    Compiling derive_more v0.99.20
[INFO] [stderr]     Checking tinyvec v1.10.0
[INFO] [stderr]     Checking ark-serialize v0.4.2
[INFO] [stderr]     Checking solana-rayon-threadlimit v2.3.13
[INFO] [stderr]     Checking rustls-platform-verifier v0.6.2
[INFO] [stderr]     Checking asn1-rs v0.5.2
[INFO] [stderr]     Checking console v0.15.11
[INFO] [stderr]     Checking solana-secp256k1-program v2.2.3
[INFO] [stderr]     Checking solana-secp256k1-recover v2.2.1
[INFO] [stderr]    Compiling schemars_derive v1.2.2
[INFO] [stderr]     Checking solana-program v2.3.0
[INFO] [stderr]     Checking solana-quic-definitions v2.3.1
[INFO] [stderr]     Checking spl-memo v6.0.0
[INFO] [stderr]     Checking http-body v0.4.6
[INFO] [stderr]     Checking spl-program-error v0.7.0
[INFO] [stderr]     Checking solana-security-txt v1.1.2
[INFO] [stderr]     Checking dlopen2 v0.5.0
[INFO] [stderr]     Checking num-iter v0.1.45
[INFO] [stderr]     Checking itertools v0.10.5
[INFO] [stderr]     Checking raw-cpuid v11.6.0
[INFO] [stderr]     Checking caps v0.5.6
[INFO] [stderr]    Compiling include_dir_macros v0.7.4
[INFO] [stderr]    Compiling proc-macro-error-attr2 v2.0.0
[INFO] [stderr]     Checking rustc-hash v2.1.1
[INFO] [stderr]     Checking fastbloom v0.14.0
[INFO] [stderr]     Checking lru-slab v0.1.2
[INFO] [stderr]     Checking number_prefix v0.4.0
[INFO] [stderr]     Checking hashbrown v0.14.5
[INFO] [stderr]    Compiling proc-macro-error2 v2.0.1
[INFO] [stderr]     Checking indicatif v0.17.11
[INFO] [stderr]     Checking num v0.2.1
[INFO] [stderr]     Checking quinn-proto v0.11.13
[INFO] [stderr]    Compiling include_dir v0.7.4
[INFO] [stderr]     Checking zstd v0.13.3
[INFO] [stderr]     Checking ark-ff v0.4.2
[INFO] [stderr]     Checking spl-tlv-account-resolution v0.10.0
[INFO] [stderr]     Checking spl-token-confidential-transfer-proof-extraction v0.3.0
[INFO] [stderr]     Checking dashmap v5.5.3
[INFO] [stderr]     Checking spl-type-length-value v0.7.0
[INFO] [stderr]     Checking compression-codecs v0.4.33
[INFO] [stderr]     Checking solana-account-decoder-client-types v2.3.13
[INFO] [stderr]     Checking der-parser v8.2.0
[INFO] [stderr]     Checking uuid v1.18.1
[INFO] [stderr]     Checking webpki-roots v0.24.0
[INFO] [stderr]     Checking fdeflate v0.3.7
[INFO] [stderr]     Checking spinning_top v0.3.0
[INFO] [stderr]     Checking atty v0.2.14
[INFO] [stderr]     Checking x509-parser v0.14.0
[INFO] [stderr]     Checking pxfm v0.1.27
[INFO] [stderr]     Checking futures-timer v3.0.3
[INFO] [stderr]     Checking nonzero_ext v0.3.0
[INFO] [stderr]     Checking termcolor v1.4.1
[INFO] [stderr]     Checking event-listener v2.5.3
[INFO] [stderr]    Compiling rmcp v3.1.4
[INFO] [stderr]    Compiling heck v0.4.1
[INFO] [stderr]     Checking parking v2.2.1
[INFO] [stderr]     Checking no-std-compat v0.4.1
[INFO] [stderr]     Checking humantime v2.3.0
[INFO] [stderr]     Checking event-listener v5.4.1
[INFO] [stderr]     Checking tokio-util v0.7.17
[INFO] [stderr]     Checking hyper v1.8.1
[INFO] [stderr]     Checking tower v0.5.2
[INFO] [stderr]     Checking tokio-rustls v0.26.4
[INFO] [stderr]     Checking async-compression v0.4.34
[INFO] [stderr]     Checking tokio-rustls v0.24.1
[INFO] [stderr]     Checking quanta v0.12.6
[INFO] [stderr]     Checking tokio-stream v0.1.17
[INFO] [stderr]     Checking solana-net-utils v2.3.13
[INFO] [stderr]     Checking governor v0.6.3
[INFO] [stderr]     Checking h2 v0.3.27
[INFO] [stderr]     Checking tower-http v0.6.7
[INFO] [stderr]    Compiling aquamarine v0.5.0
[INFO] [stderr]     Checking env_logger v0.9.3
[INFO] [stderr]    Compiling teloxide-macros v0.8.0
[INFO] [stderr]     Checking solana-tls-utils v2.3.13
[INFO] [stderr]     Checking async-channel v1.9.0
[INFO] [stderr]     Checking png v0.18.0
[INFO] [stderr]     Checking tungstenite v0.20.1
[INFO] [stderr]     Checking spl-elgamal-registry v0.2.0
[INFO] [stderr]     Checking spl-transfer-hook-interface v0.10.0
[INFO] [stderr]     Checking hyper-util v0.1.18
[INFO] [stderr]    Compiling tabled_derive v0.11.0
[INFO] [stderr]     Checking percentage v0.1.0
[INFO] [stderr]     Checking spl-program-error v0.6.0
[INFO] [stderr]     Checking pem v1.1.1
[INFO] [stderr]     Checking spl-token-metadata-interface v0.7.0
[INFO] [stderr]    Compiling clap_derive v4.5.49
[INFO] [stderr]     Checking spl-token v8.0.0
[INFO] [stderr]     Checking spl-token-group-interface v0.6.0
[INFO] [stderr]     Checking spl-token-confidential-transfer-proof-generation v0.4.1
[INFO] [stderr]     Checking spl-token-confidential-transfer-ciphertext-arithmetic v0.3.1
[INFO] [stderr]     Checking solana-hard-forks v2.2.1
[INFO] [stderr]     Checking rustls-webpki v0.102.8
[INFO] [stderr]    Compiling async-stream-impl v0.3.6
[INFO] [stderr]    Compiling axum-macros v0.4.2
[INFO] [stderr]    Compiling pastey v0.2.3
[INFO] [stderr]     Checking histogram v0.6.9
[INFO] [stderr]     Checking base64 v0.21.7
[INFO] [stderr]     Checking byteorder-lite v0.1.0
[INFO] [stderr]     Checking utf8parse v0.2.2
[INFO] [stderr]     Checking anstyle-parse v0.2.7
[INFO] [stderr]     Checking solana-logger v2.3.1
[INFO] [stderr]     Checking spl-token-2022 v8.0.1
[INFO] [stderr]     Checking rustls-pemfile v1.0.4
[INFO] [stderr]     Checking solana-shred-version v2.2.1
[INFO] [stderr]     Checking tokio-tungstenite v0.20.1
[INFO] [stderr]     Checking spl-tlv-account-resolution v0.9.0
[INFO] [stderr]     Checking event-listener-strategy v0.5.4
[INFO] [stderr]     Checking tokio-socks v0.5.3
[INFO] [stderr]     Checking spl-token-confidential-transfer-proof-extraction v0.2.1
[INFO] [stderr]     Checking pin-project v1.1.10
[INFO] [stderr]     Checking spl-associated-token-account-client v2.0.0
[INFO] [stderr]     Checking solana-poh-config v2.2.1
[INFO] [stderr]     Checking kaigan v0.2.6
[INFO] [stderr]     Checking memmap2 v0.5.10
[INFO] [stderr]    Compiling dripline v0.2.7 (/opt/rustwide/workdir)
[INFO] [stderr]     Checking is_terminal_polyfill v1.70.2
[INFO] [stderr]     Checking anstyle v1.0.13
[INFO] [stderr]     Checking anstyle-query v1.1.5
[INFO] [stderr]     Checking colorchoice v1.0.4
[INFO] [stderr]     Checking bumpalo v3.19.0
[INFO] [stderr]     Checking ark-poly v0.4.2
[INFO] [stderr]     Checking moxcms v0.7.11
[INFO] [stderr]     Checking sync_wrapper v0.1.2
[INFO] [stderr]     Checking solana-config-program-client v0.0.2
[INFO] [stderr]     Checking zopfli v0.8.3
[INFO] [stderr]     Checking anstream v0.6.21
[INFO] [stderr]     Checking solana-genesis-config v2.3.0
[INFO] [stderr]     Checking hyper-rustls v0.27.7
[INFO] [stderr]     Checking rc-box v1.3.0
[INFO] [stderr]     Checking spl-elgamal-registry v0.1.1
[INFO] [stderr]     Checking spl-transfer-hook-interface v0.9.0
[INFO] [stderr]     Checking reqwest v0.12.24
[INFO] [stderr]     Checking async-lock v3.4.1
[INFO] [stderr]     Checking spl-token-metadata-interface v0.6.0
[INFO] [stderr]     Checking spl-token v7.0.0
[INFO] [stderr]     Checking Inflector v0.11.4
[INFO] [stderr]     Checking serde_with v1.14.0
[INFO] [stderr]     Checking spl-token-group-interface v0.5.0
[INFO] [stderr]     Checking spl-token-confidential-transfer-proof-generation v0.2.0
[INFO] [stderr]     Checking spl-token-confidential-transfer-ciphertext-arithmetic v0.2.1
[INFO] [stderr]     Checking tungstenite v0.24.0
[INFO] [stderr]     Checking hashlink v0.10.0
[INFO] [stderr]     Checking rustls-pemfile v2.2.0
[INFO] [stderr]     Checking scheduled-thread-pool v0.2.7
[INFO] [stderr]     Checking fallible-iterator v0.3.0
[INFO] [stderr]     Checking fallible-streaming-iterator v0.1.9
[INFO] [stderr]     Checking ark-ec v0.4.2
[INFO] [stderr]     Checking siphasher v0.3.11
[INFO] [stderr]     Checking debug_unsafe v0.1.3
[INFO] [stderr]     Checking solana-define-syscall v2.3.0
[INFO] [stderr]     Checking dyn-clone v1.0.20
[INFO] [stderr]     Checking bytecount v0.6.9
[INFO] [stderr]     Checking clap_lex v0.7.6
[INFO] [stderr]     Checking qrcodegen v1.8.0
[INFO] [stderr]     Checking spin v0.9.8
[INFO] [stderr]     Checking option-ext v0.2.0
[INFO] [stderr]     Checking take_mut v0.2.2
[INFO] [stderr]     Checking takecell v0.1.1
[INFO] [stderr]    Compiling rustix v1.1.2
[INFO] [stderr]     Checking bitflags v1.3.2
[INFO] [stderr]     Checking tokio-tungstenite v0.24.0
[INFO] [stderr]     Checking dirs-sys v0.5.0
[INFO] [stderr]     Checking clap_builder v4.5.53
[INFO] [stderr]     Checking papergrid v0.17.0
[INFO] [stderr]     Checking solana-epoch-rewards-hasher v2.2.1
[INFO] [stderr]     Checking schemars v1.2.2
[INFO] [stderr]     Checking atoi_simd v0.16.1
[INFO] [stderr]     Checking spl-token-2022 v6.0.0
[INFO] [stderr]     Checking tungstenite v0.21.0
[INFO] [stderr]     Checking solana-metrics v2.3.13
[INFO] [stderr]     Checking reqwest-middleware v0.4.2
[INFO] [stderr]     Checking hyper v0.14.32
[INFO] [stderr]     Checking tokio-rustls v0.25.0
[INFO] [stderr]     Checking r2d2 v0.8.10
[INFO] [stderr]     Checking rustls-native-certs v0.7.3
[INFO] [stderr]     Checking solana-account-decoder v2.3.13
[INFO] [stderr]     Checking spl-associated-token-account v7.0.0
[INFO] [stderr]     Checking solana-connection-cache v2.3.13
[INFO] [stderr]     Checking zip v4.6.1
[INFO] [stderr]     Checking solana-rent-collector v2.3.0
[INFO] [stderr]     Checking codepage v0.1.2
[INFO] [stderr]     Checking quick-xml v0.38.4
[INFO] [stderr]     Checking axum-core v0.4.5
[INFO] [stderr]     Checking solana-offchain-message v2.2.1
[INFO] [stderr]     Checking solana-transaction-metrics-tracker v2.3.13
[INFO] [stderr]     Checking ark-bn254 v0.4.0
[INFO] [stderr]     Checking solana-nonce-account v2.2.1
[INFO] [stderr]     Checking solana-streamer v2.3.13
[INFO] [stderr]     Checking agave-reserved-account-keys v2.3.13
[INFO] [stderr]     Checking solana-reserved-account-keys v2.2.2
[INFO] [stderr]     Checking testing_table v0.3.0
[INFO] [stderr]     Checking solana-fee-structure v2.3.0
[INFO] [stderr]     Checking solana-presigner v2.2.1
[INFO] [stderr]     Checking solana-compute-budget-interface v2.2.2
[INFO] [stderr]     Checking matchers v0.2.0
[INFO] [stderr]     Checking solana-bn254 v2.2.2
[INFO] [stderr]     Checking solana-rent-debits v2.2.1
[INFO] [stderr]     Checking dptree v0.3.0
[INFO] [stderr]     Checking ghash v0.5.1
[INFO] [stderr]     Checking tracing-log v0.2.0
[INFO] [stderr]     Checking serde_path_to_error v0.1.20
[INFO] [stderr]     Checking serde_spanned v1.0.3
[INFO] [stderr]     Checking sharded-slab v0.1.7
[INFO] [stderr]     Checking csv-core v0.1.13
[INFO] [stderr]     Checking thread_local v1.1.9
[INFO] [stderr]     Checking nu-ansi-term v0.50.3
[INFO] [stderr]     Checking matchit v0.7.3
[INFO] [stderr]     Checking toml_writer v1.0.4
[INFO] [stderr]     Checking tagptr v0.2.0
[INFO] [stderr]     Checking fast-float2 v0.2.3
[INFO] [stderr]     Checking base32 v0.5.1
[INFO] [stderr]     Checking linux-raw-sys v0.11.0
[INFO] [stderr]     Checking solana-validator-exit v2.2.1
[INFO] [stderr]     Checking solana-udp-client v2.3.13
[INFO] [stderr]     Checking urlencoding v2.1.3
[INFO] [stderr]     Checking moka v0.12.13
[INFO] [stderr]     Checking csv v1.4.0
[INFO] [stderr]     Checking calamine v0.32.0
[INFO] [stderr]     Checking clap v4.5.53
[INFO] [stderr]     Checking toml v0.9.8
[INFO] [stderr]     Checking aes-gcm v0.10.3
[INFO] [stderr]     Checking tabled v0.20.0
[INFO] [stderr]     Checking tracing-subscriber v0.3.20
[INFO] [stderr]     Checking tokio-tungstenite v0.21.0
[INFO] [stderr]     Checking spl-associated-token-account v6.0.0
[INFO] [stderr]     Checking dirs v6.0.0
[INFO] [stderr]     Checking tower v0.4.13
[INFO] [stderr]     Checking axum v0.7.9
[INFO] [stderr]     Checking async-stream v0.3.6
[INFO] [stderr]     Checking tokio-metrics v0.4.6
[INFO] [stderr]     Checking tower-http v0.5.2
[INFO] [stderr]     Checking sysinfo v0.30.13
[INFO] [stderr]     Checking arc-swap v1.8.2
[INFO] [stderr]     Checking fslock v0.2.1
[INFO] [stderr]     Checking colored v3.0.0
[INFO] [stderr]     Checking image v0.25.9
[INFO] [stderr]     Checking machine-uid v0.5.4
[INFO] [stderr]     Checking fastrand v2.3.0
[INFO] [stderr]     Checking rusqlite v0.37.0
[INFO] [stderr]     Checking hyper-rustls v0.24.2
[INFO] [stderr]     Checking tempfile v3.23.0
[INFO] [stderr]     Checking r2d2_sqlite v0.31.0
[INFO] [stderr]     Checking qrcodegen-image v1.5.0
[INFO] [stderr]     Checking totp-rs v5.7.0
[INFO] [stderr]     Checking qrcode v0.14.1
[INFO] [stderr] error: could not compile `rmcp` (lib)
[INFO] [stderr] 
[INFO] [stderr] Caused by:
[INFO] [stderr]   process didn't exit successfully: `/opt/rustwide/rustup-home/toolchains/3154cc1a3e6424e44f438a95007d043ed5ceaaf6/bin/rustc --crate-name rmcp --edition=2024 /opt/rustwide/cargo-home/registry/src/index.crates.io-1949cf8c6b5b557f/rmcp-3.1.4/src/lib.rs --error-format=json --json=diagnostic-rendered-ansi,artifacts,future-incompat,unused-externs-silent --crate-type lib --emit=dep-info,metadata -C embed-bitcode=no -C codegen-units=256 -C debug-assertions=off --cfg 'feature="schemars"' --cfg 'feature="server"' --cfg 'feature="transport-async-rw"' --cfg 'feature="transport-io"' --cfg 'feature="uuid"' --check-cfg 'cfg(docsrs,test)' --check-cfg 'cfg(feature, values("__reqwest", "auth", "auth-client-credentials-jwt", "base64", "client", "client-side-sse", "default", "elicitation", "local", "macros", "request-state", "reqwest", "reqwest-native-tls", "reqwest-tls-no-provider", "schemars", "server", "server-side-http", "tower", "transport-async-rw", "transport-child-process", "transport-io", "transport-streamable-http-client", "transport-streamable-http-client-reqwest", "transport-streamable-http-client-unix-socket", "transport-streamable-http-server", "transport-streamable-http-server-session", "transport-worker", "uuid", "which-command"))' -C metadata=aeaf0814f0e9d07d -C extra-filename=-143f3b72f280bc4a --out-dir /opt/rustwide/target/debug/build/rmcp/143f3b72f280bc4a/out -C strip=debuginfo -L dependency=/opt/rustwide/target/debug/build/bytes/3e872bc9080bd383/out -L dependency=/opt/rustwide/target/debug/build/cfg-if/4a3e4050c761908e/out -L dependency=/opt/rustwide/target/debug/build/chrono/11d4df4796425f6e/out -L dependency=/opt/rustwide/target/debug/build/dyn-clone/13eadb477bb0efcd/out -L dependency=/opt/rustwide/target/debug/build/equivalent/b3c5b3c238e5c71f/out -L dependency=/opt/rustwide/target/debug/build/futures-channel/19833d38e28a086c/out -L dependency=/opt/rustwide/target/debug/build/futures-core/169a62e8be7aa83b/out -L dependency=/opt/rustwide/target/debug/build/futures-executor/19b0b653565fcd8f/out -L dependency=/opt/rustwide/target/debug/build/futures-io/8681ec3dc3a723ab/out -L dependency=/opt/rustwide/target/debug/build/futures-macro/656ecc77fbff3dee/out -L dependency=/opt/rustwide/target/debug/build/futures-sink/a647e8cffac364ff/out -L dependency=/opt/rustwide/target/debug/build/futures-task/dc52630174719bac/out -L dependency=/opt/rustwide/target/debug/build/futures-util/d9fbdd088b33bb5f/out -L dependency=/opt/rustwide/target/debug/build/getrandom/ab3aaf707d204ad2/out -L dependency=/opt/rustwide/target/debug/build/hashbrown/34e85aeab4619f6a/out -L dependency=/opt/rustwide/target/debug/build/iana-time-zone/a44617767daeb3dd/out -L dependency=/opt/rustwide/target/debug/build/itoa/815bb0da5efe426e/out -L dependency=/opt/rustwide/target/debug/build/libc/70f919af94e4186e/out -L dependency=/opt/rustwide/target/debug/build/lock_api/b6172b822591c67c/out -L dependency=/opt/rustwide/target/debug/build/log/7c33fbb3384136f0/out -L dependency=/opt/rustwide/target/debug/build/memchr/b62f566cdf69b727/out -L dependency=/opt/rustwide/target/debug/build/mio/46b4f956fee7a232/out -L dependency=/opt/rustwide/target/debug/build/num-traits/c82b8e757da8914b/out -L dependency=/opt/rustwide/target/debug/build/once_cell/7d3206f947a99703/out -L dependency=/opt/rustwide/target/debug/build/parking_lot/159d640e9e656b8b/out -L dependency=/opt/rustwide/target/debug/build/parking_lot_core/897b49dbddfd8a1b/out -L dependency=/opt/rustwide/target/debug/build/pin-project-lite/f0c376e6b963438f/out -L dependency=/opt/rustwide/target/debug/build/pin-utils/fd5fdd155289ac12/out -L dependency=/opt/rustwide/target/debug/build/ppv-lite86/1082e32078507573/out -L dependency=/opt/rustwide/target/debug/build/rand/2941647aa83d1f53/out -L dependency=/opt/rustwide/target/debug/build/rand_chacha/45e649ec91166149/out -L dependency=/opt/rustwide/target/debug/build/rand_core/fe2a1808826fa1cd/out -L dependency=/opt/rustwide/target/debug/build/ref-cast-impl/94d0125e2f6cecc6/out -L dependency=/opt/rustwide/target/debug/build/ref-cast/7236afe270093398/out -L dependency=/opt/rustwide/target/debug/build/ryu/234fbdf09f1a8468/out -L dependency=/opt/rustwide/target/debug/build/schemars_derive/a257b9d623d3e7c5/out -L dependency=/opt/rustwide/target/debug/build/scopeguard/c809a3c4b731d75e/out -L dependency=/opt/rustwide/target/debug/build/serde/906682ed0133b095/out -L dependency=/opt/rustwide/target/debug/build/serde_core/18b9ccef265c5414/out -L dependency=/opt/rustwide/target/debug/build/serde_derive/f0411c78ed4dd7b6/out -L dependency=/opt/rustwide/target/debug/build/serde_json/d42a44e7a39ecbb2/out -L dependency=/opt/rustwide/target/debug/build/signal-hook-registry/66f812c04db688f7/out -L dependency=/opt/rustwide/target/debug/build/slab/77b8eb6cc5896fa1/out -L dependency=/opt/rustwide/target/debug/build/smallvec/fafaf33fe133e767/out -L dependency=/opt/rustwide/target/debug/build/socket2/7cde9c33b5915a1f/out -L dependency=/opt/rustwide/target/debug/build/thiserror-impl/8e9351d084e73da6/out -L dependency=/opt/rustwide/target/debug/build/tokio-macros/e998dac9631d0432/out -L dependency=/opt/rustwide/target/debug/build/tokio/0d63a38dc21dcc77/out -L dependency=/opt/rustwide/target/debug/build/tracing-attributes/44c0389d6c6fe446/out -L dependency=/opt/rustwide/target/debug/build/tracing-core/deb809e456e4a01f/out -L dependency=/opt/rustwide/target/debug/build/zerocopy/be3c0b99f03292df/out --extern chrono=/opt/rustwide/target/debug/build/chrono/11d4df4796425f6e/out/libchrono-11d4df4796425f6e.rmeta --extern futures=/opt/rustwide/target/debug/build/futures/2d03109cc8ceaaab/out/libfutures-2d03109cc8ceaaab.rmeta --extern indexmap=/opt/rustwide/target/debug/build/indexmap/a2b99baef9f3b98e/out/libindexmap-a2b99baef9f3b98e.rmeta --extern pastey=/opt/rustwide/target/debug/build/pastey/72b859560daa1c35/out/libpastey-72b859560daa1c35.so --extern pin_project_lite=/opt/rustwide/target/debug/build/pin-project-lite/f0c376e6b963438f/out/libpin_project_lite-f0c376e6b963438f.rmeta --extern schemars=/opt/rustwide/target/debug/build/schemars/c185a4e3859c8079/out/libschemars-c185a4e3859c8079.rmeta --extern serde=/opt/rustwide/target/debug/build/serde/906682ed0133b095/out/libserde-906682ed0133b095.rmeta --extern serde_json=/opt/rustwide/target/debug/build/serde_json/d42a44e7a39ecbb2/out/libserde_json-d42a44e7a39ecbb2.rmeta --extern thiserror=/opt/rustwide/target/debug/build/thiserror/ea25fe39fb10a935/out/libthiserror-ea25fe39fb10a935.rmeta --extern tokio=/opt/rustwide/target/debug/build/tokio/0d63a38dc21dcc77/out/libtokio-0d63a38dc21dcc77.rmeta --extern tokio_util=/opt/rustwide/target/debug/build/tokio-util/2f7e7d2fb326fb11/out/libtokio_util-2f7e7d2fb326fb11.rmeta --extern tracing=/opt/rustwide/target/debug/build/tracing/18552524f0c086f6/out/libtracing-18552524f0c086f6.rmeta --extern uuid=/opt/rustwide/target/debug/build/uuid/804b87d4122def76/out/libuuid-804b87d4122def76.rmeta --cap-lints allow --cap-lints=forbid -Znext-solver=coherence --force-warn=unused_crate_dependencies` (signal: 9, SIGKILL: kill)
[INFO] [stderr] warning: build failed, waiting for other jobs to finish...
[INFO] [stderr] error: could not compile `libsecp256k1` (lib)
[INFO] [stderr] 
[INFO] [stderr] Caused by:
[INFO] [stderr]   process didn't exit successfully: `/opt/rustwide/rustup-home/toolchains/3154cc1a3e6424e44f438a95007d043ed5ceaaf6/bin/rustc --crate-name libsecp256k1 --edition=2018 /opt/rustwide/cargo-home/registry/src/index.crates.io-1949cf8c6b5b557f/libsecp256k1-0.6.0/src/lib.rs --error-format=json --json=diagnostic-rendered-ansi,artifacts,future-incompat,unused-externs-silent --crate-type lib --emit=dep-info,metadata -C panic=abort -C embed-bitcode=no -C codegen-units=256 -C debug-assertions=off --cfg 'feature="hmac"' --cfg 'feature="hmac-drbg"' --cfg 'feature="sha2"' --cfg 'feature="static-context"' --cfg 'feature="std"' --cfg 'feature="typenum"' --check-cfg 'cfg(docsrs,test)' --check-cfg 'cfg(feature, values("default", "hmac", "hmac-drbg", "lazy-static-context", "lazy_static", "sha2", "static-context", "std", "typenum"))' -C metadata=d5c8ee0bff92fdf9 -C extra-filename=-61ad19f29412d00d --out-dir /opt/rustwide/target/debug/build/libsecp256k1/61ad19f29412d00d/out -C strip=debuginfo -L dependency=/opt/rustwide/target/debug/build/block-buffer/4e5251fdfe8019aa/out -L dependency=/opt/rustwide/target/debug/build/cfg-if/a2a3a6dd0ea645e7/out -L dependency=/opt/rustwide/target/debug/build/cpufeatures/076d3d7f450b4fc7/out -L dependency=/opt/rustwide/target/debug/build/crunchy/030b6ea867e24d57/out -L dependency=/opt/rustwide/target/debug/build/crypto-mac/22ee3c89be5ab698/out -L dependency=/opt/rustwide/target/debug/build/digest/813c47cc99dc878f/out -L dependency=/opt/rustwide/target/debug/build/generic-array/c57a485bda823005/out -L dependency=/opt/rustwide/target/debug/build/getrandom/c06758c27d07d0f6/out -L dependency=/opt/rustwide/target/debug/build/hmac/0d05d58108dfc577/out -L dependency=/opt/rustwide/target/debug/build/libc/01f37eb8bbe39d4a/out -L dependency=/opt/rustwide/target/debug/build/opaque-debug/fea9f9885324d81e/out -L dependency=/opt/rustwide/target/debug/build/ppv-lite86/2325e062f30c11c7/out -L dependency=/opt/rustwide/target/debug/build/rand_chacha/9e2285cda083dace/out -L dependency=/opt/rustwide/target/debug/build/rand_core/0de07cc780f1a0b2/out -L dependency=/opt/rustwide/target/debug/build/serde_core/9e7d7fd9821ffa0e/out -L dependency=/opt/rustwide/target/debug/build/serde_derive/f0411c78ed4dd7b6/out -L dependency=/opt/rustwide/target/debug/build/subtle/23850a98f39ee461/out -L dependency=/opt/rustwide/target/debug/build/typenum/fd0ac457fb245bc6/out -L dependency=/opt/rustwide/target/debug/build/zerocopy/1d452b2c68c64b39/out --extern arrayref=/opt/rustwide/target/debug/build/arrayref/e57dbd47b19b62eb/out/libarrayref-e57dbd47b19b62eb.rmeta --extern base64=/opt/rustwide/target/debug/build/base64/196699dae6909d7d/out/libbase64-196699dae6909d7d.rmeta --extern digest=/opt/rustwide/target/debug/build/digest/813c47cc99dc878f/out/libdigest-813c47cc99dc878f.rmeta --extern hmac_drbg=/opt/rustwide/target/debug/build/hmac-drbg/aa8b4883f2b094a8/out/libhmac_drbg-aa8b4883f2b094a8.rmeta --extern libsecp256k1_core=/opt/rustwide/target/debug/build/libsecp256k1-core/b390d295711ffed7/out/liblibsecp256k1_core-b390d295711ffed7.rmeta --extern rand=/opt/rustwide/target/debug/build/rand/3a52094386deb926/out/librand-3a52094386deb926.rmeta --extern serde=/opt/rustwide/target/debug/build/serde/a1868e7990ef3bd3/out/libserde-a1868e7990ef3bd3.rmeta --extern sha2=/opt/rustwide/target/debug/build/sha2/889373a790e85b8c/out/libsha2-889373a790e85b8c.rmeta --extern typenum=/opt/rustwide/target/debug/build/typenum/fd0ac457fb245bc6/out/libtypenum-fd0ac457fb245bc6.rmeta --cap-lints allow --cap-lints=forbid -Znext-solver=coherence --force-warn=unused_crate_dependencies` (signal: 9, SIGKILL: kill)
[INFO] [stderr] error: failed to run custom build command for `tikv-jemalloc-sys v0.6.1+5.3.0-1-ge13ca993e8ccb9ba9847cc330696e02839f328f7`
[INFO] [stderr] note: To improve backtraces for build dependencies, set the CARGO_PROFILE_DEV_BUILD_OVERRIDE_DEBUG=true environment variable to enable debug information generation.
[INFO] [stderr] 
[INFO] [stderr] Caused by:
[INFO] [stderr]   process didn't exit successfully: `/opt/rustwide/target/debug/build/tikv-jemalloc-sys/4bb4f895b7291618/out/build_script_build` (exit status: 101)
[INFO] [stderr]   --- stdout
[INFO] [stderr]   TARGET=x86_64-unknown-linux-gnu
[INFO] [stderr]   HOST=x86_64-unknown-linux-gnu
[INFO] [stderr]   NUM_JOBS=16
[INFO] [stderr]   OUT_DIR="/opt/rustwide/target/debug/build/tikv-jemalloc-sys/1a8c10123f8130a1/out"
[INFO] [stderr]   BUILD_DIR="/opt/rustwide/target/debug/build/tikv-jemalloc-sys/1a8c10123f8130a1/out/build"
[INFO] [stderr]   SRC_DIR="/opt/rustwide/cargo-home/registry/src/index.crates.io-1949cf8c6b5b557f/tikv-jemalloc-sys-0.6.1+5.3.0-1-ge13ca993e8ccb9ba9847cc330696e02839f328f7"
[INFO] [stderr]   cargo:rustc-cfg=prefixed
[INFO] [stderr]   cargo:rerun-if-env-changed=X86_64_UNKNOWN_LINUX_GNU_JEMALLOC_OVERRIDE
[INFO] [stderr]   cargo:rerun-if-env-changed=JEMALLOC_OVERRIDE
[INFO] [stderr]   OPT_LEVEL = Some(0)
[INFO] [stderr]   OUT_DIR = Some(/opt/rustwide/target/debug/build/tikv-jemalloc-sys/1a8c10123f8130a1/out)
[INFO] [stderr]   TARGET = Some(x86_64-unknown-linux-gnu)
[INFO] [stderr]   CARGO_ENCODED_RUSTFLAGS = Some(--cap-lints=forbid-Znext-solver=coherence)
[INFO] [stderr]   HOST = Some(x86_64-unknown-linux-gnu)
[INFO] [stderr]   cargo:rerun-if-env-changed=CC_x86_64-unknown-linux-gnu
[INFO] [stderr]   CC_x86_64-unknown-linux-gnu = None
[INFO] [stderr]   cargo:rerun-if-env-changed=CC_x86_64_unknown_linux_gnu
[INFO] [stderr]   CC_x86_64_unknown_linux_gnu = None
[INFO] [stderr]   cargo:rerun-if-env-changed=HOST_CC
[INFO] [stderr]   HOST_CC = None
[INFO] [stderr]   cargo:rerun-if-env-changed=CC
[INFO] [stderr]   CC = None
[INFO] [stderr]   cargo:rerun-if-env-changed=CC_ENABLE_DEBUG_OUTPUT
[INFO] [stderr]   RUSTC_WRAPPER = None
[INFO] [stderr]   cargo:rerun-if-env-changed=CRATE_CC_NO_DEFAULTS
[INFO] [stderr]   CRATE_CC_NO_DEFAULTS = None
[INFO] [stderr]   DEBUG = Some(false)
[INFO] [stderr]   CARGO_CFG_TARGET_FEATURE = Some(fxsr,sse,sse2,x87)
[INFO] [stderr]   cargo:rerun-if-env-changed=CFLAGS
[INFO] [stderr]   CFLAGS = None
[INFO] [stderr]   cargo:rerun-if-env-changed=HOST_CFLAGS
[INFO] [stderr]   HOST_CFLAGS = None
[INFO] [stderr]   cargo:rerun-if-env-changed=CFLAGS_x86_64_unknown_linux_gnu
[INFO] [stderr]   CFLAGS_x86_64_unknown_linux_gnu = None
[INFO] [stderr]   cargo:rerun-if-env-changed=CFLAGS_x86_64-unknown-linux-gnu
[INFO] [stderr]   CFLAGS_x86_64-unknown-linux-gnu = None
[INFO] [stderr]   CC="cc"
[INFO] [stderr]   CFLAGS="-O0 -ffunction-sections -fdata-sections -fPIC -m64 -Wall"
[INFO] [stderr]   JEMALLOC_REPO_DIR="jemalloc"
[INFO] [stderr]   cargo:rerun-if-env-changed=X86_64_UNKNOWN_LINUX_GNU_JEMALLOC_SYS_WITH_MALLOC_CONF
[INFO] [stderr]   cargo:rerun-if-env-changed=JEMALLOC_SYS_WITH_MALLOC_CONF
[INFO] [stderr]   cargo:rerun-if-env-changed=X86_64_UNKNOWN_LINUX_GNU_JEMALLOC_SYS_WITH_LG_PAGE
[INFO] [stderr]   cargo:rerun-if-env-changed=JEMALLOC_SYS_WITH_LG_PAGE
[INFO] [stderr]   cargo:rerun-if-env-changed=X86_64_UNKNOWN_LINUX_GNU_JEMALLOC_SYS_WITH_LG_HUGEPAGE
[INFO] [stderr]   cargo:rerun-if-env-changed=JEMALLOC_SYS_WITH_LG_HUGEPAGE
[INFO] [stderr]   cargo:rerun-if-env-changed=X86_64_UNKNOWN_LINUX_GNU_JEMALLOC_SYS_WITH_LG_QUANTUM
[INFO] [stderr]   cargo:rerun-if-env-changed=JEMALLOC_SYS_WITH_LG_QUANTUM
[INFO] [stderr]   cargo:rerun-if-env-changed=X86_64_UNKNOWN_LINUX_GNU_JEMALLOC_SYS_WITH_LG_VADDR
[INFO] [stderr]   cargo:rerun-if-env-changed=JEMALLOC_SYS_WITH_LG_VADDR
[INFO] [stderr]   --with-jemalloc-prefix=_rjem_
[INFO] [stderr]   CARGO_FEATURE_STATS not set
[INFO] [stderr]   running: cd "/opt/rustwide/target/debug/build/tikv-jemalloc-sys/1a8c10123f8130a1/out/build" && CC="cc" CFLAGS="-O0 -ffunction-sections -fdata-sections -fPIC -m64 -Wall" CPPFLAGS="-O0 -ffunction-sections -fdata-sections -fPIC -m64 -Wall" LDFLAGS="-O0 -ffunction-sections -fdata-sections -fPIC -m64 -Wall" "sh" "/opt/rustwide/target/debug/build/tikv-jemalloc-sys/1a8c10123f8130a1/out/build/configure" "--with-version=5.3.0-1-ge13ca993e8ccb9ba9847cc330696e02839f328f7" "--disable-cxx" "--enable-doc=no" "--enable-shared=no" "--with-jemalloc-prefix=_rjem_" "--with-private-namespace=_rjem_" "--disable-stats" "--host=x86_64-unknown-linux-gnu" "--build=x86_64-unknown-linux-gnu" "--prefix=/opt/rustwide/target/debug/build/tikv-jemalloc-sys/1a8c10123f8130a1/out"
[INFO] [stderr]   checking for xsltproc... false
[INFO] [stderr]   checking for x86_64-unknown-linux-gnu-gcc... cc
[INFO] [stderr]   checking whether the C compiler works... yes
[INFO] [stderr]   checking for C compiler default output file name... a.out
[INFO] [stderr]   checking for suffix of executables... 
[INFO] [stderr]   checking whether we are cross compiling... no
[INFO] [stderr]   checking for suffix of object files... o
[INFO] [stderr]   checking whether we are using the GNU C compiler... yes
[INFO] [stderr]   checking whether cc accepts -g... yes
[INFO] [stderr]   checking for cc option to accept ISO C89... none needed
[INFO] [stderr]   checking whether compiler is cray... no
[INFO] [stderr]   checking whether compiler supports -std=gnu11... yes
[INFO] [stderr]   checking whether compiler supports -Werror=unknown-warning-option... no
[INFO] [stderr]   checking whether compiler supports -Wall... yes
[INFO] [stderr]   checking whether compiler supports -Wextra... yes
[INFO] [stderr]   checking whether compiler supports -Wshorten-64-to-32... no
[INFO] [stderr]   checking whether compiler supports -Wsign-compare... yes
[INFO] [stderr]   checking whether compiler supports -Wundef... yes
[INFO] [stderr]   checking whether compiler supports -Wno-format-zero-length... yes
[INFO] [stderr]   checking whether compiler supports -Wpointer-arith... yes
[INFO] [stderr]   checking whether compiler supports -Wno-missing-braces... yes
[INFO] [stderr]   checking whether compiler supports -Wno-missing-field-initializers... yes
[INFO] [stderr]   checking whether compiler supports -Wno-missing-attributes... yes
[INFO] [stderr]   checking whether compiler supports -pipe... yes
[INFO] [stderr]   checking whether compiler supports -g3... yes
[INFO] [stderr]   checking how to run the C preprocessor... cc -E
[INFO] [stderr]   checking for grep that handles long lines and -e... /usr/bin/grep
[INFO] [stderr]   checking for egrep... /usr/bin/grep -E
[INFO] [stderr]   checking for ANSI C header files... yes
[INFO] [stderr]   checking for sys/types.h... yes
[INFO] [stderr]   checking for sys/stat.h... yes
[INFO] [stderr]   checking for stdlib.h... yes
[INFO] [stderr]   checking for string.h... yes
[INFO] [stderr]   checking for memory.h... yes
[INFO] [stderr]   checking for strings.h... yes
[INFO] [stderr]   checking for inttypes.h... yes
[INFO] [stderr]   checking for stdint.h... yes
[INFO] [stderr]   checking for unistd.h... yes
[INFO] [stderr]   checking whether byte ordering is bigendian... no
[INFO] [stderr]   checking size of void *... 8
[INFO] [stderr]   checking size of int... 4
[INFO] [stderr]   checking size of long... 8
[INFO] [stderr]   checking size of long long... 8
[INFO] [stderr]   checking size of intmax_t... 8
[INFO] [stderr]   checking build system type... x86_64-unknown-linux-gnu
[INFO] [stderr]   checking host system type... x86_64-unknown-linux-gnu
[INFO] [stderr]   checking whether pause instruction is compilable... yes
[INFO] [stderr]   checking number of significant virtual address bits... 48
[INFO] [stderr]   checking for x86_64-unknown-linux-gnu-ar... no
[INFO] [stderr]   checking for ar... ar
[INFO] [stderr]   checking for x86_64-unknown-linux-gnu-nm... no
[INFO] [stderr]   checking for nm... nm
[INFO] [stderr]   checking for gawk... no
[INFO] [stderr]   checking for mawk... mawk
[INFO] [stderr]   checking malloc.h usability... yes
[INFO] [stderr]   checking malloc.h presence... yes
[INFO] [stderr]   checking for malloc.h... yes
[INFO] [stderr]   checking whether malloc_usable_size definition can use const argument... no
[INFO] [stderr]   checking for library containing log... -lm
[INFO] [stderr]   checking whether __attribute__ syntax is compilable... yes
[INFO] [stderr]   checking whether compiler supports -fvisibility=hidden... yes
[INFO] [stderr]   checking whether compiler supports -fvisibility=hidden... no
[INFO] [stderr]   checking whether compiler supports -Werror... yes
[INFO] [stderr]   checking whether compiler supports -herror_on_warning... no
[INFO] [stderr]   checking whether tls_model attribute is compilable... yes
[INFO] [stderr]   checking whether compiler supports -Werror... yes
[INFO] [stderr]   checking whether compiler supports -herror_on_warning... no
[INFO] [stderr]   checking whether alloc_size attribute is compilable... yes
[INFO] [stderr]   checking whether compiler supports -Werror... yes
[INFO] [stderr]   checking whether compiler supports -herror_on_warning... no
[INFO] [stderr]   checking whether format(gnu_printf, ...) attribute is compilable... yes
[INFO] [stderr]   checking whether compiler supports -Werror... yes
[INFO] [stderr]   checking whether compiler supports -herror_on_warning... no
[INFO] [stderr]   checking whether format(printf, ...) attribute is compilable... yes
[INFO] [stderr]   checking whether compiler supports -Werror... yes
[INFO] [stderr]   checking whether compiler supports -herror_on_warning... no
[INFO] [stderr]   checking whether format(printf, ...) attribute is compilable... yes
[INFO] [stderr]   checking whether compiler supports -Wimplicit-fallthrough... yes
[INFO] [stderr]   checking whether fallthrough attribute is compilable... yes
[INFO] [stderr]   checking whether compiler supports -Wimplicit-fallthrough... yes
[INFO] [stderr]   checking whether compiler supports -Wimplicit-fallthrough... no
[INFO] [stderr]   checking whether compiler supports -Werror... yes
[INFO] [stderr]   checking whether compiler supports -herror_on_warning... no
[INFO] [stderr]   checking whether cold attribute is compilable... yes
[INFO] [stderr]   checking whether vm_make_tag is compilable... no
[INFO] [stderr]   checking for a BSD-compatible install... /usr/bin/install -c
[INFO] [stderr]   checking for x86_64-unknown-linux-gnu-ranlib... no
[INFO] [stderr]   checking for ranlib... ranlib
[INFO] [stderr]   checking for ld... /usr/bin/ld
[INFO] [stderr]   checking for autoconf... /usr/bin/autoconf
[INFO] [stderr]   checking for memalign... yes
[INFO] [stderr]   checking for valloc... yes
[INFO] [stderr]   checking for malloc_size... no
[INFO] [stderr]   checking whether compiler supports -O3... yes
[INFO] [stderr]   checking whether compiler supports -O3... no
[INFO] [stderr]   checking whether compiler supports -funroll-loops... yes
[INFO] [stderr]   checking configured backtracing method... N/A
[INFO] [stderr]   checking for sbrk... yes
[INFO] [stderr]   checking whether utrace(2) is compilable... no
[INFO] [stderr]   checking whether utrace(2) with label is compilable... no
[INFO] [stderr]   checking whether a program using __builtin_unreachable is compilable... yes
[INFO] [stderr]   checking whether a program using __builtin_ffsl is compilable... yes
[INFO] [stderr]   checking whether a program using __builtin_popcountl is compilable... yes
[INFO] [stderr]   checking LG_PAGE... 12
[INFO] [stderr]   checking pthread.h usability... yes
[INFO] [stderr]   checking pthread.h presence... yes
[INFO] [stderr]   checking for pthread.h... yes
[INFO] [stderr]   checking for pthread_create in -lpthread... yes
[INFO] [stderr]   checking dlfcn.h usability... yes
[INFO] [stderr]   checking dlfcn.h presence... yes
[INFO] [stderr]   checking for dlfcn.h... yes
[INFO] [stderr]   checking for dlsym... yes
[INFO] [stderr]   checking whether pthread_atfork(3) is compilable... yes
[INFO] [stderr]   checking whether pthread_setname_np(3) is compilable... yes
[INFO] [stderr]   checking whether pthread_getname_np(3) is compilable... yes
[INFO] [stderr]   checking whether pthread_get_name_np(3) is compilable... no
[INFO] [stderr]   checking for library containing clock_gettime... none required
[INFO] [stderr]   checking whether clock_gettime(CLOCK_MONOTONIC_COARSE, ...) is compilable... yes
[INFO] [stderr]   checking whether clock_gettime(CLOCK_MONOTONIC, ...) is compilable... yes
[INFO] [stderr]   checking whether mach_absolute_time() is compilable... no
[INFO] [stderr]   checking whether clock_gettime(CLOCK_REALTIME, ...) is compilable... yes
[INFO] [stderr]   checking whether compiler supports -Werror... yes
[INFO] [stderr]   checking whether syscall(2) is compilable... yes
[INFO] [stderr]   checking for secure_getenv... yes
[INFO] [stderr]   checking for sched_getcpu... yes
[INFO] [stderr]   checking for sched_setaffinity... yes
[INFO] [stderr]   checking for issetugid... no
[INFO] [stderr]   checking for _malloc_thread_cleanup... no
[INFO] [stderr]   checking for _pthread_mutex_init_calloc_cb... no
[INFO] [stderr]   checking for memcntl... no
[INFO] [stderr]   checking for TLS... yes
[INFO] [stderr]   checking whether C11 atomics is compilable... yes
[INFO] [stderr]   checking whether GCC __atomic atomics is compilable... yes
[INFO] [stderr]   checking whether GCC 8-bit __atomic atomics is compilable... yes
[INFO] [stderr]   checking whether GCC __sync atomics is compilable... yes
[INFO] [stderr]   checking whether GCC 8-bit __sync atomics is compilable... yes
[INFO] [stderr]   checking whether Darwin OSAtomic*() is compilable... no
[INFO] [stderr]   checking whether madvise(2) is compilable... yes
[INFO] [stderr]   checking whether madvise(..., MADV_FREE) is compilable... yes
[INFO] [stderr]   checking whether madvise(..., MADV_DONTNEED) is compilable... yes
[INFO] [stderr]   checking whether madvise(..., MADV_DO[NT]DUMP) is compilable... yes
[INFO] [stderr]   checking whether madvise(..., MADV_[NO]HUGEPAGE) is compilable... yes
[INFO] [stderr]   checking whether madvise(..., MADV_[NO]CORE) is compilable... no
[INFO] [stderr]   checking whether mprotect(2) is compilable... yes
[INFO] [stderr]   checking for __builtin_clz... yes
[INFO] [stderr]   checking whether Darwin os_unfair_lock_*() is compilable... no
[INFO] [stderr]   checking whether glibc malloc hook is compilable... no
[INFO] [stderr]   checking whether glibc memalign hook is compilable... no
[INFO] [stderr]   checking whether pthreads adaptive mutexes is compilable... yes
[INFO] [stderr]   checking whether compiler supports -D_GNU_SOURCE... yes
[INFO] [stderr]   checking whether compiler supports -Werror... yes
[INFO] [stderr]   checking whether compiler supports -herror_on_warning... no
[INFO] [stderr]   checking whether strerror_r returns char with gnu source is compilable... yes
[INFO] [stderr]   checking for stdbool.h that conforms to C99... yes
[INFO] [stderr]   checking for _Bool... yes
[INFO] [stderr]   configure: creating ./config.status
[INFO] [stderr]   config.status: creating Makefile
[INFO] [stderr]   config.status: creating jemalloc.pc
[INFO] [stderr]   config.status: creating doc/html.xsl
[INFO] [stderr]   config.status: creating doc/manpages.xsl
[INFO] [stderr]   config.status: creating doc/jemalloc.xml
[INFO] [stderr]   config.status: creating include/jemalloc/jemalloc_macros.h
[INFO] [stderr]   config.status: creating include/jemalloc/jemalloc_protos.h
[INFO] [stderr]   config.status: creating include/jemalloc/jemalloc_typedefs.h
[INFO] [stderr]   config.status: creating include/jemalloc/internal/jemalloc_preamble.h
[INFO] [stderr]   config.status: creating test/test.sh
[INFO] [stderr]   config.status: creating test/include/test/jemalloc_test.h
[INFO] [stderr]   config.status: creating config.stamp
[INFO] [stderr]   config.status: creating bin/jemalloc-config
[INFO] [stderr]   config.status: creating bin/jemalloc.sh
[INFO] [stderr]   config.status: creating bin/jeprof
[INFO] [stderr]   config.status: creating include/jemalloc/jemalloc_defs.h
[INFO] [stderr]   config.status: creating include/jemalloc/internal/jemalloc_internal_defs.h
[INFO] [stderr]   config.status: creating test/include/test/jemalloc_test_defs.h
[INFO] [stderr]   config.status: executing include/jemalloc/internal/public_symbols.txt commands
[INFO] [stderr]   config.status: executing include/jemalloc/internal/private_symbols.awk commands
[INFO] [stderr]   config.status: executing include/jemalloc/internal/private_symbols_jet.awk commands
[INFO] [stderr]   config.status: executing include/jemalloc/internal/public_namespace.h commands
[INFO] [stderr]   config.status: executing include/jemalloc/internal/public_unnamespace.h commands
[INFO] [stderr]   config.status: executing include/jemalloc/jemalloc_protos_jet.h commands
[INFO] [stderr]   config.status: executing include/jemalloc/jemalloc_rename.h commands
[INFO] [stderr]   config.status: executing include/jemalloc/jemalloc_mangle.h commands
[INFO] [stderr]   config.status: executing include/jemalloc/jemalloc_mangle_jet.h commands
[INFO] [stderr]   config.status: executing include/jemalloc/jemalloc.h commands
[INFO] [stderr]   ===============================================================================
[INFO] [stderr]   jemalloc version   : 5.3.0-1-ge13ca993e8ccb9ba9847cc330696e02839f328f7
[INFO] [stderr]   library revision   : 2
[INFO] [stderr] 
[INFO] [stderr]   CONFIG             : --with-version=5.3.0-1-ge13ca993e8ccb9ba9847cc330696e02839f328f7 --disable-cxx --enable-doc=no --enable-shared=no --with-jemalloc-prefix=_rjem_ --with-private-namespace=_rjem_ --disable-stats --host=x86_64-unknown-linux-gnu --build=x86_64-unknown-linux-gnu --prefix=/opt/rustwide/target/debug/build/tikv-jemalloc-sys/1a8c10123f8130a1/out build_alias=x86_64-unknown-linux-gnu host_alias=x86_64-unknown-linux-gnu CC=cc 'CFLAGS=-O0 -ffunction-sections -fdata-sections -fPIC -m64 -Wall' 'LDFLAGS=-O0 -ffunction-sections -fdata-sections -fPIC -m64 -Wall' 'CPPFLAGS=-O0 -ffunction-sections -fdata-sections -fPIC -m64 -Wall'
[INFO] [stderr]   CC                 : cc
[INFO] [stderr]   CONFIGURE_CFLAGS   : -std=gnu11 -Wall -Wextra -Wsign-compare -Wundef -Wno-format-zero-length -Wpointer-arith -Wno-missing-braces -Wno-missing-field-initializers -Wno-missing-attributes -pipe -g3 -fvisibility=hidden -Wimplicit-fallthrough -O3 -funroll-loops
[INFO] [stderr]   SPECIFIED_CFLAGS   : -O0 -ffunction-sections -fdata-sections -fPIC -m64 -Wall
[INFO] [stderr]   EXTRA_CFLAGS       : 
[INFO] [stderr]   CPPFLAGS           : -O0 -ffunction-sections -fdata-sections -fPIC -m64 -Wall -D_GNU_SOURCE -D_REENTRANT
[INFO] [stderr]   CXX                : 
[INFO] [stderr]   CONFIGURE_CXXFLAGS : 
[INFO] [stderr]   SPECIFIED_CXXFLAGS : 
[INFO] [stderr]   EXTRA_CXXFLAGS     : 
[INFO] [stderr]   LDFLAGS            : -O0 -ffunction-sections -fdata-sections -fPIC -m64 -Wall
[INFO] [stderr]   EXTRA_LDFLAGS      : 
[INFO] [stderr]   DSO_LDFLAGS        : -shared -Wl,-soname,$(@F)
[INFO] [stderr]   LIBS               : -lm  -pthread
[INFO] [stderr]   RPATH_EXTRA        : 
[INFO] [stderr] 
[INFO] [stderr]   XSLTPROC           : false
[INFO] [stderr]   XSLROOT            : 
[INFO] [stderr] 
[INFO] [stderr]   PREFIX             : /opt/rustwide/target/debug/build/tikv-jemalloc-sys/1a8c10123f8130a1/out
[INFO] [stderr]   BINDIR             : /opt/rustwide/target/debug/build/tikv-jemalloc-sys/1a8c10123f8130a1/out/bin
[INFO] [stderr]   DATADIR            : /opt/rustwide/target/debug/build/tikv-jemalloc-sys/1a8c10123f8130a1/out/share
[INFO] [stderr]   INCLUDEDIR         : /opt/rustwide/target/debug/build/tikv-jemalloc-sys/1a8c10123f8130a1/out/include
[INFO] [stderr]   LIBDIR             : /opt/rustwide/target/debug/build/tikv-jemalloc-sys/1a8c10123f8130a1/out/lib
[INFO] [stderr]   MANDIR             : /opt/rustwide/target/debug/build/tikv-jemalloc-sys/1a8c10123f8130a1/out/share/man
[INFO] [stderr] 
[INFO] [stderr]   srcroot            : 
[INFO] [stderr]   abs_srcroot        : /opt/rustwide/target/debug/build/tikv-jemalloc-sys/1a8c10123f8130a1/out/build/
[INFO] [stderr]   objroot            : 
[INFO] [stderr]   abs_objroot        : /opt/rustwide/target/debug/build/tikv-jemalloc-sys/1a8c10123f8130a1/out/build/
[INFO] [stderr] 
[INFO] [stderr]   JEMALLOC_PREFIX    : _rjem_
[INFO] [stderr]   JEMALLOC_PRIVATE_NAMESPACE
[INFO] [stderr]                      : _rjem_je_
[INFO] [stderr]   install_suffix     : 
[INFO] [stderr]   malloc_conf        : 
[INFO] [stderr]   documentation      : 0
[INFO] [stderr]   shared libs        : 0
[INFO] [stderr]   static libs        : 1
[INFO] [stderr]   autogen            : 0
[INFO] [stderr]   debug              : 0
[INFO] [stderr]   stats              : 0
[INFO] [stderr]   experimental_smallocx : 0
[INFO] [stderr]   prof               : 0
[INFO] [stderr]   prof-libunwind     : 0
[INFO] [stderr]   prof-libgcc        : 0
[INFO] [stderr]   prof-gcc           : 0
[INFO] [stderr]   fill               : 1
[INFO] [stderr]   utrace             : 0
[INFO] [stderr]   xmalloc            : 0
[INFO] [stderr]   log                : 0
[INFO] [stderr]   lazy_lock          : 0
[INFO] [stderr]   cache-oblivious    : 1
[INFO] [stderr]   cxx                : 0
[INFO] [stderr]   ===============================================================================
[INFO] [stderr]   running: cd "/opt/rustwide/target/debug/build/tikv-jemalloc-sys/1a8c10123f8130a1/out/build" && MAKEFLAGS="-j --jobserver-fds=4,5 --jobserver-auth=4,5" "make"
[INFO] [stderr]   cc -std=gnu11 -Wall -Wextra -Wsign-compare -Wundef -Wno-format-zero-length -Wpointer-arith -Wno-missing-braces -Wno-missing-field-initializers -Wno-missing-attributes -pipe -g3 -fvisibility=hidden -Wimplicit-fallthrough -O3 -funroll-loops -O0 -ffunction-sections -fdata-sections -fPIC -m64 -Wall -c -O0 -ffunction-sections -fdata-sections -fPIC -m64 -Wall -D_GNU_SOURCE -D_REENTRANT -Iinclude -Iinclude -DJEMALLOC_NO_PRIVATE_NAMESPACE -o src/jemalloc.sym.o src/jemalloc.c
[INFO] [stderr]   cc -std=gnu11 -Wall -Wextra -Wsign-compare -Wundef -Wno-format-zero-length -Wpointer-arith -Wno-missing-braces -Wno-missing-field-initializers -Wno-missing-attributes -pipe -g3 -fvisibility=hidden -Wimplicit-fallthrough -O3 -funroll-loops -O0 -ffunction-sections -fdata-sections -fPIC -m64 -Wall -c -O0 -ffunction-sections -fdata-sections -fPIC -m64 -Wall -D_GNU_SOURCE -D_REENTRANT -Iinclude -Iinclude -DJEMALLOC_NO_PRIVATE_NAMESPACE -o src/arena.sym.o src/arena.c
[INFO] [stderr]   cc -std=gnu11 -Wall -Wextra -Wsign-compare -Wundef -Wno-format-zero-length -Wpointer-arith -Wno-missing-braces -Wno-missing-field-initializers -Wno-missing-attributes -pipe -g3 -fvisibility=hidden -Wimplicit-fallthrough -O3 -funroll-loops -O0 -ffunction-sections -fdata-sections -fPIC -m64 -Wall -c -O0 -ffunction-sections -fdata-sections -fPIC -m64 -Wall -D_GNU_SOURCE -D_REENTRANT -Iinclude -Iinclude -DJEMALLOC_NO_PRIVATE_NAMESPACE -o src/background_thread.sym.o src/background_thread.c
[INFO] [stderr]   cc -std=gnu11 -Wall -Wextra -Wsign-compare -Wundef -Wno-format-zero-length -Wpointer-arith -Wno-missing-braces -Wno-missing-field-initializers -Wno-missing-attributes -pipe -g3 -fvisibility=hidden -Wimplicit-fallthrough -O3 -funroll-loops -O0 -ffunction-sections -fdata-sections -fPIC -m64 -Wall -c -O0 -ffunction-sections -fdata-sections -fPIC -m64 -Wall -D_GNU_SOURCE -D_REENTRANT -Iinclude -Iinclude -DJEMALLOC_NO_PRIVATE_NAMESPACE -o src/base.sym.o src/base.c
[INFO] [stderr]   cc -std=gnu11 -Wall -Wextra -Wsign-compare -Wundef -Wno-format-zero-length -Wpointer-arith -Wno-missing-braces -Wno-missing-field-initializers -Wno-missing-attributes -pipe -g3 -fvisibility=hidden -Wimplicit-fallthrough -O3 -funroll-loops -O0 -ffunction-sections -fdata-sections -fPIC -m64 -Wall -c -O0 -ffunction-sections -fdata-sections -fPIC -m64 -Wall -D_GNU_SOURCE -D_REENTRANT -Iinclude -Iinclude -DJEMALLOC_NO_PRIVATE_NAMESPACE -o src/bin.sym.o src/bin.c
[INFO] [stderr]   cc -std=gnu11 -Wall -Wextra -Wsign-compare -Wundef -Wno-format-zero-length -Wpointer-arith -Wno-missing-braces -Wno-missing-field-initializers -Wno-missing-attributes -pipe -g3 -fvisibility=hidden -Wimplicit-fallthrough -O3 -funroll-loops -O0 -ffunction-sections -fdata-sections -fPIC -m64 -Wall -c -O0 -ffunction-sections -fdata-sections -fPIC -m64 -Wall -D_GNU_SOURCE -D_REENTRANT -Iinclude -Iinclude -DJEMALLOC_NO_PRIVATE_NAMESPACE -o src/bin_info.sym.o src/bin_info.c
[INFO] [stderr]   cc -std=gnu11 -Wall -Wextra -Wsign-compare -Wundef -Wno-format-zero-length -Wpointer-arith -Wno-missing-braces -Wno-missing-field-initializers -Wno-missing-attributes -pipe -g3 -fvisibility=hidden -Wimplicit-fallthrough -O3 -funroll-loops -O0 -ffunction-sections -fdata-sections -fPIC -m64 -Wall -c -O0 -ffunction-sections -fdata-sections -fPIC -m64 -Wall -D_GNU_SOURCE -D_REENTRANT -Iinclude -Iinclude -DJEMALLOC_NO_PRIVATE_NAMESPACE -o src/bitmap.sym.o src/bitmap.c
[INFO] [stderr]   cc -std=gnu11 -Wall -Wextra -Wsign-compare -Wundef -Wno-format-zero-length -Wpointer-arith -Wno-missing-braces -Wno-missing-field-initializers -Wno-missing-attributes -pipe -g3 -fvisibility=hidden -Wimplicit-fallthrough -O3 -funroll-loops -O0 -ffunction-sections -fdata-sections -fPIC -m64 -Wall -c -O0 -ffunction-sections -fdata-sections -fPIC -m64 -Wall -D_GNU_SOURCE -D_REENTRANT -Iinclude -Iinclude -DJEMALLOC_NO_PRIVATE_NAMESPACE -o src/buf_writer.sym.o src/buf_writer.c
[INFO] [stderr]   cc -std=gnu11 -Wall -Wextra -Wsign-compare -Wundef -Wno-format-zero-length -Wpointer-arith -Wno-missing-braces -Wno-missing-field-initializers -Wno-missing-attributes -pipe -g3 -fvisibility=hidden -Wimplicit-fallthrough -O3 -funroll-loops -O0 -ffunction-sections -fdata-sections -fPIC -m64 -Wall -c -O0 -ffunction-sections -fdata-sections -fPIC -m64 -Wall -D_GNU_SOURCE -D_REENTRANT -Iinclude -Iinclude -DJEMALLOC_NO_PRIVATE_NAMESPACE -o src/cache_bin.sym.o src/cache_bin.c
[INFO] [stderr]   cc -std=gnu11 -Wall -Wextra -Wsign-compare -Wundef -Wno-format-zero-length -Wpointer-arith -Wno-missing-braces -Wno-missing-field-initializers -Wno-missing-attributes -pipe -g3 -fvisibility=hidden -Wimplicit-fallthrough -O3 -funroll-loops -O0 -ffunction-sections -fdata-sections -fPIC -m64 -Wall -c -O0 -ffunction-sections -fdata-sections -fPIC -m64 -Wall -D_GNU_SOURCE -D_REENTRANT -Iinclude -Iinclude -DJEMALLOC_NO_PRIVATE_NAMESPACE -o src/ckh.sym.o src/ckh.c
[INFO] [stderr]   cc -std=gnu11 -Wall -Wextra -Wsign-compare -Wundef -Wno-format-zero-length -Wpointer-arith -Wno-missing-braces -Wno-missing-field-initializers -Wno-missing-attributes -pipe -g3 -fvisibility=hidden -Wimplicit-fallthrough -O3 -funroll-loops -O0 -ffunction-sections -fdata-sections -fPIC -m64 -Wall -c -O0 -ffunction-sections -fdata-sections -fPIC -m64 -Wall -D_GNU_SOURCE -D_REENTRANT -Iinclude -Iinclude -DJEMALLOC_NO_PRIVATE_NAMESPACE -o src/counter.sym.o src/counter.c
[INFO] [stderr]   cc -std=gnu11 -Wall -Wextra -Wsign-compare -Wundef -Wno-format-zero-length -Wpointer-arith -Wno-missing-braces -Wno-missing-field-initializers -Wno-missing-attributes -pipe -g3 -fvisibility=hidden -Wimplicit-fallthrough -O3 -funroll-loops -O0 -ffunction-sections -fdata-sections -fPIC -m64 -Wall -c -O0 -ffunction-sections -fdata-sections -fPIC -m64 -Wall -D_GNU_SOURCE -D_REENTRANT -Iinclude -Iinclude -DJEMALLOC_NO_PRIVATE_NAMESPACE -o src/ctl.sym.o src/ctl.c
[INFO] [stderr]   cc -std=gnu11 -Wall -Wextra -Wsign-compare -Wundef -Wno-format-zero-length -Wpointer-arith -Wno-missing-braces -Wno-missing-field-initializers -Wno-missing-attributes -pipe -g3 -fvisibility=hidden -Wimplicit-fallthrough -O3 -funroll-loops -O0 -ffunction-sections -fdata-sections -fPIC -m64 -Wall -c -O0 -ffunction-sections -fdata-sections -fPIC -m64 -Wall -D_GNU_SOURCE -D_REENTRANT -Iinclude -Iinclude -DJEMALLOC_NO_PRIVATE_NAMESPACE -o src/decay.sym.o src/decay.c
[INFO] [stderr]   cc -std=gnu11 -Wall -Wextra -Wsign-compare -Wundef -Wno-format-zero-length -Wpointer-arith -Wno-missing-braces -Wno-missing-field-initializers -Wno-missing-attributes -pipe -g3 -fvisibility=hidden -Wimplicit-fallthrough -O3 -funroll-loops -O0 -ffunction-sections -fdata-sections -fPIC -m64 -Wall -c -O0 -ffunction-sections -fdata-sections -fPIC -m64 -Wall -D_GNU_SOURCE -D_REENTRANT -Iinclude -Iinclude -DJEMALLOC_NO_PRIVATE_NAMESPACE -o src/ecache.sym.o src/ecache.c
[INFO] [stderr]   cc -std=gnu11 -Wall -Wextra -Wsign-compare -Wundef -Wno-format-zero-length -Wpointer-arith -Wno-missing-braces -Wno-missing-field-initializers -Wno-missing-attributes -pipe -g3 -fvisibility=hidden -Wimplicit-fallthrough -O3 -funroll-loops -O0 -ffunction-sections -fdata-sections -fPIC -m64 -Wall -c -O0 -ffunction-sections -fdata-sections -fPIC -m64 -Wall -D_GNU_SOURCE -D_REENTRANT -Iinclude -Iinclude -DJEMALLOC_NO_PRIVATE_NAMESPACE -o src/div.sym.o src/div.c
[INFO] [stderr]   cc -std=gnu11 -Wall -Wextra -Wsign-compare -Wundef -Wno-format-zero-length -Wpointer-arith -Wno-missing-braces -Wno-missing-field-initializers -Wno-missing-attributes -pipe -g3 -fvisibility=hidden -Wimplicit-fallthrough -O3 -funroll-loops -O0 -ffunction-sections -fdata-sections -fPIC -m64 -Wall -c -O0 -ffunction-sections -fdata-sections -fPIC -m64 -Wall -D_GNU_SOURCE -D_REENTRANT -Iinclude -Iinclude -DJEMALLOC_NO_PRIVATE_NAMESPACE -o src/edata.sym.o src/edata.c
[INFO] [stderr]   cc -std=gnu11 -Wall -Wextra -Wsign-compare -Wundef -Wno-format-zero-length -Wpointer-arith -Wno-missing-braces -Wno-missing-field-initializers -Wno-missing-attributes -pipe -g3 -fvisibility=hidden -Wimplicit-fallthrough -O3 -funroll-loops -O0 -ffunction-sections -fdata-sections -fPIC -m64 -Wall -c -O0 -ffunction-sections -fdata-sections -fPIC -m64 -Wall -D_GNU_SOURCE -D_REENTRANT -Iinclude -Iinclude -DJEMALLOC_NO_PRIVATE_NAMESPACE -o src/edata_cache.sym.o src/edata_cache.c
[INFO] [stderr]   cc -std=gnu11 -Wall -Wextra -Wsign-compare -Wundef -Wno-format-zero-length -Wpointer-arith -Wno-missing-braces -Wno-missing-field-initializers -Wno-missing-attributes -pipe -g3 -fvisibility=hidden -Wimplicit-fallthrough -O3 -funroll-loops -O0 -ffunction-sections -fdata-sections -fPIC -m64 -Wall -c -O0 -ffunction-sections -fdata-sections -fPIC -m64 -Wall -D_GNU_SOURCE -D_REENTRANT -Iinclude -Iinclude -DJEMALLOC_NO_PRIVATE_NAMESPACE -o src/ehooks.sym.o src/ehooks.c
[INFO] [stderr]   cc -std=gnu11 -Wall -Wextra -Wsign-compare -Wundef -Wno-format-zero-length -Wpointer-arith -Wno-missing-braces -Wno-missing-field-initializers -Wno-missing-attributes -pipe -g3 -fvisibility=hidden -Wimplicit-fallthrough -O3 -funroll-loops -O0 -ffunction-sections -fdata-sections -fPIC -m64 -Wall -c -O0 -ffunction-sections -fdata-sections -fPIC -m64 -Wall -D_GNU_SOURCE -D_REENTRANT -Iinclude -Iinclude -DJEMALLOC_NO_PRIVATE_NAMESPACE -o src/emap.sym.o src/emap.c
[INFO] [stderr]   cc -std=gnu11 -Wall -Wextra -Wsign-compare -Wundef -Wno-format-zero-length -Wpointer-arith -Wno-missing-braces -Wno-missing-field-initializers -Wno-missing-attributes -pipe -g3 -fvisibility=hidden -Wimplicit-fallthrough -O3 -funroll-loops -O0 -ffunction-sections -fdata-sections -fPIC -m64 -Wall -c -O0 -ffunction-sections -fdata-sections -fPIC -m64 -Wall -D_GNU_SOURCE -D_REENTRANT -Iinclude -Iinclude -DJEMALLOC_NO_PRIVATE_NAMESPACE -o src/exp_grow.sym.o src/exp_grow.c
[INFO] [stderr]   cc -std=gnu11 -Wall -Wextra -Wsign-compare -Wundef -Wno-format-zero-length -Wpointer-arith -Wno-missing-braces -Wno-missing-field-initializers -Wno-missing-attributes -pipe -g3 -fvisibility=hidden -Wimplicit-fallthrough -O3 -funroll-loops -O0 -ffunction-sections -fdata-sections -fPIC -m64 -Wall -c -O0 -ffunction-sections -fdata-sections -fPIC -m64 -Wall -D_GNU_SOURCE -D_REENTRANT -Iinclude -Iinclude -DJEMALLOC_NO_PRIVATE_NAMESPACE -o src/eset.sym.o src/eset.c
[INFO] [stderr]   cc -std=gnu11 -Wall -Wextra -Wsign-compare -Wundef -Wno-format-zero-length -Wpointer-arith -Wno-missing-braces -Wno-missing-field-initializers -Wno-missing-attributes -pipe -g3 -fvisibility=hidden -Wimplicit-fallthrough -O3 -funroll-loops -O0 -ffunction-sections -fdata-sections -fPIC -m64 -Wall -c -O0 -ffunction-sections -fdata-sections -fPIC -m64 -Wall -D_GNU_SOURCE -D_REENTRANT -Iinclude -Iinclude -DJEMALLOC_NO_PRIVATE_NAMESPACE -o src/extent.sym.o src/extent.c
[INFO] [stderr]   cc -std=gnu11 -Wall -Wextra -Wsign-compare -Wundef -Wno-format-zero-length -Wpointer-arith -Wno-missing-braces -Wno-missing-field-initializers -Wno-missing-attributes -pipe -g3 -fvisibility=hidden -Wimplicit-fallthrough -O3 -funroll-loops -O0 -ffunction-sections -fdata-sections -fPIC -m64 -Wall -c -O0 -ffunction-sections -fdata-sections -fPIC -m64 -Wall -D_GNU_SOURCE -D_REENTRANT -Iinclude -Iinclude -DJEMALLOC_NO_PRIVATE_NAMESPACE -o src/extent_dss.sym.o src/extent_dss.c
[INFO] [stderr]   cc -std=gnu11 -Wall -Wextra -Wsign-compare -Wundef -Wno-format-zero-length -Wpointer-arith -Wno-missing-braces -Wno-missing-field-initializers -Wno-missing-attributes -pipe -g3 -fvisibility=hidden -Wimplicit-fallthrough -O3 -funroll-loops -O0 -ffunction-sections -fdata-sections -fPIC -m64 -Wall -c -O0 -ffunction-sections -fdata-sections -fPIC -m64 -Wall -D_GNU_SOURCE -D_REENTRANT -Iinclude -Iinclude -DJEMALLOC_NO_PRIVATE_NAMESPACE -o src/extent_mmap.sym.o src/extent_mmap.c
[INFO] [stderr]   cc -std=gnu11 -Wall -Wextra -Wsign-compare -Wundef -Wno-format-zero-length -Wpointer-arith -Wno-missing-braces -Wno-missing-field-initializers -Wno-missing-attributes -pipe -g3 -fvisibility=hidden -Wimplicit-fallthrough -O3 -funroll-loops -O0 -ffunction-sections -fdata-sections -fPIC -m64 -Wall -c -O0 -ffunction-sections -fdata-sections -fPIC -m64 -Wall -D_GNU_SOURCE -D_REENTRANT -Iinclude -Iinclude -DJEMALLOC_NO_PRIVATE_NAMESPACE -o src/fxp.sym.o src/fxp.c
[INFO] [stderr]   cc -std=gnu11 -Wall -Wextra -Wsign-compare -Wundef -Wno-format-zero-length -Wpointer-arith -Wno-missing-braces -Wno-missing-field-initializers -Wno-missing-attributes -pipe -g3 -fvisibility=hidden -Wimplicit-fallthrough -O3 -funroll-loops -O0 -ffunction-sections -fdata-sections -fPIC -m64 -Wall -c -O0 -ffunction-sections -fdata-sections -fPIC -m64 -Wall -D_GNU_SOURCE -D_REENTRANT -Iinclude -Iinclude -DJEMALLOC_NO_PRIVATE_NAMESPACE -o src/san.sym.o src/san.c
[INFO] [stderr]   cc -std=gnu11 -Wall -Wextra -Wsign-compare -Wundef -Wno-format-zero-length -Wpointer-arith -Wno-missing-braces -Wno-missing-field-initializers -Wno-missing-attributes -pipe -g3 -fvisibility=hidden -Wimplicit-fallthrough -O3 -funroll-loops -O0 -ffunction-sections -fdata-sections -fPIC -m64 -Wall -c -O0 -ffunction-sections -fdata-sections -fPIC -m64 -Wall -D_GNU_SOURCE -D_REENTRANT -Iinclude -Iinclude -DJEMALLOC_NO_PRIVATE_NAMESPACE -o src/san_bump.sym.o src/san_bump.c
[INFO] [stderr]   cc -std=gnu11 -Wall -Wextra -Wsign-compare -Wundef -Wno-format-zero-length -Wpointer-arith -Wno-missing-braces -Wno-missing-field-initializers -Wno-missing-attributes -pipe -g3 -fvisibility=hidden -Wimplicit-fallthrough -O3 -funroll-loops -O0 -ffunction-sections -fdata-sections -fPIC -m64 -Wall -c -O0 -ffunction-sections -fdata-sections -fPIC -m64 -Wall -D_GNU_SOURCE -D_REENTRANT -Iinclude -Iinclude -DJEMALLOC_NO_PRIVATE_NAMESPACE -o src/hook.sym.o src/hook.c
[INFO] [stderr]   cc -std=gnu11 -Wall -Wextra -Wsign-compare -Wundef -Wno-format-zero-length -Wpointer-arith -Wno-missing-braces -Wno-missing-field-initializers -Wno-missing-attributes -pipe -g3 -fvisibility=hidden -Wimplicit-fallthrough -O3 -funroll-loops -O0 -ffunction-sections -fdata-sections -fPIC -m64 -Wall -c -O0 -ffunction-sections -fdata-sections -fPIC -m64 -Wall -D_GNU_SOURCE -D_REENTRANT -Iinclude -Iinclude -DJEMALLOC_NO_PRIVATE_NAMESPACE -o src/hpa.sym.o src/hpa.c
[INFO] [stderr]   cc -std=gnu11 -Wall -Wextra -Wsign-compare -Wundef -Wno-format-zero-length -Wpointer-arith -Wno-missing-braces -Wno-missing-field-initializers -Wno-missing-attributes -pipe -g3 -fvisibility=hidden -Wimplicit-fallthrough -O3 -funroll-loops -O0 -ffunction-sections -fdata-sections -fPIC -m64 -Wall -c -O0 -ffunction-sections -fdata-sections -fPIC -m64 -Wall -D_GNU_SOURCE -D_REENTRANT -Iinclude -Iinclude -DJEMALLOC_NO_PRIVATE_NAMESPACE -o src/hpa_hooks.sym.o src/hpa_hooks.c
[INFO] [stderr]   cc -std=gnu11 -Wall -Wextra -Wsign-compare -Wundef -Wno-format-zero-length -Wpointer-arith -Wno-missing-braces -Wno-missing-field-initializers -Wno-missing-attributes -pipe -g3 -fvisibility=hidden -Wimplicit-fallthrough -O3 -funroll-loops -O0 -ffunction-sections -fdata-sections -fPIC -m64 -Wall -c -O0 -ffunction-sections -fdata-sections -fPIC -m64 -Wall -D_GNU_SOURCE -D_REENTRANT -Iinclude -Iinclude -DJEMALLOC_NO_PRIVATE_NAMESPACE -o src/hpdata.sym.o src/hpdata.c
[INFO] [stderr]   cc -std=gnu11 -Wall -Wextra -Wsign-compare -Wundef -Wno-format-zero-length -Wpointer-arith -Wno-missing-braces -Wno-missing-field-initializers -Wno-missing-attributes -pipe -g3 -fvisibility=hidden -Wimplicit-fallthrough -O3 -funroll-loops -O0 -ffunction-sections -fdata-sections -fPIC -m64 -Wall -c -O0 -ffunction-sections -fdata-sections -fPIC -m64 -Wall -D_GNU_SOURCE -D_REENTRANT -Iinclude -Iinclude -DJEMALLOC_NO_PRIVATE_NAMESPACE -o src/inspect.sym.o src/inspect.c
[INFO] [stderr]   cc -std=gnu11 -Wall -Wextra -Wsign-compare -Wundef -Wno-format-zero-length -Wpointer-arith -Wno-missing-braces -Wno-missing-field-initializers -Wno-missing-attributes -pipe -g3 -fvisibility=hidden -Wimplicit-fallthrough -O3 -funroll-loops -O0 -ffunction-sections -fdata-sections -fPIC -m64 -Wall -c -O0 -ffunction-sections -fdata-sections -fPIC -m64 -Wall -D_GNU_SOURCE -D_REENTRANT -Iinclude -Iinclude -DJEMALLOC_NO_PRIVATE_NAMESPACE -o src/large.sym.o src/large.c
[INFO] [stderr]   cc -std=gnu11 -Wall -Wextra -Wsign-compare -Wundef -Wno-format-zero-length -Wpointer-arith -Wno-missing-braces -Wno-missing-field-initializers -Wno-missing-attributes -pipe -g3 -fvisibility=hidden -Wimplicit-fallthrough -O3 -funroll-loops -O0 -ffunction-sections -fdata-sections -fPIC -m64 -Wall -c -O0 -ffunction-sections -fdata-sections -fPIC -m64 -Wall -D_GNU_SOURCE -D_REENTRANT -Iinclude -Iinclude -DJEMALLOC_NO_PRIVATE_NAMESPACE -o src/log.sym.o src/log.c
[INFO] [stderr]   cc -std=gnu11 -Wall -Wextra -Wsign-compare -Wundef -Wno-format-zero-length -Wpointer-arith -Wno-missing-braces -Wno-missing-field-initializers -Wno-missing-attributes -pipe -g3 -fvisibility=hidden -Wimplicit-fallthrough -O3 -funroll-loops -O0 -ffunction-sections -fdata-sections -fPIC -m64 -Wall -c -O0 -ffunction-sections -fdata-sections -fPIC -m64 -Wall -D_GNU_SOURCE -D_REENTRANT -Iinclude -Iinclude -DJEMALLOC_NO_PRIVATE_NAMESPACE -o src/malloc_io.sym.o src/malloc_io.c
[INFO] [stderr]   cc -std=gnu11 -Wall -Wextra -Wsign-compare -Wundef -Wno-format-zero-length -Wpointer-arith -Wno-missing-braces -Wno-missing-field-initializers -Wno-missing-attributes -pipe -g3 -fvisibility=hidden -Wimplicit-fallthrough -O3 -funroll-loops -O0 -ffunction-sections -fdata-sections -fPIC -m64 -Wall -c -O0 -ffunction-sections -fdata-sections -fPIC -m64 -Wall -D_GNU_SOURCE -D_REENTRANT -Iinclude -Iinclude -DJEMALLOC_NO_PRIVATE_NAMESPACE -o src/mutex.sym.o src/mutex.c
[INFO] [stderr]   cc -std=gnu11 -Wall -Wextra -Wsign-compare -Wundef -Wno-format-zero-length -Wpointer-arith -Wno-missing-braces -Wno-missing-field-initializers -Wno-missing-attributes -pipe -g3 -fvisibility=hidden -Wimplicit-fallthrough -O3 -funroll-loops -O0 -ffunction-sections -fdata-sections -fPIC -m64 -Wall -c -O0 -ffunction-sections -fdata-sections -fPIC -m64 -Wall -D_GNU_SOURCE -D_REENTRANT -Iinclude -Iinclude -DJEMALLOC_NO_PRIVATE_NAMESPACE -o src/nstime.sym.o src/nstime.c
[INFO] [stderr]   cc -std=gnu11 -Wall -Wextra -Wsign-compare -Wundef -Wno-format-zero-length -Wpointer-arith -Wno-missing-braces -Wno-missing-field-initializers -Wno-missing-attributes -pipe -g3 -fvisibility=hidden -Wimplicit-fallthrough -O3 -funroll-loops -O0 -ffunction-sections -fdata-sections -fPIC -m64 -Wall -c -O0 -ffunction-sections -fdata-sections -fPIC -m64 -Wall -D_GNU_SOURCE -D_REENTRANT -Iinclude -Iinclude -DJEMALLOC_NO_PRIVATE_NAMESPACE -o src/pa.sym.o src/pa.c
[INFO] [stderr]   cc -std=gnu11 -Wall -Wextra -Wsign-compare -Wundef -Wno-format-zero-length -Wpointer-arith -Wno-missing-braces -Wno-missing-field-initializers -Wno-missing-attributes -pipe -g3 -fvisibility=hidden -Wimplicit-fallthrough -O3 -funroll-loops -O0 -ffunction-sections -fdata-sections -fPIC -m64 -Wall -c -O0 -ffunction-sections -fdata-sections -fPIC -m64 -Wall -D_GNU_SOURCE -D_REENTRANT -Iinclude -Iinclude -DJEMALLOC_NO_PRIVATE_NAMESPACE -o src/pa_extra.sym.o src/pa_extra.c
[INFO] [stderr]   cc -std=gnu11 -Wall -Wextra -Wsign-compare -Wundef -Wno-format-zero-length -Wpointer-arith -Wno-missing-braces -Wno-missing-field-initializers -Wno-missing-attributes -pipe -g3 -fvisibility=hidden -Wimplicit-fallthrough -O3 -funroll-loops -O0 -ffunction-sections -fdata-sections -fPIC -m64 -Wall -c -O0 -ffunction-sections -fdata-sections -fPIC -m64 -Wall -D_GNU_SOURCE -D_REENTRANT -Iinclude -Iinclude -DJEMALLOC_NO_PRIVATE_NAMESPACE -o src/pai.sym.o src/pai.c
[INFO] [stderr] 
[INFO] [stderr]   --- stderr
[INFO] [stderr]   Assembler messages:
[INFO] [stderr]   {standard input}:38471: Warning: end of file in string; '"' inserted
[INFO] [stderr]   cc: fatal error: Killed signal terminated program cc1
[INFO] [stderr]   compilation terminated.
[INFO] [stderr]   make: *** [Makefile:479: src/jemalloc.sym.o] Error 1
[INFO] [stderr]   make: *** Waiting for unfinished jobs....
[INFO] [stderr] 
[INFO] [stderr]   thread 'main' (5708) panicked at /opt/rustwide/cargo-home/registry/src/index.crates.io-1949cf8c6b5b557f/tikv-jemalloc-sys-0.6.1+5.3.0-1-ge13ca993e8ccb9ba9847cc330696e02839f328f7/build.rs:411:9:
[INFO] [stderr]   command did not execute successfully: cd "/opt/rustwide/target/debug/build/tikv-jemalloc-sys/1a8c10123f8130a1/out/build" && MAKEFLAGS="-j --jobserver-fds=4,5 --jobserver-auth=4,5" "make"
[INFO] [stderr]   expected success, got: exit status: 2
[INFO] [stderr]   stack backtrace:
[INFO] [stderr]      0:     0x5a1ebafb8681 - <<std[3164a59e47d3bde]::sys::backtrace::BacktraceLock>::print::DisplayBacktrace as core[934024a1e6126fb4]::fmt::Display>::fmt
[INFO] [stderr]      1:     0x5a1ebafce32a - core[934024a1e6126fb4]::fmt::write
[INFO] [stderr]      2:     0x5a1ebafbedac - <std[3164a59e47d3bde]::sys::stdio::unix::Stderr as core[934024a1e6126fb4]::io::write::Write>::write_fmt
[INFO] [stderr]      3:     0x5a1ebaf91706 - std[3164a59e47d3bde]::panicking::default_hook::{closure#0}
[INFO] [stderr]      4:     0x5a1ebafaf5f1 - std[3164a59e47d3bde]::panicking::default_hook
[INFO] [stderr]      5:     0x5a1ebafaf7ab - std[3164a59e47d3bde]::panicking::panic_with_hook
[INFO] [stderr]      6:     0x5a1ebaf917b2 - std[3164a59e47d3bde]::panicking::panic_handler::{closure#0}
[INFO] [stderr]      7:     0x5a1ebaf8a299 - std[3164a59e47d3bde]::sys::backtrace::__rust_end_short_backtrace::<std[3164a59e47d3bde]::panicking::panic_handler::{closure#0}, !>
[INFO] [stderr]      8:     0x5a1ebaf9249d - __rustc[2e7b49d4226056d3]::rust_begin_unwind
[INFO] [stderr]      9:     0x5a1ebafcea9c - core[934024a1e6126fb4]::panicking::panic_fmt
[INFO] [stderr]     10:     0x5a1ebaeefd0f - build_script_build[390bd11fa6a535e4]::execute::<build_script_build[390bd11fa6a535e4]::run::{closure#0}>
[INFO] [stderr]     11:     0x5a1ebaef38ce - build_script_build[390bd11fa6a535e4]::run
[INFO] [stderr]     12:     0x5a1ebaef6fef - build_script_build[390bd11fa6a535e4]::main
[INFO] [stderr]     13:     0x5a1ebaef9763 - <fn() as core[934024a1e6126fb4]::ops::function::FnOnce<()>>::call_once
[INFO] [stderr]     14:     0x5a1ebaef1e8e - std[3164a59e47d3bde]::sys::backtrace::__rust_begin_short_backtrace::<fn(), ()>
[INFO] [stderr]     15:     0x5a1ebaef2459 - std[3164a59e47d3bde]::rt::lang_start::<()>::{closure#0}
[INFO] [stderr]     16:     0x5a1ebafae8f8 - std[3164a59e47d3bde]::rt::lang_start_internal
[INFO] [stderr]     17:     0x5a1ebaef1e81 - std[3164a59e47d3bde]::rt::lang_start::<()>
[INFO] [stderr]     18:     0x5a1ebaef97d5 - main
[INFO] [stderr]     19:     0x7b1af4bd7601 - <unknown>
[INFO] [stderr]     20:     0x7b1af4bd7718 - __libc_start_main
[INFO] [stderr]     21:     0x5a1ebaeeee15 - _start
[INFO] [stderr]     22:                0x0 - <unknown>
[INFO] running `Command { std: "docker" "inspect" "2f4c738cf81f4ee4da64c55fc698b909fa473d915a6599b7578ef784ae1b9665", kill_on_drop: false }`
[INFO] running `Command { std: "docker" "rm" "-f" "2f4c738cf81f4ee4da64c55fc698b909fa473d915a6599b7578ef784ae1b9665", kill_on_drop: false }`
[INFO] [stdout] 2f4c738cf81f4ee4da64c55fc698b909fa473d915a6599b7578ef784ae1b9665
