[INFO] cloning repository https://github.com/nabob-labs/dexlin
[INFO] running `Command { std: "git" "-c" "credential.helper=" "-c" "credential.helper=/workspace/cargo-home/bin/git-credential-null" "clone" "--bare" "https://github.com/nabob-labs/dexlin" "/workspace/cache/git-repos/https%3A%2F%2Fgithub.com%2Fnabob-labs%2Fdexlin", kill_on_drop: false }`
[INFO] [stderr] Cloning into bare repository '/workspace/cache/git-repos/https%3A%2F%2Fgithub.com%2Fnabob-labs%2Fdexlin'...
[INFO] running `Command { std: "git" "rev-parse" "HEAD", kill_on_drop: false }`
[INFO] [stdout] 34507e31ee22d04981deb453a4fa1144d91c445a
[INFO] checking nabob-labs/dexlin against 3154cc1a3e6424e44f438a95007d043ed5ceaaf6+rustflags=-Znext-solver=coherence for pr-133502-30
[INFO] running `Command { std: "git" "clone" "/workspace/cache/git-repos/https%3A%2F%2Fgithub.com%2Fnabob-labs%2Fdexlin" "/workspace/builds/worker-0-tc1/source", kill_on_drop: false }`
[INFO] [stderr] Cloning into '/workspace/builds/worker-0-tc1/source'...
[INFO] [stderr] done.
[INFO] removed /workspace/builds/worker-0-tc1/source/rust-toolchain.toml
[INFO] started tweaking git repo https://github.com/nabob-labs/dexlin
[INFO] finished tweaking git repo https://github.com/nabob-labs/dexlin
[INFO] tweaked toml for git repo https://github.com/nabob-labs/dexlin written to /workspace/builds/worker-0-tc1/source/Cargo.toml
[INFO] validating manifest of git repo https://github.com/nabob-labs/dexlin on toolchain 3154cc1a3e6424e44f438a95007d043ed5ceaaf6
[INFO] running `Command { std: CARGO_HOME="/workspace/cargo-home" RUSTUP_HOME="/workspace/rustup-home" "/workspace/cargo-home/bin/cargo" "+3154cc1a3e6424e44f438a95007d043ed5ceaaf6" "metadata" "--manifest-path" "Cargo.toml" "--no-deps", kill_on_drop: false }`
[INFO] crate git repo https://github.com/nabob-labs/dexlin already has a lockfile, it will not be regenerated
[INFO] running `Command { std: CARGO_HOME="/workspace/cargo-home" RUSTUP_HOME="/workspace/rustup-home" "/workspace/cargo-home/bin/cargo" "+3154cc1a3e6424e44f438a95007d043ed5ceaaf6" "fetch" "--manifest-path" "Cargo.toml", kill_on_drop: false }`
[INFO] [stderr] warning: unused workspace dependency `async-trait`
[INFO] [stderr]   --> Cargo.toml:13:1
[INFO] [stderr]    |
[INFO] [stderr] 13 | async-trait = "0.1.80"
[INFO] [stderr]    | ^^^^^^^^^^^
[INFO] [stderr]    |
[INFO] [stderr]    = note: `cargo::unused_workspace_dependencies` is set to `warn` by default
[INFO] [stderr] help: consider removing the workspace dependency `async-trait`
[INFO] [stderr] warning: unused workspace dependency `tracing-subscriber`
[INFO] [stderr]   --> Cargo.toml:30:25
[INFO] [stderr]    |
[INFO] [stderr] 30 | [workspace.dependencies.tracing-subscriber]
[INFO] [stderr]    |                         ^^^^^^^^^^^^^^^^^^
[INFO] [stderr]    |
[INFO] [stderr] help: consider removing the workspace dependency `tracing-subscriber`
[INFO] [stderr] warning: workspace (manifest) generated 2 warnings
[INFO] [stderr]     Updating crates.io index
[INFO] [stderr]  Downloading crates ...
[INFO] [stderr]   Downloaded thousands v0.2.0
[INFO] [stderr]   Downloaded dhat v0.3.3
[INFO] [stderr]   Downloaded mintex v0.1.4
[INFO] [stderr]   Downloaded iai v0.1.1
[INFO] [stderr]   Downloaded envy v0.4.2
[INFO] [stderr]   Downloaded h2 v0.4.18
[INFO] [stderr]   Downloaded stability v0.2.1
[INFO] [stderr]   Downloaded crossterm v0.27.0
[INFO] [stderr]   Downloaded compact_str v0.7.1
[INFO] [stderr]   Downloaded ratatui v0.26.3
[INFO] [stderr]   Downloaded rand v0.9.3
[INFO] [stderr]   Downloaded statrs v0.16.1
[INFO] [stderr]   Downloaded simba v0.6.0
[INFO] [stderr]   Downloaded nalgebra v0.29.0
[INFO] [stderr]   Downloaded nalgebra-macros v0.1.0
[INFO] [stderr]   Downloaded matrixmultiply v0.3.10
[INFO] [stderr]   Downloaded schemars_derive v1.2.1
[INFO] [stderr]   Downloaded referencing v0.33.0
[INFO] [stderr]   Downloaded jsonschema v0.33.0
[INFO] [stderr]   Downloaded stacker v0.1.23
[INFO] [stderr]   Downloaded rust_decimal_macros v1.40.0
[INFO] [stderr]   Downloaded rust_decimal v1.41.0
[INFO] [stderr]   Downloaded psm v0.1.30
[INFO] [stderr]   Downloaded chumsky v0.9.3
[INFO] [stderr]   Downloaded ethers-signers v2.0.14
[INFO] [stderr]   Downloaded ethers-core v2.0.14
[INFO] [stderr]   Downloaded open-fastrlp v0.1.4
[INFO] [stderr]   Downloaded rlp-derive v0.1.0
[INFO] [stderr]   Downloaded scale-info-derive v2.11.6
[INFO] [stderr]   Downloaded open-fastrlp-derive v0.1.1
[INFO] [stderr]   Downloaded scale-info v2.11.6
[INFO] [stderr]   Downloaded const_format v0.2.35
[INFO] [stderr]   Downloaded ethabi v18.0.0
[INFO] [stderr]   Downloaded sqlx-sqlite v0.7.4
[INFO] [stderr]   Downloaded coins-bip32 v0.8.7
[INFO] [stderr]   Downloaded unicode_categories v0.1.1
[INFO] [stderr]   Downloaded coins-bip39 v0.8.7
[INFO] [stderr]   Downloaded coins-core v0.8.7
[INFO] [stderr]   Downloaded sqlx-core v0.7.4
[INFO] [stderr]   Downloaded sqlformat v0.2.6
[INFO] [stderr]   Downloaded sqlx-postgres v0.7.4
[INFO] [stderr]   Downloaded arc-swap v1.9.0
[INFO] [stderr]   Downloaded metrics-exporter-prometheus v0.15.3
[INFO] [stderr]   Downloaded redis v0.26.1
[INFO] [stderr]   Downloaded metrics-util v0.17.0
[INFO] [stderr]   Downloaded sketches-ddsketch v0.2.2
[INFO] [stderr]   Downloaded metrics v0.23.1
[INFO] [stderr]   Downloaded json-writer v0.4.0
[INFO] [stderr]   Downloaded databento v0.59.0
[INFO] [stderr]   Downloaded dbn-macros v0.67.0
[INFO] [stderr]   Downloaded dbn v0.67.0
[INFO] [stderr]   Downloaded libsqlite3-sys v0.27.0
[INFO] running `Command { std: "docker" "create" "-v" "/var/lib/crater-agent-workspace/builds/worker-0-tc1/source:/opt/rustwide/workdir:ro,Z" "-v" "/var/lib/crater-agent-workspace/builds/worker-0-tc1/target:/opt/rustwide/target:rw,Z" "-v" "/var/lib/crater-agent-workspace/cargo-home:/opt/rustwide/cargo-home:ro,Z" "-v" "/var/lib/crater-agent-workspace/rustup-home:/opt/rustwide/rustup-home:ro,Z" "-m" "1610612736" "--network" "none" "ghcr.io/rust-lang/crates-build-env/linux@sha256:77db811e55d90add9212f6832c23229e3de5f1c1f9905e8cb07319ea15df73ac" "sleep" "infinity", kill_on_drop: false }`
[INFO] [stdout] 3fdcab5d31a425ca85af4b3fb8be71ecd2fe872fb10471a891a2711b37f13d2d
[INFO] running `Command { std: "docker" "start" "3fdcab5d31a425ca85af4b3fb8be71ecd2fe872fb10471a891a2711b37f13d2d", kill_on_drop: false }`
[INFO] running `Command { std: "docker" "inspect" "3fdcab5d31a425ca85af4b3fb8be71ecd2fe872fb10471a891a2711b37f13d2d", kill_on_drop: false }`
[INFO] running `Command { std: "docker" "exec" "-e" "SOURCE_DIR=/opt/rustwide/workdir" "-e" "CARGO_HOME=/opt/rustwide/cargo-home" "-e" "RUSTUP_HOME=/opt/rustwide/rustup-home" "-e" "CARGO_TARGET_DIR=/opt/rustwide/target" "-w" "/opt/rustwide/workdir" "--user" "0:0" "3fdcab5d31a425ca85af4b3fb8be71ecd2fe872fb10471a891a2711b37f13d2d" "/opt/rustwide/cargo-home/bin/cargo" "+3154cc1a3e6424e44f438a95007d043ed5ceaaf6" "metadata" "--no-deps" "--format-version=1", kill_on_drop: false }`
[INFO] running `Command { std: "docker" "inspect" "3fdcab5d31a425ca85af4b3fb8be71ecd2fe872fb10471a891a2711b37f13d2d", kill_on_drop: false }`
[INFO] running `Command { std: "docker" "exec" "-e" "SOURCE_DIR=/opt/rustwide/workdir" "-e" "CARGO_HOME=/opt/rustwide/cargo-home" "-e" "RUSTUP_HOME=/opt/rustwide/rustup-home" "-e" "CARGO_TARGET_DIR=/opt/rustwide/target" "-e" "CARGO_INCREMENTAL=0" "-e" "RUST_BACKTRACE=full" "-e" "RUSTFLAGS=--cap-lints=forbid -Znext-solver=coherence" "-e" "RUSTDOCFLAGS=--cap-lints=forbid" "-w" "/opt/rustwide/workdir" "--user" "0:0" "3fdcab5d31a425ca85af4b3fb8be71ecd2fe872fb10471a891a2711b37f13d2d" "/opt/rustwide/cargo-home/bin/cargo" "+3154cc1a3e6424e44f438a95007d043ed5ceaaf6" "check" "--frozen" "--all" "--all-targets" "--message-format=json", kill_on_drop: false }`
[INFO] [stderr] warning: unused workspace dependency `async-trait`
[INFO] [stderr]   --> Cargo.toml:13:1
[INFO] [stderr]    |
[INFO] [stderr] 13 | async-trait = "0.1.80"
[INFO] [stderr]    | ^^^^^^^^^^^
[INFO] [stderr]    |
[INFO] [stderr]    = note: `cargo::unused_workspace_dependencies` is set to `warn` by default
[INFO] [stderr] help: consider removing the workspace dependency `async-trait`
[INFO] [stderr] warning: unused workspace dependency `tracing-subscriber`
[INFO] [stderr]   --> Cargo.toml:30:25
[INFO] [stderr]    |
[INFO] [stderr] 30 | [workspace.dependencies.tracing-subscriber]
[INFO] [stderr]    |                         ^^^^^^^^^^^^^^^^^^
[INFO] [stderr]    |
[INFO] [stderr] help: consider removing the workspace dependency `tracing-subscriber`
[INFO] [stderr] warning: workspace (manifest) generated 2 warnings
[INFO] [stderr]    Compiling libc v0.2.184
[INFO] [stderr]    Compiling syn v2.0.117
[INFO] [stderr]    Compiling num-traits v0.2.19
[INFO] [stderr]    Compiling serde_json v1.0.149
[INFO] [stderr]    Compiling zerocopy v0.8.48
[INFO] [stderr]    Compiling generic-array v0.14.7
[INFO] [stderr]     Checking castaway v0.2.4
[INFO] [stderr]     Checking hash32 v0.2.1
[INFO] [stderr]    Compiling cc v1.2.58
[INFO] [stderr]     Checking hashbrown v0.16.1
[INFO] [stderr]     Checking regex-automata v0.4.14
[INFO] [stderr]     Checking either v1.15.0
[INFO] [stderr]    Compiling syn v1.0.109
[INFO] [stderr]     Checking indexmap v2.13.0
[INFO] [stderr]    Compiling rustls v0.23.37
[INFO] [stderr]     Checking crossbeam-epoch v0.9.20
[INFO] [stderr]     Checking num-integer v0.1.46
[INFO] [stderr]    Compiling winnow v1.0.1
[INFO] [stderr]     Checking num-bigint v0.4.6
[INFO] [stderr]     Checking parking_lot_core v0.9.12
[INFO] [stderr]     Checking errno v0.3.14
[INFO] [stderr]     Checking signal-hook-registry v1.4.8
[INFO] [stderr]     Checking parking_lot v0.12.5
[INFO] [stderr]     Checking mio v1.2.0
[INFO] [stderr]     Checking socket2 v0.6.3
[INFO] [stderr]     Checking getrandom v0.2.17
[INFO] [stderr]     Checking rand_core v0.6.4
[INFO] [stderr]     Checking getrandom v0.3.4
[INFO] [stderr]    Compiling ring v0.17.14
[INFO] [stderr]     Checking getrandom v0.4.2
[INFO] [stderr]     Checking base64 v0.21.7
[INFO] [stderr]     Checking uuid v1.23.0
[INFO] [stderr]     Checking crossbeam-deque v0.8.6
[INFO] [stderr]     Checking rayon-core v1.13.0
[INFO] [stderr]     Checking rand_core v0.9.5
[INFO] [stderr]    Compiling toml_parser v1.1.2+spec-1.1.0
[INFO] [stderr]     Checking nom v7.1.3
[INFO] [stderr]     Checking num-complex v0.4.6
[INFO] [stderr]     Checking rayon v1.11.0
[INFO] [stderr]     Checking regex v1.12.3
[INFO] [stderr]    Compiling toml_edit v0.25.10+spec-1.1.0
[INFO] [stderr]    Compiling object v0.37.3
[INFO] [stderr]     Checking num-rational v0.4.2
[INFO] [stderr]    Compiling const_format_proc_macros v0.2.34
[INFO] [stderr]    Compiling proc-macro-crate v3.5.0
[INFO] [stderr]    Compiling synstructure v0.13.2
[INFO] [stderr]    Compiling parity-scale-codec v3.7.5
[INFO] [stderr]    Compiling crunchy v0.2.4
[INFO] [stderr]    Compiling ref-cast v1.0.25
[INFO] [stderr]     Checking arrayvec v0.7.6
[INFO] [stderr]     Checking const_format v0.2.35
[INFO] [stderr]     Checking rustc-hex v2.1.0
[INFO] [stderr]     Checking byte-slice-cast v1.2.3
[INFO] [stderr]     Checking bytemuck v1.25.0
[INFO] [stderr]     Checking ff v0.13.1
[INFO] [stderr]    Compiling stacker v0.1.23
[INFO] [stderr]     Checking num-iter v0.1.45
[INFO] [stderr]    Compiling matrixmultiply v0.3.10
[INFO] [stderr]     Checking borrow-or-share v0.2.4
[INFO] [stderr]     Checking base16ct v0.2.0
[INFO] [stderr]    Compiling tiny-keccak v2.0.2
[INFO] [stderr]     Checking num v0.4.3
[INFO] [stderr]     Checking safe_arch v0.7.4
[INFO] [stderr]     Checking group v0.13.0
[INFO] [stderr]    Compiling serde_derive_internals v0.29.1
[INFO] [stderr]     Checking approx v0.5.1
[INFO] [stderr]     Checking uuid-simd v0.8.0
[INFO] [stderr]    Compiling rlp-derive v0.1.0
[INFO] [stderr]    Compiling nalgebra-macros v0.1.0
[INFO] [stderr]     Checking wide v0.7.33
[INFO] [stderr]     Checking fraction v0.15.4
[INFO] [stderr]     Checking fancy-regex v0.16.2
[INFO] [stderr]     Checking uint v0.9.5
[INFO] [stderr]     Checking matchers v0.2.0
[INFO] [stderr]    Compiling radium v0.7.0
[INFO] [stderr]     Checking rustix v1.1.4
[INFO] [stderr]    Compiling serde_derive v1.0.228
[INFO] [stderr]    Compiling zeroize_derive v1.4.3
[INFO] [stderr]    Compiling tokio-macros v2.6.1
[INFO] [stderr]    Compiling tracing-attributes v0.1.31
[INFO] [stderr]    Compiling thiserror-impl v1.0.69
[INFO] [stderr]     Checking zeroize v1.8.2
[INFO] [stderr]    Compiling zerocopy-derive v0.8.48
[INFO] [stderr]    Compiling thiserror-impl v2.0.18
[INFO] [stderr]    Compiling futures-macro v0.3.32
[INFO] [stderr]     Checking crypto-common v0.1.7
[INFO] [stderr]     Checking block-buffer v0.10.4
[INFO] [stderr]     Checking digest v0.10.7
[INFO] [stderr]     Checking tracing v0.1.44
[INFO] [stderr]     Checking thiserror v1.0.69
[INFO] [stderr]    Compiling zerofrom-derive v0.1.7
[INFO] [stderr]    Compiling yoke-derive v0.8.2
[INFO] [stderr]    Compiling zerovec-derive v0.11.3
[INFO] [stderr]    Compiling displaydoc v0.2.5
[INFO] [stderr]     Checking futures-util v0.3.32
[INFO] [stderr]     Checking rustls-pki-types v1.14.0
[INFO] [stderr]     Checking thiserror v2.0.18
[INFO] [stderr]     Checking cobs v0.3.0
[INFO] [stderr]     Checking sha1 v0.10.6
[INFO] [stderr]     Checking rustls-webpki v0.103.13
[INFO] [stderr]    Compiling async-trait v0.1.89
[INFO] [stderr]     Checking webpki-roots v1.0.7
[INFO] [stderr]     Checking sha2 v0.10.9
[INFO] [stderr]     Checking hmac v0.12.1
[INFO] [stderr]    Compiling pin-project-internal v1.1.11
[INFO] [stderr]     Checking zerofrom v0.1.7
[INFO] [stderr]     Checking yoke v0.8.2
[INFO] [stderr]     Checking webpki-roots v0.26.11
[INFO] [stderr]     Checking zerovec v0.11.6
[INFO] [stderr]     Checking zerotrie v0.2.4
[INFO] [stderr]    Compiling clap_derive v4.6.0
[INFO] [stderr]    Compiling ar_archive_writer v0.5.1
[INFO] [stderr]     Checking tinystr v0.8.3
[INFO] [stderr]     Checking serde v1.0.228
[INFO] [stderr]     Checking icu_locale_core v2.2.0
[INFO] [stderr]     Checking potential_utf v0.1.5
[INFO] [stderr]     Checking icu_collections v2.2.0
[INFO] [stderr]     Checking bytes v1.11.1
[INFO] [stderr]     Checking chrono v0.4.44
[INFO] [stderr]     Checking compact_str v0.8.1
[INFO] [stderr]     Checking heapless v0.7.17
[INFO] [stderr]     Checking envy v0.4.2
[INFO] [stderr]     Checking icu_provider v2.2.0
[INFO] [stderr]     Checking serde_urlencoded v0.7.1
[INFO] [stderr]     Checking tokio v1.50.0
[INFO] [stderr]     Checking http v1.4.0
[INFO] [stderr]     Checking icu_properties v2.2.0
[INFO] [stderr]     Checking postcard v1.1.3
[INFO] [stderr]     Checking icu_normalizer v2.2.0
[INFO] [stderr]     Checking futures-executor v0.3.32
[INFO] [stderr]     Checking pin-project v1.1.11
[INFO] [stderr]     Checking clap v4.6.0
[INFO] [stderr]     Checking futures v0.3.32
[INFO] [stderr]     Checking der v0.7.10
[INFO] [stderr]    Compiling parity-scale-codec-derive v3.7.5
[INFO] [stderr]    Compiling impl-trait-for-tuples v0.2.3
[INFO] [stderr]     Checking http-body v1.0.1
[INFO] [stderr]     Checking http-body-util v0.1.3
[INFO] [stderr]    Compiling ref-cast-impl v1.0.25
[INFO] [stderr]     Checking idna_adapter v1.2.1
[INFO] [stderr]     Checking idna v1.1.0
[INFO] [stderr]    Compiling psm v0.1.30
[INFO] [stderr]    Compiling strum_macros v0.26.4
[INFO] [stderr]     Checking url v2.5.8
[INFO] [stderr]    Compiling derive_more-impl v1.0.0
[INFO] [stderr]     Checking spki v0.7.3
[INFO] [stderr]     Checking rlp v0.5.2
[INFO] [stderr]    Compiling scale-info-derive v2.11.6
[INFO] [stderr]     Checking impl-rlp v0.3.0
[INFO] [stderr]     Checking pkcs8 v0.10.2
[INFO] [stderr]     Checking ppv-lite86 v0.2.21
[INFO] [stderr]     Checking ahash v0.8.12
[INFO] [stderr]     Checking sec1 v0.7.3
[INFO] [stderr]     Checking hashbrown v0.14.5
[INFO] [stderr]     Checking rand_chacha v0.3.1
[INFO] [stderr]     Checking rand_chacha v0.9.0
[INFO] [stderr]     Checking derive_more v1.0.0
[INFO] [stderr]     Checking fluent-uri v0.3.2
[INFO] [stderr]     Checking impl-serde v0.4.0
[INFO] [stderr]     Checking rand v0.8.6
[INFO] [stderr]     Checking sha3 v0.10.8
[INFO] [stderr]     Checking rand v0.9.3
[INFO] [stderr]     Checking crypto-bigint v0.5.5
[INFO] [stderr]     Checking inout v0.1.4
[INFO] [stderr]     Checking scale-info v2.11.6
[INFO] [stderr]     Checking impl-codec v0.6.0
[INFO] [stderr]    Compiling async-stream-impl v0.3.6
[INFO] [stderr]     Checking referencing v0.33.0
[INFO] [stderr]     Checking tungstenite v0.29.0
[INFO] [stderr]     Checking fixed-hash v0.8.0
[INFO] [stderr]     Checking rand_distr v0.4.3
[INFO] [stderr]     Checking cipher v0.4.4
[INFO] [stderr]     Checking async-stream v0.3.6
[INFO] [stderr]     Checking strum v0.26.3
[INFO] [stderr]     Checking email_address v0.2.9
[INFO] [stderr]     Checking rfc6979 v0.4.0
[INFO] [stderr]     Checking signature v2.2.0
[INFO] [stderr]     Checking simba v0.6.0
[INFO] [stderr]    Compiling schemars_derive v1.2.1
[INFO] [stderr]     Checking chumsky v0.9.3
[INFO] [stderr]     Checking jsonschema v0.33.0
[INFO] [stderr]     Checking primitive-types v0.12.2
[INFO] [stderr]     Checking ethbloom v0.13.0
[INFO] [stderr]     Checking tracing-serde v0.2.0
[INFO] [stderr]     Checking tracing-subscriber v0.3.23
[INFO] [stderr]     Checking common v0.1.0 (/opt/rustwide/workdir/crates/common)
[INFO] [stderr]     Checking tokio-util v0.7.18
[INFO] [stderr]     Checking h2 v0.4.18
[INFO] [stderr]     Checking tower v0.5.3
[INFO] [stderr]     Checking tokio-rustls v0.26.4
[INFO] [stderr]     Checking tokio-retry v0.3.0
[INFO] [stderr]     Checking elliptic-curve v0.13.8
[INFO] [stderr]     Checking event_bus v0.1.0 (/opt/rustwide/workdir/crates/event_bus)
[INFO] [stderr]     Checking schemars v1.2.1
[INFO] [stderr]     Checking tokio-tungstenite v0.29.0
[INFO] [stderr]     Checking ethereum-types v0.14.1
[INFO] [stderr]     Checking tower-http v0.6.8
[INFO] [stderr]     Checking ecdsa v0.16.9
[INFO] [stderr]     Checking bs58 v0.5.1
[INFO] [stderr]     Checking ripemd v0.1.3
[INFO] [stderr]     Checking exchange-core v0.1.0 (/opt/rustwide/workdir/crates/exchange-core)
[INFO] [stderr]     Checking fastrand v2.3.0
[INFO] [stderr]     Checking k256 v0.13.4
[INFO] [stderr]     Checking unicode_categories v0.1.1
[INFO] [stderr]     Checking bech32 v0.9.1
[INFO] [stderr]     Checking tap v1.0.1
[INFO] [stderr]     Checking crc-catalog v2.4.0
[INFO] [stderr]     Checking wyz v0.5.1
[INFO] [stderr]    Compiling libsqlite3-sys v0.27.0
[INFO] [stderr]     Checking crc v3.4.0
[INFO] [stderr]     Checking sqlformat v0.2.6
[INFO] [stderr]     Checking tempfile v3.27.0
[INFO] [stderr]     Checking salsa20 v0.10.2
[INFO] [stderr]     Checking hashlink v0.8.4
[INFO] [stderr]     Checking pbkdf2 v0.11.0
[INFO] [stderr]     Checking coins-core v0.8.7
[INFO] [stderr]    Compiling auto_impl v1.3.0
[INFO] [stderr]    Compiling num_enum_derive v0.7.6
[INFO] [stderr]    Compiling open-fastrlp-derive v0.1.1
[INFO] [stderr]     Checking futures-intrusive v0.5.0
[INFO] [stderr]     Checking atoi v2.0.0
[INFO] [stderr]     Checking crossbeam-queue v0.3.12
[INFO] [stderr]     Checking raw-cpuid v11.6.0
[INFO] [stderr]     Checking funty v2.0.0
[INFO] [stderr]     Checking coins-bip32 v0.8.7
[INFO] [stderr]     Checking open-fastrlp v0.1.4
[INFO] [stderr]     Checking bitvec v1.0.1
[INFO] [stderr]     Checking num_enum v0.7.6
[INFO] [stderr]     Checking scrypt v0.10.0
[INFO] [stderr]     Checking ethabi v18.0.0
[INFO] [stderr]     Checking aes v0.8.4
[INFO] [stderr]     Checking ctr v0.9.2
[INFO] [stderr]     Checking metrics v0.23.1
[INFO] [stderr]     Checking half v2.7.1
[INFO] [stderr]     Checking uuid v0.8.2
[INFO] [stderr]     Checking pbkdf2 v0.12.2
[INFO] [stderr]     Checking nalgebra v0.29.0
[INFO] [stderr]     Checking num_cpus v1.17.0
[INFO] [stderr]     Checking const-hex v1.18.1
[INFO] [stderr]     Checking quanta v0.12.6
[INFO] [stderr]     Checking sketches-ddsketch v0.2.2
[INFO] [stderr]     Checking hyper v1.9.0
[INFO] [stderr]    Compiling rust_decimal v1.41.0
[INFO] [stderr]     Checking plotters-backend v0.3.7
[INFO] [stderr]     Checking ciborium-io v0.2.2
[INFO] [stderr]     Checking ethers-core v2.0.14
[INFO] [stderr]     Checking ciborium-ll v0.2.2
[INFO] [stderr]     Checking metrics-util v0.17.0
[INFO] [stderr]     Checking plotters-svg v0.3.7
[INFO] [stderr]     Checking eth-keystore v0.5.0
[INFO] [stderr]     Checking combine v4.6.7
[INFO] [stderr]     Checking hkdf v0.12.4
[INFO] [stderr]     Checking md-5 v0.10.6
[INFO] [stderr]     Checking socket2 v0.5.10
[INFO] [stderr]     Checking itertools v0.10.5
[INFO] [stderr]     Checking coins-bip39 v0.8.7
[INFO] [stderr]     Checking hyper-util v0.1.20
[INFO] [stderr]     Checking arc-swap v1.9.0
[INFO] [stderr]     Checking sha1_smol v1.0.1
[INFO] [stderr]     Checking cast v0.3.0
[INFO] [stderr]     Checking urlencoding v2.1.3
[INFO] [stderr]     Checking home v0.5.12
[INFO] [stderr]     Checking fixedbitset v0.4.2
[INFO] [stderr]     Checking petgraph v0.6.5
[INFO] [stderr]     Checking criterion-plot v0.5.0
[INFO] [stderr]     Checking sqlx-core v0.7.4
[INFO] [stderr]     Checking hyper-rustls v0.27.7
[INFO] [stderr]     Checking reqwest v0.12.28
[INFO] [stderr]     Checking metrics-exporter-prometheus v0.15.3
[INFO] [stderr]     Checking ingestion v0.1.0 (/opt/rustwide/workdir/crates/ingestion)
[INFO] [stderr]     Checking ai v0.1.0 (/opt/rustwide/workdir/crates/ai)
[INFO] [stderr]     Checking sqlx-postgres v0.7.4
[INFO] [stderr]     Checking ethers-signers v2.0.14
[INFO] [stderr]     Checking plotters v0.3.7
[INFO] [stdout] error[E0277]: the trait bound `!: sqlx_core::io::Decode<'_>` is not satisfied
[INFO] [stdout]   --> /opt/rustwide/cargo-home/registry/src/index.crates.io-1949cf8c6b5b557f/sqlx-postgres-0.7.4/src/connection/executor.rs:68:10
[INFO] [stdout]    |
[INFO] [stdout] 68 |         .recv_expect(MessageFormat::ParseComplete)
[INFO] [stdout]    |          ^^^^^^^^^^^ the trait `sqlx_core::io::Decode<'_>` is not implemented for `!`
[INFO] [stdout]    |
[INFO] [stdout]    = help: the following other types implement trait `sqlx_core::io::Decode<'de, Context>`:
[INFO] [stdout]              ()
[INFO] [stdout]              Authentication
[INFO] [stdout]              AuthenticationSaslContinue
[INFO] [stdout]              AuthenticationSaslFinal
[INFO] [stdout]              BackendKeyData
[INFO] [stdout]              CommandComplete
[INFO] [stdout]              CopyData<sqlx_core::bytes::Bytes>
[INFO] [stdout]              CopyDone
[INFO] [stdout]            and 10 others
[INFO] [stdout]    = note: this error might have been caused by changes to Rust's type-inference algorithm (see issue #148922 <https://github.com/rust-lang/rust/issues/148922> for more information)
[INFO] [stdout]    = help: you might have intended to use the type `()` here instead
[INFO] [stdout] note: required by a bound in `PgStream::recv_expect`
[INFO] [stdout]   --> /opt/rustwide/cargo-home/registry/src/index.crates.io-1949cf8c6b5b557f/sqlx-postgres-0.7.4/src/connection/stream.rs:68:45
[INFO] [stdout]    |
[INFO] [stdout] 41 | impl PgStream {
[INFO] [stdout] ...
[INFO] [stdout] 68 |     pub(crate) async fn recv_expect<'de, T: Decode<'de>>(
[INFO] [stdout]    |                                             ^^^^^^^^^^^ required by this bound in `PgStream::recv_expect`
[INFO] [stdout] 
[INFO] [stdout] 
[INFO] [stdout] error[E0277]: the trait bound `!: sqlx_core::io::Decode<'_>` is not satisfied
[INFO] [stdout]   --> /opt/rustwide/cargo-home/registry/src/index.crates.io-1949cf8c6b5b557f/sqlx-postgres-0.7.4/src/connection/executor.rs:69:10
[INFO] [stdout]    |
[INFO] [stdout] 69 |         .await?;
[INFO] [stdout]    |          ^^^^^ the trait `sqlx_core::io::Decode<'_>` is not implemented for `!`
[INFO] [stdout]    |
[INFO] [stdout]    = help: the following other types implement trait `sqlx_core::io::Decode<'de, Context>`:
[INFO] [stdout]              ()
[INFO] [stdout]              Authentication
[INFO] [stdout]              AuthenticationSaslContinue
[INFO] [stdout]              AuthenticationSaslFinal
[INFO] [stdout]              BackendKeyData
[INFO] [stdout]              CommandComplete
[INFO] [stdout]              CopyData<sqlx_core::bytes::Bytes>
[INFO] [stdout]              CopyDone
[INFO] [stdout]            and 10 others
[INFO] [stdout]    = note: this error might have been caused by changes to Rust's type-inference algorithm (see issue #148922 <https://github.com/rust-lang/rust/issues/148922> for more information)
[INFO] [stdout]    = help: you might have intended to use the type `()` here instead
[INFO] [stdout] note: required by a bound in `PgStream::recv_expect`
[INFO] [stdout]   --> /opt/rustwide/cargo-home/registry/src/index.crates.io-1949cf8c6b5b557f/sqlx-postgres-0.7.4/src/connection/stream.rs:68:45
[INFO] [stdout]    |
[INFO] [stdout] 41 | impl PgStream {
[INFO] [stdout] ...
[INFO] [stdout] 68 |     pub(crate) async fn recv_expect<'de, T: Decode<'de>>(
[INFO] [stdout]    |                                             ^^^^^^^^^^^ required by this bound in `PgStream::recv_expect`
[INFO] [stdout] 
[INFO] [stdout] 
[INFO] [stdout] error[E0277]: the trait bound `!: sqlx_core::io::Decode<'_>` is not satisfied
[INFO] [stdout]    --> /opt/rustwide/cargo-home/registry/src/index.crates.io-1949cf8c6b5b557f/sqlx-postgres-0.7.4/src/copy.rs:280:30
[INFO] [stdout]     |
[INFO] [stdout] 280 | ...                   .recv_expect(MessageFormat::ReadyForQuery)
[INFO] [stdout]     |                        ^^^^^^^^^^^ the trait `sqlx_core::io::Decode<'_>` is not implemented for `!`
[INFO] [stdout]     |
[INFO] [stdout]     = help: the following other types implement trait `sqlx_core::io::Decode<'de, Context>`:
[INFO] [stdout]               ()
[INFO] [stdout]               Authentication
[INFO] [stdout]               AuthenticationSaslContinue
[INFO] [stdout]               AuthenticationSaslFinal
[INFO] [stdout]               BackendKeyData
[INFO] [stdout]               CommandComplete
[INFO] [stdout]               CopyData<sqlx_core::bytes::Bytes>
[INFO] [stdout]               CopyDone
[INFO] [stdout]             and 10 others
[INFO] [stdout]     = note: this error might have been caused by changes to Rust's type-inference algorithm (see issue #148922 <https://github.com/rust-lang/rust/issues/148922> for more information)
[INFO] [stdout]     = help: you might have intended to use the type `()` here instead
[INFO] [stdout] note: required by a bound in `PgStream::recv_expect`
[INFO] [stdout]    --> /opt/rustwide/cargo-home/registry/src/index.crates.io-1949cf8c6b5b557f/sqlx-postgres-0.7.4/src/connection/stream.rs:68:45
[INFO] [stdout]     |
[INFO] [stdout]  41 | impl PgStream {
[INFO] [stdout] ...
[INFO] [stdout]  68 |     pub(crate) async fn recv_expect<'de, T: Decode<'de>>(
[INFO] [stdout]     |                                             ^^^^^^^^^^^ required by this bound in `PgStream::recv_expect`
[INFO] [stdout] 
[INFO] [stdout] 
[INFO] [stdout] error[E0277]: the trait bound `!: sqlx_core::io::Decode<'_>` is not satisfied
[INFO] [stdout]    --> /opt/rustwide/cargo-home/registry/src/index.crates.io-1949cf8c6b5b557f/sqlx-postgres-0.7.4/src/copy.rs:281:30
[INFO] [stdout]     |
[INFO] [stdout] 281 | ...                   .await?;
[INFO] [stdout]     |                        ^^^^^ the trait `sqlx_core::io::Decode<'_>` is not implemented for `!`
[INFO] [stdout]     |
[INFO] [stdout]     = help: the following other types implement trait `sqlx_core::io::Decode<'de, Context>`:
[INFO] [stdout]               ()
[INFO] [stdout]               Authentication
[INFO] [stdout]               AuthenticationSaslContinue
[INFO] [stdout]               AuthenticationSaslFinal
[INFO] [stdout]               BackendKeyData
[INFO] [stdout]               CommandComplete
[INFO] [stdout]               CopyData<sqlx_core::bytes::Bytes>
[INFO] [stdout]               CopyDone
[INFO] [stdout]             and 10 others
[INFO] [stdout]     = note: this error might have been caused by changes to Rust's type-inference algorithm (see issue #148922 <https://github.com/rust-lang/rust/issues/148922> for more information)
[INFO] [stdout]     = help: you might have intended to use the type `()` here instead
[INFO] [stdout] note: required by a bound in `PgStream::recv_expect`
[INFO] [stdout]    --> /opt/rustwide/cargo-home/registry/src/index.crates.io-1949cf8c6b5b557f/sqlx-postgres-0.7.4/src/connection/stream.rs:68:45
[INFO] [stdout]     |
[INFO] [stdout]  41 | impl PgStream {
[INFO] [stdout] ...
[INFO] [stdout]  68 |     pub(crate) async fn recv_expect<'de, T: Decode<'de>>(
[INFO] [stdout]     |                                             ^^^^^^^^^^^ required by this bound in `PgStream::recv_expect`
[INFO] [stdout] 
[INFO] [stdout] 
[INFO] [stdout] error[E0277]: the trait bound `!: sqlx_core::io::Decode<'_>` is not satisfied
[INFO] [stdout]    --> /opt/rustwide/cargo-home/registry/src/index.crates.io-1949cf8c6b5b557f/sqlx-postgres-0.7.4/src/copy.rs:314:14
[INFO] [stdout]     |
[INFO] [stdout] 314 |             .recv_expect(MessageFormat::ReadyForQuery)
[INFO] [stdout]     |              ^^^^^^^^^^^ the trait `sqlx_core::io::Decode<'_>` is not implemented for `!`
[INFO] [stdout]     |
[INFO] [stdout]     = help: the following other types implement trait `sqlx_core::io::Decode<'de, Context>`:
[INFO] [stdout]               ()
[INFO] [stdout]               Authentication
[INFO] [stdout]               AuthenticationSaslContinue
[INFO] [stdout]               AuthenticationSaslFinal
[INFO] [stdout]               BackendKeyData
[INFO] [stdout]               CommandComplete
[INFO] [stdout]               CopyData<sqlx_core::bytes::Bytes>
[INFO] [stdout]               CopyDone
[INFO] [stdout]             and 10 others
[INFO] [stdout]     = note: this error might have been caused by changes to Rust's type-inference algorithm (see issue #148922 <https://github.com/rust-lang/rust/issues/148922> for more information)
[INFO] [stdout]     = help: you might have intended to use the type `()` here instead
[INFO] [stdout] note: required by a bound in `PgStream::recv_expect`
[INFO] [stdout]    --> /opt/rustwide/cargo-home/registry/src/index.crates.io-1949cf8c6b5b557f/sqlx-postgres-0.7.4/src/connection/stream.rs:68:45
[INFO] [stdout]     |
[INFO] [stdout]  41 | impl PgStream {
[INFO] [stdout] ...
[INFO] [stdout]  68 |     pub(crate) async fn recv_expect<'de, T: Decode<'de>>(
[INFO] [stdout]     |                                             ^^^^^^^^^^^ required by this bound in `PgStream::recv_expect`
[INFO] [stdout] 
[INFO] [stdout] 
[INFO] [stdout] error[E0277]: the trait bound `!: sqlx_core::io::Decode<'_>` is not satisfied
[INFO] [stdout]    --> /opt/rustwide/cargo-home/registry/src/index.crates.io-1949cf8c6b5b557f/sqlx-postgres-0.7.4/src/copy.rs:315:14
[INFO] [stdout]     |
[INFO] [stdout] 315 |             .await?;
[INFO] [stdout]     |              ^^^^^ the trait `sqlx_core::io::Decode<'_>` is not implemented for `!`
[INFO] [stdout]     |
[INFO] [stdout]     = help: the following other types implement trait `sqlx_core::io::Decode<'de, Context>`:
[INFO] [stdout]               ()
[INFO] [stdout]               Authentication
[INFO] [stdout]               AuthenticationSaslContinue
[INFO] [stdout]               AuthenticationSaslFinal
[INFO] [stdout]               BackendKeyData
[INFO] [stdout]               CommandComplete
[INFO] [stdout]               CopyData<sqlx_core::bytes::Bytes>
[INFO] [stdout]               CopyDone
[INFO] [stdout]             and 10 others
[INFO] [stdout]     = note: this error might have been caused by changes to Rust's type-inference algorithm (see issue #148922 <https://github.com/rust-lang/rust/issues/148922> for more information)
[INFO] [stdout]     = help: you might have intended to use the type `()` here instead
[INFO] [stdout] note: required by a bound in `PgStream::recv_expect`
[INFO] [stdout]    --> /opt/rustwide/cargo-home/registry/src/index.crates.io-1949cf8c6b5b557f/sqlx-postgres-0.7.4/src/connection/stream.rs:68:45
[INFO] [stdout]     |
[INFO] [stdout]  41 | impl PgStream {
[INFO] [stdout] ...
[INFO] [stdout]  68 |     pub(crate) async fn recv_expect<'de, T: Decode<'de>>(
[INFO] [stdout]     |                                             ^^^^^^^^^^^ required by this bound in `PgStream::recv_expect`
[INFO] [stdout] 
[INFO] [stdout] 
[INFO] [stdout] error[E0277]: the trait bound `!: sqlx_core::io::Decode<'_>` is not satisfied
[INFO] [stdout]    --> /opt/rustwide/cargo-home/registry/src/index.crates.io-1949cf8c6b5b557f/sqlx-postgres-0.7.4/src/copy.rs:350:33
[INFO] [stdout]     |
[INFO] [stdout] 350 |                     conn.stream.recv_expect(MessageFormat::CommandComplete).await?;
[INFO] [stdout]     |                                 ^^^^^^^^^^^ the trait `sqlx_core::io::Decode<'_>` is not implemented for `!`
[INFO] [stdout]     |
[INFO] [stdout]     = help: the following other types implement trait `sqlx_core::io::Decode<'de, Context>`:
[INFO] [stdout]               ()
[INFO] [stdout]               Authentication
[INFO] [stdout]               AuthenticationSaslContinue
[INFO] [stdout]               AuthenticationSaslFinal
[INFO] [stdout]               BackendKeyData
[INFO] [stdout]               CommandComplete
[INFO] [stdout]               CopyData<sqlx_core::bytes::Bytes>
[INFO] [stdout]               CopyDone
[INFO] [stdout]             and 10 others
[INFO] [stdout]     = note: this error might have been caused by changes to Rust's type-inference algorithm (see issue #148922 <https://github.com/rust-lang/rust/issues/148922> for more information)
[INFO] [stdout]     = help: you might have intended to use the type `()` here instead
[INFO] [stdout] note: required by a bound in `PgStream::recv_expect`
[INFO] [stdout]    --> /opt/rustwide/cargo-home/registry/src/index.crates.io-1949cf8c6b5b557f/sqlx-postgres-0.7.4/src/connection/stream.rs:68:45
[INFO] [stdout]     |
[INFO] [stdout]  41 | impl PgStream {
[INFO] [stdout] ...
[INFO] [stdout]  68 |     pub(crate) async fn recv_expect<'de, T: Decode<'de>>(
[INFO] [stdout]     |                                             ^^^^^^^^^^^ required by this bound in `PgStream::recv_expect`
[INFO] [stdout] 
[INFO] [stdout] 
[INFO] [stdout] error[E0277]: the trait bound `!: sqlx_core::io::Decode<'_>` is not satisfied
[INFO] [stdout]    --> /opt/rustwide/cargo-home/registry/src/index.crates.io-1949cf8c6b5b557f/sqlx-postgres-0.7.4/src/copy.rs:351:33
[INFO] [stdout]     |
[INFO] [stdout] 351 |                     conn.stream.recv_expect(MessageFormat::ReadyForQuery).await?;
[INFO] [stdout]     |                                 ^^^^^^^^^^^ the trait `sqlx_core::io::Decode<'_>` is not implemented for `!`
[INFO] [stdout]     |
[INFO] [stdout]     = help: the following other types implement trait `sqlx_core::io::Decode<'de, Context>`:
[INFO] [stdout]               ()
[INFO] [stdout]               Authentication
[INFO] [stdout]               AuthenticationSaslContinue
[INFO] [stdout]               AuthenticationSaslFinal
[INFO] [stdout]               BackendKeyData
[INFO] [stdout]               CommandComplete
[INFO] [stdout]               CopyData<sqlx_core::bytes::Bytes>
[INFO] [stdout]               CopyDone
[INFO] [stdout]             and 10 others
[INFO] [stdout]     = note: this error might have been caused by changes to Rust's type-inference algorithm (see issue #148922 <https://github.com/rust-lang/rust/issues/148922> for more information)
[INFO] [stdout]     = help: you might have intended to use the type `()` here instead
[INFO] [stdout] note: required by a bound in `PgStream::recv_expect`
[INFO] [stdout]    --> /opt/rustwide/cargo-home/registry/src/index.crates.io-1949cf8c6b5b557f/sqlx-postgres-0.7.4/src/connection/stream.rs:68:45
[INFO] [stdout]     |
[INFO] [stdout]  41 | impl PgStream {
[INFO] [stdout] ...
[INFO] [stdout]  68 |     pub(crate) async fn recv_expect<'de, T: Decode<'de>>(
[INFO] [stdout]     |                                             ^^^^^^^^^^^ required by this bound in `PgStream::recv_expect`
[INFO] [stdout] 
[INFO] [stdout] 
[INFO] [stdout] error[E0277]: the trait bound `!: sqlx_core::io::Decode<'_>` is not satisfied
[INFO] [stdout]    --> /opt/rustwide/cargo-home/registry/src/index.crates.io-1949cf8c6b5b557f/sqlx-postgres-0.7.4/src/copy.rs:350:77
[INFO] [stdout]     |
[INFO] [stdout] 350 |                     conn.stream.recv_expect(MessageFormat::CommandComplete).await?;
[INFO] [stdout]     |                                                                             ^^^^^ the trait `sqlx_core::io::Decode<'_>` is not implemented for `!`
[INFO] [stdout]     |
[INFO] [stdout]     = help: the following other types implement trait `sqlx_core::io::Decode<'de, Context>`:
[INFO] [stdout]               ()
[INFO] [stdout]               Authentication
[INFO] [stdout]               AuthenticationSaslContinue
[INFO] [stdout]               AuthenticationSaslFinal
[INFO] [stdout]               BackendKeyData
[INFO] [stdout]               CommandComplete
[INFO] [stdout]               CopyData<sqlx_core::bytes::Bytes>
[INFO] [stdout]               CopyDone
[INFO] [stdout]             and 10 others
[INFO] [stdout]     = note: this error might have been caused by changes to Rust's type-inference algorithm (see issue #148922 <https://github.com/rust-lang/rust/issues/148922> for more information)
[INFO] [stdout]     = help: you might have intended to use the type `()` here instead
[INFO] [stdout] note: required by a bound in `PgStream::recv_expect`
[INFO] [stdout]    --> /opt/rustwide/cargo-home/registry/src/index.crates.io-1949cf8c6b5b557f/sqlx-postgres-0.7.4/src/connection/stream.rs:68:45
[INFO] [stdout]     |
[INFO] [stdout]  41 | impl PgStream {
[INFO] [stdout] ...
[INFO] [stdout]  68 |     pub(crate) async fn recv_expect<'de, T: Decode<'de>>(
[INFO] [stdout]     |                                             ^^^^^^^^^^^ required by this bound in `PgStream::recv_expect`
[INFO] [stdout] 
[INFO] [stdout] 
[INFO] [stdout] error[E0277]: the trait bound `!: sqlx_core::io::Decode<'_>` is not satisfied
[INFO] [stdout]    --> /opt/rustwide/cargo-home/registry/src/index.crates.io-1949cf8c6b5b557f/sqlx-postgres-0.7.4/src/copy.rs:351:75
[INFO] [stdout]     |
[INFO] [stdout] 351 |                     conn.stream.recv_expect(MessageFormat::ReadyForQuery).await?;
[INFO] [stdout]     |                                                                           ^^^^^ the trait `sqlx_core::io::Decode<'_>` is not implemented for `!`
[INFO] [stdout]     |
[INFO] [stdout]     = help: the following other types implement trait `sqlx_core::io::Decode<'de, Context>`:
[INFO] [stdout]               ()
[INFO] [stdout]               Authentication
[INFO] [stdout]               AuthenticationSaslContinue
[INFO] [stdout]               AuthenticationSaslFinal
[INFO] [stdout]               BackendKeyData
[INFO] [stdout]               CommandComplete
[INFO] [stdout]               CopyData<sqlx_core::bytes::Bytes>
[INFO] [stdout]               CopyDone
[INFO] [stdout]             and 10 others
[INFO] [stdout]     = note: this error might have been caused by changes to Rust's type-inference algorithm (see issue #148922 <https://github.com/rust-lang/rust/issues/148922> for more information)
[INFO] [stdout]     = help: you might have intended to use the type `()` here instead
[INFO] [stdout] note: required by a bound in `PgStream::recv_expect`
[INFO] [stdout]    --> /opt/rustwide/cargo-home/registry/src/index.crates.io-1949cf8c6b5b557f/sqlx-postgres-0.7.4/src/connection/stream.rs:68:45
[INFO] [stdout]     |
[INFO] [stdout]  41 | impl PgStream {
[INFO] [stdout] ...
[INFO] [stdout]  68 |     pub(crate) async fn recv_expect<'de, T: Decode<'de>>(
[INFO] [stdout]     |                                             ^^^^^^^^^^^ required by this bound in `PgStream::recv_expect`
[INFO] [stdout] 
[INFO] [stdout] 
[INFO] [stderr]     Checking redis v0.26.1
[INFO] [stderr]     Checking ciborium v0.2.2
[INFO] [stderr]     Checking nyse v0.1.0 (/opt/rustwide/workdir/crates/nyse)
[INFO] [stderr]     Checking nasdaq v0.1.0 (/opt/rustwide/workdir/crates/nasdaq)
[INFO] [stdout] For more information about this error, try `rustc --explain E0277`.
[INFO] [stdout] 
[INFO] [stderr] error: could not compile `sqlx-postgres` (lib) due to 10 previous errors
[INFO] [stderr] warning: build failed, waiting for other jobs to finish...
[INFO] running `Command { std: "docker" "inspect" "3fdcab5d31a425ca85af4b3fb8be71ecd2fe872fb10471a891a2711b37f13d2d", kill_on_drop: false }`
[INFO] running `Command { std: "docker" "rm" "-f" "3fdcab5d31a425ca85af4b3fb8be71ecd2fe872fb10471a891a2711b37f13d2d", kill_on_drop: false }`
[INFO] [stdout] 3fdcab5d31a425ca85af4b3fb8be71ecd2fe872fb10471a891a2711b37f13d2d
