[INFO] cloning repository https://github.com/n3dst4/fvtt-fettler
[INFO] running `Command { std: "git" "-c" "credential.helper=" "-c" "credential.helper=/workspace/cargo-home/bin/git-credential-null" "clone" "--bare" "https://github.com/n3dst4/fvtt-fettler" "/workspace/cache/git-repos/https%3A%2F%2Fgithub.com%2Fn3dst4%2Ffvtt-fettler", kill_on_drop: false }`
[INFO] [stderr] Cloning into bare repository '/workspace/cache/git-repos/https%3A%2F%2Fgithub.com%2Fn3dst4%2Ffvtt-fettler'...
[INFO] running `Command { std: "git" "rev-parse" "HEAD", kill_on_drop: false }`
[INFO] [stdout] 874d2f41a52c678e960b002bbb1a97722bf3b567
[INFO] checking n3dst4/fvtt-fettler against 3154cc1a3e6424e44f438a95007d043ed5ceaaf6 for pr-133502-30
[INFO] running `Command { std: "git" "clone" "/workspace/cache/git-repos/https%3A%2F%2Fgithub.com%2Fn3dst4%2Ffvtt-fettler" "/workspace/builds/worker-5-tc2/source", kill_on_drop: false }`
[INFO] [stderr] Cloning into '/workspace/builds/worker-5-tc2/source'...
[INFO] [stderr] done.
[INFO] started tweaking git repo https://github.com/n3dst4/fvtt-fettler
[INFO] finished tweaking git repo https://github.com/n3dst4/fvtt-fettler
[INFO] tweaked toml for git repo https://github.com/n3dst4/fvtt-fettler written to /workspace/builds/worker-5-tc2/source/Cargo.toml
[INFO] validating manifest of git repo https://github.com/n3dst4/fvtt-fettler on toolchain 3154cc1a3e6424e44f438a95007d043ed5ceaaf6
[INFO] running `Command { std: CARGO_HOME="/workspace/cargo-home" RUSTUP_HOME="/workspace/rustup-home" "/workspace/cargo-home/bin/cargo" "+3154cc1a3e6424e44f438a95007d043ed5ceaaf6" "metadata" "--manifest-path" "Cargo.toml" "--no-deps", kill_on_drop: false }`
[INFO] crate git repo https://github.com/n3dst4/fvtt-fettler already has a lockfile, it will not be regenerated
[INFO] running `Command { std: CARGO_HOME="/workspace/cargo-home" RUSTUP_HOME="/workspace/rustup-home" "/workspace/cargo-home/bin/cargo" "+3154cc1a3e6424e44f438a95007d043ed5ceaaf6" "fetch" "--manifest-path" "Cargo.toml", kill_on_drop: false }`
[INFO] running `Command { std: "docker" "create" "-v" "/var/lib/crater-agent-workspace/builds/worker-5-tc2/source:/opt/rustwide/workdir:ro,Z" "-v" "/var/lib/crater-agent-workspace/builds/worker-5-tc2/target:/opt/rustwide/target:rw,Z" "-v" "/var/lib/crater-agent-workspace/cargo-home:/opt/rustwide/cargo-home:ro,Z" "-v" "/var/lib/crater-agent-workspace/rustup-home:/opt/rustwide/rustup-home:ro,Z" "-m" "1610612736" "--network" "none" "ghcr.io/rust-lang/crates-build-env/linux@sha256:77db811e55d90add9212f6832c23229e3de5f1c1f9905e8cb07319ea15df73ac" "sleep" "infinity", kill_on_drop: false }`
[INFO] [stdout] 3959186214e27fb79588f1f3a7f42b6dfb460ff0d467d5296e95b72484785d1a
[INFO] running `Command { std: "docker" "start" "3959186214e27fb79588f1f3a7f42b6dfb460ff0d467d5296e95b72484785d1a", kill_on_drop: false }`
[INFO] running `Command { std: "docker" "inspect" "3959186214e27fb79588f1f3a7f42b6dfb460ff0d467d5296e95b72484785d1a", kill_on_drop: false }`
[INFO] running `Command { std: "docker" "exec" "-e" "SOURCE_DIR=/opt/rustwide/workdir" "-e" "CARGO_HOME=/opt/rustwide/cargo-home" "-e" "RUSTUP_HOME=/opt/rustwide/rustup-home" "-e" "CARGO_TARGET_DIR=/opt/rustwide/target" "-w" "/opt/rustwide/workdir" "--user" "0:0" "3959186214e27fb79588f1f3a7f42b6dfb460ff0d467d5296e95b72484785d1a" "/opt/rustwide/cargo-home/bin/cargo" "+3154cc1a3e6424e44f438a95007d043ed5ceaaf6" "metadata" "--no-deps" "--format-version=1", kill_on_drop: false }`
[INFO] running `Command { std: "docker" "inspect" "3959186214e27fb79588f1f3a7f42b6dfb460ff0d467d5296e95b72484785d1a", kill_on_drop: false }`
[INFO] running `Command { std: "docker" "exec" "-e" "SOURCE_DIR=/opt/rustwide/workdir" "-e" "CARGO_HOME=/opt/rustwide/cargo-home" "-e" "RUSTUP_HOME=/opt/rustwide/rustup-home" "-e" "CARGO_TARGET_DIR=/opt/rustwide/target" "-e" "CARGO_INCREMENTAL=0" "-e" "RUST_BACKTRACE=full" "-e" "RUSTFLAGS=--cap-lints=forbid" "-e" "RUSTDOCFLAGS=--cap-lints=forbid" "-w" "/opt/rustwide/workdir" "--user" "0:0" "3959186214e27fb79588f1f3a7f42b6dfb460ff0d467d5296e95b72484785d1a" "/opt/rustwide/cargo-home/bin/cargo" "+3154cc1a3e6424e44f438a95007d043ed5ceaaf6" "check" "--frozen" "--all" "--all-targets" "--message-format=json", kill_on_drop: false }`
[INFO] [stderr]     Checking typenum v1.20.1
[INFO] [stderr]     Checking cmov v0.5.4
[INFO] [stderr]    Compiling find-msvc-tools v0.1.12
[INFO] [stderr]     Checking const-oid v0.10.2
[INFO] [stderr]     Checking cpufeatures v0.3.1
[INFO] [stderr]    Compiling syn v3.0.5
[INFO] [stderr]     Checking getrandom v0.2.17
[INFO] [stderr]    Compiling zstd-safe v7.3.0
[INFO] [stderr]    Compiling getrandom v0.4.3
[INFO] [stderr]    Compiling crc32c v0.6.8
[INFO] [stderr]     Checking rand_core v0.6.4
[INFO] [stderr]    Compiling cc v1.4.5
[INFO] [stderr]    Compiling syn v2.0.119
[INFO] [stderr]    Compiling snap v1.1.2
[INFO] [stderr]     Checking ctutils v0.4.2
[INFO] [stderr]     Checking indexmap v2.14.1
[INFO] [stderr]     Checking rand_chacha v0.3.1
[INFO] [stderr]     Checking simd-adler32 v0.3.10
[INFO] [stderr]     Checking bumpalo v3.20.3
[INFO] [stderr]    Compiling serde_json v1.0.151
[INFO] [stderr]     Checking libbz2-rs-sys v0.2.5
[INFO] [stderr]     Checking cpubits v0.1.1
[INFO] [stderr]     Checking zlib-rs v0.6.7
[INFO] [stderr]     Checking zopfli v0.8.3
[INFO] [stderr]     Checking bzip2 v0.6.1
[INFO] [stderr]     Checking rustix v1.1.4
[INFO] [stderr]     Checking time v0.3.55
[INFO] [stderr]     Checking rand v0.8.8
[INFO] [stderr]     Checking flate2 v1.1.10
[INFO] [stderr]     Checking hybrid-array v0.4.14
[INFO] [stderr]     Checking fs2 v0.4.3
[INFO] [stderr]     Checking errno v0.2.8
[INFO] [stderr]     Checking integer-encoding v3.0.4
[INFO] [stderr]     Checking constant_time_eq v0.4.2
[INFO] [stderr]     Checking deflate64 v0.1.12
[INFO] [stderr]     Checking typed-path v0.12.3
[INFO] [stderr]     Checking ppmd-rust v1.4.1
[INFO] [stderr]    Compiling zstd-sys v2.1.0+zstd.1.5.7
[INFO] [stderr]     Checking rusty-leveldb v4.0.1
[INFO] [stderr]     Checking crypto-common v0.2.2
[INFO] [stderr]     Checking block-buffer v0.12.1
[INFO] [stderr]     Checking inout v0.2.2
[INFO] [stderr]     Checking tempfile v3.27.0
[INFO] [stderr]     Checking chrono v0.4.45
[INFO] [stderr]     Checking clap_builder v4.6.6
[INFO] [stderr]     Checking digest v0.11.3
[INFO] [stderr]     Checking cipher v0.5.2
[INFO] [stderr]     Checking hmac v0.13.0
[INFO] [stderr]     Checking sha2 v0.11.0
[INFO] [stderr]     Checking aes v0.9.3
[INFO] [stderr]     Checking pbkdf2 v0.13.0
[INFO] [stderr]     Checking sha1 v0.11.0
[INFO] [stderr]     Checking tracing-log v0.2.0
[INFO] [stderr]     Checking smallvec v1.16.0
[INFO] [stderr]    Compiling serde_derive v1.0.229
[INFO] [stderr]    Compiling clap_derive v4.6.4
[INFO] [stderr]     Checking lzma-rust2 v0.16.5
[INFO] [stderr]    Compiling tracing-attributes v0.1.31
[INFO] [stderr]     Checking clap v4.6.6
[INFO] [stderr]     Checking tracing v0.1.44
[INFO] [stderr]     Checking tracing-subscriber v0.3.23
[INFO] [stderr]     Checking serde v1.0.229
[INFO] [stderr]     Checking zstd v0.13.3
[INFO] [stderr]     Checking zip v8.6.0
[INFO] [stderr]     Checking fettler v0.1.0 (/opt/rustwide/workdir/fettler)
[INFO] [stderr]     Checking fettler-cli v0.1.0 (/opt/rustwide/workdir/fettler-cli)
[INFO] [stdout] error[E0432]: unresolved import `fettler::fixture`
[INFO] [stdout]   --> fettler/tests/move_world.rs:8:23
[INFO] [stdout]    |
[INFO] [stdout]  8 | use fettler::{backup, fixture, lock, move_world as mv, plan, store};
[INFO] [stdout]    |                       ^^^^^^^ no `fixture` in the root
[INFO] [stdout]    |
[INFO] [stdout] note: found an item that was configured out
[INFO] [stdout]   --> fettler/src/lib.rs:49:9
[INFO] [stdout]    |
[INFO] [stdout] 48 | #[cfg(any(test, feature = "fixture"))]
[INFO] [stdout]    |          --------------------------- the item is gated here
[INFO] [stdout] 49 | pub mod fixture;
[INFO] [stdout]    |         ^^^^^^^
[INFO] [stdout] 
[INFO] [stdout] 
[INFO] [stdout] error[E0432]: unresolved import `fettler::fixture`
[INFO] [stdout]   --> fettler/tests/plan.rs:3:25
[INFO] [stdout]    |
[INFO] [stdout]  3 | use fettler::{Category, fixture, plan};
[INFO] [stdout]    |                         ^^^^^^^ no `fixture` in the root
[INFO] [stdout]    |
[INFO] [stdout] note: found an item that was configured out
[INFO] [stdout]   --> fettler/src/lib.rs:49:9
[INFO] [stdout]    |
[INFO] [stdout] 48 | #[cfg(any(test, feature = "fixture"))]
[INFO] [stdout]    |          --------------------------- the item is gated here
[INFO] [stdout] 49 | pub mod fixture;
[INFO] [stdout]    |         ^^^^^^^
[INFO] [stdout] 
[INFO] [stdout] 
[INFO] [stdout] error[E0432]: unresolved import `fettler::fixture`
[INFO] [stdout]   --> fettler/tests/backup.rs:3:23
[INFO] [stdout]    |
[INFO] [stdout]  3 | use fettler::{backup, fixture};
[INFO] [stdout]    |                       ^^^^^^^ no `fixture` in the root
[INFO] [stdout]    |
[INFO] [stdout] note: found an item that was configured out
[INFO] [stdout]   --> fettler/src/lib.rs:49:9
[INFO] [stdout]    |
[INFO] [stdout] 48 | #[cfg(any(test, feature = "fixture"))]
[INFO] [stdout]    |          --------------------------- the item is gated here
[INFO] [stdout] 49 | pub mod fixture;
[INFO] [stdout]    |         ^^^^^^^
[INFO] [stdout] 
[INFO] [stdout] 
[INFO] [stdout] error[E0432]: unresolved import `fettler::fixture`
[INFO] [stdout]   --> fettler/tests/copy.rs:7:31
[INFO] [stdout]    |
[INFO] [stdout]  7 | use fettler::{Category, copy, fixture, plan, refs, store};
[INFO] [stdout]    |                               ^^^^^^^ no `fixture` in the root
[INFO] [stdout]    |
[INFO] [stdout] note: found an item that was configured out
[INFO] [stdout]   --> fettler/src/lib.rs:49:9
[INFO] [stdout]    |
[INFO] [stdout] 48 | #[cfg(any(test, feature = "fixture"))]
[INFO] [stdout]    |          --------------------------- the item is gated here
[INFO] [stdout] 49 | pub mod fixture;
[INFO] [stdout]    |         ^^^^^^^
[INFO] [stdout] 
[INFO] [stdout] 
[INFO] [stdout] error[E0432]: unresolved import `fettler::fixture`
[INFO] [stdout]   --> fettler/tests/lock.rs:5:15
[INFO] [stdout]    |
[INFO] [stdout]  5 | use fettler::{fixture, lock, store};
[INFO] [stdout]    |               ^^^^^^^ no `fixture` in the root
[INFO] [stdout]    |
[INFO] [stdout] note: found an item that was configured out
[INFO] [stdout]   --> fettler/src/lib.rs:49:9
[INFO] [stdout]    |
[INFO] [stdout] 48 | #[cfg(any(test, feature = "fixture"))]
[INFO] [stdout]    |          --------------------------- the item is gated here
[INFO] [stdout] 49 | pub mod fixture;
[INFO] [stdout]    |         ^^^^^^^
[INFO] [stdout] 
[INFO] [stdout] 
[INFO] [stdout] For more information about this error, try `rustc --explain E0432`.
[INFO] [stdout] 
[INFO] [stderr] error: could not compile `fettler` (test "backup") due to 1 previous error
[INFO] [stderr] warning: build failed, waiting for other jobs to finish...
[INFO] [stdout] For more information about this error, try `rustc --explain E0432`.
[INFO] [stdout] 
[INFO] [stderr] error: could not compile `fettler` (test "plan") due to 1 previous error
[INFO] [stdout] For more information about this error, try `rustc --explain E0432`.
[INFO] [stdout] 
[INFO] [stderr] error: could not compile `fettler` (test "lock") due to 1 previous error
[INFO] [stdout] For more information about this error, try `rustc --explain E0432`.
[INFO] [stdout] 
[INFO] [stderr] error: could not compile `fettler` (test "move_world") due to 1 previous error
[INFO] [stdout] For more information about this error, try `rustc --explain E0432`.
[INFO] [stdout] 
[INFO] [stderr] error: could not compile `fettler` (test "copy") due to 1 previous error
[INFO] running `Command { std: "docker" "inspect" "3959186214e27fb79588f1f3a7f42b6dfb460ff0d467d5296e95b72484785d1a", kill_on_drop: false }`
[INFO] running `Command { std: "docker" "rm" "-f" "3959186214e27fb79588f1f3a7f42b6dfb460ff0d467d5296e95b72484785d1a", kill_on_drop: false }`
[INFO] [stdout] 3959186214e27fb79588f1f3a7f42b6dfb460ff0d467d5296e95b72484785d1a
