[INFO] cloning repository https://github.com/mzcls/chrome-portable-shortcut
[INFO] running `Command { std: "git" "-c" "credential.helper=" "-c" "credential.helper=/workspace/cargo-home/bin/git-credential-null" "clone" "--bare" "https://github.com/mzcls/chrome-portable-shortcut" "/workspace/cache/git-repos/https%3A%2F%2Fgithub.com%2Fmzcls%2Fchrome-portable-shortcut", kill_on_drop: false }`
[INFO] [stderr] Cloning into bare repository '/workspace/cache/git-repos/https%3A%2F%2Fgithub.com%2Fmzcls%2Fchrome-portable-shortcut'...
[INFO] running `Command { std: "git" "rev-parse" "HEAD", kill_on_drop: false }`
[INFO] [stdout] 0f8bc0b3588ca579a4b8032e03f0bf1aa1d8929d
[INFO] checking mzcls/chrome-portable-shortcut against 3154cc1a3e6424e44f438a95007d043ed5ceaaf6 for pr-133502-30
[INFO] running `Command { std: "git" "clone" "/workspace/cache/git-repos/https%3A%2F%2Fgithub.com%2Fmzcls%2Fchrome-portable-shortcut" "/workspace/builds/worker-1-tc2/source", kill_on_drop: false }`
[INFO] [stderr] Cloning into '/workspace/builds/worker-1-tc2/source'...
[INFO] [stderr] done.
[INFO] started tweaking git repo https://github.com/mzcls/chrome-portable-shortcut
[INFO] finished tweaking git repo https://github.com/mzcls/chrome-portable-shortcut
[INFO] tweaked toml for git repo https://github.com/mzcls/chrome-portable-shortcut written to /workspace/builds/worker-1-tc2/source/Cargo.toml
[INFO] validating manifest of git repo https://github.com/mzcls/chrome-portable-shortcut on toolchain 3154cc1a3e6424e44f438a95007d043ed5ceaaf6
[INFO] running `Command { std: CARGO_HOME="/workspace/cargo-home" RUSTUP_HOME="/workspace/rustup-home" "/workspace/cargo-home/bin/cargo" "+3154cc1a3e6424e44f438a95007d043ed5ceaaf6" "metadata" "--manifest-path" "Cargo.toml" "--no-deps", kill_on_drop: false }`
[INFO] crate git repo https://github.com/mzcls/chrome-portable-shortcut already has a lockfile, it will not be regenerated
[INFO] running `Command { std: CARGO_HOME="/workspace/cargo-home" RUSTUP_HOME="/workspace/rustup-home" "/workspace/cargo-home/bin/cargo" "+3154cc1a3e6424e44f438a95007d043ed5ceaaf6" "fetch" "--manifest-path" "Cargo.toml", kill_on_drop: false }`
[INFO] [stderr] warning: Cargo.toml: unused manifest key: target.x86_64-pc-windows-gnu.ar
[INFO] [stderr] warning: Cargo.toml: unused manifest key: target.x86_64-pc-windows-gnu.linker
[INFO] [stderr] warning: `installer` (manifest) generated 2 warnings
[INFO] running `Command { std: "docker" "create" "-v" "/var/lib/crater-agent-workspace/builds/worker-1-tc2/source:/opt/rustwide/workdir:ro,Z" "-v" "/var/lib/crater-agent-workspace/builds/worker-1-tc2/target:/opt/rustwide/target:rw,Z" "-v" "/var/lib/crater-agent-workspace/cargo-home:/opt/rustwide/cargo-home:ro,Z" "-v" "/var/lib/crater-agent-workspace/rustup-home:/opt/rustwide/rustup-home:ro,Z" "-m" "1610612736" "--network" "none" "ghcr.io/rust-lang/crates-build-env/linux@sha256:77db811e55d90add9212f6832c23229e3de5f1c1f9905e8cb07319ea15df73ac" "sleep" "infinity", kill_on_drop: false }`
[INFO] [stdout] 8f5602dbd0ec5d12841d4ed238b1b07e05f94df81bad797bdfb9987f9a5619f5
[INFO] running `Command { std: "docker" "start" "8f5602dbd0ec5d12841d4ed238b1b07e05f94df81bad797bdfb9987f9a5619f5", kill_on_drop: false }`
[INFO] running `Command { std: "docker" "inspect" "8f5602dbd0ec5d12841d4ed238b1b07e05f94df81bad797bdfb9987f9a5619f5", kill_on_drop: false }`
[INFO] running `Command { std: "docker" "exec" "-e" "SOURCE_DIR=/opt/rustwide/workdir" "-e" "CARGO_HOME=/opt/rustwide/cargo-home" "-e" "RUSTUP_HOME=/opt/rustwide/rustup-home" "-e" "CARGO_TARGET_DIR=/opt/rustwide/target" "-w" "/opt/rustwide/workdir" "--user" "0:0" "8f5602dbd0ec5d12841d4ed238b1b07e05f94df81bad797bdfb9987f9a5619f5" "/opt/rustwide/cargo-home/bin/cargo" "+3154cc1a3e6424e44f438a95007d043ed5ceaaf6" "metadata" "--no-deps" "--format-version=1", kill_on_drop: false }`
[INFO] running `Command { std: "docker" "inspect" "8f5602dbd0ec5d12841d4ed238b1b07e05f94df81bad797bdfb9987f9a5619f5", kill_on_drop: false }`
[INFO] running `Command { std: "docker" "exec" "-e" "SOURCE_DIR=/opt/rustwide/workdir" "-e" "CARGO_HOME=/opt/rustwide/cargo-home" "-e" "RUSTUP_HOME=/opt/rustwide/rustup-home" "-e" "CARGO_TARGET_DIR=/opt/rustwide/target" "-e" "CARGO_INCREMENTAL=0" "-e" "RUST_BACKTRACE=full" "-e" "RUSTFLAGS=--cap-lints=forbid" "-e" "RUSTDOCFLAGS=--cap-lints=forbid" "-w" "/opt/rustwide/workdir" "--user" "0:0" "8f5602dbd0ec5d12841d4ed238b1b07e05f94df81bad797bdfb9987f9a5619f5" "/opt/rustwide/cargo-home/bin/cargo" "+3154cc1a3e6424e44f438a95007d043ed5ceaaf6" "check" "--frozen" "--all" "--all-targets" "--message-format=json", kill_on_drop: false }`
[INFO] [stderr] warning: Cargo.toml: unused manifest key: target.x86_64-pc-windows-gnu.ar
[INFO] [stderr] warning: Cargo.toml: unused manifest key: target.x86_64-pc-windows-gnu.linker
[INFO] [stderr] warning: `installer` (manifest) generated 2 warnings
[INFO] [stderr]    Compiling syn v2.0.119
[INFO] [stderr]     Checking windows-result v0.2.0
[INFO] [stderr]     Checking windows-strings v0.1.0
[INFO] [stderr]    Compiling windows-interface v0.58.0
[INFO] [stderr]    Compiling windows-implement v0.58.0
[INFO] [stderr]     Checking windows-core v0.58.0
[INFO] [stderr]     Checking windows v0.58.0
[INFO] [stderr]     Checking installer v0.1.0 (/opt/rustwide/workdir)
[INFO] [stdout] error[E0433]: cannot find `windows` in `os`
[INFO] [stdout]  --> src/main.rs:5:14
[INFO] [stdout]   |
[INFO] [stdout] 5 | use std::os::windows::ffi::OsStrExt;
[INFO] [stdout]   |              ^^^^^^^ could not find `windows` in `os`
[INFO] [stdout]   |
[INFO] [stdout] note: found an item that was configured out
[INFO] [stdout]  --> /rustc/3154cc1a3e6424e44f438a95007d043ed5ceaaf6/library/std/src/os/mod.rs:62:4
[INFO] [stdout]   |
[INFO] [stdout]   = note: the item is gated behind the `windows` feature
[INFO] [stdout] 
[INFO] [stdout] 
[INFO] [stdout] error[E0433]: cannot find `windows` in `os`
[INFO] [stdout]  --> src/main.rs:5:14
[INFO] [stdout]   |
[INFO] [stdout] 5 | use std::os::windows::ffi::OsStrExt;
[INFO] [stdout]   |              ^^^^^^^ could not find `windows` in `os`
[INFO] [stdout]   |
[INFO] [stdout] note: found an item that was configured out
[INFO] [stdout]  --> /rustc/3154cc1a3e6424e44f438a95007d043ed5ceaaf6/library/std/src/os/mod.rs:62:4
[INFO] [stdout]   |
[INFO] [stdout]   = note: the item is gated behind the `windows` feature
[INFO] [stdout] 
[INFO] [stdout] 
[INFO] [stdout] error[E0433]: cannot find `Win32` in `windows`
[INFO] [stdout]  --> src/main.rs:9:14
[INFO] [stdout]   |
[INFO] [stdout] 9 | use windows::Win32::Storage::FileSystem::{
[INFO] [stdout]   |              ^^^^^ could not find `Win32` in `windows`
[INFO] [stdout] 
[INFO] [stdout] 
[INFO] [stdout] error[E0433]: cannot find `Win32` in `windows`
[INFO] [stdout]   --> src/main.rs:12:14
[INFO] [stdout]    |
[INFO] [stdout] 12 | use windows::Win32::System::Com::{
[INFO] [stdout]    |              ^^^^^ could not find `Win32` in `windows`
[INFO] [stdout] 
[INFO] [stdout] 
[INFO] [stdout] error[E0433]: cannot find `Win32` in `windows`
[INFO] [stdout]   --> src/main.rs:16:14
[INFO] [stdout]    |
[INFO] [stdout] 16 | use windows::Win32::UI::Shell::{IShellLinkW, ShellLink};
[INFO] [stdout]    |              ^^^^^ could not find `Win32` in `windows`
[INFO] [stdout] 
[INFO] [stdout] 
[INFO] [stdout] error[E0432]: unresolved import `windows::core`
[INFO] [stdout]  --> src/main.rs:8:14
[INFO] [stdout]   |
[INFO] [stdout] 8 | use windows::core::{Interface, PCWSTR};
[INFO] [stdout]   |              ^^^^ could not find `core` in `windows`
[INFO] [stdout] 
[INFO] [stdout] 
[INFO] [stdout] error[E0433]: cannot find `Win32` in `windows`
[INFO] [stdout]  --> src/main.rs:9:14
[INFO] [stdout]   |
[INFO] [stdout] 9 | use windows::Win32::Storage::FileSystem::{
[INFO] [stdout]   |              ^^^^^ could not find `Win32` in `windows`
[INFO] [stdout] 
[INFO] [stdout] 
[INFO] [stdout] error[E0433]: cannot find `Win32` in `windows`
[INFO] [stdout]   --> src/main.rs:12:14
[INFO] [stdout]    |
[INFO] [stdout] 12 | use windows::Win32::System::Com::{
[INFO] [stdout]    |              ^^^^^ could not find `Win32` in `windows`
[INFO] [stdout] 
[INFO] [stdout] 
[INFO] [stdout] error[E0433]: cannot find `Win32` in `windows`
[INFO] [stdout]   --> src/main.rs:16:14
[INFO] [stdout]    |
[INFO] [stdout] 16 | use windows::Win32::UI::Shell::{IShellLinkW, ShellLink};
[INFO] [stdout]    |              ^^^^^ could not find `Win32` in `windows`
[INFO] [stdout] 
[INFO] [stdout] 
[INFO] [stdout] error[E0432]: unresolved import `windows::core`
[INFO] [stdout]  --> src/main.rs:8:14
[INFO] [stdout]   |
[INFO] [stdout] 8 | use windows::core::{Interface, PCWSTR};
[INFO] [stdout]   |              ^^^^ could not find `core` in `windows`
[INFO] [stdout] 
[INFO] [stdout] 
[INFO] [stdout] error[E0599]: no method named `encode_wide` found for reference `&OsStr` in the current scope
[INFO] [stdout]   --> src/main.rs:36:16
[INFO] [stdout]    |
[INFO] [stdout] 36 |     s.as_ref().encode_wide().chain(std::iter::once(0)).collect()
[INFO] [stdout]    |                ^^^^^^^^^^^ method not found in `&OsStr`
[INFO] [stdout] 
[INFO] [stdout] 
[INFO] [stdout] error[E0599]: no method named `encode_wide` found for reference `&OsStr` in the current scope
[INFO] [stdout]   --> src/main.rs:36:16
[INFO] [stdout]    |
[INFO] [stdout] 36 |     s.as_ref().encode_wide().chain(std::iter::once(0)).collect()
[INFO] [stdout]    |                ^^^^^^^^^^^ method not found in `&OsStr`
[INFO] [stdout] 
[INFO] [stdout] 
[INFO] [stdout] Some errors have detailed explanations: E0432, E0433, E0599.
[INFO] [stdout] 
[INFO] [stdout] For more information about an error, try `rustc --explain E0432`.
[INFO] [stdout] 
[INFO] [stderr] error: could not compile `installer` (bin "installer") due to 6 previous errors
[INFO] [stderr] warning: build failed, waiting for other jobs to finish...
[INFO] [stdout] Some errors have detailed explanations: E0432, E0433, E0599.
[INFO] [stdout] 
[INFO] [stdout] For more information about an error, try `rustc --explain E0432`.
[INFO] [stdout] 
[INFO] [stderr] error: could not compile `installer` (bin "installer" test) due to 6 previous errors
[INFO] running `Command { std: "docker" "inspect" "8f5602dbd0ec5d12841d4ed238b1b07e05f94df81bad797bdfb9987f9a5619f5", kill_on_drop: false }`
[INFO] running `Command { std: "docker" "rm" "-f" "8f5602dbd0ec5d12841d4ed238b1b07e05f94df81bad797bdfb9987f9a5619f5", kill_on_drop: false }`
[INFO] [stdout] 8f5602dbd0ec5d12841d4ed238b1b07e05f94df81bad797bdfb9987f9a5619f5
