[INFO] cloning repository https://github.com/muxang/pons-radar-phase21-staging
[INFO] running `Command { std: "git" "-c" "credential.helper=" "-c" "credential.helper=/workspace/cargo-home/bin/git-credential-null" "clone" "--bare" "https://github.com/muxang/pons-radar-phase21-staging" "/workspace/cache/git-repos/https%3A%2F%2Fgithub.com%2Fmuxang%2Fpons-radar-phase21-staging", kill_on_drop: false }`
[INFO] [stderr] Cloning into bare repository '/workspace/cache/git-repos/https%3A%2F%2Fgithub.com%2Fmuxang%2Fpons-radar-phase21-staging'...
[INFO] running `Command { std: "git" "rev-parse" "HEAD", kill_on_drop: false }`
[INFO] [stdout] 2969ad5c08722c8e83d368ed5c6d12c49fb2086b
[INFO] checking muxang/pons-radar-phase21-staging against 3154cc1a3e6424e44f438a95007d043ed5ceaaf6+rustflags=-Znext-solver=coherence for pr-133502-30
[INFO] running `Command { std: "git" "clone" "/workspace/cache/git-repos/https%3A%2F%2Fgithub.com%2Fmuxang%2Fpons-radar-phase21-staging" "/workspace/builds/worker-2-tc1/source", kill_on_drop: false }`
[INFO] [stderr] Cloning into '/workspace/builds/worker-2-tc1/source'...
[INFO] [stderr] done.
[INFO] removed /workspace/builds/worker-2-tc1/source/rust-toolchain.toml
[INFO] started tweaking git repo https://github.com/muxang/pons-radar-phase21-staging
[INFO] finished tweaking git repo https://github.com/muxang/pons-radar-phase21-staging
[INFO] tweaked toml for git repo https://github.com/muxang/pons-radar-phase21-staging written to /workspace/builds/worker-2-tc1/source/Cargo.toml
[INFO] validating manifest of git repo https://github.com/muxang/pons-radar-phase21-staging on toolchain 3154cc1a3e6424e44f438a95007d043ed5ceaaf6
[INFO] running `Command { std: CARGO_HOME="/workspace/cargo-home" RUSTUP_HOME="/workspace/rustup-home" "/workspace/cargo-home/bin/cargo" "+3154cc1a3e6424e44f438a95007d043ed5ceaaf6" "metadata" "--manifest-path" "Cargo.toml" "--no-deps", kill_on_drop: false }`
[INFO] crate git repo https://github.com/muxang/pons-radar-phase21-staging already has a lockfile, it will not be regenerated
[INFO] running `Command { std: CARGO_HOME="/workspace/cargo-home" RUSTUP_HOME="/workspace/rustup-home" "/workspace/cargo-home/bin/cargo" "+3154cc1a3e6424e44f438a95007d043ed5ceaaf6" "fetch" "--manifest-path" "Cargo.toml", kill_on_drop: false }`
[INFO] [stderr]  Downloading crates ...
[INFO] [stderr]   Downloaded rust-embed-utils v8.12.0
[INFO] [stderr]   Downloaded keccak v0.2.2
[INFO] [stderr]   Downloaded alloy-sol-types v1.7.1
[INFO] [stderr]   Downloaded rust-embed-impl v8.12.0
[INFO] [stderr]   Downloaded proc-macro-error-attr3 v3.0.1
[INFO] [stderr]   Downloaded alloy-sol-macro-input v1.7.1
[INFO] [stderr]   Downloaded syn-solidity v1.7.1
[INFO] [stderr]   Downloaded alloy-sol-macro-expander v1.7.1
[INFO] [stderr]   Downloaded alloy-sol-macro v1.7.1
[INFO] [stderr]   Downloaded proc-macro-error3 v3.0.1
[INFO] [stderr]   Downloaded rust_decimal v1.42.1
[INFO] [stderr]   Downloaded alloy-primitives v1.7.1
[INFO] [stderr]   Downloaded sha3 v0.10.9
[INFO] [stderr]   Downloaded rust-embed v8.12.0
[INFO] running `Command { std: "docker" "create" "-v" "/var/lib/crater-agent-workspace/builds/worker-2-tc1/source:/opt/rustwide/workdir:ro,Z" "-v" "/var/lib/crater-agent-workspace/builds/worker-2-tc1/target:/opt/rustwide/target:rw,Z" "-v" "/var/lib/crater-agent-workspace/cargo-home:/opt/rustwide/cargo-home:ro,Z" "-v" "/var/lib/crater-agent-workspace/rustup-home:/opt/rustwide/rustup-home:ro,Z" "-m" "1610612736" "--network" "none" "ghcr.io/rust-lang/crates-build-env/linux@sha256:77db811e55d90add9212f6832c23229e3de5f1c1f9905e8cb07319ea15df73ac" "sleep" "infinity", kill_on_drop: false }`
[INFO] [stdout] 6eafaeb237e7962e36a7af53ba52ed0d62f99e8b5a8e61db92d6f86beb1bf847
[INFO] running `Command { std: "docker" "start" "6eafaeb237e7962e36a7af53ba52ed0d62f99e8b5a8e61db92d6f86beb1bf847", kill_on_drop: false }`
[INFO] running `Command { std: "docker" "inspect" "6eafaeb237e7962e36a7af53ba52ed0d62f99e8b5a8e61db92d6f86beb1bf847", kill_on_drop: false }`
[INFO] running `Command { std: "docker" "exec" "-e" "SOURCE_DIR=/opt/rustwide/workdir" "-e" "CARGO_HOME=/opt/rustwide/cargo-home" "-e" "RUSTUP_HOME=/opt/rustwide/rustup-home" "-e" "CARGO_TARGET_DIR=/opt/rustwide/target" "-w" "/opt/rustwide/workdir" "--user" "0:0" "6eafaeb237e7962e36a7af53ba52ed0d62f99e8b5a8e61db92d6f86beb1bf847" "/opt/rustwide/cargo-home/bin/cargo" "+3154cc1a3e6424e44f438a95007d043ed5ceaaf6" "metadata" "--no-deps" "--format-version=1", kill_on_drop: false }`
[INFO] running `Command { std: "docker" "inspect" "6eafaeb237e7962e36a7af53ba52ed0d62f99e8b5a8e61db92d6f86beb1bf847", kill_on_drop: false }`
[INFO] running `Command { std: "docker" "exec" "-e" "SOURCE_DIR=/opt/rustwide/workdir" "-e" "CARGO_HOME=/opt/rustwide/cargo-home" "-e" "RUSTUP_HOME=/opt/rustwide/rustup-home" "-e" "CARGO_TARGET_DIR=/opt/rustwide/target" "-e" "CARGO_INCREMENTAL=0" "-e" "RUST_BACKTRACE=full" "-e" "RUSTFLAGS=--cap-lints=forbid -Znext-solver=coherence" "-e" "RUSTDOCFLAGS=--cap-lints=forbid" "-w" "/opt/rustwide/workdir" "--user" "0:0" "6eafaeb237e7962e36a7af53ba52ed0d62f99e8b5a8e61db92d6f86beb1bf847" "/opt/rustwide/cargo-home/bin/cargo" "+3154cc1a3e6424e44f438a95007d043ed5ceaaf6" "check" "--frozen" "--all" "--all-targets" "--message-format=json", kill_on_drop: false }`
[INFO] [stderr]    Compiling syn v3.0.4
[INFO] [stderr]    Compiling syn v2.0.119
[INFO] [stderr]    Compiling serde v1.0.229
[INFO] [stderr]    Compiling serde_core v1.0.229
[INFO] [stderr]    Compiling typenum v1.20.1
[INFO] [stderr]    Compiling zerocopy v0.8.56
[INFO] [stderr]    Compiling stable_deref_trait v1.2.1
[INFO] [stderr]     Checking mio v1.2.2
[INFO] [stderr]     Checking getrandom v0.2.17
[INFO] [stderr]     Checking digest v0.10.7
[INFO] [stderr]    Compiling serde_json v1.0.151
[INFO] [stderr]    Compiling litemap v0.8.3
[INFO] [stderr]    Compiling writeable v0.6.4
[INFO] [stderr]    Compiling crossbeam-utils v0.8.22
[INFO] [stderr]    Compiling utf8_iter v1.0.4
[INFO] [stderr]    Compiling cpufeatures v0.2.17
[INFO] [stderr]    Compiling pin-project-lite v0.2.17
[INFO] [stderr]    Compiling subtle v2.6.1
[INFO] [stderr]    Compiling icu_properties_data v2.3.0
[INFO] [stderr]    Compiling icu_normalizer_data v2.3.0
[INFO] [stderr]    Compiling futures-core v0.3.34
[INFO] [stderr]    Compiling indexmap v2.14.1
[INFO] [stderr]    Compiling num-traits v0.2.19
[INFO] [stderr]    Compiling scopeguard v1.2.0
[INFO] [stderr]     Checking futures-channel v0.3.34
[INFO] [stderr]    Compiling socket2 v0.6.5
[INFO] [stderr]    Compiling lock_api v0.4.14
[INFO] [stderr]    Compiling rust_decimal v1.42.1
[INFO] [stderr]    Compiling futures-sink v0.3.34
[INFO] [stderr]    Compiling once_cell v1.21.4
[INFO] [stderr]    Compiling allocator-api2 v0.2.21
[INFO] [stderr]    Compiling foldhash v0.1.5
[INFO] [stderr]    Compiling tinyvec_macros v0.1.1
[INFO] [stderr]    Compiling percent-encoding v2.3.2
[INFO] [stderr]    Compiling tinyvec v1.12.0
[INFO] [stderr]    Compiling tracing-core v0.1.36
[INFO] [stderr]    Compiling form_urlencoded v1.2.2
[INFO] [stderr]    Compiling rand_core v0.6.4
[INFO] [stderr]    Compiling zmij v1.0.23
[INFO] [stderr]     Checking hybrid-array v0.4.14
[INFO] [stderr]    Compiling tokio v1.53.1
[INFO] [stderr]    Compiling futures-task v0.3.34
[INFO] [stderr]    Compiling futures-io v0.3.34
[INFO] [stderr]    Compiling arrayvec v0.7.8
[INFO] [stderr]    Compiling hashbrown v0.15.5
[INFO] [stderr]    Compiling slab v0.4.12
[INFO] [stderr]    Compiling parking v2.2.1
[INFO] [stderr]    Compiling crc-catalog v2.5.0
[INFO] [stderr]    Compiling iana-time-zone v0.1.65
[INFO] [stderr]    Compiling crc v3.4.0
[INFO] [stderr]    Compiling event-listener v5.4.2
[INFO] [stderr]    Compiling crossbeam-queue v0.3.13
[INFO] [stderr]    Compiling futures-util v0.3.34
[INFO] [stderr]    Compiling chrono v0.4.45
[INFO] [stderr]    Compiling unicode-normalization v0.1.25
[INFO] [stderr]    Compiling unicode-properties v0.1.4
[INFO] [stderr]    Compiling unicode-bidi v0.3.18
[INFO] [stderr]    Compiling uuid v1.26.0
[INFO] [stderr]    Compiling base64 v0.22.1
[INFO] [stderr]    Compiling hashlink v0.10.0
[INFO] [stderr]    Compiling generic-array v0.14.7
[INFO] [stderr]    Compiling stringprep v0.1.5
[INFO] [stderr]    Compiling atoi v2.0.0
[INFO] [stderr]     Checking crypto-common v0.2.2
[INFO] [stderr]     Checking block-buffer v0.12.1
[INFO] [stderr]     Checking sha2 v0.10.9
[INFO] [stderr]    Compiling home v0.5.12
[INFO] [stderr]    Compiling crypto-common v0.1.7
[INFO] [stderr]    Compiling block-buffer v0.10.4
[INFO] [stderr]    Compiling hex v0.4.3
[INFO] [stderr]    Compiling whoami v1.6.1
[INFO] [stderr]     Checking hashbrown v0.17.1
[INFO] [stderr]    Compiling dotenvy v0.15.7
[INFO] [stderr]     Checking const-oid v0.10.2
[INFO] [stderr]    Compiling byteorder v1.5.0
[INFO] [stderr]     Checking digest v0.11.3
[INFO] [stderr]    Compiling hmac v0.12.1
[INFO] [stderr]    Compiling md-5 v0.10.6
[INFO] [stderr]    Compiling hkdf v0.12.4
[INFO] [stderr]    Compiling unicode-segmentation v1.13.3
[INFO] [stderr]     Checking keccak v0.2.2
[INFO] [stderr]    Compiling ruint-macro v1.2.1
[INFO] [stderr]     Checking sha3 v0.11.0
[INFO] [stderr]     Checking const-hex v1.19.1
[INFO] [stderr]     Checking zeroize v1.9.0
[INFO] [stderr]    Compiling ring v0.17.14
[INFO] [stderr]     Checking rustls-pki-types v1.15.1
[INFO] [stderr]    Compiling rustls v0.23.43
[INFO] [stderr]     Checking ruint v1.20.0
[INFO] [stderr]     Checking ipnet v2.12.1
[INFO] [stderr]     Checking getrandom v0.3.4
[INFO] [stderr]     Checking webpki-roots v1.0.9
[INFO] [stderr]     Checking sha1 v0.10.7
[INFO] [stderr]     Checking rand_core v0.9.5
[INFO] [stderr]    Compiling convert_case v0.10.0
[INFO] [stderr]     Checking data-encoding v2.11.1
[INFO] [stderr]     Checking webpki-roots v0.26.11
[INFO] [stderr]    Compiling proc-macro-error-attr3 v3.0.1
[INFO] [stderr]     Checking keccak v0.1.6
[INFO] [stderr]     Checking num-bigint v0.4.8
[INFO] [stderr]     Checking sha3 v0.10.9
[INFO] [stderr]    Compiling rustix v1.1.4
[INFO] [stderr]     Checking linux-raw-sys v0.12.1
[INFO] [stderr]    Compiling curve25519-dalek v4.1.3
[INFO] [stderr]    Compiling crc32fast v1.5.1
[INFO] [stderr]     Checking simd-adler32 v0.3.10
[INFO] [stderr]     Checking signature v2.2.0
[INFO] [stderr]     Checking miniz_oxide v0.9.1
[INFO] [stderr]     Checking serde_path_to_error v0.1.20
[INFO] [stderr]     Checking ed25519 v2.2.3
[INFO] [stderr]     Checking filetime v0.2.29
[INFO] [stderr]     Checking matchit v0.8.4
[INFO] [stderr]    Compiling unicase v2.9.0
[INFO] [stderr]     Checking semver v1.0.28
[INFO] [stderr]    Compiling mime_guess v2.0.5
[INFO] [stderr]    Compiling cpufeatures v0.3.1
[INFO] [stderr]    Compiling mime v0.3.17
[INFO] [stderr]     Checking flate2 v1.1.10
[INFO] [stderr]     Checking ppv-lite86 v0.2.21
[INFO] [stderr]     Checking same-file v1.0.6
[INFO] [stderr]     Checking sha2 v0.11.0
[INFO] [stderr]     Checking regex-automata v0.4.18
[INFO] [stderr]     Checking toml_parser v1.1.3+spec-1.1.0
[INFO] [stderr]     Checking walkdir v2.5.0
[INFO] [stderr]     Checking toml_datetime v1.1.1+spec-1.1.0
[INFO] [stderr]     Checking serde_spanned v1.1.1
[INFO] [stderr]     Checking password-hash v0.5.0
[INFO] [stderr]     Checking blake2 v0.10.6
[INFO] [stderr]     Checking toml v1.1.4+spec-1.1.0
[INFO] [stderr]     Checking rand_chacha v0.3.1
[INFO] [stderr]     Checking rand_chacha v0.9.0
[INFO] [stderr]     Checking tracing-log v0.2.0
[INFO] [stderr]     Checking csv-core v0.1.13
[INFO] [stderr]     Checking rust-embed-utils v8.12.0
[INFO] [stderr]     Checking rand v0.8.8
[INFO] [stderr]     Checking thread_local v1.1.10
[INFO] [stderr]    Compiling tokio-stream v0.1.19
[INFO] [stderr]     Checking pathdiff v0.2.3
[INFO] [stderr]     Checking nu-ansi-term v0.50.3
[INFO] [stderr]     Checking csv v1.4.0
[INFO] [stderr]     Checking rand v0.9.5
[INFO] [stderr]    Compiling synstructure v0.13.2
[INFO] [stderr]    Compiling syn-solidity v1.7.1
[INFO] [stderr]    Compiling macro-string v0.2.0
[INFO] [stderr]    Compiling proc-macro-error3 v3.0.1
[INFO] [stderr]     Checking config v0.15.25
[INFO] [stderr]     Checking xattr v1.6.1
[INFO] [stderr]     Checking tar v0.4.46
[INFO] [stderr]     Checking argon2 v0.5.3
[INFO] [stderr]     Checking tempfile v3.27.0
[INFO] [stderr]     Checking matchers v0.2.0
[INFO] [stderr]    Compiling serde_derive v1.0.229
[INFO] [stderr]    Compiling zerovec-derive v0.11.6
[INFO] [stderr]    Compiling displaydoc v0.2.7
[INFO] [stderr]    Compiling tokio-macros v2.7.2
[INFO] [stderr]    Compiling thiserror-impl v2.0.20
[INFO] [stderr]    Compiling futures-macro v0.3.34
[INFO] [stderr]    Compiling async-trait v0.1.92
[INFO] [stderr]    Compiling zerofrom-derive v0.1.7
[INFO] [stderr]    Compiling yoke-derive v0.8.2
[INFO] [stderr]    Compiling tracing-attributes v0.1.31
[INFO] [stderr]    Compiling derive_more-impl v2.1.1
[INFO] [stderr]    Compiling curve25519-dalek-derive v0.1.1
[INFO] [stderr]    Compiling rust-embed-impl v8.12.0
[INFO] [stderr]     Checking rustls-webpki v0.103.15
[INFO] [stderr]     Checking rust-embed v8.12.0
[INFO] [stderr]     Checking thiserror v2.0.20
[INFO] [stderr]    Compiling alloy-sol-macro-input v1.7.1
[INFO] [stderr]     Checking tracing v0.1.44
[INFO] [stderr]     Checking zerofrom v0.1.8
[INFO] [stderr]     Checking yoke v0.8.3
[INFO] [stderr]    Compiling alloy-sol-macro-expander v1.7.1
[INFO] [stderr]    Compiling zerovec v0.11.8
[INFO] [stderr]    Compiling zerotrie v0.2.5
[INFO] [stderr]     Checking ed25519-dalek v2.2.0
[INFO] [stderr]    Compiling tinystr v0.8.4
[INFO] [stderr]    Compiling potential_utf v0.1.6
[INFO] [stderr]    Compiling icu_collections v2.3.0
[INFO] [stderr]    Compiling icu_locale_core v2.3.0
[INFO] [stderr]    Compiling smallvec v1.15.2
[INFO] [stderr]    Compiling either v1.18.0
[INFO] [stderr]     Checking derive_more v2.1.1
[INFO] [stderr]     Checking bytes v1.12.1
[INFO] [stderr]     Checking serde_urlencoded v0.7.1
[INFO] [stderr]     Checking tracing-serde v0.2.0
[INFO] [stderr]    Compiling icu_provider v2.3.1
[INFO] [stderr]    Compiling parking_lot_core v0.9.12
[INFO] [stderr]    Compiling icu_properties v2.3.0
[INFO] [stderr]    Compiling icu_normalizer v2.3.0
[INFO] [stderr]     Checking tracing-subscriber v0.3.23
[INFO] [stderr]    Compiling parking_lot v0.12.5
[INFO] [stderr]    Compiling futures-intrusive v0.5.0
[INFO] [stderr]     Checking http v1.5.0
[INFO] [stderr]     Checking alloy-primitives v1.7.1
[INFO] [stderr]    Compiling alloy-sol-macro v1.7.1
[INFO] [stderr]     Checking http-body v1.1.0
[INFO] [stderr]     Checking tungstenite v0.28.0
[INFO] [stderr]     Checking tungstenite v0.29.0
[INFO] [stderr]    Compiling idna_adapter v1.2.2
[INFO] [stderr]    Compiling idna v1.1.0
[INFO] [stderr]     Checking http-body-util v0.1.5
[INFO] [stderr]     Checking pons-domain v0.1.16 (/opt/rustwide/workdir/crates/domain)
[INFO] [stderr]     Checking alloy-sol-types v1.7.1
[INFO] [stderr]     Checking axum-core v0.5.6
[INFO] [stderr]    Compiling url v2.5.8
[INFO] [stderr]    Compiling sqlx-core v0.8.6
[INFO] [stderr]     Checking hyper v1.11.1
[INFO] [stderr]     Checking tokio-rustls v0.26.4
[INFO] [stderr]     Checking tower v0.5.3
[INFO] [stderr]     Checking tokio-util v0.7.19
[INFO] [stderr]     Checking tokio-tungstenite v0.29.0
[INFO] [stderr]    Compiling sqlx-postgres v0.8.6
[INFO] [stderr]     Checking tokio-tungstenite v0.28.0
[INFO] [stderr]     Checking tower-http v0.6.11
[INFO] [stderr]     Checking hyper-util v0.1.20
[INFO] [stderr]     Checking hyper-rustls v0.27.9
[INFO] [stderr]     Checking axum v0.8.9
[INFO] [stderr]     Checking reqwest v0.12.28
[INFO] [stderr]    Compiling sqlx-macros-core v0.8.6
[INFO] [stderr]    Compiling sqlx-macros v0.8.6
[INFO] [stderr]     Checking sqlx v0.8.6
[INFO] [stderr]     Checking pons-storage v0.1.16 (/opt/rustwide/workdir/crates/storage)
[INFO] [stderr]     Checking pons-updater v0.1.16 (/opt/rustwide/workdir/crates/updater)
[INFO] [stderr]     Checking pons-chain v0.1.16 (/opt/rustwide/workdir/crates/chain)
[INFO] [stderr]     Checking pons-v2 v0.1.16 (/opt/rustwide/workdir/crates/pons_v2)
[INFO] [stderr]     Checking pons-radar v0.1.16 (/opt/rustwide/workdir/crates/app)
[INFO] [stdout] error: #[derive(RustEmbed)] folder '/opt/rustwide/workdir/crates/app/../../frontend/dist' does not exist. cwd: '/opt/rustwide/workdir'
[INFO] [stdout]   --> crates/app/src/server.rs:50:1
[INFO] [stdout]    |
[INFO] [stdout] 50 | / #[folder = "../../frontend/dist"]
[INFO] [stdout] 51 | | struct FrontendAssets;
[INFO] [stdout]    | |______________________^
[INFO] [stdout] 
[INFO] [stdout] 
[INFO] [stdout] error: #[derive(RustEmbed)] folder '/opt/rustwide/workdir/crates/app/../../frontend/dist' does not exist. cwd: '/opt/rustwide/workdir'
[INFO] [stdout]   --> crates/app/src/server.rs:50:1
[INFO] [stdout]    |
[INFO] [stdout] 50 | / #[folder = "../../frontend/dist"]
[INFO] [stdout] 51 | | struct FrontendAssets;
[INFO] [stdout]    | |______________________^
[INFO] [stdout] 
[INFO] [stdout] 
[INFO] [stdout] warning: use of deprecated method `std::sync::atomic::Atomic::<usize>::fetch_update`: renamed to `try_update` for consistency
[INFO] [stdout]    --> crates/pons_v2/tests/confirmation.rs:196:14
[INFO] [stdout]     |
[INFO] [stdout] 196 |             .fetch_update(Ordering::SeqCst, Ordering::SeqCst, |v| {
[INFO] [stdout]     |              ^^^^^^^^^^^^
[INFO] [stdout]     |
[INFO] [stdout]     = note: `#[warn(deprecated)]` on by default
[INFO] [stdout] help: replace the use of the deprecated method
[INFO] [stdout]     |
[INFO] [stdout] 196 -             .fetch_update(Ordering::SeqCst, Ordering::SeqCst, |v| {
[INFO] [stdout] 196 +             .try_update(Ordering::SeqCst, Ordering::SeqCst, |v| {
[INFO] [stdout]     |
[INFO] [stdout] 
[INFO] [stdout] 
[INFO] [stdout] error[E0599]: no associated function or constant named `get` found for struct `FrontendAssets` in the current scope
[INFO] [stdout]     --> crates/app/src/server.rs:2205:24
[INFO] [stdout]      |
[INFO] [stdout]   51 | struct FrontendAssets;
[INFO] [stdout]      | --------------------- associated function or constant `get` not found for this struct
[INFO] [stdout] ...
[INFO] [stdout] 2205 |     if FrontendAssets::get(&path).is_some() {
[INFO] [stdout]      |                        ^^^ associated function or constant not found in `FrontendAssets`
[INFO] [stdout]      |
[INFO] [stdout]      = help: items from traits can only be used if the trait is implemented and in scope
[INFO] [stdout]      = note: the following traits define an item `get`, perhaps you need to implement one of them:
[INFO] [stdout]              candidate #1: `Embed`
[INFO] [stdout]              candidate #2: `Row`
[INFO] [stdout]              candidate #3: `SliceIndex`
[INFO] [stdout]              candidate #4: `icu_collections::codepointtrie::cptrie::TypedCodePointTrie`
[INFO] [stdout]              candidate #5: `icu_properties::names::PropertyEnumToValueNameLookup`
[INFO] [stdout]              candidate #6: `icu_provider::baked::DataStore`
[INFO] [stdout]              candidate #7: `rustls::server::server_conn::StoresServerSessions`
[INFO] [stdout]              candidate #8: `toml_parser::source::SourceIndex`
[INFO] [stdout] 
[INFO] [stdout] 
[INFO] [stdout] error[E0599]: no associated function or constant named `get` found for struct `FrontendAssets` in the current scope
[INFO] [stdout]     --> crates/app/src/server.rs:2205:24
[INFO] [stdout]      |
[INFO] [stdout]   51 | struct FrontendAssets;
[INFO] [stdout]      | --------------------- associated function or constant `get` not found for this struct
[INFO] [stdout] ...
[INFO] [stdout] 2205 |     if FrontendAssets::get(&path).is_some() {
[INFO] [stdout]      |                        ^^^ associated function or constant not found in `FrontendAssets`
[INFO] [stdout]      |
[INFO] [stdout]      = help: items from traits can only be used if the trait is implemented and in scope
[INFO] [stdout]      = note: the following traits define an item `get`, perhaps you need to implement one of them:
[INFO] [stdout]              candidate #1: `Row`
[INFO] [stdout]              candidate #2: `RustEmbed`
[INFO] [stdout]              candidate #3: `SliceIndex`
[INFO] [stdout]              candidate #4: `icu_collections::codepointtrie::cptrie::TypedCodePointTrie`
[INFO] [stdout]              candidate #5: `icu_properties::names::PropertyEnumToValueNameLookup`
[INFO] [stdout]              candidate #6: `icu_provider::baked::DataStore`
[INFO] [stdout]              candidate #7: `rustls::server::server_conn::StoresServerSessions`
[INFO] [stdout]              candidate #8: `toml_parser::source::SourceIndex`
[INFO] [stdout] 
[INFO] [stdout] 
[INFO] [stdout] error[E0599]: no associated function or constant named `get` found for struct `FrontendAssets` in the current scope
[INFO] [stdout]     --> crates/app/src/server.rs:2215:39
[INFO] [stdout]      |
[INFO] [stdout]   51 | struct FrontendAssets;
[INFO] [stdout]      | --------------------- associated function or constant `get` not found for this struct
[INFO] [stdout] ...
[INFO] [stdout] 2215 |     let Some(asset) = FrontendAssets::get(path) else {
[INFO] [stdout]      |                                       ^^^ associated function or constant not found in `FrontendAssets`
[INFO] [stdout]      |
[INFO] [stdout]      = help: items from traits can only be used if the trait is implemented and in scope
[INFO] [stdout]      = note: the following traits define an item `get`, perhaps you need to implement one of them:
[INFO] [stdout]              candidate #1: `Embed`
[INFO] [stdout]              candidate #2: `Row`
[INFO] [stdout]              candidate #3: `SliceIndex`
[INFO] [stdout]              candidate #4: `icu_collections::codepointtrie::cptrie::TypedCodePointTrie`
[INFO] [stdout]              candidate #5: `icu_properties::names::PropertyEnumToValueNameLookup`
[INFO] [stdout]              candidate #6: `icu_provider::baked::DataStore`
[INFO] [stdout]              candidate #7: `rustls::server::server_conn::StoresServerSessions`
[INFO] [stdout]              candidate #8: `toml_parser::source::SourceIndex`
[INFO] [stdout] 
[INFO] [stdout] 
[INFO] [stdout] error[E0599]: no associated function or constant named `get` found for struct `FrontendAssets` in the current scope
[INFO] [stdout]     --> crates/app/src/server.rs:2215:39
[INFO] [stdout]      |
[INFO] [stdout]   51 | struct FrontendAssets;
[INFO] [stdout]      | --------------------- associated function or constant `get` not found for this struct
[INFO] [stdout] ...
[INFO] [stdout] 2215 |     let Some(asset) = FrontendAssets::get(path) else {
[INFO] [stdout]      |                                       ^^^ associated function or constant not found in `FrontendAssets`
[INFO] [stdout]      |
[INFO] [stdout]      = help: items from traits can only be used if the trait is implemented and in scope
[INFO] [stdout]      = note: the following traits define an item `get`, perhaps you need to implement one of them:
[INFO] [stdout]              candidate #1: `Row`
[INFO] [stdout]              candidate #2: `RustEmbed`
[INFO] [stdout]              candidate #3: `SliceIndex`
[INFO] [stdout]              candidate #4: `icu_collections::codepointtrie::cptrie::TypedCodePointTrie`
[INFO] [stdout]              candidate #5: `icu_properties::names::PropertyEnumToValueNameLookup`
[INFO] [stdout]              candidate #6: `icu_provider::baked::DataStore`
[INFO] [stdout]              candidate #7: `rustls::server::server_conn::StoresServerSessions`
[INFO] [stdout]              candidate #8: `toml_parser::source::SourceIndex`
[INFO] [stdout] 
[INFO] [stdout] 
[INFO] [stdout] For more information about this error, try `rustc --explain E0599`.
[INFO] [stdout] 
[INFO] [stderr] error: could not compile `pons-radar` (lib) due to 3 previous errors
[INFO] [stderr] warning: build failed, waiting for other jobs to finish...
[INFO] [stdout] For more information about this error, try `rustc --explain E0599`.
[INFO] [stdout] 
[INFO] [stderr] error: could not compile `pons-radar` (lib test) due to 3 previous errors
[INFO] running `Command { std: "docker" "inspect" "6eafaeb237e7962e36a7af53ba52ed0d62f99e8b5a8e61db92d6f86beb1bf847", kill_on_drop: false }`
[INFO] running `Command { std: "docker" "rm" "-f" "6eafaeb237e7962e36a7af53ba52ed0d62f99e8b5a8e61db92d6f86beb1bf847", kill_on_drop: false }`
[INFO] [stdout] 6eafaeb237e7962e36a7af53ba52ed0d62f99e8b5a8e61db92d6f86beb1bf847
