[INFO] cloning repository https://github.com/musdom/picosigner
[INFO] running `Command { std: "git" "-c" "credential.helper=" "-c" "credential.helper=/workspace/cargo-home/bin/git-credential-null" "clone" "--bare" "https://github.com/musdom/picosigner" "/workspace/cache/git-repos/https%3A%2F%2Fgithub.com%2Fmusdom%2Fpicosigner", kill_on_drop: false }`
[INFO] [stderr] Cloning into bare repository '/workspace/cache/git-repos/https%3A%2F%2Fgithub.com%2Fmusdom%2Fpicosigner'...
[INFO] running `Command { std: "git" "rev-parse" "HEAD", kill_on_drop: false }`
[INFO] [stdout] 8dd887ed7620f685d5f7814fca1d040cb2d392ed
[INFO] checking musdom/picosigner against 3154cc1a3e6424e44f438a95007d043ed5ceaaf6+rustflags=-Znext-solver=coherence for pr-133502-30
[INFO] running `Command { std: "git" "clone" "/workspace/cache/git-repos/https%3A%2F%2Fgithub.com%2Fmusdom%2Fpicosigner" "/workspace/builds/worker-5-tc1/source", kill_on_drop: false }`
[INFO] [stderr] Cloning into '/workspace/builds/worker-5-tc1/source'...
[INFO] [stderr] done.
[INFO] removed /workspace/builds/worker-5-tc1/source/.cargo/config.toml
[INFO] started tweaking git repo https://github.com/musdom/picosigner
[INFO] finished tweaking git repo https://github.com/musdom/picosigner
[INFO] tweaked toml for git repo https://github.com/musdom/picosigner written to /workspace/builds/worker-5-tc1/source/Cargo.toml
[INFO] validating manifest of git repo https://github.com/musdom/picosigner on toolchain 3154cc1a3e6424e44f438a95007d043ed5ceaaf6
[INFO] running `Command { std: CARGO_HOME="/workspace/cargo-home" RUSTUP_HOME="/workspace/rustup-home" "/workspace/cargo-home/bin/cargo" "+3154cc1a3e6424e44f438a95007d043ed5ceaaf6" "metadata" "--manifest-path" "Cargo.toml" "--no-deps", kill_on_drop: false }`
[INFO] crate git repo https://github.com/musdom/picosigner already has a lockfile, it will not be regenerated
[INFO] running `Command { std: CARGO_HOME="/workspace/cargo-home" RUSTUP_HOME="/workspace/rustup-home" "/workspace/cargo-home/bin/cargo" "+3154cc1a3e6424e44f438a95007d043ed5ceaaf6" "fetch" "--manifest-path" "Cargo.toml", kill_on_drop: false }`
[INFO] [stderr]     Updating crates.io index
[INFO] [stderr]  Downloading crates ...
[INFO] [stderr]   Downloaded subtle-ng v2.5.0
[INFO] [stderr]   Downloaded secp256kfun_arithmetic_macros v0.2.0
[INFO] [stderr]   Downloaded secp256k1 v0.30.0
[INFO] [stderr]   Downloaded minicbor-derive v0.13.0
[INFO] [stderr]   Downloaded usbd-serial v0.2.2
[INFO] [stderr]   Downloaded rp-hal-common v0.1.0
[INFO] [stderr]   Downloaded schnorr_fun v0.13.0
[INFO] [stderr]   Downloaded secp256kfun v0.12.1
[INFO] [stderr]   Downloaded bitcoin-io v0.1.101
[INFO] [stderr]   Downloaded riscv-rt-macros v0.2.2
[INFO] [stderr]   Downloaded base58ck v0.1.101
[INFO] [stderr]   Downloaded bitcoin-private v0.1.0
[INFO] [stderr]   Downloaded rp235x-hal-macros v0.1.0
[INFO] [stderr]   Downloaded riscv-rt v0.12.2
[INFO] [stderr]   Downloaded rp-binary-info v0.1.2
[INFO] [stderr]   Downloaded hex-conservative v0.2.2
[INFO] [stderr]   Downloaded bdk_core v0.6.3
[INFO] [stderr]   Downloaded minicbor v0.19.1
[INFO] [stderr]   Downloaded riscv v0.11.1
[INFO] [stderr]   Downloaded rand_xoshiro v0.6.0
[INFO] [stderr]   Downloaded bitcoin-internals v0.6.0
[INFO] [stderr]   Downloaded fugit v0.3.9
[INFO] [stderr]   Downloaded az v1.2.1
[INFO] [stderr]   Downloaded ur v0.4.1
[INFO] [stderr]   Downloaded frunk_derives v0.4.4
[INFO] [stderr]   Downloaded embedded-dma v0.2.0
[INFO] [stderr]   Downloaded frunk_proc_macro_helpers v0.1.5
[INFO] [stderr]   Downloaded bitcoin-consensus-encoding v1.1.0
[INFO] [stderr]   Downloaded hex-conservative v1.2.0
[INFO] [stderr]   Downloaded bitcoin_hashes v0.12.0
[INFO] [stderr]   Downloaded usb-device v0.3.2
[INFO] [stderr]   Downloaded bitcoin-units v0.1.101
[INFO] [stderr]   Downloaded embedded-graphics-core v0.4.1
[INFO] [stderr]   Downloaded embedded-alloc v0.7.0
[INFO] [stderr]   Downloaded bitfield v0.14.0
[INFO] [stderr]   Downloaded linked_list_allocator v0.10.6
[INFO] [stderr]   Downloaded embedded-graphics-simulator v0.8.0
[INFO] [stderr]   Downloaded cortex-m v0.7.8
[INFO] [stderr]   Downloaded rusttype v0.9.3
[INFO] [stderr]   Downloaded frunk v0.4.4
[INFO] [stderr]   Downloaded frunk_core v0.4.4
[INFO] [stderr]   Downloaded bech32 v0.11.1
[INFO] [stderr]   Downloaded frunk_core v0.5.0
[INFO] [stderr]   Downloaded bdk_chain v0.23.3
[INFO] [stderr]   Downloaded secp256k1 v0.28.2
[INFO] [stderr]   Downloaded ttf-parser v0.15.2
[INFO] [stderr]   Downloaded rp235x-hal v0.4.0
[INFO] [stderr]   Downloaded owned_ttf_parser v0.15.2
[INFO] [stderr]   Downloaded micromath v2.1.0
[INFO] [stderr]   Downloaded bdk_wallet v3.1.0
[INFO] [stderr]   Downloaded bitcoin v0.32.102
[INFO] [stderr]   Downloaded miniscript v12.3.7
[INFO] [stderr]   Downloaded rp235x-pac v0.2.0
[INFO] [stderr]   Downloaded embedded-graphics v0.8.2
[INFO] [stderr]   Downloaded secp256k1-sys v0.9.2
[INFO] running `Command { std: "docker" "create" "-v" "/var/lib/crater-agent-workspace/builds/worker-5-tc1/source:/opt/rustwide/workdir:ro,Z" "-v" "/var/lib/crater-agent-workspace/builds/worker-5-tc1/target:/opt/rustwide/target:rw,Z" "-v" "/var/lib/crater-agent-workspace/cargo-home:/opt/rustwide/cargo-home:ro,Z" "-v" "/var/lib/crater-agent-workspace/rustup-home:/opt/rustwide/rustup-home:ro,Z" "-m" "1610612736" "--network" "none" "ghcr.io/rust-lang/crates-build-env/linux@sha256:77db811e55d90add9212f6832c23229e3de5f1c1f9905e8cb07319ea15df73ac" "sleep" "infinity", kill_on_drop: false }`
[INFO] [stdout] c6439a1852fe74a82ed7cac72010a2ff6b395f8f405397571962f2b6f7177c0d
[INFO] running `Command { std: "docker" "start" "c6439a1852fe74a82ed7cac72010a2ff6b395f8f405397571962f2b6f7177c0d", kill_on_drop: false }`
[INFO] running `Command { std: "docker" "inspect" "c6439a1852fe74a82ed7cac72010a2ff6b395f8f405397571962f2b6f7177c0d", kill_on_drop: false }`
[INFO] running `Command { std: "docker" "exec" "-e" "SOURCE_DIR=/opt/rustwide/workdir" "-e" "CARGO_HOME=/opt/rustwide/cargo-home" "-e" "RUSTUP_HOME=/opt/rustwide/rustup-home" "-e" "CARGO_TARGET_DIR=/opt/rustwide/target" "-w" "/opt/rustwide/workdir" "--user" "0:0" "c6439a1852fe74a82ed7cac72010a2ff6b395f8f405397571962f2b6f7177c0d" "/opt/rustwide/cargo-home/bin/cargo" "+3154cc1a3e6424e44f438a95007d043ed5ceaaf6" "metadata" "--no-deps" "--format-version=1", kill_on_drop: false }`
[INFO] running `Command { std: "docker" "inspect" "c6439a1852fe74a82ed7cac72010a2ff6b395f8f405397571962f2b6f7177c0d", kill_on_drop: false }`
[INFO] running `Command { std: "docker" "exec" "-e" "SOURCE_DIR=/opt/rustwide/workdir" "-e" "CARGO_HOME=/opt/rustwide/cargo-home" "-e" "RUSTUP_HOME=/opt/rustwide/rustup-home" "-e" "CARGO_TARGET_DIR=/opt/rustwide/target" "-e" "CARGO_INCREMENTAL=0" "-e" "RUST_BACKTRACE=full" "-e" "RUSTFLAGS=--cap-lints=forbid -Znext-solver=coherence" "-e" "RUSTDOCFLAGS=--cap-lints=forbid" "-w" "/opt/rustwide/workdir" "--user" "0:0" "c6439a1852fe74a82ed7cac72010a2ff6b395f8f405397571962f2b6f7177c0d" "/opt/rustwide/cargo-home/bin/cargo" "+3154cc1a3e6424e44f438a95007d043ed5ceaaf6" "check" "--frozen" "--all" "--all-targets" "--message-format=json", kill_on_drop: false }`
[INFO] [stderr]    Compiling proc-macro2 v1.0.107
[INFO] [stderr]    Compiling bitcoin-io v0.1.101
[INFO] [stderr]    Compiling zerocopy v0.8.56
[INFO] [stderr]    Compiling phf_shared v0.11.3
[INFO] [stderr]    Compiling find-msvc-tools v0.1.10
[INFO] [stderr]    Compiling az v1.2.1
[INFO] [stderr]    Compiling heapless v0.8.0
[INFO] [stderr]     Checking cfg-if v1.0.4
[INFO] [stderr]    Compiling hex_lit v0.1.1
[INFO] [stderr]    Compiling parking_lot_core v0.9.12
[INFO] [stderr]    Compiling smallvec v1.15.2
[INFO] [stderr]    Compiling bitcoin v0.32.102
[INFO] [stderr]    Compiling cc v1.4.2
[INFO] [stderr]    Compiling regex-syntax v0.8.11
[INFO] [stderr]    Compiling crypto-common v0.1.7
[INFO] [stderr]     Checking libc v0.2.189
[INFO] [stderr]    Compiling indexmap v2.14.0
[INFO] [stderr]    Compiling digest v0.10.7
[INFO] [stderr]    Compiling new_debug_unreachable v1.0.6
[INFO] [stderr]    Compiling keccak v0.1.6
[INFO] [stderr]    Compiling precomputed-hash v0.1.1
[INFO] [stderr]    Compiling log v0.4.33
[INFO] [stderr]    Compiling parking_lot v0.12.5
[INFO] [stderr]    Compiling bit-vec v0.8.0
[INFO] [stderr]    Compiling either v1.17.0
[INFO] [stderr]    Compiling fixedbitset v0.5.7
[INFO] [stderr]    Compiling term v1.2.1
[INFO] [stderr]    Compiling itertools v0.14.0
[INFO] [stderr]    Compiling quote v1.0.47
[INFO] [stderr]    Compiling petgraph v0.7.1
[INFO] [stderr]    Compiling syn v2.0.119
[INFO] [stderr]    Compiling syn v3.0.3
[INFO] [stderr]    Compiling ascii-canvas v4.0.0
[INFO] [stderr]    Compiling string_cache v0.8.9
[INFO] [stderr]    Compiling bit-set v0.8.0
[INFO] [stderr]    Compiling ena v0.14.4
[INFO] [stderr]    Compiling sha3 v0.10.9
[INFO] [stderr]    Compiling pico-args v0.5.0
[INFO] [stderr]    Compiling secp256k1-sys v0.10.1
[INFO] [stderr]    Compiling unicode-xid v0.2.6
[INFO] [stderr]    Compiling bitcoin-private v0.1.0
[INFO] [stderr]    Compiling thiserror v2.0.20
[INFO] [stderr]    Compiling rand_core v0.6.4
[INFO] [stderr]    Compiling rand v0.8.6
[INFO] [stderr]    Compiling arrayvec v0.7.8
[INFO] [stderr]    Compiling regex-automata v0.4.18
[INFO] [stderr]    Compiling proc-macro-error-attr2 v2.0.0
[INFO] [stderr]    Compiling phf_generator v0.11.3
[INFO] [stderr]    Compiling termcolor v1.4.1
[INFO] [stderr]    Compiling minicbor v0.19.1
[INFO] [stderr]    Compiling unicode-width v0.1.14
[INFO] [stderr]    Compiling frunk_core v0.5.0
[INFO] [stderr]    Compiling codespan-reporting v0.11.1
[INFO] [stderr]     Checking getrandom v0.2.17
[INFO] [stderr]    Compiling secp256kfun_arithmetic_macros v0.2.0
[INFO] [stderr]    Compiling rp235x-pac v0.2.0
[INFO] [stderr]    Compiling embedded-hal-async v1.0.0
[INFO] [stderr]     Checking byteorder v1.5.0
[INFO] [stderr]     Checking libm v0.2.16
[INFO] [stderr]     Checking serde_core v1.0.229
[INFO] [stderr]     Checking hex-conservative v0.2.2
[INFO] [stderr]    Compiling serde_derive v1.0.229
[INFO] [stderr]    Compiling thiserror-impl v2.0.20
[INFO] [stderr]    Compiling lalrpop-util v0.22.2
[INFO] [stderr]    Compiling regex v1.13.1
[INFO] [stderr]    Compiling lalrpop v0.22.2
[INFO] [stderr]    Compiling frunk_proc_macro_helpers v0.1.5
[INFO] [stderr]    Compiling proc-macro-error2 v2.0.1
[INFO] [stderr]     Checking num-traits v0.2.19
[INFO] [stderr]    Compiling picosigner v0.1.0 (/opt/rustwide/workdir/picosigner)
[INFO] [stderr]     Checking hash32 v0.3.1
[INFO] [stderr]     Checking typenum v1.20.1
[INFO] [stderr]     Checking stable_deref_trait v1.2.1
[INFO] [stderr]     Checking miniz_oxide v0.8.9
[INFO] [stderr]    Compiling num_enum_derive v0.7.6
[INFO] [stderr]    Compiling phf_macros v0.11.3
[INFO] [stderr]    Compiling num-derive v0.4.2
[INFO] [stderr]    Compiling frunk_derives v0.4.4
[INFO] [stderr]    Compiling rp235x-hal-macros v0.1.0
[INFO] [stderr]     Checking generic-array v0.14.7
[INFO] [stderr]    Compiling num_enum v0.7.6
[INFO] [stderr]    Compiling pio-core v0.3.0
[INFO] [stderr]    Compiling version-compare v0.1.1
[INFO] [stderr]     Checking simd-adler32 v0.3.10
[INFO] [stderr]     Checking serde v1.0.229
[INFO] [stderr]     Checking ppv-lite86 v0.2.21
[INFO] [stderr]    Compiling sdl2-sys v0.38.0
[INFO] [stderr]     Checking float-cmp v0.9.0
[INFO] [stderr]     Checking rand_chacha v0.3.1
[INFO] [stderr]     Checking bitcoin_hashes v0.14.101
[INFO] [stderr]     Checking bitcoin-units v0.1.101
[INFO] [stderr]     Checking embedded-graphics-core v0.4.1
[INFO] [stderr]     Checking nb v1.1.0
[INFO] [stderr]     Checking bech32 v0.11.1
[INFO] [stderr]     Checking base64 v0.21.7
[INFO] [stderr]     Checking adler2 v2.0.1
[INFO] [stderr]     Checking micromath v2.1.0
[INFO] [stderr]     Checking embedded-graphics v0.8.2
[INFO] [stderr]     Checking block-buffer v0.10.4
[INFO] [stderr]     Checking secp256k1 v0.29.1
[INFO] [stderr]     Checking base58ck v0.1.101
[INFO] [stderr]    Compiling proc-macro2-diagnostics v0.10.1
[INFO] [stderr]     Checking nb v0.1.3
[INFO] [stderr]     Checking portable-atomic v1.15.0
[INFO] [stderr]     Checking gcd v2.3.0
[INFO] [stderr]     Checking critical-section v1.2.0
[INFO] [stderr]     Checking tinyvec_macros v0.1.1
[INFO] [stderr]     Checking embedded-hal v1.0.0
[INFO] [stderr]     Checking void v1.0.2
[INFO] [stderr]    Compiling yansi v1.0.1
[INFO] [stderr]     Checking siphasher v1.0.3
[INFO] [stderr]     Checking usb-device v0.3.2
[INFO] [stderr]     Checking tinyvec v1.12.0
[INFO] [stderr]     Checking embedded-hal v0.2.7
[INFO] [stderr]     Checking fugit v0.3.9
[INFO] [stderr]     Checking zmij v1.0.23
[INFO] [stderr]     Checking subtle-ng v2.5.0
[INFO] [stderr]     Checking itoa v1.0.18
[INFO] [stderr]     Checking crc-catalog v2.5.0
[INFO] [stderr]    Compiling sdl2 v0.38.0
[INFO] [stderr]     Checking memchr v2.8.3
[INFO] [stderr]     Checking vcell v0.1.3
[INFO] [stderr]     Checking ttf-parser v0.15.2
[INFO] [stderr]     Checking frunk_core v0.4.4
[INFO] [stderr]     Checking serde_json v1.0.151
[INFO] [stderr]     Checking secp256kfun v0.12.1
[INFO] [stderr]     Checking owned_ttf_parser v0.15.2
[INFO] [stderr]     Checking itertools v0.13.0
[INFO] [stderr]    Compiling ouroboros_macro v0.18.5
[INFO] [stderr]     Checking crc v3.4.0
[INFO] [stderr]     Checking bitcoin_hashes v0.12.0
[INFO] [stderr]     Checking frunk v0.4.4
[INFO] [stderr]     Checking unicode-normalization v0.1.25
[INFO] [stderr]     Checking rp-hal-common v0.1.0
[INFO] [stderr]     Checking phf v0.11.3
[INFO] [stderr]     Checking embedded-hal-nb v1.0.0
[INFO] [stderr]     Checking quircs-nostd v0.10.3-picosigner.1 (/opt/rustwide/workdir/quircs)
[INFO] [stderr]     Checking embedded-dma v0.2.0
[INFO] [stderr]     Checking ab_glyph_rasterizer v0.1.10
[INFO] [stderr]     Checking rand_xoshiro v0.6.0
[INFO] [stderr]     Checking bdk_core v0.6.3
[INFO] [stderr]     Checking miniscript v12.3.7
[INFO] [stderr]     Checking bitfield v0.14.0
[INFO] [stderr]     Checking sha2-const-stable v0.1.0
[INFO] [stderr]     Checking embedded-io v0.7.1
[INFO] [stderr]     Checking cpufeatures v0.2.17
[INFO] [stderr]     Checking rand_core v0.9.5
[INFO] [stderr]     Checking rp-binary-info v0.1.2
[INFO] [stderr]     Checking ur v0.4.1
[INFO] [stderr]     Checking sha2 v0.10.9
[INFO] [stderr]     Checking rusttype v0.9.3
[INFO] [stderr]     Checking bip39 v2.2.2
[INFO] [stderr]     Checking schnorr_fun v0.13.0
[INFO] [stderr]    Compiling pio-parser v0.3.0
[INFO] [stderr]     Checking linked_list_allocator v0.10.6
[INFO] [stderr]     Checking zeroize v1.9.0
[INFO] [stderr]     Checking embedded-io v0.6.1
[INFO] [stderr]     Checking embedded-alloc v0.7.0
[INFO] [stderr]     Checking flate2 v1.1.9
[INFO] [stderr]     Checking usbd-serial v0.2.2
[INFO] [stderr]     Checking picosigner-qr v0.1.0 (/opt/rustwide/workdir/picosigner-qr)
[INFO] [stderr]     Checking bdk_chain v0.23.3
[INFO] [stderr]     Checking embedded-ttf v0.2.2-picosigner.1 (/opt/rustwide/workdir/embedded-ttf)
[INFO] [stderr]     Checking picosigner-ui v0.1.0 (/opt/rustwide/workdir/picosigner-ui)
[INFO] [stderr]     Checking fdeflate v0.3.7
[INFO] [stderr]     Checking pxfm v0.1.30
[INFO] [stderr]     Checking png v0.18.1
[INFO] [stderr]    Compiling rustix v1.1.4
[INFO] [stderr]     Checking bdk_wallet v3.1.0
[INFO] [stderr]     Checking byteorder-lite v0.1.0
[INFO] [stderr]     Checking bitflags v2.13.1
[INFO] [stderr]     Checking bytemuck v1.25.2
[INFO] [stderr]     Checking crc32fast v1.5.0
[INFO] [stderr]     Checking aliasable v0.1.3
[INFO] [stderr]     Checking picosigner-wallet v0.1.0 (/opt/rustwide/workdir/picosigner-wallet)
[INFO] [stderr]     Checking moxcms v0.8.1
[INFO] [stderr]     Checking ouroboros v0.18.5
[INFO] [stderr]     Checking lazy_static v1.5.0
[INFO] [stderr]     Checking bitflags v1.3.2
[INFO] [stderr]     Checking static_assertions v1.1.0
[INFO] [stderr]     Checking once_cell v1.21.4
[INFO] [stderr]     Checking base64 v0.22.1
[INFO] [stderr]     Checking linux-raw-sys v0.12.1
[INFO] [stderr]     Checking getrandom v0.4.3
[INFO] [stderr]     Checking fastrand v2.5.0
[INFO] [stderr]     Checking qrcode v0.14.1
[INFO] [stderr]     Checking tempfile v3.27.0
[INFO] [stderr]     Checking image v0.25.10
[INFO] [stderr]     Checking embedded-graphics-simulator v0.8.0
[INFO] [stderr]    Compiling pio-proc v0.3.0
[INFO] [stderr]     Checking pio v0.3.0
[INFO] [stderr]     Checking rp235x-hal v0.4.0
[INFO] [stderr]     Checking picosigner-board v0.1.0 (/opt/rustwide/workdir/picosigner-board)
[INFO] [stderr]     Checking picosigner-emulator v0.1.0 (/opt/rustwide/workdir/picosigner-emulator)
[INFO] [stdout] error[E0433]: cannot find `arch_entry` in `rp235x_hal`
[INFO] [stdout]    --> picosigner-board/examples/usb.rs:19:1
[INFO] [stdout]     |
[INFO] [stdout]  19 | #[hal::entry]
[INFO] [stdout]     | ^^^^^^^^^^^^^ could not find `arch_entry` in `rp235x_hal`
[INFO] [stdout]     |
[INFO] [stdout] note: found an item that was configured out
[INFO] [stdout]    --> /opt/rustwide/cargo-home/registry/src/index.crates.io-1949cf8c6b5b557f/rp235x-hal-0.4.0/src/lib.rs:96:31
[INFO] [stdout]     |
[INFO] [stdout]  95 | #[cfg(all(target_arch = "arm", target_os = "none"))]
[INFO] [stdout]     |           ------------------- the item is gated behind the `arm` feature
[INFO] [stdout]  96 | pub use cortex_m_rt::entry as arch_entry;
[INFO] [stdout]     |                               ^^^^^^^^^^
[INFO] [stdout] note: found an item that was configured out
[INFO] [stdout]    --> /opt/rustwide/cargo-home/registry/src/index.crates.io-1949cf8c6b5b557f/rp235x-hal-0.4.0/src/lib.rs:100:28
[INFO] [stdout]     |
[INFO] [stdout]  99 | #[cfg(all(target_arch = "riscv32", target_os = "none"))]
[INFO] [stdout]     |           ----------------------- the item is gated behind the `riscv32` feature
[INFO] [stdout] 100 | pub use riscv_rt::entry as arch_entry;
[INFO] [stdout]     |                            ^^^^^^^^^^
[INFO] [stdout]     = note: this error originates in the attribute macro `hal::entry` (in Nightly builds, run with -Z macro-backtrace for more info)
[INFO] [stdout] 
[INFO] [stdout] 
[INFO] [stdout] error[E0433]: cannot find `arch_entry` in `rp235x_hal`
[INFO] [stdout]    --> picosigner-board/examples/lcd_rgb.rs:23:1
[INFO] [stdout]     |
[INFO] [stdout]  23 | #[hal::entry]
[INFO] [stdout]     | ^^^^^^^^^^^^^ could not find `arch_entry` in `rp235x_hal`
[INFO] [stdout]     |
[INFO] [stdout] note: found an item that was configured out
[INFO] [stdout]    --> /opt/rustwide/cargo-home/registry/src/index.crates.io-1949cf8c6b5b557f/rp235x-hal-0.4.0/src/lib.rs:96:31
[INFO] [stdout]     |
[INFO] [stdout]  95 | #[cfg(all(target_arch = "arm", target_os = "none"))]
[INFO] [stdout]     |           ------------------- the item is gated behind the `arm` feature
[INFO] [stdout]  96 | pub use cortex_m_rt::entry as arch_entry;
[INFO] [stdout]     |                               ^^^^^^^^^^
[INFO] [stdout] note: found an item that was configured out
[INFO] [stdout]    --> /opt/rustwide/cargo-home/registry/src/index.crates.io-1949cf8c6b5b557f/rp235x-hal-0.4.0/src/lib.rs:100:28
[INFO] [stdout]     |
[INFO] [stdout]  99 | #[cfg(all(target_arch = "riscv32", target_os = "none"))]
[INFO] [stdout]     |           ----------------------- the item is gated behind the `riscv32` feature
[INFO] [stdout] 100 | pub use riscv_rt::entry as arch_entry;
[INFO] [stdout]     |                            ^^^^^^^^^^
[INFO] [stdout]     = note: this error originates in the attribute macro `hal::entry` (in Nightly builds, run with -Z macro-backtrace for more info)
[INFO] [stdout] 
[INFO] [stdout] 
[INFO] [stdout] error[E0433]: cannot find `arch_entry` in `rp235x_hal`
[INFO] [stdout]    --> picosigner-board/examples/camera.rs:98:1
[INFO] [stdout]     |
[INFO] [stdout]  98 | #[hal::entry]
[INFO] [stdout]     | ^^^^^^^^^^^^^ could not find `arch_entry` in `rp235x_hal`
[INFO] [stdout]     |
[INFO] [stdout] note: found an item that was configured out
[INFO] [stdout]    --> /opt/rustwide/cargo-home/registry/src/index.crates.io-1949cf8c6b5b557f/rp235x-hal-0.4.0/src/lib.rs:96:31
[INFO] [stdout]     |
[INFO] [stdout]  95 | #[cfg(all(target_arch = "arm", target_os = "none"))]
[INFO] [stdout]     |           ------------------- the item is gated behind the `arm` feature
[INFO] [stdout]  96 | pub use cortex_m_rt::entry as arch_entry;
[INFO] [stdout]     |                               ^^^^^^^^^^
[INFO] [stdout] note: found an item that was configured out
[INFO] [stdout]    --> /opt/rustwide/cargo-home/registry/src/index.crates.io-1949cf8c6b5b557f/rp235x-hal-0.4.0/src/lib.rs:100:28
[INFO] [stdout]     |
[INFO] [stdout]  99 | #[cfg(all(target_arch = "riscv32", target_os = "none"))]
[INFO] [stdout]     |           ----------------------- the item is gated behind the `riscv32` feature
[INFO] [stdout] 100 | pub use riscv_rt::entry as arch_entry;
[INFO] [stdout]     |                            ^^^^^^^^^^
[INFO] [stdout]     = note: this error originates in the attribute macro `hal::entry` (in Nightly builds, run with -Z macro-backtrace for more info)
[INFO] [stdout] 
[INFO] [stdout] 
[INFO] [stdout] For more information about this error, try `rustc --explain E0433`.
[INFO] [stdout] 
[INFO] [stderr] error: could not compile `picosigner-board` (example "lcd_rgb") due to 1 previous error
[INFO] [stderr] warning: build failed, waiting for other jobs to finish...
[INFO] [stdout] For more information about this error, try `rustc --explain E0433`.
[INFO] [stdout] 
[INFO] [stderr] error: could not compile `picosigner-board` (example "usb") due to 1 previous error
[INFO] [stdout] error[E0432]: unresolved import `picosigner::heap`
[INFO] [stdout]   --> picosigner-board/examples/qr.rs:17:5
[INFO] [stdout]    |
[INFO] [stdout] 17 |     heap,
[INFO] [stdout]    |     ^^^^ no `heap` in the root
[INFO] [stdout]    |
[INFO] [stdout] note: found an item that was configured out
[INFO] [stdout]   --> picosigner/src/lib.rs:8:9
[INFO] [stdout]    |
[INFO] [stdout]  7 | #[cfg(all(feature = "embedded", target_os = "none"))]
[INFO] [stdout]    |                                 ------------------ the item is gated behind the `none` feature
[INFO] [stdout]  8 | pub mod heap;
[INFO] [stdout]    |         ^^^^
[INFO] [stdout] 
[INFO] [stdout] 
[INFO] [stdout] error[E0433]: cannot find `arch_entry` in `rp235x_hal`
[INFO] [stdout]    --> picosigner-board/examples/qr.rs:99:1
[INFO] [stdout]     |
[INFO] [stdout]  99 | #[hal::entry]
[INFO] [stdout]     | ^^^^^^^^^^^^^ could not find `arch_entry` in `rp235x_hal`
[INFO] [stdout]     |
[INFO] [stdout] note: found an item that was configured out
[INFO] [stdout]    --> /opt/rustwide/cargo-home/registry/src/index.crates.io-1949cf8c6b5b557f/rp235x-hal-0.4.0/src/lib.rs:96:31
[INFO] [stdout]     |
[INFO] [stdout]  95 | #[cfg(all(target_arch = "arm", target_os = "none"))]
[INFO] [stdout]     |           ------------------- the item is gated behind the `arm` feature
[INFO] [stdout]  96 | pub use cortex_m_rt::entry as arch_entry;
[INFO] [stdout]     |                               ^^^^^^^^^^
[INFO] [stdout] note: found an item that was configured out
[INFO] [stdout]    --> /opt/rustwide/cargo-home/registry/src/index.crates.io-1949cf8c6b5b557f/rp235x-hal-0.4.0/src/lib.rs:100:28
[INFO] [stdout]     |
[INFO] [stdout]  99 | #[cfg(all(target_arch = "riscv32", target_os = "none"))]
[INFO] [stdout]     |           ----------------------- the item is gated behind the `riscv32` feature
[INFO] [stdout] 100 | pub use riscv_rt::entry as arch_entry;
[INFO] [stdout]     |                            ^^^^^^^^^^
[INFO] [stdout]     = note: this error originates in the attribute macro `hal::entry` (in Nightly builds, run with -Z macro-backtrace for more info)
[INFO] [stdout] 
[INFO] [stdout] 
[INFO] [stdout] error[E0433]: cannot find `init_display` in `picosigner`
[INFO] [stdout]    --> picosigner-board/examples/qr.rs:142:35
[INFO] [stdout]     |
[INFO] [stdout] 142 |     let mut display = picosigner::init_display!(
[INFO] [stdout]     |                                   ^^^^^^^^^^^^ could not find `init_display` in `picosigner`
[INFO] [stdout] 
[INFO] [stdout] 
[INFO] [stdout] warning: unused import: `clocks::Clock`
[INFO] [stdout]  --> picosigner-board/examples/qr.rs:9:5
[INFO] [stdout]   |
[INFO] [stdout] 9 |     clocks::Clock,
[INFO] [stdout]   |     ^^^^^^^^^^^^^
[INFO] [stdout]   |
[INFO] [stdout]   = note: `#[warn(unused_imports)]` (part of `#[warn(unused)]`) on by default
[INFO] [stdout] 
[INFO] [stdout] 
[INFO] [stdout] warning: unused import: `Orientation`
[INFO] [stdout]   --> picosigner-board/examples/qr.rs:24:30
[INFO] [stdout]    |
[INFO] [stdout] 24 |     CameraExposure, Cst816d, Orientation, Ov5640, SensorZoom, WaveshareLcd, CAMERA_SCAN_HEIGHT,
[INFO] [stdout]    |                              ^^^^^^^^^^^
[INFO] [stdout] 
[INFO] [stdout] 
[INFO] [stdout] For more information about this error, try `rustc --explain E0433`.
[INFO] [stdout] 
[INFO] [stderr] error: could not compile `picosigner-board` (example "camera") due to 1 previous error
[INFO] [stdout] error[E0432]: unresolved import `picosigner::heap`
[INFO] [stdout]   --> picosigner/src/bin/picosigner/main.rs:22:5
[INFO] [stdout]    |
[INFO] [stdout] 22 |     heap, palette,
[INFO] [stdout]    |     ^^^^ no `heap` in the root
[INFO] [stdout]    |
[INFO] [stdout] note: found an item that was configured out
[INFO] [stdout]   --> picosigner/src/lib.rs:8:9
[INFO] [stdout]    |
[INFO] [stdout]  7 | #[cfg(all(feature = "embedded", target_os = "none"))]
[INFO] [stdout]    |                                 ------------------ the item is gated behind the `none` feature
[INFO] [stdout]  8 | pub mod heap;
[INFO] [stdout]    |         ^^^^
[INFO] [stdout] 
[INFO] [stdout] 
[INFO] [stdout] error[E0433]: cannot find `arch_entry` in `rp235x_hal`
[INFO] [stdout]    --> picosigner/src/bin/picosigner/main.rs:136:1
[INFO] [stdout]     |
[INFO] [stdout] 136 | #[hal::entry]
[INFO] [stdout]     | ^^^^^^^^^^^^^ could not find `arch_entry` in `rp235x_hal`
[INFO] [stdout]     |
[INFO] [stdout] note: found an item that was configured out
[INFO] [stdout]    --> /opt/rustwide/cargo-home/registry/src/index.crates.io-1949cf8c6b5b557f/rp235x-hal-0.4.0/src/lib.rs:96:31
[INFO] [stdout]     |
[INFO] [stdout]  95 | #[cfg(all(target_arch = "arm", target_os = "none"))]
[INFO] [stdout]     |           ------------------- the item is gated behind the `arm` feature
[INFO] [stdout]  96 | pub use cortex_m_rt::entry as arch_entry;
[INFO] [stdout]     |                               ^^^^^^^^^^
[INFO] [stdout] note: found an item that was configured out
[INFO] [stdout]    --> /opt/rustwide/cargo-home/registry/src/index.crates.io-1949cf8c6b5b557f/rp235x-hal-0.4.0/src/lib.rs:100:28
[INFO] [stdout]     |
[INFO] [stdout]  99 | #[cfg(all(target_arch = "riscv32", target_os = "none"))]
[INFO] [stdout]     |           ----------------------- the item is gated behind the `riscv32` feature
[INFO] [stdout] 100 | pub use riscv_rt::entry as arch_entry;
[INFO] [stdout]     |                            ^^^^^^^^^^
[INFO] [stdout]     = note: this error originates in the attribute macro `hal::entry` (in Nightly builds, run with -Z macro-backtrace for more info)
[INFO] [stdout] 
[INFO] [stdout] 
[INFO] [stdout] error[E0433]: cannot find `init_display` in `picosigner`
[INFO] [stdout]    --> picosigner/src/bin/picosigner/main.rs:187:35
[INFO] [stdout]     |
[INFO] [stdout] 187 |     let mut display = picosigner::init_display!(
[INFO] [stdout]     |                                   ^^^^^^^^^^^^ could not find `init_display` in `picosigner`
[INFO] [stdout] 
[INFO] [stdout] 
[INFO] [stdout] warning: unused import: `Clock`
[INFO] [stdout]   --> picosigner/src/bin/picosigner/main.rs:14:5
[INFO] [stdout]    |
[INFO] [stdout] 14 |     Clock,
[INFO] [stdout]    |     ^^^^^
[INFO] [stdout]    |
[INFO] [stdout]    = note: `#[warn(unused_imports)]` (part of `#[warn(unused)]`) on by default
[INFO] [stdout] 
[INFO] [stdout] 
[INFO] [stdout] warning: unused import: `Orientation`
[INFO] [stdout]   --> picosigner/src/bin/picosigner/main.rs:31:52
[INFO] [stdout]    |
[INFO] [stdout] 31 |     CameraExposure, CoordinatedSeedStore, Cst816d, Orientation, Ov5640, Rp2350FlashCoordinator,
[INFO] [stdout]    |                                                    ^^^^^^^^^^^
[INFO] [stdout] 
[INFO] [stdout] 
[INFO] [stdout] Some errors have detailed explanations: E0432, E0433.
[INFO] [stdout] 
[INFO] [stdout] For more information about an error, try `rustc --explain E0432`.
[INFO] [stdout] 
[INFO] [stderr] error: could not compile `picosigner-board` (example "qr") due to 3 previous errors; 2 warnings emitted
[INFO] [stdout] Some errors have detailed explanations: E0432, E0433.
[INFO] [stdout] 
[INFO] [stdout] For more information about an error, try `rustc --explain E0432`.
[INFO] [stdout] 
[INFO] [stderr] error: could not compile `picosigner` (bin "picosigner") due to 3 previous errors; 2 warnings emitted
[INFO] [stderr] warning: unused dependency `embedded-alloc`
[INFO] [stderr]   --> picosigner/Cargo.toml:38:1
[INFO] [stderr]    |
[INFO] [stderr] 38 | embedded-alloc = { version = "0.7.0", default-features = false, features = ["llff"], optional = true }
[INFO] [stderr]    | ^^^^^^^^^^^^^^^^^^^^^^^^^^^^^^^^^^^^^^^^^^^^^^^^^^^^^^^^^^^^^^^^^^^^^^^^^^^^^^^^^^^^^^^^^^^^^^^^^^^^^^
[INFO] [stderr]    |
[INFO] [stderr]    = note: `cargo::unused_dependencies` is set to `warn` by default
[INFO] [stderr] help: consider removing the dependency on `embedded-alloc`
[INFO] [stderr] warning: unused dependency `usbd-serial`
[INFO] [stderr]   --> picosigner/Cargo.toml:48:1
[INFO] [stderr]    |
[INFO] [stderr] 48 | usbd-serial = { version = "0.2.2", optional = true }
[INFO] [stderr]    | ^^^^^^^^^^^^^^^^^^^^^^^^^^^^^^^^^^^^^^^^^^^^^^^^^^^^
[INFO] [stderr]    |
[INFO] [stderr] help: consider removing the dependency on `usbd-serial`
[INFO] [stderr] warning: `picosigner` (manifest) generated 2 warnings
[INFO] running `Command { std: "docker" "inspect" "c6439a1852fe74a82ed7cac72010a2ff6b395f8f405397571962f2b6f7177c0d", kill_on_drop: false }`
[INFO] running `Command { std: "docker" "rm" "-f" "c6439a1852fe74a82ed7cac72010a2ff6b395f8f405397571962f2b6f7177c0d", kill_on_drop: false }`
[INFO] [stdout] c6439a1852fe74a82ed7cac72010a2ff6b395f8f405397571962f2b6f7177c0d
