[INFO] cloning repository https://github.com/mrdmnd/querifier
[INFO] running `Command { std: "git" "-c" "credential.helper=" "-c" "credential.helper=/workspace/cargo-home/bin/git-credential-null" "clone" "--bare" "https://github.com/mrdmnd/querifier" "/workspace/cache/git-repos/https%3A%2F%2Fgithub.com%2Fmrdmnd%2Fquerifier", kill_on_drop: false }`
[INFO] [stderr] Cloning into bare repository '/workspace/cache/git-repos/https%3A%2F%2Fgithub.com%2Fmrdmnd%2Fquerifier'...
[INFO] running `Command { std: "git" "rev-parse" "HEAD", kill_on_drop: false }`
[INFO] [stdout] 90d287d78463cf0e5aece66cd785dd764cf14345
[INFO] checking mrdmnd/querifier against 3154cc1a3e6424e44f438a95007d043ed5ceaaf6+rustflags=-Znext-solver=coherence for pr-133502-30
[INFO] running `Command { std: "git" "clone" "/workspace/cache/git-repos/https%3A%2F%2Fgithub.com%2Fmrdmnd%2Fquerifier" "/workspace/builds/worker-5-tc1/source", kill_on_drop: false }`
[INFO] [stderr] Cloning into '/workspace/builds/worker-5-tc1/source'...
[INFO] [stderr] done.
[INFO] started tweaking git repo https://github.com/mrdmnd/querifier
[INFO] finished tweaking git repo https://github.com/mrdmnd/querifier
[INFO] tweaked toml for git repo https://github.com/mrdmnd/querifier written to /workspace/builds/worker-5-tc1/source/Cargo.toml
[INFO] validating manifest of git repo https://github.com/mrdmnd/querifier on toolchain 3154cc1a3e6424e44f438a95007d043ed5ceaaf6
[INFO] running `Command { std: CARGO_HOME="/workspace/cargo-home" RUSTUP_HOME="/workspace/rustup-home" "/workspace/cargo-home/bin/cargo" "+3154cc1a3e6424e44f438a95007d043ed5ceaaf6" "metadata" "--manifest-path" "Cargo.toml" "--no-deps", kill_on_drop: false }`
[INFO] crate git repo https://github.com/mrdmnd/querifier already has a lockfile, it will not be regenerated
[INFO] running `Command { std: CARGO_HOME="/workspace/cargo-home" RUSTUP_HOME="/workspace/rustup-home" "/workspace/cargo-home/bin/cargo" "+3154cc1a3e6424e44f438a95007d043ed5ceaaf6" "fetch" "--manifest-path" "Cargo.toml", kill_on_drop: false }`
[INFO] [stderr]     Updating crates.io index
[INFO] [stderr]  Downloading crates ...
[INFO] [stderr]   Downloaded recursive v0.1.1
[INFO] [stderr]   Downloaded z3-sys v0.11.0
[INFO] [stderr]   Downloaded recursive-proc-macro-impl v0.1.1
[INFO] [stderr]   Downloaded z3 v0.20.2
[INFO] [stderr]   Downloaded sqlparser v0.62.0
[INFO] [stderr]   Downloaded z3-src v416.0.2
[INFO] running `Command { std: "docker" "create" "-v" "/var/lib/crater-agent-workspace/builds/worker-5-tc1/source:/opt/rustwide/workdir:ro,Z" "-v" "/var/lib/crater-agent-workspace/builds/worker-5-tc1/target:/opt/rustwide/target:rw,Z" "-v" "/var/lib/crater-agent-workspace/cargo-home:/opt/rustwide/cargo-home:ro,Z" "-v" "/var/lib/crater-agent-workspace/rustup-home:/opt/rustwide/rustup-home:ro,Z" "-m" "1610612736" "--network" "none" "ghcr.io/rust-lang/crates-build-env/linux@sha256:77db811e55d90add9212f6832c23229e3de5f1c1f9905e8cb07319ea15df73ac" "sleep" "infinity", kill_on_drop: false }`
[INFO] [stdout] 56e46e27d420a0a3755d3c5a1a5e43cce025b4788eb10b16970188c0707d6807
[INFO] running `Command { std: "docker" "start" "56e46e27d420a0a3755d3c5a1a5e43cce025b4788eb10b16970188c0707d6807", kill_on_drop: false }`
[INFO] running `Command { std: "docker" "inspect" "56e46e27d420a0a3755d3c5a1a5e43cce025b4788eb10b16970188c0707d6807", kill_on_drop: false }`
[INFO] running `Command { std: "docker" "exec" "-e" "SOURCE_DIR=/opt/rustwide/workdir" "-e" "CARGO_HOME=/opt/rustwide/cargo-home" "-e" "RUSTUP_HOME=/opt/rustwide/rustup-home" "-e" "CARGO_TARGET_DIR=/opt/rustwide/target" "-w" "/opt/rustwide/workdir" "--user" "0:0" "56e46e27d420a0a3755d3c5a1a5e43cce025b4788eb10b16970188c0707d6807" "/opt/rustwide/cargo-home/bin/cargo" "+3154cc1a3e6424e44f438a95007d043ed5ceaaf6" "metadata" "--no-deps" "--format-version=1", kill_on_drop: false }`
[INFO] running `Command { std: "docker" "inspect" "56e46e27d420a0a3755d3c5a1a5e43cce025b4788eb10b16970188c0707d6807", kill_on_drop: false }`
[INFO] running `Command { std: "docker" "exec" "-e" "SOURCE_DIR=/opt/rustwide/workdir" "-e" "CARGO_HOME=/opt/rustwide/cargo-home" "-e" "RUSTUP_HOME=/opt/rustwide/rustup-home" "-e" "CARGO_TARGET_DIR=/opt/rustwide/target" "-e" "CARGO_INCREMENTAL=0" "-e" "RUST_BACKTRACE=full" "-e" "RUSTFLAGS=--cap-lints=forbid -Znext-solver=coherence" "-e" "RUSTDOCFLAGS=--cap-lints=forbid" "-w" "/opt/rustwide/workdir" "--user" "0:0" "56e46e27d420a0a3755d3c5a1a5e43cce025b4788eb10b16970188c0707d6807" "/opt/rustwide/cargo-home/bin/cargo" "+3154cc1a3e6424e44f438a95007d043ed5ceaaf6" "check" "--frozen" "--all" "--all-targets" "--message-format=json", kill_on_drop: false }`
[INFO] [stderr]    Compiling proc-macro2 v1.0.107
[INFO] [stderr]    Compiling object v0.39.1
[INFO] [stderr]    Compiling cmake v0.1.58
[INFO] [stderr]    Compiling stacker v0.1.25
[INFO] [stderr]     Checking serde_json v1.0.151
[INFO] [stderr]     Checking indexmap v2.14.0
[INFO] [stderr]    Compiling z3-src v416.0.2
[INFO] [stderr]    Compiling z3-sys v0.11.0
[INFO] [stderr]    Compiling quote v1.0.47
[INFO] [stderr]    Compiling syn v2.0.119
[INFO] [stderr]    Compiling syn v3.0.4
[INFO] [stderr]    Compiling serde_derive v1.0.229
[INFO] [stderr] error: could not compile `serde_derive` (lib)
[INFO] [stderr] 
[INFO] [stderr] Caused by:
[INFO] [stderr]   process didn't exit successfully: `/opt/rustwide/rustup-home/toolchains/3154cc1a3e6424e44f438a95007d043ed5ceaaf6/bin/rustc --crate-name serde_derive --edition=2021 /opt/rustwide/cargo-home/registry/src/index.crates.io-1949cf8c6b5b557f/serde_derive-1.0.229/src/lib.rs --error-format=json --json=diagnostic-rendered-ansi,artifacts,future-incompat,unused-externs-silent --crate-type proc-macro --emit=dep-info,link -C prefer-dynamic -C embed-bitcode=no --cfg 'feature="default"' --check-cfg 'cfg(docsrs,test)' --check-cfg 'cfg(feature, values("default", "deserialize_in_place"))' -C metadata=e0e4d7f875521c68 -C extra-filename=-e71eba716dc3f598 --out-dir /opt/rustwide/target/debug/build/serde_derive/e71eba716dc3f598/out -L dependency=/opt/rustwide/target/debug/build/proc-macro2/72426016bda54a88/out -L dependency=/opt/rustwide/target/debug/build/quote/98125e1d2c273645/out -L dependency=/opt/rustwide/target/debug/build/unicode-ident/69fd460968039056/out --extern proc_macro2=/opt/rustwide/target/debug/build/proc-macro2/72426016bda54a88/out/libproc_macro2-72426016bda54a88.rlib --extern proc_macro2=/opt/rustwide/target/debug/build/proc-macro2/72426016bda54a88/out/libproc_macro2-72426016bda54a88.rmeta --extern quote=/opt/rustwide/target/debug/build/quote/98125e1d2c273645/out/libquote-98125e1d2c273645.rlib --extern quote=/opt/rustwide/target/debug/build/quote/98125e1d2c273645/out/libquote-98125e1d2c273645.rmeta --extern syn=/opt/rustwide/target/debug/build/syn/550d9bef0d61f13c/out/libsyn-550d9bef0d61f13c.rlib --extern syn=/opt/rustwide/target/debug/build/syn/550d9bef0d61f13c/out/libsyn-550d9bef0d61f13c.rmeta --extern proc_macro --cap-lints allow --cap-lints=forbid -Znext-solver=coherence --force-warn=unused_crate_dependencies` (signal: 9, SIGKILL: kill)
[INFO] [stderr] warning: build failed, waiting for other jobs to finish...
[INFO] [stderr] error: could not compile `syn` (lib)
[INFO] [stderr] 
[INFO] [stderr] Caused by:
[INFO] [stderr]   process didn't exit successfully: `/opt/rustwide/rustup-home/toolchains/3154cc1a3e6424e44f438a95007d043ed5ceaaf6/bin/rustc --crate-name syn --edition=2021 /opt/rustwide/cargo-home/registry/src/index.crates.io-1949cf8c6b5b557f/syn-2.0.119/src/lib.rs --error-format=json --json=diagnostic-rendered-ansi,artifacts,future-incompat,unused-externs-silent --crate-type lib --emit=dep-info,metadata,link -Z embed-metadata=no -C embed-bitcode=no --cfg 'feature="clone-impls"' --cfg 'feature="default"' --cfg 'feature="derive"' --cfg 'feature="full"' --cfg 'feature="parsing"' --cfg 'feature="printing"' --cfg 'feature="proc-macro"' --check-cfg 'cfg(docsrs,test)' --check-cfg 'cfg(feature, values("clone-impls", "default", "derive", "extra-traits", "fold", "full", "parsing", "printing", "proc-macro", "test", "visit", "visit-mut"))' -C metadata=acd8f89ffd426520 -C extra-filename=-fff9bb5f25956dcf --out-dir /opt/rustwide/target/debug/build/syn/fff9bb5f25956dcf/out -L dependency=/opt/rustwide/target/debug/build/proc-macro2/72426016bda54a88/out -L dependency=/opt/rustwide/target/debug/build/unicode-ident/69fd460968039056/out --extern proc_macro2=/opt/rustwide/target/debug/build/proc-macro2/72426016bda54a88/out/libproc_macro2-72426016bda54a88.rmeta --extern quote=/opt/rustwide/target/debug/build/quote/98125e1d2c273645/out/libquote-98125e1d2c273645.rmeta --extern unicode_ident=/opt/rustwide/target/debug/build/unicode-ident/69fd460968039056/out/libunicode_ident-69fd460968039056.rmeta --cap-lints allow --cap-lints=forbid -Znext-solver=coherence --force-warn=unused_crate_dependencies` (signal: 9, SIGKILL: kill)
[INFO] [stderr] error: could not compile `object` (lib)
[INFO] [stderr] 
[INFO] [stderr] Caused by:
[INFO] [stderr]   process didn't exit successfully: `/opt/rustwide/rustup-home/toolchains/3154cc1a3e6424e44f438a95007d043ed5ceaaf6/bin/rustc --crate-name object --edition=2018 /opt/rustwide/cargo-home/registry/src/index.crates.io-1949cf8c6b5b557f/object-0.39.1/src/lib.rs --error-format=json --json=diagnostic-rendered-ansi,artifacts,future-incompat,unused-externs-silent --crate-type lib --emit=dep-info,metadata,link -Z embed-metadata=no -C embed-bitcode=no --cfg 'feature="archive"' --cfg 'feature="coff"' --cfg 'feature="elf"' --cfg 'feature="macho"' --cfg 'feature="pe"' --cfg 'feature="read"' --cfg 'feature="read_core"' --cfg 'feature="std"' --cfg 'feature="xcoff"' --check-cfg 'cfg(docsrs,test)' --check-cfg 'cfg(feature, values("all", "alloc", "archive", "build", "build_core", "cargo-all", "coff", "compression", "core", "default", "doc", "elf", "macho", "pe", "read", "read_core", "rustc-dep-of-std", "std", "unaligned", "unstable", "unstable-all", "wasm", "write", "write_core", "write_std", "xcoff"))' -C metadata=5f161084877249bd -C extra-filename=-e17d4354f86d5f13 --out-dir /opt/rustwide/target/debug/build/object/e17d4354f86d5f13/out --extern memchr=/opt/rustwide/target/debug/build/memchr/873a608b68ec360a/out/libmemchr-873a608b68ec360a.rmeta --cap-lints allow --cap-lints=forbid -Znext-solver=coherence --force-warn=unused_crate_dependencies --cfg core_error --check-cfg 'cfg(core_error)'` (signal: 9, SIGKILL: kill)
[INFO] [stderr] error: failed to run custom build command for `z3-sys v0.11.0`
[INFO] [stderr] note: To improve backtraces for build dependencies, set the CARGO_PROFILE_DEV_BUILD_OVERRIDE_DEBUG=true environment variable to enable debug information generation.
[INFO] [stderr] 
[INFO] [stderr] Caused by:
[INFO] [stderr]   process didn't exit successfully: `/opt/rustwide/target/debug/build/z3-sys/ff34541686b155aa/out/build_script_build` (exit status: 101)
[INFO] [stderr]   --- stdout
[INFO] [stderr]   cargo:rerun-if-changed=build.rs
[INFO] [stderr]   cargo:rerun-if-env-changed=Z3_SRC_SOURCE_DIR
[INFO] [stderr]   CMAKE_TOOLCHAIN_FILE_x86_64-unknown-linux-gnu = None
[INFO] [stderr]   CMAKE_TOOLCHAIN_FILE_x86_64_unknown_linux_gnu = None
[INFO] [stderr]   HOST_CMAKE_TOOLCHAIN_FILE = None
[INFO] [stderr]   CMAKE_TOOLCHAIN_FILE = None
[INFO] [stderr]   CMAKE_GENERATOR_x86_64-unknown-linux-gnu = None
[INFO] [stderr]   CMAKE_GENERATOR_x86_64_unknown_linux_gnu = None
[INFO] [stderr]   HOST_CMAKE_GENERATOR = None
[INFO] [stderr]   CMAKE_GENERATOR = None
[INFO] [stderr]   CMAKE_PREFIX_PATH_x86_64-unknown-linux-gnu = None
[INFO] [stderr]   CMAKE_PREFIX_PATH_x86_64_unknown_linux_gnu = None
[INFO] [stderr]   HOST_CMAKE_PREFIX_PATH = None
[INFO] [stderr]   CMAKE_PREFIX_PATH = None
[INFO] [stderr]   CMAKE_x86_64-unknown-linux-gnu = None
[INFO] [stderr]   CMAKE_x86_64_unknown_linux_gnu = None
[INFO] [stderr]   HOST_CMAKE = None
[INFO] [stderr]   CMAKE = None
[INFO] [stderr]   -- The CXX compiler identification is GNU 15.2.0
[INFO] [stderr]   -- Detecting CXX compiler ABI info
[INFO] [stderr]   -- Detecting CXX compiler ABI info - done
[INFO] [stderr]   -- Check for working CXX compiler: /usr/bin/c++ - skipped
[INFO] [stderr]   -- Detecting CXX compile features
[INFO] [stderr]   -- Detecting CXX compile features - done
[INFO] [stderr]   -- Z3 version 4.16.0.0
[INFO] [stderr]   -- Failed to find git directory.
[INFO] [stderr]   -- CMake generator: Unix Makefiles
[INFO] [stderr]   -- Build type: Debug
[INFO] [stderr]   -- Found Python3: /usr/bin/python3 (found version "3.14.4") found components: Interpreter
[INFO] [stderr]   -- Python3_EXECUTABLE: /usr/bin/python3
[INFO] [stderr]   -- Detected target architecture: x86_64
[INFO] [stderr]   -- Not using libgmp
[INFO] [stderr]   -- Not using Z3_API_LOG_SYNC
[INFO] [stderr]   -- Thread-safe build
[INFO] [stderr]   -- Performing Test HAS_SSE2
[INFO] [stderr]   -- Performing Test HAS_SSE2 - Success
[INFO] [stderr]   -- Performing Test CMAKE_HAVE_LIBC_PTHREAD
[INFO] [stderr]   -- Performing Test CMAKE_HAVE_LIBC_PTHREAD - Success
[INFO] [stderr]   -- Found Threads: TRUE
[INFO] [stderr]   -- Performing Test HAS__Wall
[INFO] [stderr]   -- Performing Test HAS__Wall - Success
[INFO] [stderr]   -- C++ compiler supports -Wall
[INFO] [stderr]   -- Treating only serious compiler warnings as errors
[INFO] [stderr]   -- Performing Test HAS__Werror_odr
[INFO] [stderr]   -- Performing Test HAS__Werror_odr - Success
[INFO] [stderr]   -- C++ compiler supports -Werror=odr
[INFO] [stderr]   -- Performing Test HAS__Werror_return_type
[INFO] [stderr]   -- Performing Test HAS__Werror_return_type - Success
[INFO] [stderr]   -- C++ compiler supports -Werror=return-type
[INFO] [stderr]   -- LTO disabled
[INFO] [stderr]   -- Performing Test BUILTIN_ATOMIC
[INFO] [stderr]   -- Performing Test BUILTIN_ATOMIC - Success
[INFO] [stderr]   -- CMAKE_CXX_FLAGS: " -ffunction-sections -fdata-sections -fPIC -m64 -w -Werror=odr  -Werror=return-type "
[INFO] [stderr]   -- CMAKE_EXE_LINKER_FLAGS: ""
[INFO] [stderr]   -- CMAKE_STATIC_LINKER_FLAGS: ""
[INFO] [stderr]   -- CMAKE_SHARED_LINKER_FLAGS: ""
[INFO] [stderr]   -- CMAKE_CXX_FLAGS_DEBUG: "-g -O0"
[INFO] [stderr]   -- CMAKE_EXE_LINKER_FLAGS_DEBUG: ""
[INFO] [stderr]   -- CMAKE_SHARED_LINKER_FLAGS_DEBUG: ""
[INFO] [stderr]   -- CMAKE_STATIC_LINKER_FLAGS_DEBUG: ""
[INFO] [stderr]   -- Z3_COMPONENT_CXX_DEFINES: $<$<CONFIG:Debug>:Z3DEBUG>;$<$<CONFIG:Release>:_EXTERNAL_RELEASE>;$<$<CONFIG:RelWithDebInfo>:_EXTERNAL_RELEASE>;-D_MP_INTERNAL;$<$<CONFIG:Debug>:_TRACE>
[INFO] [stderr]   -- Z3_COMPONENT_CXX_FLAGS: -mfpmath=sse;-msse;-msse2;-Wall
[INFO] [stderr]   -- Z3_DEPENDENT_LIBS: Threads::Threads
[INFO] [stderr]   -- Z3_COMPONENT_EXTRA_INCLUDE_DIRS: /opt/rustwide/target/debug/build/z3-sys/7e0a01e5978c77b4/out/build/src;/opt/rustwide/cargo-home/registry/src/index.crates.io-1949cf8c6b5b557f/z3-src-416.0.2/z3/src
[INFO] [stderr]   -- Z3_DEPENDENT_EXTRA_CXX_LINK_FLAGS: 
[INFO] [stderr]   -- CMAKE_INSTALL_LIBDIR: "lib"
[INFO] [stderr]   -- CMAKE_INSTALL_BINDIR: "bin"
[INFO] [stderr]   -- CMAKE_INSTALL_INCLUDEDIR: "include"
[INFO] [stderr]   -- CMAKE_INSTALL_PKGCONFIGDIR: "lib/pkgconfig"
[INFO] [stderr]   -- CMAKE_INSTALL_Z3_CMAKE_PACKAGE_DIR: "lib/cmake/z3"
[INFO] [stderr]   -- Adding component util
[INFO] [stderr]   -- Adding component polynomial
[INFO] [stderr]   -- Adding rule to generate "algebraic_params.hpp"
[INFO] [stderr]   -- Adding component dd
[INFO] [stderr]   -- Adding component hilbert
[INFO] [stderr]   -- Adding component simplex
[INFO] [stderr]   -- Adding component interval
[INFO] [stderr]   -- Adding component realclosure
[INFO] [stderr]   -- Adding rule to generate "rcf_params.hpp"
[INFO] [stderr]   -- Adding component subpaving
[INFO] [stderr]   -- Adding component ast
[INFO] [stderr]   -- Adding rule to generate "pp_params.hpp"
[INFO] [stderr]   -- Adding component params
[INFO] [stderr]   -- Adding rule to generate "arith_rewriter_params.hpp"
[INFO] [stderr]   -- Adding rule to generate "array_rewriter_params.hpp"
[INFO] [stderr]   -- Adding rule to generate "bool_rewriter_params.hpp"
[INFO] [stderr]   -- Adding rule to generate "bv_rewriter_params.hpp"
[INFO] [stderr]   -- Adding rule to generate "fpa_rewriter_params.hpp"
[INFO] [stderr]   -- Adding rule to generate "fpa2bv_rewriter_params.hpp"
[INFO] [stderr]   -- Adding rule to generate "pattern_inference_params_helper.hpp"
[INFO] [stderr]   -- Adding rule to generate "poly_rewriter_params.hpp"
[INFO] [stderr]   -- Adding rule to generate "rewriter_params.hpp"
[INFO] [stderr]   -- Adding rule to generate "sat_params.hpp"
[INFO] [stderr]   -- Adding rule to generate "seq_rewriter_params.hpp"
[INFO] [stderr]   -- Adding rule to generate "sls_params.hpp"
[INFO] [stderr]   -- Adding rule to generate "smt_params_helper.hpp"
[INFO] [stderr]   -- Adding rule to generate "smt_parallel_params.hpp"
[INFO] [stderr]   -- Adding rule to generate "solver_params.hpp"
[INFO] [stderr]   -- Adding rule to generate "tactic_params.hpp"
[INFO] [stderr]   -- Adding component rewriter
[INFO] [stderr]   -- Adding component bit_blaster
[INFO] [stderr]   -- Adding component normal_forms
[INFO] [stderr]   -- Adding rule to generate "nnf_params.hpp"
[INFO] [stderr]   -- Adding component macros
[INFO] [stderr]   -- Adding component model
[INFO] [stderr]   -- Adding rule to generate "model_evaluator_params.hpp"
[INFO] [stderr]   -- Adding rule to generate "model_params.hpp"
[INFO] [stderr]   -- Adding component euf
[INFO] [stderr]   -- Adding component converters
[INFO] [stderr]   -- Adding component substitution
[INFO] [stderr]   -- Adding component simplifiers
[INFO] [stderr]   -- Adding component tactic
[INFO] [stderr]   -- Adding component mbp
[INFO] [stderr]   -- Adding component qe_lite
[INFO] [stderr]   -- Adding component parser_util
[INFO] [stderr]   -- Adding rule to generate "parser_params.hpp"
[INFO] [stderr]   -- Adding component grobner
[INFO] [stderr]   -- Adding component sat
[INFO] [stderr]   -- Adding rule to generate "sat_asymm_branch_params.hpp"
[INFO] [stderr]   -- Adding rule to generate "sat_scc_params.hpp"
[INFO] [stderr]   -- Adding rule to generate "sat_simplifier_params.hpp"
[INFO] [stderr]   -- Adding component nlsat
[INFO] [stderr]   -- Adding rule to generate "nlsat_params.hpp"
[INFO] [stderr]   -- Adding component core_tactics
[INFO] [stderr]   -- Adding component subpaving_tactic
[INFO] [stderr]   -- Adding component aig_tactic
[INFO] [stderr]   -- Adding component arith_tactics
[INFO] [stderr]   -- Adding component solver
[INFO] [stderr]   -- Adding rule to generate "combined_solver_params.hpp"
[INFO] [stderr]   -- Adding rule to generate "parallel_params.hpp"
[INFO] [stderr]   -- Adding component cmd_context
[INFO] [stderr]   -- Adding component extra_cmds
[INFO] [stderr]   -- Adding component smt2parser
[INFO] [stderr]   -- Adding component solver_assertions
[INFO] [stderr]   -- Adding component pattern
[INFO] [stderr]   -- Adding component lp
[INFO] [stderr]   -- Adding rule to generate "lp_params_helper.hpp"
[INFO] [stderr]   -- Adding component ast_sls
[INFO] [stderr]   -- Adding component sat_smt
[INFO] [stderr]   -- Adding component sat_tactic
[INFO] [stderr]   -- Adding component nlsat_tactic
[INFO] [stderr]   -- Adding component ackermannization
[INFO] [stderr]   -- Adding rule to generate "ackermannization_params.hpp"
[INFO] [stderr]   -- Adding rule to generate "ackermannize_bv_tactic_params.hpp"
[INFO] [stderr]   -- Adding component proofs
[INFO] [stderr]   -- Adding component fpa
[INFO] [stderr]   -- Adding component proto_model
[INFO] [stderr]   -- Adding component smt
[INFO] [stderr]   -- Adding component bv_tactics
[INFO] [stderr]   -- Adding component smt_tactic
[INFO] [stderr]   -- Adding component sls_tactic
[INFO] [stderr]   -- Adding component qe
[INFO] [stderr]   -- Adding component muz
[INFO] [stderr]   -- Adding rule to generate "fp_params.hpp"
[INFO] [stderr]   -- Adding component dataflow
[INFO] [stderr]   -- Adding component transforms
[INFO] [stderr]   -- Adding component rel
[INFO] [stderr]   -- Adding component clp
[INFO] [stderr]   -- Adding component tab
[INFO] [stderr]   -- Adding component bmc
[INFO] [stderr]   -- Adding component ddnf
[INFO] [stderr]   -- Adding component spacer
[INFO] [stderr]   -- Adding component fp
[INFO] [stderr]   -- Adding component ufbv_tactic
[INFO] [stderr]   -- Adding component sat_solver
[INFO] [stderr]   -- Adding component smtlogic_tactics
[INFO] [stderr]   -- Adding rule to generate "qfufbv_tactic_params.hpp"
[INFO] [stderr]   -- Adding component fpa_tactics
[INFO] [stderr]   -- Adding component fd_solver
[INFO] [stderr]   -- Adding component portfolio
[INFO] [stderr]   -- Adding component opt
[INFO] [stderr]   -- Adding rule to generate "opt_params.hpp"
[INFO] [stderr]   -- Adding component api
[INFO] [stderr]   -- Adding component api_dll
[INFO] [stderr]   -- Building documentation disabled
[INFO] [stderr]   -- Configuring done (5.0s)
[INFO] [stderr]   -- Generating done (1.3s)
[INFO] [stderr]   -- Build files have been written to: /opt/rustwide/target/debug/build/z3-sys/7e0a01e5978c77b4/out/build
[INFO] [stderr]   [  0%] Building CXX object src/util/CMakeFiles/util.dir/approx_set.cpp.o
[INFO] [stderr]   [  1%] Building CXX object src/util/CMakeFiles/util.dir/approx_nat.cpp.o
[INFO] [stderr]   [  1%] Building CXX object src/util/CMakeFiles/util.dir/cmd_context_types.cpp.o
[INFO] [stderr]   [  1%] Building CXX object src/util/CMakeFiles/util.dir/debug.cpp.o
[INFO] [stderr]   [  1%] Building CXX object src/util/CMakeFiles/util.dir/common_msgs.cpp.o
[INFO] [stderr]   [  2%] Building CXX object src/util/CMakeFiles/util.dir/fixed_bit_vector.cpp.o
[INFO] [stderr]   [  2%] Building CXX object src/util/CMakeFiles/util.dir/hwf.cpp.o
[INFO] [stderr]   [  2%] Building CXX object src/util/CMakeFiles/util.dir/inf_int_rational.cpp.o
[INFO] [stderr]   [  2%] Building CXX object src/util/CMakeFiles/util.dir/bit_util.cpp.o
[INFO] [stderr]   [  2%] Building CXX object src/util/CMakeFiles/util.dir/bit_vector.cpp.o
[INFO] [stderr]   [  2%] Building CXX object src/util/CMakeFiles/util.dir/env_params.cpp.o
[INFO] [stderr]   [  2%] Building CXX object src/util/CMakeFiles/util.dir/inf_rational.cpp.o
[INFO] [stderr]   [  2%] Building CXX object src/util/CMakeFiles/util.dir/gparams.cpp.o
[INFO] [stderr]   [  2%] Building CXX object src/util/CMakeFiles/util.dir/hash.cpp.o
[INFO] [stderr]   [  2%] Building CXX object src/util/CMakeFiles/util.dir/inf_s_integer.cpp.o
[INFO] [stderr]   [  2%] Building CXX object src/util/CMakeFiles/util.dir/lbool.cpp.o
[INFO] [stderr]   [  2%] Building CXX object src/util/CMakeFiles/util.dir/luby.cpp.o
[INFO] [stderr]   [  2%] Building CXX object src/util/CMakeFiles/util.dir/min_cut.cpp.o
[INFO] [stderr]   [  3%] Building CXX object src/util/CMakeFiles/util.dir/memory_manager.cpp.o
[INFO] [stderr]   [  3%] Building CXX object src/util/CMakeFiles/util.dir/mpbq.cpp.o
[INFO] [stderr] 
[INFO] [stderr]   --- stderr
[INFO] [stderr]   running: cd "/opt/rustwide/target/debug/build/z3-sys/7e0a01e5978c77b4/out/build" && CMAKE_PREFIX_PATH="" LC_ALL="C" "cmake" "/opt/rustwide/cargo-home/registry/src/index.crates.io-1949cf8c6b5b557f/z3-src-416.0.2/z3" "-B" "/opt/rustwide/target/debug/build/z3-sys/7e0a01e5978c77b4/out/build" "-DZ3_BUILD_LIBZ3_SHARED=false" "-DZ3_BUILD_EXECUTABLE=false" "-DZ3_BUILD_TEST_EXECUTABLES=false" "-DZ3_ENABLE_EXAMPLE_TARGETS=false" "-DCMAKE_INSTALL_PREFIX=/opt/rustwide/target/debug/build/z3-sys/7e0a01e5978c77b4/out" "-DCMAKE_C_FLAGS= -ffunction-sections -fdata-sections -fPIC -m64 -w" "-DCMAKE_C_COMPILER=/usr/bin/cc" "-DCMAKE_CXX_FLAGS= -ffunction-sections -fdata-sections -fPIC -m64 -w" "-DCMAKE_CXX_COMPILER=/usr/bin/c++" "-DCMAKE_ASM_FLAGS= -ffunction-sections -fdata-sections -fPIC -m64 -w" "-DCMAKE_ASM_COMPILER=/usr/bin/cc" "-DCMAKE_BUILD_TYPE=Debug"
[INFO] [stderr]   CMake Warning at CMakeLists.txt:50 (message):
[INFO] [stderr]     Disabling Z3_INCLUDE_GIT_DESCRIBE
[INFO] [stderr]   Call Stack (most recent call first):
[INFO] [stderr]     CMakeLists.txt:101 (disable_git_describe)
[INFO] [stderr] 
[INFO] [stderr] 
[INFO] [stderr]   CMake Warning at CMakeLists.txt:56 (message):
[INFO] [stderr]     Disabling Z3_INCLUDE_GIT_HASH
[INFO] [stderr]   Call Stack (most recent call first):
[INFO] [stderr]     CMakeLists.txt:102 (disable_git_hash)
[INFO] [stderr] 
[INFO] [stderr] 
[INFO] [stderr]   CMake Warning:
[INFO] [stderr]     Manually-specified variables were not used by the project:
[INFO] [stderr] 
[INFO] [stderr]       CMAKE_ASM_COMPILER
[INFO] [stderr]       CMAKE_ASM_FLAGS
[INFO] [stderr]       CMAKE_C_COMPILER
[INFO] [stderr]       CMAKE_C_FLAGS
[INFO] [stderr] 
[INFO] [stderr] 
[INFO] [stderr]   running: cd "/opt/rustwide/target/debug/build/z3-sys/7e0a01e5978c77b4/out/build" && LC_ALL="C" MAKEFLAGS="-j --jobserver-fds=4,5 --jobserver-auth=4,5" "cmake" "--build" "/opt/rustwide/target/debug/build/z3-sys/7e0a01e5978c77b4/out/build" "--target" "install" "--config" "Debug"
[INFO] [stderr]   c++: fatal error: Killed signal terminated program cc1plus
[INFO] [stderr]   compilation terminated.
[INFO] [stderr]   gmake[2]: *** [src/util/CMakeFiles/util.dir/build.make:261: src/util/CMakeFiles/util.dir/inf_rational.cpp.o] Error 1
[INFO] [stderr]   gmake[2]: *** Waiting for unfinished jobs....
[INFO] [stderr]   gmake[1]: *** [CMakeFiles/Makefile2:1825: src/util/CMakeFiles/util.dir/all] Error 2
[INFO] [stderr]   gmake: *** [Makefile:136: all] Error 2
[INFO] [stderr] 
[INFO] [stderr]   thread 'main' (204) panicked at /opt/rustwide/cargo-home/registry/src/index.crates.io-1949cf8c6b5b557f/cmake-0.1.58/src/lib.rs:1132:5:
[INFO] [stderr] 
[INFO] [stderr]   command did not execute successfully, got: exit status: 2
[INFO] [stderr] 
[INFO] [stderr]   build script failed, must exit now
[INFO] [stderr]   stack backtrace:
[INFO] [stderr]      0:     0x5d78ec9f5a11 - std[3164a59e47d3bde]::backtrace_rs::backtrace::libunwind::trace
[INFO] [stderr]                                  at /rustc/3154cc1a3e6424e44f438a95007d043ed5ceaaf6/library/std/src/../../backtrace/src/backtrace/libunwind.rs:117:9
[INFO] [stderr]      1:     0x5d78ec9f5a11 - std[3164a59e47d3bde]::backtrace_rs::backtrace::trace_unsynchronized::<std[3164a59e47d3bde]::sys::backtrace::_print_fmt::{closure#1}>
[INFO] [stderr]                                  at /rustc/3154cc1a3e6424e44f438a95007d043ed5ceaaf6/library/std/src/../../backtrace/src/backtrace/mod.rs:66:14
[INFO] [stderr]      2:     0x5d78ec9f5a11 - std[3164a59e47d3bde]::sys::backtrace::_print_fmt
[INFO] [stderr]                                  at /rustc/3154cc1a3e6424e44f438a95007d043ed5ceaaf6/library/std/src/sys/backtrace.rs:74:9
[INFO] [stderr]      3:     0x5d78ec9f5a11 - <<std[3164a59e47d3bde]::sys::backtrace::BacktraceLock>::print::DisplayBacktrace as core[934024a1e6126fb4]::fmt::Display>::fmt
[INFO] [stderr]                                  at /rustc/3154cc1a3e6424e44f438a95007d043ed5ceaaf6/library/std/src/sys/backtrace.rs:44:26
[INFO] [stderr]      4:     0x5d78eca09b6a - <core[934024a1e6126fb4]::fmt::rt::Argument>::fmt
[INFO] [stderr]                                  at /rustc/3154cc1a3e6424e44f438a95007d043ed5ceaaf6/library/core/src/fmt/rt.rs:152:76
[INFO] [stderr]      5:     0x5d78eca09b6a - core[934024a1e6126fb4]::fmt::write
[INFO] [stderr]      6:     0x5d78ec9fb3bc - core[934024a1e6126fb4]::io::write::default_write_fmt::<std[3164a59e47d3bde]::sys::stdio::unix::Stderr>
[INFO] [stderr]                                  at /rustc/3154cc1a3e6424e44f438a95007d043ed5ceaaf6/library/core/src/io/write.rs:402:11
[INFO] [stderr]      7:     0x5d78ec9fb3bc - <std[3164a59e47d3bde]::sys::stdio::unix::Stderr as core[934024a1e6126fb4]::io::write::Write>::write_fmt
[INFO] [stderr]                                  at /rustc/3154cc1a3e6424e44f438a95007d043ed5ceaaf6/library/core/src/io/write.rs:335:13
[INFO] [stderr]      8:     0x5d78ec9d46e6 - <std[3164a59e47d3bde]::sys::backtrace::BacktraceLock>::print
[INFO] [stderr]                                  at /rustc/3154cc1a3e6424e44f438a95007d043ed5ceaaf6/library/std/src/sys/backtrace.rs:47:9
[INFO] [stderr]      9:     0x5d78ec9d46e6 - std[3164a59e47d3bde]::panicking::default_hook::{closure#0}
[INFO] [stderr]                                  at /rustc/3154cc1a3e6424e44f438a95007d043ed5ceaaf6/library/std/src/panicking.rs:289:27
[INFO] [stderr]     10:     0x5d78ec9f0731 - std[3164a59e47d3bde]::panicking::default_hook
[INFO] [stderr]                                  at /rustc/3154cc1a3e6424e44f438a95007d043ed5ceaaf6/library/std/src/panicking.rs:316:9
[INFO] [stderr]     11:     0x5d78ec9f08eb - std[3164a59e47d3bde]::panicking::panic_with_hook
[INFO] [stderr]                                  at /rustc/3154cc1a3e6424e44f438a95007d043ed5ceaaf6/library/std/src/panicking.rs:811:13
[INFO] [stderr]     12:     0x5d78ec9d4792 - std[3164a59e47d3bde]::panicking::panic_handler::{closure#0}
[INFO] [stderr]                                  at /rustc/3154cc1a3e6424e44f438a95007d043ed5ceaaf6/library/std/src/panicking.rs:685:13
[INFO] [stderr]     13:     0x5d78ec9cd469 - std[3164a59e47d3bde]::sys::backtrace::__rust_end_short_backtrace::<std[3164a59e47d3bde]::panicking::panic_handler::{closure#0}, !>
[INFO] [stderr]                                  at /rustc/3154cc1a3e6424e44f438a95007d043ed5ceaaf6/library/std/src/sys/backtrace.rs:182:18
[INFO] [stderr]     14:     0x5d78ec9d4f7d - __rustc[2e7b49d4226056d3]::rust_begin_unwind
[INFO] [stderr]                                  at /rustc/3154cc1a3e6424e44f438a95007d043ed5ceaaf6/library/std/src/panicking.rs:676:5
[INFO] [stderr]     15:     0x5d78eca0a35c - core[934024a1e6126fb4]::panicking::panic_fmt
[INFO] [stderr]                                  at /rustc/3154cc1a3e6424e44f438a95007d043ed5ceaaf6/library/core/src/panicking.rs:80:14
[INFO] [stderr]     16:     0x5d78ec93bb37 - cmake[88d69019b5068629]::fail
[INFO] [stderr]     17:     0x5d78ec93b7c3 - cmake[88d69019b5068629]::run
[INFO] [stderr]     18:     0x5d78ec9417a5 - <cmake[88d69019b5068629]::Config>::build
[INFO] [stderr]     19:     0x5d78ec92d151 - z3_src[ca5e95b2227d56d8]::build_cmake
[INFO] [stderr]     20:     0x5d78ec92db19 - z3_src[ca5e95b2227d56d8]::build
[INFO] [stderr]     21:     0x5d78ec92add6 - build_script_build[bc36122c63910848]::build_from_source
[INFO] [stderr]     22:     0x5d78ec92b711 - build_script_build[bc36122c63910848]::main
[INFO] [stderr]     23:     0x5d78ec92bb13 - <fn() as core[934024a1e6126fb4]::ops::function::FnOnce<()>>::call_once
[INFO] [stderr]     24:     0x5d78ec92ad8e - std[3164a59e47d3bde]::sys::backtrace::__rust_begin_short_backtrace::<fn(), ()>
[INFO] [stderr]     25:     0x5d78ec92ad99 - std[3164a59e47d3bde]::rt::lang_start::<()>::{closure#0}
[INFO] [stderr]     26:     0x5d78ec9efa38 - <&dyn core[934024a1e6126fb4]::ops::function::Fn<(), Output = i32> + core[934024a1e6126fb4]::marker::Sync + core[934024a1e6126fb4]::panic::unwind_safe::RefUnwindSafe as core[934024a1e6126fb4]::ops::function::FnOnce<()>>::call_once
[INFO] [stderr]                                  at /rustc/3154cc1a3e6424e44f438a95007d043ed5ceaaf6/library/core/src/ops/function.rs:287:21
[INFO] [stderr]     27:     0x5d78ec9efa38 - std[3164a59e47d3bde]::panicking::catch_unwind::do_call::<&dyn core[934024a1e6126fb4]::ops::function::Fn<(), Output = i32> + core[934024a1e6126fb4]::marker::Sync + core[934024a1e6126fb4]::panic::unwind_safe::RefUnwindSafe, i32>
[INFO] [stderr]                                  at /rustc/3154cc1a3e6424e44f438a95007d043ed5ceaaf6/library/std/src/panicking.rs:573:43
[INFO] [stderr]     28:     0x5d78ec9efa38 - std[3164a59e47d3bde]::panicking::catch_unwind::<i32, &dyn core[934024a1e6126fb4]::ops::function::Fn<(), Output = i32> + core[934024a1e6126fb4]::marker::Sync + core[934024a1e6126fb4]::panic::unwind_safe::RefUnwindSafe>
[INFO] [stderr]                                  at /rustc/3154cc1a3e6424e44f438a95007d043ed5ceaaf6/library/std/src/panicking.rs:541:19
[INFO] [stderr]     29:     0x5d78ec9efa38 - std[3164a59e47d3bde]::panic::catch_unwind::<&dyn core[934024a1e6126fb4]::ops::function::Fn<(), Output = i32> + core[934024a1e6126fb4]::marker::Sync + core[934024a1e6126fb4]::panic::unwind_safe::RefUnwindSafe, i32>
[INFO] [stderr]                                  at /rustc/3154cc1a3e6424e44f438a95007d043ed5ceaaf6/library/std/src/panic.rs:359:14
[INFO] [stderr]     30:     0x5d78ec9efa38 - std[3164a59e47d3bde]::rt::lang_start_internal::{closure#0}
[INFO] [stderr]                                  at /rustc/3154cc1a3e6424e44f438a95007d043ed5ceaaf6/library/std/src/rt.rs:175:24
[INFO] [stderr]     31:     0x5d78ec9efa38 - std[3164a59e47d3bde]::panicking::catch_unwind::do_call::<std[3164a59e47d3bde]::rt::lang_start_internal::{closure#0}, isize>
[INFO] [stderr]                                  at /rustc/3154cc1a3e6424e44f438a95007d043ed5ceaaf6/library/std/src/panicking.rs:573:43
[INFO] [stderr]     32:     0x5d78ec9efa38 - std[3164a59e47d3bde]::panicking::catch_unwind::<isize, std[3164a59e47d3bde]::rt::lang_start_internal::{closure#0}>
[INFO] [stderr]                                  at /rustc/3154cc1a3e6424e44f438a95007d043ed5ceaaf6/library/std/src/panicking.rs:541:19
[INFO] [stderr]     33:     0x5d78ec9efa38 - std[3164a59e47d3bde]::panic::catch_unwind::<std[3164a59e47d3bde]::rt::lang_start_internal::{closure#0}, isize>
[INFO] [stderr]                                  at /rustc/3154cc1a3e6424e44f438a95007d043ed5ceaaf6/library/std/src/panic.rs:359:14
[INFO] [stderr]     34:     0x5d78ec9efa38 - std[3164a59e47d3bde]::rt::lang_start_internal
[INFO] [stderr]                                  at /rustc/3154cc1a3e6424e44f438a95007d043ed5ceaaf6/library/std/src/rt.rs:171:5
[INFO] [stderr]     35:     0x5d78ec92ad81 - std[3164a59e47d3bde]::rt::lang_start::<()>
[INFO] [stderr]     36:     0x5d78ec92bb55 - main
[INFO] [stderr]     37:     0x74a1abc77601 - <unknown>
[INFO] [stderr]     38:     0x74a1abc77718 - __libc_start_main
[INFO] [stderr]     39:     0x5d78ec92abc5 - _start
[INFO] [stderr]     40:                0x0 - <unknown>
[INFO] running `Command { std: "docker" "inspect" "56e46e27d420a0a3755d3c5a1a5e43cce025b4788eb10b16970188c0707d6807", kill_on_drop: false }`
[INFO] running `Command { std: "docker" "rm" "-f" "56e46e27d420a0a3755d3c5a1a5e43cce025b4788eb10b16970188c0707d6807", kill_on_drop: false }`
[INFO] [stdout] 56e46e27d420a0a3755d3c5a1a5e43cce025b4788eb10b16970188c0707d6807
