[INFO] cloning repository https://github.com/moss101/modbit
[INFO] running `Command { std: "git" "-c" "credential.helper=" "-c" "credential.helper=/workspace/cargo-home/bin/git-credential-null" "clone" "--bare" "https://github.com/moss101/modbit" "/workspace/cache/git-repos/https%3A%2F%2Fgithub.com%2Fmoss101%2Fmodbit", kill_on_drop: false }`
[INFO] [stderr] Cloning into bare repository '/workspace/cache/git-repos/https%3A%2F%2Fgithub.com%2Fmoss101%2Fmodbit'...
[INFO] running `Command { std: "git" "rev-parse" "HEAD", kill_on_drop: false }`
[INFO] [stdout] 30658eec5580eeb13cd7968394a2fa6f350b47c8
[INFO] checking moss101/modbit against 3154cc1a3e6424e44f438a95007d043ed5ceaaf6 for pr-133502-30
[INFO] running `Command { std: "git" "clone" "/workspace/cache/git-repos/https%3A%2F%2Fgithub.com%2Fmoss101%2Fmodbit" "/workspace/builds/worker-5-tc2/source", kill_on_drop: false }`
[INFO] [stderr] Cloning into '/workspace/builds/worker-5-tc2/source'...
[INFO] [stderr] done.
[INFO] removed /workspace/builds/worker-5-tc2/source/rust-toolchain.toml
[INFO] started tweaking git repo https://github.com/moss101/modbit
[INFO] finished tweaking git repo https://github.com/moss101/modbit
[INFO] tweaked toml for git repo https://github.com/moss101/modbit written to /workspace/builds/worker-5-tc2/source/Cargo.toml
[INFO] validating manifest of git repo https://github.com/moss101/modbit on toolchain 3154cc1a3e6424e44f438a95007d043ed5ceaaf6
[INFO] running `Command { std: CARGO_HOME="/workspace/cargo-home" RUSTUP_HOME="/workspace/rustup-home" "/workspace/cargo-home/bin/cargo" "+3154cc1a3e6424e44f438a95007d043ed5ceaaf6" "metadata" "--manifest-path" "Cargo.toml" "--no-deps", kill_on_drop: false }`
[INFO] crate git repo https://github.com/moss101/modbit already has a lockfile, it will not be regenerated
[INFO] running `Command { std: CARGO_HOME="/workspace/cargo-home" RUSTUP_HOME="/workspace/rustup-home" "/workspace/cargo-home/bin/cargo" "+3154cc1a3e6424e44f438a95007d043ed5ceaaf6" "fetch" "--manifest-path" "Cargo.toml", kill_on_drop: false }`
[INFO] [stderr] warning: unused workspace dependency `modbit-bench-agent-engineering`
[INFO] [stderr]   --> Cargo.toml:60:25
[INFO] [stderr]    |
[INFO] [stderr] 60 | [workspace.dependencies.modbit-bench-agent-engineering]
[INFO] [stderr]    |                         ^^^^^^^^^^^^^^^^^^^^^^^^^^^^^^
[INFO] [stderr]    |
[INFO] [stderr]    = note: `cargo::unused_workspace_dependencies` is set to `warn` by default
[INFO] [stderr] help: consider removing the workspace dependency `modbit-bench-agent-engineering`
[INFO] [stderr] warning: unused workspace dependency `modbit-bench-retrieval`
[INFO] [stderr]   --> Cargo.toml:75:25
[INFO] [stderr]    |
[INFO] [stderr] 75 | [workspace.dependencies.modbit-bench-retrieval]
[INFO] [stderr]    |                         ^^^^^^^^^^^^^^^^^^^^^^
[INFO] [stderr]    |
[INFO] [stderr] help: consider removing the workspace dependency `modbit-bench-retrieval`
[INFO] [stderr] warning: unused workspace dependency `modbit-bench-skill-evolution`
[INFO] [stderr]   --> Cargo.toml:78:25
[INFO] [stderr]    |
[INFO] [stderr] 78 | [workspace.dependencies.modbit-bench-skill-evolution]
[INFO] [stderr]    |                         ^^^^^^^^^^^^^^^^^^^^^^^^^^^^
[INFO] [stderr]    |
[INFO] [stderr] help: consider removing the workspace dependency `modbit-bench-skill-evolution`
[INFO] [stderr] warning: unused workspace dependency `modbit-effects`
[INFO] [stderr]    --> Cargo.toml:105:25
[INFO] [stderr]     |
[INFO] [stderr] 105 | [workspace.dependencies.modbit-effects]
[INFO] [stderr]     |                         ^^^^^^^^^^^^^^
[INFO] [stderr]     |
[INFO] [stderr] help: consider removing the workspace dependency `modbit-effects`
[INFO] [stderr] warning: workspace (manifest) generated 4 warnings
[INFO] running `Command { std: "docker" "create" "-v" "/var/lib/crater-agent-workspace/builds/worker-5-tc2/source:/opt/rustwide/workdir:ro,Z" "-v" "/var/lib/crater-agent-workspace/builds/worker-5-tc2/target:/opt/rustwide/target:rw,Z" "-v" "/var/lib/crater-agent-workspace/cargo-home:/opt/rustwide/cargo-home:ro,Z" "-v" "/var/lib/crater-agent-workspace/rustup-home:/opt/rustwide/rustup-home:ro,Z" "-m" "1610612736" "--network" "none" "ghcr.io/rust-lang/crates-build-env/linux@sha256:77db811e55d90add9212f6832c23229e3de5f1c1f9905e8cb07319ea15df73ac" "sleep" "infinity", kill_on_drop: false }`
[INFO] [stdout] 714d2eb2363ed437c9eda98768d4fa858b016f67e5d52c23d9834432fbf7a79d
[INFO] running `Command { std: "docker" "start" "714d2eb2363ed437c9eda98768d4fa858b016f67e5d52c23d9834432fbf7a79d", kill_on_drop: false }`
[INFO] running `Command { std: "docker" "inspect" "714d2eb2363ed437c9eda98768d4fa858b016f67e5d52c23d9834432fbf7a79d", kill_on_drop: false }`
[INFO] running `Command { std: "docker" "exec" "-e" "SOURCE_DIR=/opt/rustwide/workdir" "-e" "CARGO_HOME=/opt/rustwide/cargo-home" "-e" "RUSTUP_HOME=/opt/rustwide/rustup-home" "-e" "CARGO_TARGET_DIR=/opt/rustwide/target" "-w" "/opt/rustwide/workdir" "--user" "0:0" "714d2eb2363ed437c9eda98768d4fa858b016f67e5d52c23d9834432fbf7a79d" "/opt/rustwide/cargo-home/bin/cargo" "+3154cc1a3e6424e44f438a95007d043ed5ceaaf6" "metadata" "--no-deps" "--format-version=1", kill_on_drop: false }`
[INFO] running `Command { std: "docker" "inspect" "714d2eb2363ed437c9eda98768d4fa858b016f67e5d52c23d9834432fbf7a79d", kill_on_drop: false }`
[INFO] running `Command { std: "docker" "exec" "-e" "SOURCE_DIR=/opt/rustwide/workdir" "-e" "CARGO_HOME=/opt/rustwide/cargo-home" "-e" "RUSTUP_HOME=/opt/rustwide/rustup-home" "-e" "CARGO_TARGET_DIR=/opt/rustwide/target" "-e" "CARGO_INCREMENTAL=0" "-e" "RUST_BACKTRACE=full" "-e" "RUSTFLAGS=--cap-lints=forbid" "-e" "RUSTDOCFLAGS=--cap-lints=forbid" "-w" "/opt/rustwide/workdir" "--user" "0:0" "714d2eb2363ed437c9eda98768d4fa858b016f67e5d52c23d9834432fbf7a79d" "/opt/rustwide/cargo-home/bin/cargo" "+3154cc1a3e6424e44f438a95007d043ed5ceaaf6" "check" "--frozen" "--all" "--all-targets" "--message-format=json", kill_on_drop: false }`
[INFO] [stderr] warning: unused workspace dependency `modbit-bench-agent-engineering`
[INFO] [stderr]   --> Cargo.toml:60:25
[INFO] [stderr]    |
[INFO] [stderr] 60 | [workspace.dependencies.modbit-bench-agent-engineering]
[INFO] [stderr]    |                         ^^^^^^^^^^^^^^^^^^^^^^^^^^^^^^
[INFO] [stderr]    |
[INFO] [stderr]    = note: `cargo::unused_workspace_dependencies` is set to `warn` by default
[INFO] [stderr] help: consider removing the workspace dependency `modbit-bench-agent-engineering`
[INFO] [stderr] warning: unused workspace dependency `modbit-bench-retrieval`
[INFO] [stderr]   --> Cargo.toml:75:25
[INFO] [stderr]    |
[INFO] [stderr] 75 | [workspace.dependencies.modbit-bench-retrieval]
[INFO] [stderr]    |                         ^^^^^^^^^^^^^^^^^^^^^^
[INFO] [stderr]    |
[INFO] [stderr] help: consider removing the workspace dependency `modbit-bench-retrieval`
[INFO] [stderr] warning: unused workspace dependency `modbit-bench-skill-evolution`
[INFO] [stderr]   --> Cargo.toml:78:25
[INFO] [stderr]    |
[INFO] [stderr] 78 | [workspace.dependencies.modbit-bench-skill-evolution]
[INFO] [stderr]    |                         ^^^^^^^^^^^^^^^^^^^^^^^^^^^^
[INFO] [stderr]    |
[INFO] [stderr] help: consider removing the workspace dependency `modbit-bench-skill-evolution`
[INFO] [stderr] warning: unused workspace dependency `modbit-effects`
[INFO] [stderr]    --> Cargo.toml:105:25
[INFO] [stderr]     |
[INFO] [stderr] 105 | [workspace.dependencies.modbit-effects]
[INFO] [stderr]     |                         ^^^^^^^^^^^^^^
[INFO] [stderr]     |
[INFO] [stderr] help: consider removing the workspace dependency `modbit-effects`
[INFO] [stderr] warning: workspace (manifest) generated 4 warnings
[INFO] [stderr]    Compiling serde_core v1.0.229
[INFO] [stderr]    Compiling quote v1.0.47
[INFO] [stderr]    Compiling serde v1.0.229
[INFO] [stderr]     Checking typenum v1.20.1
[INFO] [stderr]    Compiling serde_json v1.0.151
[INFO] [stderr]    Compiling getrandom v0.4.3
[INFO] [stderr]     Checking rand_core v0.10.1
[INFO] [stderr]    Compiling rustc_version v0.4.1
[INFO] [stderr]     Checking cmov v0.5.4
[INFO] [stderr]     Checking const-oid v0.10.2
[INFO] [stderr]     Checking subtle v2.6.1
[INFO] [stderr]    Compiling syn v3.0.5
[INFO] [stderr]    Compiling syn v2.0.119
[INFO] [stderr]     Checking signature v2.2.0
[INFO] [stderr]    Compiling curve25519-dalek v4.1.3
[INFO] [stderr]     Checking ctutils v0.4.2
[INFO] [stderr]     Checking ed25519 v2.2.3
[INFO] [stderr]     Checking bitflags v2.13.1
[INFO] [stderr]    Compiling rustix v1.1.4
[INFO] [stderr]    Compiling cc v1.4.5
[INFO] [stderr]     Checking bytes v1.12.1
[INFO] [stderr]     Checking linux-raw-sys v0.12.1
[INFO] [stderr]     Checking log v0.4.34
[INFO] [stderr]     Checking socket2 v0.6.5
[INFO] [stderr]     Checking mio v1.2.3
[INFO] [stderr]     Checking regex-syntax v0.8.11
[INFO] [stderr]     Checking allocator-api2 v0.2.21
[INFO] [stderr]     Checking hybrid-array v0.4.15
[INFO] [stderr]     Checking generic-array v0.14.7
[INFO] [stderr]     Checking stable_deref_trait v1.2.1
[INFO] [stderr]     Checking smallvec v1.16.0
[INFO] [stderr]     Checking futures-channel v0.3.34
[INFO] [stderr]     Checking crypto-common v0.1.7
[INFO] [stderr]     Checking block-buffer v0.10.4
[INFO] [stderr]     Checking futures-io v0.3.34
[INFO] [stderr]     Checking tempfile v3.27.0
[INFO] [stderr]     Checking crypto-common v0.2.2
[INFO] [stderr]     Checking digest v0.10.7
[INFO] [stderr]     Checking block-buffer v0.12.1
[INFO] [stderr]     Checking sha2 v0.10.9
[INFO] [stderr]     Checking hashbrown v0.17.1
[INFO] [stderr]     Checking aho-corasick v1.1.5
[INFO] [stderr]     Checking http v1.5.0
[INFO] [stderr]     Checking digest v0.11.3
[INFO] [stderr]     Checking uuid v1.26.0
[INFO] [stderr]     Checking sha2 v0.11.0
[INFO] [stderr]    Compiling memchr v2.8.3
[INFO] [stderr]    Compiling libm v0.2.16
[INFO] [stderr]    Compiling num-traits v0.2.19
[INFO] [stderr]    Compiling ring v0.17.14
[INFO] [stderr]     Checking http-body v1.1.0
[INFO] [stderr]     Checking indexmap v2.14.2
[INFO] [stderr]     Checking regex-automata v0.4.18
[INFO] [stderr]     Checking sync_wrapper v1.0.2
[INFO] [stderr]     Checking chacha20 v0.10.2
[INFO] [stderr]    Compiling rustls v0.23.43
[INFO] [stderr]     Checking rand v0.10.2
[INFO] [stderr]     Checking http-body-util v0.1.5
[INFO] [stderr]     Checking ipnet v2.12.1
[INFO] [stderr]    Compiling synstructure v0.13.2
[INFO] [stderr]     Checking openssl-probe v0.2.1
[INFO] [stderr]     Checking ryu v1.0.23
[INFO] [stderr]    Compiling anyhow v1.0.104
[INFO] [stderr]     Checking rustls-native-certs v0.8.4
[INFO] [stderr]    Compiling either v1.18.0
[INFO] [stderr]    Compiling itertools v0.14.0
[INFO] [stderr]    Compiling fnv v1.0.7
[INFO] [stderr]    Compiling logos-codegen v0.15.1
[INFO] [stderr]    Compiling curve25519-dalek-derive v0.1.1
[INFO] [stderr]    Compiling zerofrom-derive v0.1.7
[INFO] [stderr]    Compiling yoke-derive v0.8.2
[INFO] [stderr]    Compiling serde_derive v1.0.229
[INFO] [stderr]    Compiling thiserror-impl v2.0.20
[INFO] [stderr]    Compiling tokio-macros v2.7.2
[INFO] [stderr]    Compiling futures-macro v0.3.34
[INFO] [stderr]    Compiling zerovec-derive v0.11.6
[INFO] [stderr]     Checking zerofrom v0.1.8
[INFO] [stderr]     Checking yoke v0.8.3
[INFO] [stderr]     Checking tokio v1.53.1
[INFO] [stderr]    Compiling displaydoc v0.2.7
[INFO] [stderr]     Checking futures-util v0.3.34
[INFO] [stderr]    Compiling tracing-attributes v0.1.31
[INFO] [stderr]     Checking thiserror v2.0.20
[INFO] [stderr]     Checking ed25519-dalek v2.2.0
[INFO] [stderr]    Compiling prost-derive v0.14.4
[INFO] [stderr]     Checking zerovec v0.11.8
[INFO] [stderr]     Checking zerotrie v0.2.5
[INFO] [stderr]     Checking tinystr v0.8.4
[INFO] [stderr]     Checking icu_locale_core v2.3.0
[INFO] [stderr]     Checking tracing v0.1.44
[INFO] [stderr]     Checking potential_utf v0.1.6
[INFO] [stderr]     Checking rustls-webpki v0.103.15
[INFO] [stderr]     Checking icu_collections v2.3.0
[INFO] [stderr]    Compiling prost v0.14.4
[INFO] [stderr]    Compiling beef v0.5.2
[INFO] [stderr]    Compiling lazy_static v1.5.0
[INFO] [stderr]     Checking icu_provider v2.3.1
[INFO] [stderr]    Compiling prost-types v0.14.4
[INFO] [stderr]     Checking icu_normalizer v2.3.0
[INFO] [stderr]     Checking modbit-domain v0.0.0 (/opt/rustwide/workdir/crates/domain)
[INFO] [stderr]     Checking icu_properties v2.3.0
[INFO] [stderr]     Checking serde_urlencoded v0.7.1
[INFO] [stderr]     Checking rand v0.9.5
[INFO] [stderr]    Compiling miette-derive v7.6.0
[INFO] [stderr]    Compiling cfg-if v1.0.4
[INFO] [stderr]    Compiling logos-derive v0.15.1
[INFO] [stderr]    Compiling logos-codegen v0.16.1
[INFO] [stderr]     Checking idna_adapter v1.2.2
[INFO] [stderr]    Compiling foldhash v0.1.5
[INFO] [stderr]    Compiling prettyplease v0.2.37
[INFO] [stderr]     Checking idna v1.1.0
[INFO] [stderr]    Compiling hashbrown v0.15.5
[INFO] [stderr]     Checking url v2.5.8
[INFO] [stderr]    Compiling miette v7.6.0
[INFO] [stderr]     Checking tokio-util v0.7.19
[INFO] [stderr]     Checking tower v0.5.3
[INFO] [stderr]     Checking tokio-rustls v0.26.5
[INFO] [stderr]    Compiling logos v0.15.1
[INFO] [stderr]     Checking h2 v0.4.19
[INFO] [stderr]    Compiling once_cell v1.21.4
[INFO] [stderr]    Compiling fixedbitset v0.5.7
[INFO] [stderr]    Compiling fastrand v2.5.0
[INFO] [stderr]     Checking tower-http v0.6.11
[INFO] [stderr]    Compiling protox-parse v0.9.0
[INFO] [stderr]    Compiling petgraph v0.8.3
[INFO] [stderr]    Compiling logos-derive v0.16.1
[INFO] [stderr]    Compiling logos v0.16.1
[INFO] [stderr]    Compiling prost-reflect v0.16.5
[INFO] [stderr]    Compiling regex v1.13.1
[INFO] [stderr]    Compiling multimap v0.10.1
[INFO] [stderr]     Checking bstr v1.13.1
[INFO] [stderr]     Checking byteorder v1.5.0
[INFO] [stderr]     Checking globset v0.4.20
[INFO] [stderr]    Compiling async-trait v0.1.92
[INFO] [stderr]     Checking hmac v0.13.0
[INFO] [stderr]     Checking parking_lot_core v0.9.12
[INFO] [stderr]     Checking tinyvec_macros v0.1.1
[INFO] [stderr]     Checking tinyvec v1.13.2
[INFO] [stderr]    Compiling prost-build v0.14.4
[INFO] [stderr]     Checking parking_lot v0.12.5
[INFO] [stderr]     Checking unicode-properties v0.1.4
[INFO] [stderr]     Checking unicode-normalization v0.1.25
[INFO] [stderr]     Checking unicode-bidi v0.3.18
[INFO] [stderr]     Checking hyper v1.11.1
[INFO] [stderr]     Checking md-5 v0.11.0
[INFO] [stderr]     Checking data-encoding v2.11.1
[INFO] [stderr]     Checking bit-vec v0.8.0
[INFO] [stderr]     Checking stringprep v0.1.5
[INFO] [stderr]     Checking sha1 v0.10.7
[INFO] [stderr]     Checking bit-set v0.8.0
[INFO] [stderr]    Compiling nix v0.29.0
[INFO] [stderr]     Checking tungstenite v0.29.0
[INFO] [stderr]     Checking siphasher v1.0.3
[INFO] [stderr]     Checking fallible-iterator v0.2.0
[INFO] [stderr]     Checking phf_shared v0.13.1
[INFO] [stderr]    Compiling libsqlite3-sys v0.38.2
[INFO] [stderr]    Compiling protox v0.9.1
[INFO] [stderr]     Checking tokio-tungstenite v0.29.0
[INFO] [stderr]     Checking postgres-protocol v0.6.12
[INFO] [stderr]     Checking phf v0.13.1
[INFO] [stderr]     Checking hyper-util v0.1.20
[INFO] [stderr]     Checking deadpool-runtime v0.3.1
[INFO] [stderr]     Checking futures-executor v0.3.34
[INFO] [stderr]     Checking whoami v2.1.3
[INFO] [stderr]     Checking same-file v1.0.6
[INFO] [stderr]     Checking postgres-types v0.2.14
[INFO] [stderr]     Checking walkdir v2.5.0
[INFO] [stderr]     Checking chrono v0.4.45
[INFO] [stderr]     Checking futures v0.3.34
[INFO] [stderr]     Checking deadpool v0.13.1
[INFO] [stderr]     Checking tokio-postgres v0.7.18
[INFO] [stderr]     Checking quick-xml v0.38.4
[INFO] [stderr]     Checking hashlink v0.12.2
[INFO] [stderr]    Compiling modbit-protocol v0.0.0 (/opt/rustwide/workdir/crates/protocol)
[INFO] [stderr]     Checking md-5 v0.10.6
[INFO] [stderr]     Checking hyper-rustls v0.27.9
[INFO] [stderr]     Checking humantime v2.4.0
[INFO] [stderr]     Checking fallible-iterator v0.3.0
[INFO] [stderr]     Checking fallible-streaming-iterator v0.1.9
[INFO] [stderr]     Checking reqwest v0.12.28
[INFO] [stderr]    Compiling crc32fast v1.5.1
[INFO] [stderr]    Compiling tree-sitter-language v0.1.8
[INFO] [stderr]    Compiling zstd-sys v2.1.0+zstd.1.5.7
[INFO] [stderr]    Compiling crossbeam-utils v0.8.23
[INFO] [stderr]    Compiling crunchy v0.2.4
[INFO] [stderr]     Checking deranged v0.5.8
[INFO] [stderr]    Compiling link-cplusplus v1.0.12
[INFO] [stderr]    Compiling scratch v1.0.9
[INFO] [stderr]     Checking object_store v0.12.5
[INFO] [stderr]    Compiling strsim v0.11.1
[INFO] [stderr]     Checking deadpool-postgres v0.14.2
[INFO] [stderr]     Checking time-core v0.1.9
[INFO] [stderr]    Compiling crossbeam-epoch v0.9.21
[INFO] [stderr]    Compiling ident_case v1.0.1
[INFO] [stderr]    Compiling zstd-safe v7.3.0
[INFO] [stderr]     Checking num-conv v0.2.2
[INFO] [stderr]     Checking powerfmt v0.2.0
[INFO] [stderr]    Compiling darling_core v0.24.1
[INFO] [stderr]     Checking modbit-secrets v0.0.0 (/opt/rustwide/workdir/crates/secrets)
[INFO] [stderr]     Checking modbit-git v0.0.0 (/opt/rustwide/workdir/crates/git)
[INFO] [stderr]     Checking modbit-protocol-state v0.0.0 (/opt/rustwide/workdir/crates/protocol-state)
[INFO] [stderr]     Checking modbit-policy v0.0.0 (/opt/rustwide/workdir/crates/policy)
[INFO] [stderr]     Checking modbit-compaction v0.0.0 (/opt/rustwide/workdir/crates/compaction)
[INFO] [stderr]     Checking time v0.3.55
[INFO] [stderr]     Checking modbit-bench-context-economics v0.0.0 (/opt/rustwide/workdir/benchmarks/context-economics)
[INFO] [stderr]     Checking ownedbytes v0.9.0
[INFO] [stderr]    Compiling prettyplease v0.3.0
[INFO] [stderr]    Compiling cxxbridge-flags v1.0.200
[INFO] [stderr]    Compiling crossbeam-deque v0.8.8
[INFO] [stderr]    Compiling cxx v1.0.200
[INFO] [stderr]     Checking bitpacking v0.9.3
[INFO] [stderr]     Checking rand v0.8.8
[INFO] [stderr]    Compiling darling_macro v0.24.1
[INFO] [stderr]    Compiling numkong v7.8.2
[INFO] [stderr]    Compiling rayon-core v1.13.0
[INFO] [stderr]     Checking utf8-ranges v1.0.5
[INFO] [stderr]     Checking tantivy-fst v0.5.0
[INFO] [stderr]    Compiling darling v0.24.1
[INFO] [stderr]     Checking rand_distr v0.4.3
[INFO] [stderr]    Compiling cxx-build v1.0.200
[INFO] [stderr]     Checking tantivy-common v0.10.0
[INFO] [stderr]     Checking tantivy-bitpacker v0.9.0
[INFO] [stderr]     Checking modbit-observability v0.0.0 (/opt/rustwide/workdir/crates/observability)
[INFO] [stderr]     Checking murmurhash32 v0.3.1
[INFO] [stderr]     Checking minimal-lexical v0.2.1
[INFO] [stderr]    Compiling tree-sitter v0.25.10
[INFO] [stderr]     Checking nom v7.1.3
[INFO] [stderr]     Checking rusqlite v0.40.2
[INFO] [stderr]     Checking tantivy-stacker v0.6.0
[INFO] [stderr]    Compiling usearch v2.26.2
[INFO] [stderr]    Compiling bon-macros v3.10.1
[INFO] [stderr]     Checking modbit-skills v0.0.0 (/opt/rustwide/workdir/crates/skills)
[INFO] [stderr]    Compiling cxxbridge-macro v1.0.200
[INFO] [stderr]     Checking modbit-event-store v0.0.0 (/opt/rustwide/workdir/crates/event-store)
[INFO] [stderr]    Compiling tree-sitter-javascript v0.25.0
[INFO] [stderr]    Compiling tree-sitter-rust v0.24.2
[INFO] [stderr]    Compiling tree-sitter-typescript v0.23.2
[INFO] [stderr]    Compiling tree-sitter-python v0.25.0
[INFO] [stderr]     Checking fastdivide v0.4.2
[INFO] [stderr]     Checking downcast-rs v2.0.2
[INFO] [stderr]     Checking modbit-sandbox v0.0.0 (/opt/rustwide/workdir/crates/sandbox)
[INFO] [stderr]     Checking tantivy-query-grammar v0.25.0
[INFO] [stderr]     Checking bon v3.10.1
[INFO] [stderr]     Checking rayon v1.12.0
[INFO] [stderr]     Checking arc-swap v1.9.2
[INFO] [stderr]     Checking lru v0.12.5
[INFO] [stderr]     Checking modbit-automation v0.0.0 (/opt/rustwide/workdir/crates/automation)
[INFO] [stderr]     Checking crossbeam-channel v0.5.17
[INFO] [stderr]     Checking hyperloglogplus v0.4.1
[INFO] [stderr]     Checking zstd v0.13.3
[INFO] [stderr]     Checking tantivy-sstable v0.6.0
[INFO] [stderr]     Checking sketches-ddsketch v0.3.1
[INFO] [stderr]     Checking rust-stemmers v1.2.0
[INFO] [stderr]     Checking tantivy-tokenizer-api v0.6.0
[INFO] [stderr]     Checking fs4 v0.13.1
[INFO] [stderr]     Checking measure_time v0.9.0
[INFO] [stderr]     Checking streaming-iterator v0.1.9
[INFO] [stderr]     Checking oneshot v0.1.13
[INFO] [stderr]     Checking lz4_flex v0.11.6
[INFO] [stderr]     Checking tantivy-columnar v0.6.0
[INFO] [stderr]     Checking htmlescape v0.3.1
[INFO] [stderr]     Checking levenshtein_automata v0.2.1
[INFO] [stderr]     Checking rustc-hash v2.1.3
[INFO] [stderr]     Checking census v0.4.2
[INFO] [stderr]     Checking num-integer v0.1.47
[INFO] [stderr]    Compiling ahash v0.8.12
[INFO] [stderr]    Compiling ref-cast v1.0.27
[INFO] [stderr]     Checking num-bigint v0.4.8
[INFO] [stderr]     Checking num-iter v0.1.46
[INFO] [stderr]     Checking modbit-terminal v0.0.0 (/opt/rustwide/workdir/crates/terminal)
[INFO] [stderr]     Checking modbit-verification v0.0.0 (/opt/rustwide/workdir/crates/verification)
[INFO] [stderr]    Compiling ref-cast-impl v1.0.27
[INFO] [stderr]     Checking num-complex v0.4.6
[INFO] [stderr]     Checking block-padding v0.4.2
[INFO] [stderr]     Checking inout v0.2.2
[INFO] [stderr]     Checking borrow-or-share v0.2.4
[INFO] [stderr]    Compiling unicode-general-category v1.1.0
[INFO] [stderr]     Checking tantivy v0.25.0
[INFO] [stderr]     Checking cipher v0.5.2
[INFO] [stderr]     Checking fluent-uri v0.4.1
[INFO] [stderr]     Checking modbit-providers v0.0.0 (/opt/rustwide/workdir/crates/providers)
[INFO] [stderr]    Compiling strum_macros v0.28.0
[INFO] [stderr]     Checking num-cmp v0.1.0
[INFO] [stderr]     Checking num-rational v0.4.2
[INFO] [stderr]     Checking vsimd v0.8.0
[INFO] [stderr]     Checking bytecount v0.6.9
[INFO] [stderr]     Checking outref v0.5.2
[INFO] [stderr]     Checking micromap v0.3.0
[INFO] [stderr]     Checking num v0.4.3
[INFO] [stderr]     Checking fraction v0.17.0
[INFO] [stderr]     Checking uuid-simd v0.8.0
[INFO] [stderr]     Checking referencing v0.55.1
[INFO] [stderr]     Checking jsonschema-value v0.55.1
[INFO] [stderr]     Checking modbit-workspace v0.0.0 (/opt/rustwide/workdir/crates/workspace)
[INFO] [stderr]     Checking fancy-regex v0.19.1
[INFO] [stderr]     Checking email_address v0.2.9
[INFO] [stderr]     Checking jsonschema-regex v0.55.1
[INFO] [stderr]     Checking flate2 v1.1.10
[INFO] [stderr]     Checking wait-timeout v0.2.1
[INFO] [stderr]     Checking quick-error v1.2.3
[INFO] [stderr]     Checking cpubits v0.1.1
[INFO] [stderr]     Checking strum v0.28.0
[INFO] [stderr]     Checking aes v0.9.2
[INFO] [stderr]     Checking rusty-fork v0.3.1
[INFO] [stderr]     Checking ecb v0.2.0
[INFO] [stderr]     Checking cbc v0.2.1
[INFO] [stderr]     Checking modbit-bench-outcome-statistics v0.0.0 (/opt/rustwide/workdir/benchmarks/outcome-statistics)
[INFO] [stderr]     Checking rand_xorshift v0.4.0
[INFO] [stderr]     Checking nom v8.0.0
[INFO] [stderr]     Checking encoding_rs v0.8.35
[INFO] [stderr]     Checking unarray v0.1.4
[INFO] [stderr]     Checking weezl v0.2.1
[INFO] [stderr]     Checking jsonschema v0.55.1
[INFO] [stderr]     Checking rangemap v1.7.1
[INFO] [stderr]     Checking proptest v1.11.0
[INFO] [stderr]     Checking png v0.18.1
[INFO] [stderr]     Checking modbit-bench-gate-calibration v0.0.0 (/opt/rustwide/workdir/benchmarks/gate-calibration)
[INFO] [stderr]     Checking modbit-browser v0.0.0 (/opt/rustwide/workdir/crates/browser)
[INFO] [stderr]    Compiling rquickjs-sys v0.13.0
[INFO] [stderr]     Checking event-listener v5.4.2
[INFO] [stderr]     Checking event-listener-strategy v0.5.4
[INFO] [stderr]     Checking async-lock v3.4.2
[INFO] [stderr]     Checking modbit-core-runtime v0.0.0 (/opt/rustwide/workdir/crates/core-runtime)
[INFO] [stderr]     Checking modbit-diagnostics v0.0.0 (/opt/rustwide/workdir/crates/diagnostics)
[INFO] [stderr]     Checking modbit-context v0.0.0 (/opt/rustwide/workdir/crates/context)
[INFO] [stderr]     Checking modbit-bench-policy-lab v0.0.0 (/opt/rustwide/workdir/benchmarks/policy-lab)
[INFO] [stderr]     Checking modbit-prompt-compiler v0.0.0 (/opt/rustwide/workdir/crates/prompt-compiler)
[INFO] [stderr]     Checking modbit-memory v0.0.0 (/opt/rustwide/workdir/crates/memory)
[INFO] [stderr]     Checking modbit-checkpoint v0.0.0 (/opt/rustwide/workdir/crates/checkpoint)
[INFO] [stderr]     Checking similar v2.7.0
[INFO] [stderr]     Checking axum-core v0.5.6
[INFO] [stderr]     Checking lopdf v0.44.0
[INFO] [stderr]     Checking serde_path_to_error v0.1.20
[INFO] [stderr]     Checking matchit v0.8.4
[INFO] [stderr]    Compiling cfg_aliases v0.1.1
[INFO] [stderr]    Compiling camino v1.2.5
[INFO] [stderr]    Compiling nix v0.28.0
[INFO] [stderr]    Compiling thiserror-impl v1.0.69
[INFO] [stderr]     Checking winnow v1.0.4
[INFO] [stderr]     Checking toml_parser v1.1.3+spec-1.1.0
[INFO] [stderr]     Checking semver v1.0.28
[INFO] [stderr]     Checking modbit-mcp v0.0.0 (/opt/rustwide/workdir/crates/mcp)
[INFO] [stderr]     Checking cargo-platform v0.3.3
[INFO] [stderr]     Checking toml_datetime v1.1.1+spec-1.1.0
[INFO] [stderr]     Checking serde_spanned v1.1.1
[INFO] [stderr]     Checking toml_writer v1.1.2+spec-1.1.0
[INFO] [stderr]     Checking cargo_metadata v0.23.1
[INFO] [stderr]     Checking thiserror v1.0.69
[INFO] [stderr]     Checking filedescriptor v0.8.3
[INFO] [stderr]     Checking toml v1.1.5+spec-1.1.0
[INFO] [stderr]     Checking axum v0.8.9
[INFO] [stderr]     Checking serial2 v0.2.38
[INFO] [stderr]     Checking shell-words v1.1.1
[INFO] [stderr]     Checking modbit-cloud-worker v0.0.0 (/opt/rustwide/workdir/apps/cloud-worker)
[INFO] [stderr]     Checking utf-8 v0.7.6
[INFO] [stderr]     Checking architecture-lint v0.0.0 (/opt/rustwide/workdir/tools/architecture-lint)
[INFO] [stderr]     Checking tungstenite v0.26.2
[INFO] [stderr]    Compiling nix v0.31.3
[INFO] [stderr]     Checking portable-pty v0.9.0
[INFO] [stderr]     Checking tokio-tungstenite v0.26.2
[INFO] [stderr]     Checking modbit-bench-agent-engineering v0.0.0 (/opt/rustwide/workdir/benchmarks/agent-engineering)
[INFO] [stderr]     Checking protocol-fixtures v0.0.0 (/opt/rustwide/workdir/tools/protocol-fixtures)
[INFO] [stderr]     Checking modbit-bench-skill-evolution v0.0.0 (/opt/rustwide/workdir/benchmarks/skill-evolution)
[INFO] [stderr]     Checking vsock v0.5.4
[INFO] [stderr]     Checking modbit-guest v0.0.0 (/opt/rustwide/workdir/services/modbit-guest)
[INFO] [stderr]     Checking modbit-tools v0.0.0 (/opt/rustwide/workdir/crates/tools)
[INFO] [stderr]     Checking rquickjs-core v0.13.0
[INFO] [stderr]     Checking modbit-execd v0.0.0 (/opt/rustwide/workdir/services/modbit-execd)
[INFO] [stderr]     Checking modbit-cloud-api v0.0.0 (/opt/rustwide/workdir/apps/cloud-api)
[INFO] [stderr]     Checking modbit-sandbox-gateway v0.0.0 (/opt/rustwide/workdir/apps/sandbox-gateway)
[INFO] [stderr]     Checking rquickjs v0.13.0
[INFO] [stderr]     Checking modbit-procedural-runtime v0.0.0 (/opt/rustwide/workdir/crates/procedural-runtime)
[INFO] [stderr]     Checking guest-image-tool v0.0.0 (/opt/rustwide/workdir/tools/guest-image)
[INFO] [stderr]     Checking modbit-cli v0.0.0 (/opt/rustwide/workdir/apps/cli)
[INFO] [stderr] error: could not compile `modbit-cli` (bin "modbit-cli" test)
[INFO] [stderr] 
[INFO] [stderr] Caused by:
[INFO] [stderr]   process didn't exit successfully: `/opt/rustwide/rustup-home/toolchains/3154cc1a3e6424e44f438a95007d043ed5ceaaf6/bin/rustc --crate-name modbit_cli --edition=2024 apps/cli/src/main.rs --error-format=json --json=diagnostic-rendered-ansi,artifacts,future-incompat,unused-externs-silent --emit=dep-info,metadata -C embed-bitcode=no -C debuginfo=2 --allow=unused_crate_dependencies --deny=unsafe_code --warn=missing_docs '--warn=clippy::all' --test --check-cfg 'cfg(docsrs,test)' --check-cfg 'cfg(feature, values())' -C metadata=43caf7b2ad2c051d -C extra-filename=-821a53889f088c9f --out-dir /opt/rustwide/target/debug/build/modbit-cli/821a53889f088c9f/out -L dependency=/opt/rustwide/target/debug/build/aho-corasick/a69c837171192e07/out -L dependency=/opt/rustwide/target/debug/build/allocator-api2/34319c28828d46c3/out -L dependency=/opt/rustwide/target/debug/build/atomic-waker/d2edf130acb84086/out -L dependency=/opt/rustwide/target/debug/build/base64/d8aec028dea2d277/out -L dependency=/opt/rustwide/target/debug/build/bitflags/12164dedcc9c97c0/out -L dependency=/opt/rustwide/target/debug/build/block-buffer/73545ed56b1cb4c2/out -L dependency=/opt/rustwide/target/debug/build/block-buffer/c6dd025e507155f8/out -L dependency=/opt/rustwide/target/debug/build/bstr/db23e8ec59a143f5/out -L dependency=/opt/rustwide/target/debug/build/bytes/4fbd75942b1503ad/out -L dependency=/opt/rustwide/target/debug/build/cfg-if/190c9021fd162845/out -L dependency=/opt/rustwide/target/debug/build/chacha20/68b7024a1e52ce8d/out -L dependency=/opt/rustwide/target/debug/build/cmov/d863bcfeab538103/out -L dependency=/opt/rustwide/target/debug/build/const-oid/5abb6e22430efd63/out -L dependency=/opt/rustwide/target/debug/build/cpufeatures/1ae956ba346ebd12/out -L dependency=/opt/rustwide/target/debug/build/cpufeatures/3f55fab4a21729ae/out -L dependency=/opt/rustwide/target/debug/build/crypto-common/cad30dc164c223db/out -L dependency=/opt/rustwide/target/debug/build/crypto-common/cad9844398764669/out -L dependency=/opt/rustwide/target/debug/build/ctutils/670f59174de6c720/out -L dependency=/opt/rustwide/target/debug/build/curve25519-dalek-derive/f0a2405ef9de8d81/out -L dependency=/opt/rustwide/target/debug/build/curve25519-dalek/667d25c6dec783b9/out -L dependency=/opt/rustwide/target/debug/build/digest/bbedfa42731e550c/out -L dependency=/opt/rustwide/target/debug/build/digest/f823d0c82ea5dee6/out -L dependency=/opt/rustwide/target/debug/build/displaydoc/4adfac9ce3813dcb/out -L dependency=/opt/rustwide/target/debug/build/ed25519-dalek/9da45a2a94fc5981/out -L dependency=/opt/rustwide/target/debug/build/ed25519/80396a8d2766a1f9/out -L dependency=/opt/rustwide/target/debug/build/equivalent/d23b026399a51038/out -L dependency=/opt/rustwide/target/debug/build/errno/ed55e2147468343e/out -L dependency=/opt/rustwide/target/debug/build/fastrand/f97ae5f035b5782d/out -L dependency=/opt/rustwide/target/debug/build/fnv/bf9ae889bab8acee/out -L dependency=/opt/rustwide/target/debug/build/foldhash/2911a6ebceb426f2/out -L dependency=/opt/rustwide/target/debug/build/form_urlencoded/a0709cb2f4e6749a/out -L dependency=/opt/rustwide/target/debug/build/futures-channel/308a4123e7ffabe8/out -L dependency=/opt/rustwide/target/debug/build/futures-core/e61316190f86a7bd/out -L dependency=/opt/rustwide/target/debug/build/futures-io/1831beca475a5f7c/out -L dependency=/opt/rustwide/target/debug/build/futures-macro/51bb83534ee02f42/out -L dependency=/opt/rustwide/target/debug/build/futures-sink/a9e9f8e9bd8fa6ef/out -L dependency=/opt/rustwide/target/debug/build/futures-task/e6dcbbfe3a416c43/out -L dependency=/opt/rustwide/target/debug/build/futures-util/ab91a61d54c7c28d/out -L dependency=/opt/rustwide/target/debug/build/generic-array/c586f0bf6e1ffba7/out -L dependency=/opt/rustwide/target/debug/build/getrandom/1139280cf32ec134/out -L dependency=/opt/rustwide/target/debug/build/getrandom/d6209c74db666d2e/out -L dependency=/opt/rustwide/target/debug/build/globset/686a9f2f749db67f/out -L dependency=/opt/rustwide/target/debug/build/h2/67775effef2a74ba/out -L dependency=/opt/rustwide/target/debug/build/hashbrown/7f528da268bde2cd/out -L dependency=/opt/rustwide/target/debug/build/hex/4852862d92867e36/out -L dependency=/opt/rustwide/target/debug/build/http-body-util/d03071514fe22a93/out -L dependency=/opt/rustwide/target/debug/build/http-body/6ca649109301c00f/out -L dependency=/opt/rustwide/target/debug/build/http/e7402a8233548797/out -L dependency=/opt/rustwide/target/debug/build/httparse/b9ed2fea81abf9ac/out -L dependency=/opt/rustwide/target/debug/build/httpdate/dd055e56878c34d5/out -L dependency=/opt/rustwide/target/debug/build/hybrid-array/fb021fe7c4023866/out -L dependency=/opt/rustwide/target/debug/build/hyper-rustls/5921e58f405d9457/out -L dependency=/opt/rustwide/target/debug/build/hyper-util/c9cc34bf522d81a0/out -L dependency=/opt/rustwide/target/debug/build/hyper/9976fe796b2a4e9b/out -L dependency=/opt/rustwide/target/debug/build/icu_collections/170e7c785d79c4df/out -L dependency=/opt/rustwide/target/debug/build/icu_locale_core/911f801ca72c4f55/out -L dependency=/opt/rustwide/target/debug/build/icu_normalizer/3ae3bfb2c037d1e6/out -L dependency=/opt/rustwide/target/debug/build/icu_normalizer_data/55d53c9d9302ab5f/out -L dependency=/opt/rustwide/target/debug/build/icu_properties/2e90e85e73ddc01a/out -L dependency=/opt/rustwide/target/debug/build/icu_properties_data/17963fca1444d170/out -L dependency=/opt/rustwide/target/debug/build/icu_provider/80167e6727107bfe/out -L dependency=/opt/rustwide/target/debug/build/idna/62b2c4e494372299/out -L dependency=/opt/rustwide/target/debug/build/idna_adapter/5f3caaaf8c7343b3/out -L dependency=/opt/rustwide/target/debug/build/indexmap/1795761aaf667554/out -L dependency=/opt/rustwide/target/debug/build/ipnet/7e5b3052b5f6134c/out -L dependency=/opt/rustwide/target/debug/build/itoa/488dcf4f13423b18/out -L dependency=/opt/rustwide/target/debug/build/libc/b3dd724d477b84c5/out -L dependency=/opt/rustwide/target/debug/build/linux-raw-sys/069649a5354d504b/out -L dependency=/opt/rustwide/target/debug/build/litemap/1a3530997fd9ec30/out -L dependency=/opt/rustwide/target/debug/build/log/c6c5cdd4b6425921/out -L dependency=/opt/rustwide/target/debug/build/memchr/b924193483665774/out -L dependency=/opt/rustwide/target/debug/build/mio/a5f524c9a2cef012/out -L dependency=/opt/rustwide/target/debug/build/modbit-domain/c55dc7a523db085e/out -L dependency=/opt/rustwide/target/debug/build/once_cell/6f8123b0c2eed634/out -L dependency=/opt/rustwide/target/debug/build/openssl-probe/37a8cbe961b4ea12/out -L dependency=/opt/rustwide/target/debug/build/percent-encoding/f0f3780066f274e0/out -L dependency=/opt/rustwide/target/debug/build/pin-project-lite/7176d3be2b7ee2e1/out -L dependency=/opt/rustwide/target/debug/build/potential_utf/52941fe7e773d5d1/out -L dependency=/opt/rustwide/target/debug/build/prost-derive/f98865046be1055a/out -L dependency=/opt/rustwide/target/debug/build/prost-types/c594c180cb542b28/out -L dependency=/opt/rustwide/target/debug/build/prost/d2b6e7e7cce73f3a/out -L dependency=/opt/rustwide/target/debug/build/rand_core/9a5dc38792b219e1/out -L dependency=/opt/rustwide/target/debug/build/regex-automata/90407c5f33c86d2f/out -L dependency=/opt/rustwide/target/debug/build/regex-syntax/aa2c0ef21912879c/out -L dependency=/opt/rustwide/target/debug/build/ring/080ee3ea18a71420/out -L dependency=/opt/rustwide/target/debug/build/rustix/a2dca479964c0a66/out -L dependency=/opt/rustwide/target/debug/build/rustls-native-certs/0e9fc743e0c7bdc4/out -L dependency=/opt/rustwide/target/debug/build/rustls-pki-types/4cbbe2598a880b1d/out -L dependency=/opt/rustwide/target/debug/build/rustls-webpki/d6aad3e8d35af275/out -L dependency=/opt/rustwide/target/debug/build/rustls/97de3d11ccb6547e/out -L dependency=/opt/rustwide/target/debug/build/ryu/3da2ab8eb39d89f2/out -L dependency=/opt/rustwide/target/debug/build/serde/516f5179ac1f58a5/out -L dependency=/opt/rustwide/target/debug/build/serde_core/0a1ba5c7e6f8457f/out -L dependency=/opt/rustwide/target/debug/build/serde_derive/4437faa3112a7a69/out -L dependency=/opt/rustwide/target/debug/build/serde_json/99f4199730bc799f/out -L dependency=/opt/rustwide/target/debug/build/serde_urlencoded/8103e1ca3ed38371/out -L dependency=/opt/rustwide/target/debug/build/sha2/8f822a0303e13660/out -L dependency=/opt/rustwide/target/debug/build/sha2/c171666873c22f92/out -L dependency=/opt/rustwide/target/debug/build/signal-hook-registry/c73d6752613b975a/out -L dependency=/opt/rustwide/target/debug/build/signature/23057b6e46e0bb5b/out -L dependency=/opt/rustwide/target/debug/build/slab/101f873bca723251/out -L dependency=/opt/rustwide/target/debug/build/smallvec/9c5df4053197dbb3/out -L dependency=/opt/rustwide/target/debug/build/socket2/bb365d2c01ce7ced/out -L dependency=/opt/rustwide/target/debug/build/stable_deref_trait/546b30ce49ff2d08/out -L dependency=/opt/rustwide/target/debug/build/subtle/1139c163d0bdfd0a/out -L dependency=/opt/rustwide/target/debug/build/sync_wrapper/c28c30f601668a0a/out -L dependency=/opt/rustwide/target/debug/build/thiserror-impl/d703265c41da96e8/out -L dependency=/opt/rustwide/target/debug/build/thiserror/e73d4d7145d7c72a/out -L dependency=/opt/rustwide/target/debug/build/tinystr/2c9d34f6a09892a1/out -L dependency=/opt/rustwide/target/debug/build/tokio-macros/c95691c5e8593d06/out -L dependency=/opt/rustwide/target/debug/build/tokio-rustls/0415660cfd1dc958/out -L dependency=/opt/rustwide/target/debug/build/tokio-util/35913e21effe82e0/out -L dependency=/opt/rustwide/target/debug/build/tokio/f89265540dbabba9/out -L dependency=/opt/rustwide/target/debug/build/tower-http/bc75419aaef4889f/out -L dependency=/opt/rustwide/target/debug/build/tower-layer/f6d5cc7b185cf351/out -L dependency=/opt/rustwide/target/debug/build/tower-service/e69ac8dcc8243395/out -L dependency=/opt/rustwide/target/debug/build/tower/0a3b7d2bf98a0add/out -L dependency=/opt/rustwide/target/debug/build/tracing-attributes/d2792af160e5c4a0/out -L dependency=/opt/rustwide/target/debug/build/tracing-core/3324456f4d23a949/out -L dependency=/opt/rustwide/target/debug/build/tracing/e09875852ee00618/out -L dependency=/opt/rustwide/target/debug/build/try-lock/08abaa63f4861efa/out -L dependency=/opt/rustwide/target/debug/build/typenum/24aab6a4200ddd27/out -L dependency=/opt/rustwide/target/debug/build/untrusted/03cde965a30f6cbb/out -L dependency=/opt/rustwide/target/debug/build/url/1b1f9995fe5a0443/out -L dependency=/opt/rustwide/target/debug/build/utf8_iter/88f5a358869389d3/out -L dependency=/opt/rustwide/target/debug/build/uuid/7c500eedefd996c3/out -L dependency=/opt/rustwide/target/debug/build/want/cc3dcee12d270b38/out -L dependency=/opt/rustwide/target/debug/build/webpki-roots/3093fb6bbb079fb9/out -L dependency=/opt/rustwide/target/debug/build/writeable/5ca0ec95d9ef6c5c/out -L dependency=/opt/rustwide/target/debug/build/yoke-derive/df68c8b15dbb9d99/out -L dependency=/opt/rustwide/target/debug/build/yoke/bd9ce304116907ac/out -L dependency=/opt/rustwide/target/debug/build/zerofrom-derive/50fd06bb071b26c9/out -L dependency=/opt/rustwide/target/debug/build/zerofrom/da532788af04bb10/out -L dependency=/opt/rustwide/target/debug/build/zeroize/635551755f6edc1d/out -L dependency=/opt/rustwide/target/debug/build/zerotrie/f2fa2cdfd65084bc/out -L dependency=/opt/rustwide/target/debug/build/zerovec-derive/f0b2d6f2e436e4c0/out -L dependency=/opt/rustwide/target/debug/build/zerovec/42d06a68ccec3f37/out -L dependency=/opt/rustwide/target/debug/build/zmij/93cb3e10a525d438/out --extern base64=/opt/rustwide/target/debug/build/base64/d8aec028dea2d277/out/libbase64-d8aec028dea2d277.rmeta --extern ed25519_dalek=/opt/rustwide/target/debug/build/ed25519-dalek/9da45a2a94fc5981/out/libed25519_dalek-9da45a2a94fc5981.rmeta --extern hex=/opt/rustwide/target/debug/build/hex/4852862d92867e36/out/libhex-4852862d92867e36.rmeta --extern modbit_domain=/opt/rustwide/target/debug/build/modbit-domain/c55dc7a523db085e/out/libmodbit_domain-c55dc7a523db085e.rmeta --extern modbit_protocol=/opt/rustwide/target/debug/build/modbit-protocol/ee689e1b0079e759/out/libmodbit_protocol-ee689e1b0079e759.rmeta --extern modbit_skills=/opt/rustwide/target/debug/build/modbit-skills/46c768f41fb323a0/out/libmodbit_skills-46c768f41fb323a0.rmeta --extern prost=/opt/rustwide/target/debug/build/prost/d2b6e7e7cce73f3a/out/libprost-d2b6e7e7cce73f3a.rmeta --extern rand=/opt/rustwide/target/debug/build/rand/f7115b4d47d6511c/out/librand-f7115b4d47d6511c.rmeta --extern reqwest=/opt/rustwide/target/debug/build/reqwest/21db9c328e359096/out/libreqwest-21db9c328e359096.rmeta --extern serde_json=/opt/rustwide/target/debug/build/serde_json/99f4199730bc799f/out/libserde_json-99f4199730bc799f.rmeta --extern sha2=/opt/rustwide/target/debug/build/sha2/8f822a0303e13660/out/libsha2-8f822a0303e13660.rmeta --extern tempfile=/opt/rustwide/target/debug/build/tempfile/bd9283bab6cb0d32/out/libtempfile-bd9283bab6cb0d32.rmeta --extern tokio=/opt/rustwide/target/debug/build/tokio/f89265540dbabba9/out/libtokio-f89265540dbabba9.rmeta --cap-lints=forbid --force-warn=unused_crate_dependencies -L native=/opt/rustwide/target/debug/build/ring/246ad768887a8390/out` (signal: 9, SIGKILL: kill)
[INFO] [stderr] warning: build failed, waiting for other jobs to finish...
[INFO] [stderr] error: could not compile `modbit-protocol` (lib test)
[INFO] [stderr] 
[INFO] [stderr] Caused by:
[INFO] [stderr]   process didn't exit successfully: `/opt/rustwide/rustup-home/toolchains/3154cc1a3e6424e44f438a95007d043ed5ceaaf6/bin/rustc --crate-name modbit_protocol --edition=2024 crates/protocol/src/lib.rs --error-format=json --json=diagnostic-rendered-ansi,artifacts,future-incompat,unused-externs-silent --emit=dep-info,metadata -C embed-bitcode=no -C debuginfo=2 --allow=unused_crate_dependencies --deny=unsafe_code --warn=missing_docs '--warn=clippy::all' --test --check-cfg 'cfg(docsrs,test)' --check-cfg 'cfg(feature, values())' -C metadata=70dd3f37fc6deb4e -C extra-filename=-118d32337e0686ab --out-dir /opt/rustwide/target/debug/build/modbit-protocol/118d32337e0686ab/out -L dependency=/opt/rustwide/target/debug/build/bit-set/0d1d8cd877be6a55/out -L dependency=/opt/rustwide/target/debug/build/bit-vec/7c54c415c8441a74/out -L dependency=/opt/rustwide/target/debug/build/bitflags/12164dedcc9c97c0/out -L dependency=/opt/rustwide/target/debug/build/block-buffer/73545ed56b1cb4c2/out -L dependency=/opt/rustwide/target/debug/build/block-buffer/c6dd025e507155f8/out -L dependency=/opt/rustwide/target/debug/build/bytes/4fbd75942b1503ad/out -L dependency=/opt/rustwide/target/debug/build/cfg-if/190c9021fd162845/out -L dependency=/opt/rustwide/target/debug/build/cmov/d863bcfeab538103/out -L dependency=/opt/rustwide/target/debug/build/const-oid/5abb6e22430efd63/out -L dependency=/opt/rustwide/target/debug/build/cpufeatures/1ae956ba346ebd12/out -L dependency=/opt/rustwide/target/debug/build/cpufeatures/3f55fab4a21729ae/out -L dependency=/opt/rustwide/target/debug/build/crypto-common/cad30dc164c223db/out -L dependency=/opt/rustwide/target/debug/build/crypto-common/cad9844398764669/out -L dependency=/opt/rustwide/target/debug/build/ctutils/670f59174de6c720/out -L dependency=/opt/rustwide/target/debug/build/curve25519-dalek-derive/f0a2405ef9de8d81/out -L dependency=/opt/rustwide/target/debug/build/curve25519-dalek/667d25c6dec783b9/out -L dependency=/opt/rustwide/target/debug/build/digest/bbedfa42731e550c/out -L dependency=/opt/rustwide/target/debug/build/digest/f823d0c82ea5dee6/out -L dependency=/opt/rustwide/target/debug/build/ed25519-dalek/9da45a2a94fc5981/out -L dependency=/opt/rustwide/target/debug/build/ed25519/80396a8d2766a1f9/out -L dependency=/opt/rustwide/target/debug/build/errno/ed55e2147468343e/out -L dependency=/opt/rustwide/target/debug/build/fastrand/f97ae5f035b5782d/out -L dependency=/opt/rustwide/target/debug/build/fnv/bf9ae889bab8acee/out -L dependency=/opt/rustwide/target/debug/build/generic-array/c586f0bf6e1ffba7/out -L dependency=/opt/rustwide/target/debug/build/getrandom/9488a4312c77628f/out -L dependency=/opt/rustwide/target/debug/build/getrandom/d6209c74db666d2e/out -L dependency=/opt/rustwide/target/debug/build/hex/4852862d92867e36/out -L dependency=/opt/rustwide/target/debug/build/hybrid-array/fb021fe7c4023866/out -L dependency=/opt/rustwide/target/debug/build/itoa/488dcf4f13423b18/out -L dependency=/opt/rustwide/target/debug/build/libc/b3dd724d477b84c5/out -L dependency=/opt/rustwide/target/debug/build/libm/89e5b3015da8f563/out -L dependency=/opt/rustwide/target/debug/build/linux-raw-sys/069649a5354d504b/out -L dependency=/opt/rustwide/target/debug/build/memchr/b924193483665774/out -L dependency=/opt/rustwide/target/debug/build/mio/a5f524c9a2cef012/out -L dependency=/opt/rustwide/target/debug/build/num-traits/db5824db52a73596/out -L dependency=/opt/rustwide/target/debug/build/once_cell/6f8123b0c2eed634/out -L dependency=/opt/rustwide/target/debug/build/pin-project-lite/7176d3be2b7ee2e1/out -L dependency=/opt/rustwide/target/debug/build/ppv-lite86/394943ae43223b4e/out -L dependency=/opt/rustwide/target/debug/build/prost-derive/f98865046be1055a/out -L dependency=/opt/rustwide/target/debug/build/prost/d2b6e7e7cce73f3a/out -L dependency=/opt/rustwide/target/debug/build/quick-error/0a500856079b147c/out -L dependency=/opt/rustwide/target/debug/build/rand/802cef0b1b30deba/out -L dependency=/opt/rustwide/target/debug/build/rand_chacha/79e1365ece542f12/out -L dependency=/opt/rustwide/target/debug/build/rand_core/6fcd06cad6e9ec7b/out -L dependency=/opt/rustwide/target/debug/build/rand_core/9a5dc38792b219e1/out -L dependency=/opt/rustwide/target/debug/build/rand_xorshift/f6bb42623f5e13b5/out -L dependency=/opt/rustwide/target/debug/build/regex-syntax/aa2c0ef21912879c/out -L dependency=/opt/rustwide/target/debug/build/rustix/a2dca479964c0a66/out -L dependency=/opt/rustwide/target/debug/build/rusty-fork/fe4a4b80fc7b3f7c/out -L dependency=/opt/rustwide/target/debug/build/serde/516f5179ac1f58a5/out -L dependency=/opt/rustwide/target/debug/build/serde_core/0a1ba5c7e6f8457f/out -L dependency=/opt/rustwide/target/debug/build/serde_derive/4437faa3112a7a69/out -L dependency=/opt/rustwide/target/debug/build/serde_json/99f4199730bc799f/out -L dependency=/opt/rustwide/target/debug/build/sha2/8f822a0303e13660/out -L dependency=/opt/rustwide/target/debug/build/sha2/c171666873c22f92/out -L dependency=/opt/rustwide/target/debug/build/signal-hook-registry/c73d6752613b975a/out -L dependency=/opt/rustwide/target/debug/build/signature/23057b6e46e0bb5b/out -L dependency=/opt/rustwide/target/debug/build/socket2/bb365d2c01ce7ced/out -L dependency=/opt/rustwide/target/debug/build/subtle/1139c163d0bdfd0a/out -L dependency=/opt/rustwide/target/debug/build/tempfile/bd9283bab6cb0d32/out -L dependency=/opt/rustwide/target/debug/build/thiserror-impl/d703265c41da96e8/out -L dependency=/opt/rustwide/target/debug/build/thiserror/e73d4d7145d7c72a/out -L dependency=/opt/rustwide/target/debug/build/tokio-macros/c95691c5e8593d06/out -L dependency=/opt/rustwide/target/debug/build/typenum/24aab6a4200ddd27/out -L dependency=/opt/rustwide/target/debug/build/unarray/7cd11d7c1cdfd805/out -L dependency=/opt/rustwide/target/debug/build/uuid/7c500eedefd996c3/out -L dependency=/opt/rustwide/target/debug/build/wait-timeout/685babcb046e9475/out -L dependency=/opt/rustwide/target/debug/build/zerocopy/775c253805583f72/out -L dependency=/opt/rustwide/target/debug/build/zeroize/635551755f6edc1d/out -L dependency=/opt/rustwide/target/debug/build/zmij/93cb3e10a525d438/out --extern modbit_domain=/opt/rustwide/target/debug/build/modbit-domain/c55dc7a523db085e/out/libmodbit_domain-c55dc7a523db085e.rmeta --extern proptest=/opt/rustwide/target/debug/build/proptest/968626cd4fcaf632/out/libproptest-968626cd4fcaf632.rmeta --extern prost=/opt/rustwide/target/debug/build/prost/d2b6e7e7cce73f3a/out/libprost-d2b6e7e7cce73f3a.rmeta --extern prost_types=/opt/rustwide/target/debug/build/prost-types/c594c180cb542b28/out/libprost_types-c594c180cb542b28.rmeta --extern tempfile=/opt/rustwide/target/debug/build/tempfile/bd9283bab6cb0d32/out/libtempfile-bd9283bab6cb0d32.rmeta --extern thiserror=/opt/rustwide/target/debug/build/thiserror/e73d4d7145d7c72a/out/libthiserror-e73d4d7145d7c72a.rmeta --extern tokio=/opt/rustwide/target/debug/build/tokio/f89265540dbabba9/out/libtokio-f89265540dbabba9.rmeta --cap-lints=forbid --force-warn=unused_crate_dependencies` (signal: 9, SIGKILL: kill)
[INFO] [stderr] error: could not compile `modbit-cli` (bin "modbit-cli")
[INFO] [stderr] 
[INFO] [stderr] Caused by:
[INFO] [stderr]   process didn't exit successfully: `/opt/rustwide/rustup-home/toolchains/3154cc1a3e6424e44f438a95007d043ed5ceaaf6/bin/rustc --crate-name modbit_cli --edition=2024 apps/cli/src/main.rs --error-format=json --json=diagnostic-rendered-ansi,artifacts,future-incompat,unused-externs-silent --crate-type bin --emit=dep-info,metadata -C embed-bitcode=no -C debuginfo=2 --allow=unused_crate_dependencies --deny=unsafe_code --warn=missing_docs '--warn=clippy::all' --check-cfg 'cfg(docsrs,test)' --check-cfg 'cfg(feature, values())' -C metadata=18f2fff660c09977 -C extra-filename=-ecab3dc7f32f78c9 --out-dir /opt/rustwide/target/debug/build/modbit-cli/ecab3dc7f32f78c9/out -L dependency=/opt/rustwide/target/debug/build/aho-corasick/a69c837171192e07/out -L dependency=/opt/rustwide/target/debug/build/allocator-api2/34319c28828d46c3/out -L dependency=/opt/rustwide/target/debug/build/atomic-waker/d2edf130acb84086/out -L dependency=/opt/rustwide/target/debug/build/base64/d8aec028dea2d277/out -L dependency=/opt/rustwide/target/debug/build/bitflags/12164dedcc9c97c0/out -L dependency=/opt/rustwide/target/debug/build/block-buffer/73545ed56b1cb4c2/out -L dependency=/opt/rustwide/target/debug/build/block-buffer/c6dd025e507155f8/out -L dependency=/opt/rustwide/target/debug/build/bstr/db23e8ec59a143f5/out -L dependency=/opt/rustwide/target/debug/build/bytes/4fbd75942b1503ad/out -L dependency=/opt/rustwide/target/debug/build/cfg-if/190c9021fd162845/out -L dependency=/opt/rustwide/target/debug/build/chacha20/68b7024a1e52ce8d/out -L dependency=/opt/rustwide/target/debug/build/cmov/d863bcfeab538103/out -L dependency=/opt/rustwide/target/debug/build/const-oid/5abb6e22430efd63/out -L dependency=/opt/rustwide/target/debug/build/cpufeatures/1ae956ba346ebd12/out -L dependency=/opt/rustwide/target/debug/build/cpufeatures/3f55fab4a21729ae/out -L dependency=/opt/rustwide/target/debug/build/crypto-common/cad30dc164c223db/out -L dependency=/opt/rustwide/target/debug/build/crypto-common/cad9844398764669/out -L dependency=/opt/rustwide/target/debug/build/ctutils/670f59174de6c720/out -L dependency=/opt/rustwide/target/debug/build/curve25519-dalek-derive/f0a2405ef9de8d81/out -L dependency=/opt/rustwide/target/debug/build/curve25519-dalek/667d25c6dec783b9/out -L dependency=/opt/rustwide/target/debug/build/digest/bbedfa42731e550c/out -L dependency=/opt/rustwide/target/debug/build/digest/f823d0c82ea5dee6/out -L dependency=/opt/rustwide/target/debug/build/displaydoc/4adfac9ce3813dcb/out -L dependency=/opt/rustwide/target/debug/build/ed25519-dalek/9da45a2a94fc5981/out -L dependency=/opt/rustwide/target/debug/build/ed25519/80396a8d2766a1f9/out -L dependency=/opt/rustwide/target/debug/build/equivalent/d23b026399a51038/out -L dependency=/opt/rustwide/target/debug/build/errno/ed55e2147468343e/out -L dependency=/opt/rustwide/target/debug/build/fnv/bf9ae889bab8acee/out -L dependency=/opt/rustwide/target/debug/build/foldhash/2911a6ebceb426f2/out -L dependency=/opt/rustwide/target/debug/build/form_urlencoded/a0709cb2f4e6749a/out -L dependency=/opt/rustwide/target/debug/build/futures-channel/308a4123e7ffabe8/out -L dependency=/opt/rustwide/target/debug/build/futures-core/e61316190f86a7bd/out -L dependency=/opt/rustwide/target/debug/build/futures-io/1831beca475a5f7c/out -L dependency=/opt/rustwide/target/debug/build/futures-macro/51bb83534ee02f42/out -L dependency=/opt/rustwide/target/debug/build/futures-sink/a9e9f8e9bd8fa6ef/out -L dependency=/opt/rustwide/target/debug/build/futures-task/e6dcbbfe3a416c43/out -L dependency=/opt/rustwide/target/debug/build/futures-util/ab91a61d54c7c28d/out -L dependency=/opt/rustwide/target/debug/build/generic-array/c586f0bf6e1ffba7/out -L dependency=/opt/rustwide/target/debug/build/getrandom/1139280cf32ec134/out -L dependency=/opt/rustwide/target/debug/build/getrandom/d6209c74db666d2e/out -L dependency=/opt/rustwide/target/debug/build/globset/686a9f2f749db67f/out -L dependency=/opt/rustwide/target/debug/build/h2/67775effef2a74ba/out -L dependency=/opt/rustwide/target/debug/build/hashbrown/7f528da268bde2cd/out -L dependency=/opt/rustwide/target/debug/build/hex/4852862d92867e36/out -L dependency=/opt/rustwide/target/debug/build/http-body-util/d03071514fe22a93/out -L dependency=/opt/rustwide/target/debug/build/http-body/6ca649109301c00f/out -L dependency=/opt/rustwide/target/debug/build/http/e7402a8233548797/out -L dependency=/opt/rustwide/target/debug/build/httparse/b9ed2fea81abf9ac/out -L dependency=/opt/rustwide/target/debug/build/httpdate/dd055e56878c34d5/out -L dependency=/opt/rustwide/target/debug/build/hybrid-array/fb021fe7c4023866/out -L dependency=/opt/rustwide/target/debug/build/hyper-rustls/5921e58f405d9457/out -L dependency=/opt/rustwide/target/debug/build/hyper-util/c9cc34bf522d81a0/out -L dependency=/opt/rustwide/target/debug/build/hyper/9976fe796b2a4e9b/out -L dependency=/opt/rustwide/target/debug/build/icu_collections/170e7c785d79c4df/out -L dependency=/opt/rustwide/target/debug/build/icu_locale_core/911f801ca72c4f55/out -L dependency=/opt/rustwide/target/debug/build/icu_normalizer/3ae3bfb2c037d1e6/out -L dependency=/opt/rustwide/target/debug/build/icu_normalizer_data/55d53c9d9302ab5f/out -L dependency=/opt/rustwide/target/debug/build/icu_properties/2e90e85e73ddc01a/out -L dependency=/opt/rustwide/target/debug/build/icu_properties_data/17963fca1444d170/out -L dependency=/opt/rustwide/target/debug/build/icu_provider/80167e6727107bfe/out -L dependency=/opt/rustwide/target/debug/build/idna/62b2c4e494372299/out -L dependency=/opt/rustwide/target/debug/build/idna_adapter/5f3caaaf8c7343b3/out -L dependency=/opt/rustwide/target/debug/build/indexmap/1795761aaf667554/out -L dependency=/opt/rustwide/target/debug/build/ipnet/7e5b3052b5f6134c/out -L dependency=/opt/rustwide/target/debug/build/itoa/488dcf4f13423b18/out -L dependency=/opt/rustwide/target/debug/build/libc/b3dd724d477b84c5/out -L dependency=/opt/rustwide/target/debug/build/litemap/1a3530997fd9ec30/out -L dependency=/opt/rustwide/target/debug/build/log/c6c5cdd4b6425921/out -L dependency=/opt/rustwide/target/debug/build/memchr/b924193483665774/out -L dependency=/opt/rustwide/target/debug/build/mio/a5f524c9a2cef012/out -L dependency=/opt/rustwide/target/debug/build/modbit-domain/c55dc7a523db085e/out -L dependency=/opt/rustwide/target/debug/build/once_cell/6f8123b0c2eed634/out -L dependency=/opt/rustwide/target/debug/build/openssl-probe/37a8cbe961b4ea12/out -L dependency=/opt/rustwide/target/debug/build/percent-encoding/f0f3780066f274e0/out -L dependency=/opt/rustwide/target/debug/build/pin-project-lite/7176d3be2b7ee2e1/out -L dependency=/opt/rustwide/target/debug/build/potential_utf/52941fe7e773d5d1/out -L dependency=/opt/rustwide/target/debug/build/prost-derive/f98865046be1055a/out -L dependency=/opt/rustwide/target/debug/build/prost-types/c594c180cb542b28/out -L dependency=/opt/rustwide/target/debug/build/prost/d2b6e7e7cce73f3a/out -L dependency=/opt/rustwide/target/debug/build/rand_core/9a5dc38792b219e1/out -L dependency=/opt/rustwide/target/debug/build/regex-automata/90407c5f33c86d2f/out -L dependency=/opt/rustwide/target/debug/build/regex-syntax/aa2c0ef21912879c/out -L dependency=/opt/rustwide/target/debug/build/ring/080ee3ea18a71420/out -L dependency=/opt/rustwide/target/debug/build/rustls-native-certs/0e9fc743e0c7bdc4/out -L dependency=/opt/rustwide/target/debug/build/rustls-pki-types/4cbbe2598a880b1d/out -L dependency=/opt/rustwide/target/debug/build/rustls-webpki/d6aad3e8d35af275/out -L dependency=/opt/rustwide/target/debug/build/rustls/97de3d11ccb6547e/out -L dependency=/opt/rustwide/target/debug/build/ryu/3da2ab8eb39d89f2/out -L dependency=/opt/rustwide/target/debug/build/serde/516f5179ac1f58a5/out -L dependency=/opt/rustwide/target/debug/build/serde_core/0a1ba5c7e6f8457f/out -L dependency=/opt/rustwide/target/debug/build/serde_derive/4437faa3112a7a69/out -L dependency=/opt/rustwide/target/debug/build/serde_json/99f4199730bc799f/out -L dependency=/opt/rustwide/target/debug/build/serde_urlencoded/8103e1ca3ed38371/out -L dependency=/opt/rustwide/target/debug/build/sha2/8f822a0303e13660/out -L dependency=/opt/rustwide/target/debug/build/sha2/c171666873c22f92/out -L dependency=/opt/rustwide/target/debug/build/signal-hook-registry/c73d6752613b975a/out -L dependency=/opt/rustwide/target/debug/build/signature/23057b6e46e0bb5b/out -L dependency=/opt/rustwide/target/debug/build/slab/101f873bca723251/out -L dependency=/opt/rustwide/target/debug/build/smallvec/9c5df4053197dbb3/out -L dependency=/opt/rustwide/target/debug/build/socket2/bb365d2c01ce7ced/out -L dependency=/opt/rustwide/target/debug/build/stable_deref_trait/546b30ce49ff2d08/out -L dependency=/opt/rustwide/target/debug/build/subtle/1139c163d0bdfd0a/out -L dependency=/opt/rustwide/target/debug/build/sync_wrapper/c28c30f601668a0a/out -L dependency=/opt/rustwide/target/debug/build/thiserror-impl/d703265c41da96e8/out -L dependency=/opt/rustwide/target/debug/build/thiserror/e73d4d7145d7c72a/out -L dependency=/opt/rustwide/target/debug/build/tinystr/2c9d34f6a09892a1/out -L dependency=/opt/rustwide/target/debug/build/tokio-macros/c95691c5e8593d06/out -L dependency=/opt/rustwide/target/debug/build/tokio-rustls/0415660cfd1dc958/out -L dependency=/opt/rustwide/target/debug/build/tokio-util/35913e21effe82e0/out -L dependency=/opt/rustwide/target/debug/build/tokio/f89265540dbabba9/out -L dependency=/opt/rustwide/target/debug/build/tower-http/bc75419aaef4889f/out -L dependency=/opt/rustwide/target/debug/build/tower-layer/f6d5cc7b185cf351/out -L dependency=/opt/rustwide/target/debug/build/tower-service/e69ac8dcc8243395/out -L dependency=/opt/rustwide/target/debug/build/tower/0a3b7d2bf98a0add/out -L dependency=/opt/rustwide/target/debug/build/tracing-attributes/d2792af160e5c4a0/out -L dependency=/opt/rustwide/target/debug/build/tracing-core/3324456f4d23a949/out -L dependency=/opt/rustwide/target/debug/build/tracing/e09875852ee00618/out -L dependency=/opt/rustwide/target/debug/build/try-lock/08abaa63f4861efa/out -L dependency=/opt/rustwide/target/debug/build/typenum/24aab6a4200ddd27/out -L dependency=/opt/rustwide/target/debug/build/untrusted/03cde965a30f6cbb/out -L dependency=/opt/rustwide/target/debug/build/url/1b1f9995fe5a0443/out -L dependency=/opt/rustwide/target/debug/build/utf8_iter/88f5a358869389d3/out -L dependency=/opt/rustwide/target/debug/build/uuid/7c500eedefd996c3/out -L dependency=/opt/rustwide/target/debug/build/want/cc3dcee12d270b38/out -L dependency=/opt/rustwide/target/debug/build/webpki-roots/3093fb6bbb079fb9/out -L dependency=/opt/rustwide/target/debug/build/writeable/5ca0ec95d9ef6c5c/out -L dependency=/opt/rustwide/target/debug/build/yoke-derive/df68c8b15dbb9d99/out -L dependency=/opt/rustwide/target/debug/build/yoke/bd9ce304116907ac/out -L dependency=/opt/rustwide/target/debug/build/zerofrom-derive/50fd06bb071b26c9/out -L dependency=/opt/rustwide/target/debug/build/zerofrom/da532788af04bb10/out -L dependency=/opt/rustwide/target/debug/build/zeroize/635551755f6edc1d/out -L dependency=/opt/rustwide/target/debug/build/zerotrie/f2fa2cdfd65084bc/out -L dependency=/opt/rustwide/target/debug/build/zerovec-derive/f0b2d6f2e436e4c0/out -L dependency=/opt/rustwide/target/debug/build/zerovec/42d06a68ccec3f37/out -L dependency=/opt/rustwide/target/debug/build/zmij/93cb3e10a525d438/out --extern base64=/opt/rustwide/target/debug/build/base64/d8aec028dea2d277/out/libbase64-d8aec028dea2d277.rmeta --extern ed25519_dalek=/opt/rustwide/target/debug/build/ed25519-dalek/9da45a2a94fc5981/out/libed25519_dalek-9da45a2a94fc5981.rmeta --extern hex=/opt/rustwide/target/debug/build/hex/4852862d92867e36/out/libhex-4852862d92867e36.rmeta --extern modbit_domain=/opt/rustwide/target/debug/build/modbit-domain/c55dc7a523db085e/out/libmodbit_domain-c55dc7a523db085e.rmeta --extern modbit_protocol=/opt/rustwide/target/debug/build/modbit-protocol/ee689e1b0079e759/out/libmodbit_protocol-ee689e1b0079e759.rmeta --extern modbit_skills=/opt/rustwide/target/debug/build/modbit-skills/46c768f41fb323a0/out/libmodbit_skills-46c768f41fb323a0.rmeta --extern prost=/opt/rustwide/target/debug/build/prost/d2b6e7e7cce73f3a/out/libprost-d2b6e7e7cce73f3a.rmeta --extern rand=/opt/rustwide/target/debug/build/rand/f7115b4d47d6511c/out/librand-f7115b4d47d6511c.rmeta --extern reqwest=/opt/rustwide/target/debug/build/reqwest/21db9c328e359096/out/libreqwest-21db9c328e359096.rmeta --extern serde_json=/opt/rustwide/target/debug/build/serde_json/99f4199730bc799f/out/libserde_json-99f4199730bc799f.rmeta --extern sha2=/opt/rustwide/target/debug/build/sha2/8f822a0303e13660/out/libsha2-8f822a0303e13660.rmeta --extern tokio=/opt/rustwide/target/debug/build/tokio/f89265540dbabba9/out/libtokio-f89265540dbabba9.rmeta --cap-lints=forbid --force-warn=unused_crate_dependencies -L native=/opt/rustwide/target/debug/build/ring/246ad768887a8390/out` (signal: 9, SIGKILL: kill)
[INFO] [stderr] error: could not compile `modbit-providers` (lib test)
[INFO] [stderr] 
[INFO] [stderr] Caused by:
[INFO] [stderr]   process didn't exit successfully: `/opt/rustwide/rustup-home/toolchains/3154cc1a3e6424e44f438a95007d043ed5ceaaf6/bin/rustc --crate-name modbit_providers --edition=2024 crates/providers/src/lib.rs --error-format=json --json=diagnostic-rendered-ansi,artifacts,future-incompat,unused-externs-silent --emit=dep-info,metadata -C embed-bitcode=no -C debuginfo=2 --allow=unused_crate_dependencies --deny=unsafe_code --warn=missing_docs '--warn=clippy::all' --test --check-cfg 'cfg(docsrs,test)' --check-cfg 'cfg(feature, values())' -C metadata=69ad94bdddfa6ce6 -C extra-filename=-8638c656bf734661 --out-dir /opt/rustwide/target/debug/build/modbit-providers/8638c656bf734661/out -L dependency=/opt/rustwide/target/debug/build/aho-corasick/a69c837171192e07/out -L dependency=/opt/rustwide/target/debug/build/allocator-api2/34319c28828d46c3/out -L dependency=/opt/rustwide/target/debug/build/atomic-waker/d2edf130acb84086/out -L dependency=/opt/rustwide/target/debug/build/base64/d8aec028dea2d277/out -L dependency=/opt/rustwide/target/debug/build/bitflags/12164dedcc9c97c0/out -L dependency=/opt/rustwide/target/debug/build/block-buffer/73545ed56b1cb4c2/out -L dependency=/opt/rustwide/target/debug/build/block-buffer/c6dd025e507155f8/out -L dependency=/opt/rustwide/target/debug/build/bytes/4fbd75942b1503ad/out -L dependency=/opt/rustwide/target/debug/build/cfg-if/190c9021fd162845/out -L dependency=/opt/rustwide/target/debug/build/chacha20/68b7024a1e52ce8d/out -L dependency=/opt/rustwide/target/debug/build/cmov/d863bcfeab538103/out -L dependency=/opt/rustwide/target/debug/build/const-oid/5abb6e22430efd63/out -L dependency=/opt/rustwide/target/debug/build/cpufeatures/1ae956ba346ebd12/out -L dependency=/opt/rustwide/target/debug/build/cpufeatures/3f55fab4a21729ae/out -L dependency=/opt/rustwide/target/debug/build/crypto-common/cad30dc164c223db/out -L dependency=/opt/rustwide/target/debug/build/crypto-common/cad9844398764669/out -L dependency=/opt/rustwide/target/debug/build/ctutils/670f59174de6c720/out -L dependency=/opt/rustwide/target/debug/build/curve25519-dalek-derive/f0a2405ef9de8d81/out -L dependency=/opt/rustwide/target/debug/build/curve25519-dalek/667d25c6dec783b9/out -L dependency=/opt/rustwide/target/debug/build/digest/bbedfa42731e550c/out -L dependency=/opt/rustwide/target/debug/build/digest/f823d0c82ea5dee6/out -L dependency=/opt/rustwide/target/debug/build/displaydoc/4adfac9ce3813dcb/out -L dependency=/opt/rustwide/target/debug/build/ed25519-dalek/9da45a2a94fc5981/out -L dependency=/opt/rustwide/target/debug/build/ed25519/80396a8d2766a1f9/out -L dependency=/opt/rustwide/target/debug/build/equivalent/d23b026399a51038/out -L dependency=/opt/rustwide/target/debug/build/errno/ed55e2147468343e/out -L dependency=/opt/rustwide/target/debug/build/fastrand/f97ae5f035b5782d/out -L dependency=/opt/rustwide/target/debug/build/fnv/bf9ae889bab8acee/out -L dependency=/opt/rustwide/target/debug/build/foldhash/2911a6ebceb426f2/out -L dependency=/opt/rustwide/target/debug/build/form_urlencoded/a0709cb2f4e6749a/out -L dependency=/opt/rustwide/target/debug/build/futures-channel/308a4123e7ffabe8/out -L dependency=/opt/rustwide/target/debug/build/futures-core/e61316190f86a7bd/out -L dependency=/opt/rustwide/target/debug/build/futures-io/1831beca475a5f7c/out -L dependency=/opt/rustwide/target/debug/build/futures-macro/51bb83534ee02f42/out -L dependency=/opt/rustwide/target/debug/build/futures-sink/a9e9f8e9bd8fa6ef/out -L dependency=/opt/rustwide/target/debug/build/futures-task/e6dcbbfe3a416c43/out -L dependency=/opt/rustwide/target/debug/build/futures-util/ab91a61d54c7c28d/out -L dependency=/opt/rustwide/target/debug/build/generic-array/c586f0bf6e1ffba7/out -L dependency=/opt/rustwide/target/debug/build/getrandom/1139280cf32ec134/out -L dependency=/opt/rustwide/target/debug/build/getrandom/d6209c74db666d2e/out -L dependency=/opt/rustwide/target/debug/build/h2/67775effef2a74ba/out -L dependency=/opt/rustwide/target/debug/build/hashbrown/7f528da268bde2cd/out -L dependency=/opt/rustwide/target/debug/build/hex/4852862d92867e36/out -L dependency=/opt/rustwide/target/debug/build/http-body-util/d03071514fe22a93/out -L dependency=/opt/rustwide/target/debug/build/http-body/6ca649109301c00f/out -L dependency=/opt/rustwide/target/debug/build/http/e7402a8233548797/out -L dependency=/opt/rustwide/target/debug/build/httparse/b9ed2fea81abf9ac/out -L dependency=/opt/rustwide/target/debug/build/httpdate/dd055e56878c34d5/out -L dependency=/opt/rustwide/target/debug/build/hybrid-array/fb021fe7c4023866/out -L dependency=/opt/rustwide/target/debug/build/hyper-rustls/5921e58f405d9457/out -L dependency=/opt/rustwide/target/debug/build/hyper-util/c9cc34bf522d81a0/out -L dependency=/opt/rustwide/target/debug/build/hyper/9976fe796b2a4e9b/out -L dependency=/opt/rustwide/target/debug/build/icu_collections/170e7c785d79c4df/out -L dependency=/opt/rustwide/target/debug/build/icu_locale_core/911f801ca72c4f55/out -L dependency=/opt/rustwide/target/debug/build/icu_normalizer/3ae3bfb2c037d1e6/out -L dependency=/opt/rustwide/target/debug/build/icu_normalizer_data/55d53c9d9302ab5f/out -L dependency=/opt/rustwide/target/debug/build/icu_properties/2e90e85e73ddc01a/out -L dependency=/opt/rustwide/target/debug/build/icu_properties_data/17963fca1444d170/out -L dependency=/opt/rustwide/target/debug/build/icu_provider/80167e6727107bfe/out -L dependency=/opt/rustwide/target/debug/build/idna/62b2c4e494372299/out -L dependency=/opt/rustwide/target/debug/build/idna_adapter/5f3caaaf8c7343b3/out -L dependency=/opt/rustwide/target/debug/build/indexmap/1795761aaf667554/out -L dependency=/opt/rustwide/target/debug/build/ipnet/7e5b3052b5f6134c/out -L dependency=/opt/rustwide/target/debug/build/itoa/488dcf4f13423b18/out -L dependency=/opt/rustwide/target/debug/build/libc/b3dd724d477b84c5/out -L dependency=/opt/rustwide/target/debug/build/linux-raw-sys/069649a5354d504b/out -L dependency=/opt/rustwide/target/debug/build/litemap/1a3530997fd9ec30/out -L dependency=/opt/rustwide/target/debug/build/log/c6c5cdd4b6425921/out -L dependency=/opt/rustwide/target/debug/build/memchr/b924193483665774/out -L dependency=/opt/rustwide/target/debug/build/mio/a5f524c9a2cef012/out -L dependency=/opt/rustwide/target/debug/build/modbit-domain/c55dc7a523db085e/out -L dependency=/opt/rustwide/target/debug/build/once_cell/6f8123b0c2eed634/out -L dependency=/opt/rustwide/target/debug/build/openssl-probe/37a8cbe961b4ea12/out -L dependency=/opt/rustwide/target/debug/build/percent-encoding/f0f3780066f274e0/out -L dependency=/opt/rustwide/target/debug/build/pin-project-lite/7176d3be2b7ee2e1/out -L dependency=/opt/rustwide/target/debug/build/potential_utf/52941fe7e773d5d1/out -L dependency=/opt/rustwide/target/debug/build/rand/f7115b4d47d6511c/out -L dependency=/opt/rustwide/target/debug/build/rand_core/9a5dc38792b219e1/out -L dependency=/opt/rustwide/target/debug/build/regex-automata/90407c5f33c86d2f/out -L dependency=/opt/rustwide/target/debug/build/regex-syntax/aa2c0ef21912879c/out -L dependency=/opt/rustwide/target/debug/build/regex/41a9ba49dc94ecef/out -L dependency=/opt/rustwide/target/debug/build/ring/080ee3ea18a71420/out -L dependency=/opt/rustwide/target/debug/build/rustix/a2dca479964c0a66/out -L dependency=/opt/rustwide/target/debug/build/rustls-native-certs/0e9fc743e0c7bdc4/out -L dependency=/opt/rustwide/target/debug/build/rustls-pki-types/4cbbe2598a880b1d/out -L dependency=/opt/rustwide/target/debug/build/rustls-webpki/d6aad3e8d35af275/out -L dependency=/opt/rustwide/target/debug/build/rustls/97de3d11ccb6547e/out -L dependency=/opt/rustwide/target/debug/build/ryu/3da2ab8eb39d89f2/out -L dependency=/opt/rustwide/target/debug/build/serde/516f5179ac1f58a5/out -L dependency=/opt/rustwide/target/debug/build/serde_core/0a1ba5c7e6f8457f/out -L dependency=/opt/rustwide/target/debug/build/serde_derive/4437faa3112a7a69/out -L dependency=/opt/rustwide/target/debug/build/serde_json/99f4199730bc799f/out -L dependency=/opt/rustwide/target/debug/build/serde_urlencoded/8103e1ca3ed38371/out -L dependency=/opt/rustwide/target/debug/build/sha2/8f822a0303e13660/out -L dependency=/opt/rustwide/target/debug/build/sha2/c171666873c22f92/out -L dependency=/opt/rustwide/target/debug/build/signal-hook-registry/c73d6752613b975a/out -L dependency=/opt/rustwide/target/debug/build/signature/23057b6e46e0bb5b/out -L dependency=/opt/rustwide/target/debug/build/slab/101f873bca723251/out -L dependency=/opt/rustwide/target/debug/build/smallvec/9c5df4053197dbb3/out -L dependency=/opt/rustwide/target/debug/build/socket2/bb365d2c01ce7ced/out -L dependency=/opt/rustwide/target/debug/build/stable_deref_trait/546b30ce49ff2d08/out -L dependency=/opt/rustwide/target/debug/build/subtle/1139c163d0bdfd0a/out -L dependency=/opt/rustwide/target/debug/build/sync_wrapper/c28c30f601668a0a/out -L dependency=/opt/rustwide/target/debug/build/thiserror-impl/d703265c41da96e8/out -L dependency=/opt/rustwide/target/debug/build/thiserror/e73d4d7145d7c72a/out -L dependency=/opt/rustwide/target/debug/build/tinystr/2c9d34f6a09892a1/out -L dependency=/opt/rustwide/target/debug/build/tokio-macros/c95691c5e8593d06/out -L dependency=/opt/rustwide/target/debug/build/tokio-rustls/0415660cfd1dc958/out -L dependency=/opt/rustwide/target/debug/build/tokio-util/35913e21effe82e0/out -L dependency=/opt/rustwide/target/debug/build/tokio/f89265540dbabba9/out -L dependency=/opt/rustwide/target/debug/build/tower-http/bc75419aaef4889f/out -L dependency=/opt/rustwide/target/debug/build/tower-layer/f6d5cc7b185cf351/out -L dependency=/opt/rustwide/target/debug/build/tower-service/e69ac8dcc8243395/out -L dependency=/opt/rustwide/target/debug/build/tower/0a3b7d2bf98a0add/out -L dependency=/opt/rustwide/target/debug/build/tracing-attributes/d2792af160e5c4a0/out -L dependency=/opt/rustwide/target/debug/build/tracing-core/3324456f4d23a949/out -L dependency=/opt/rustwide/target/debug/build/tracing/e09875852ee00618/out -L dependency=/opt/rustwide/target/debug/build/try-lock/08abaa63f4861efa/out -L dependency=/opt/rustwide/target/debug/build/typenum/24aab6a4200ddd27/out -L dependency=/opt/rustwide/target/debug/build/untrusted/03cde965a30f6cbb/out -L dependency=/opt/rustwide/target/debug/build/url/1b1f9995fe5a0443/out -L dependency=/opt/rustwide/target/debug/build/utf8_iter/88f5a358869389d3/out -L dependency=/opt/rustwide/target/debug/build/uuid/7c500eedefd996c3/out -L dependency=/opt/rustwide/target/debug/build/want/cc3dcee12d270b38/out -L dependency=/opt/rustwide/target/debug/build/webpki-roots/3093fb6bbb079fb9/out -L dependency=/opt/rustwide/target/debug/build/writeable/5ca0ec95d9ef6c5c/out -L dependency=/opt/rustwide/target/debug/build/yoke-derive/df68c8b15dbb9d99/out -L dependency=/opt/rustwide/target/debug/build/yoke/bd9ce304116907ac/out -L dependency=/opt/rustwide/target/debug/build/zerofrom-derive/50fd06bb071b26c9/out -L dependency=/opt/rustwide/target/debug/build/zerofrom/da532788af04bb10/out -L dependency=/opt/rustwide/target/debug/build/zeroize/635551755f6edc1d/out -L dependency=/opt/rustwide/target/debug/build/zerotrie/f2fa2cdfd65084bc/out -L dependency=/opt/rustwide/target/debug/build/zerovec-derive/f0b2d6f2e436e4c0/out -L dependency=/opt/rustwide/target/debug/build/zerovec/42d06a68ccec3f37/out -L dependency=/opt/rustwide/target/debug/build/zmij/93cb3e10a525d438/out --extern bytes=/opt/rustwide/target/debug/build/bytes/4fbd75942b1503ad/out/libbytes-4fbd75942b1503ad.rmeta --extern ed25519_dalek=/opt/rustwide/target/debug/build/ed25519-dalek/9da45a2a94fc5981/out/libed25519_dalek-9da45a2a94fc5981.rmeta --extern futures_util=/opt/rustwide/target/debug/build/futures-util/ab91a61d54c7c28d/out/libfutures_util-ab91a61d54c7c28d.rmeta --extern hex=/opt/rustwide/target/debug/build/hex/4852862d92867e36/out/libhex-4852862d92867e36.rmeta --extern modbit_domain=/opt/rustwide/target/debug/build/modbit-domain/c55dc7a523db085e/out/libmodbit_domain-c55dc7a523db085e.rmeta --extern modbit_secrets=/opt/rustwide/target/debug/build/modbit-secrets/b7528cac37a6f7e4/out/libmodbit_secrets-b7528cac37a6f7e4.rmeta --extern rand=/opt/rustwide/target/debug/build/rand/f7115b4d47d6511c/out/librand-f7115b4d47d6511c.rmeta --extern reqwest=/opt/rustwide/target/debug/build/reqwest/21db9c328e359096/out/libreqwest-21db9c328e359096.rmeta --extern serde=/opt/rustwide/target/debug/build/serde/516f5179ac1f58a5/out/libserde-516f5179ac1f58a5.rmeta --extern serde_json=/opt/rustwide/target/debug/build/serde_json/99f4199730bc799f/out/libserde_json-99f4199730bc799f.rmeta --extern sha2=/opt/rustwide/target/debug/build/sha2/8f822a0303e13660/out/libsha2-8f822a0303e13660.rmeta --extern tempfile=/opt/rustwide/target/debug/build/tempfile/bd9283bab6cb0d32/out/libtempfile-bd9283bab6cb0d32.rmeta --extern thiserror=/opt/rustwide/target/debug/build/thiserror/e73d4d7145d7c72a/out/libthiserror-e73d4d7145d7c72a.rmeta --extern tokio=/opt/rustwide/target/debug/build/tokio/f89265540dbabba9/out/libtokio-f89265540dbabba9.rmeta --extern tokio_util=/opt/rustwide/target/debug/build/tokio-util/35913e21effe82e0/out/libtokio_util-35913e21effe82e0.rmeta --cap-lints=forbid --force-warn=unused_crate_dependencies -L native=/opt/rustwide/target/debug/build/ring/246ad768887a8390/out` (signal: 9, SIGKILL: kill)
[INFO] [stderr] warning: numkong@7.8.2: cc: error: unrecognized command-line option '-mavx10.2-512'; did you mean '-mavx10.1-512'?
[INFO] [stderr] warning: numkong@7.8.2: NK_TARGET_DIAMOND: not supported by compiler
[INFO] [stderr] warning: numkong@7.8.2: cc: fatal error: Killed signal terminated program cc1
[INFO] [stderr] warning: numkong@7.8.2: compilation terminated.
[INFO] [stderr] warning: numkong@7.8.2: ToolExecError: command did not execute successfully (status code exit status: 1): LC_ALL="C" "cc" "-O3" "-ffunction-sections" "-fdata-sections" "-fPIC" "-g" "-gdwarf-4" "-fno-omit-frame-pointer" "-mno-omit-leaf-frame-pointer" "-m64" "-std=c99" "-I" "include" "-w" "-pedantic" "-Wno-psabi" "-fno-tree-vectorize" "-fno-tree-slp-vectorize" "-march=x86-64" "-DNK_NATIVE_F16=0" "-DNK_NATIVE_BF16=0" "-DNK_DYNAMIC_DISPATCH=1" "-DNK_IS_64BIT_X86=1" "-DNK_IS_64BIT_ARM=0" "-DNK_IS_64BIT_RISCV=0" "-DNK_IS_64BIT_LOONGARCH=0" "-DNK_IS_64BIT_POWER=0" "-DNK_TARGET_HASWELL=1" "-DNK_TARGET_SKYLAKE=1" "-DNK_TARGET_ICELAKE=1" "-DNK_TARGET_GENOA=1" "-DNK_TARGET_SAPPHIRE=1" "-DNK_TARGET_SAPPHIREAMX=1" "-DNK_TARGET_GRANITEAMX=1" "-DNK_TARGET_DIAMOND=0" "-DNK_TARGET_TURIN=1" "-DNK_TARGET_ALDER=1" "-DNK_TARGET_SIERRA=1" "-o" "/opt/rustwide/target/debug/build/numkong/91ffb473afea8338/out/a1edd97dd51cd48d-dispatch_f64.o" "-c" "c/dispatch_f64.c"cargo:rerun-if-env-changed=CC_x86_64-unknown-linux-gnu
[INFO] [stderr] warning: numkong@7.8.2: cc: fatal error: Killed signal terminated program cc1
[INFO] [stderr] warning: numkong@7.8.2: compilation terminated.
[INFO] [stderr] warning: numkong@7.8.2: ToolExecError: command did not execute successfully (status code exit status: 1): LC_ALL="C" "cc" "-O3" "-ffunction-sections" "-fdata-sections" "-fPIC" "-g" "-gdwarf-4" "-fno-omit-frame-pointer" "-mno-omit-leaf-frame-pointer" "-m64" "-std=c99" "-I" "include" "-w" "-pedantic" "-Wno-psabi" "-fno-tree-vectorize" "-fno-tree-slp-vectorize" "-march=x86-64" "-DNK_NATIVE_F16=0" "-DNK_NATIVE_BF16=0" "-DNK_DYNAMIC_DISPATCH=1" "-DNK_IS_64BIT_X86=1" "-DNK_IS_64BIT_ARM=0" "-DNK_IS_64BIT_RISCV=0" "-DNK_IS_64BIT_LOONGARCH=0" "-DNK_IS_64BIT_POWER=0" "-DNK_TARGET_HASWELL=1" "-DNK_TARGET_SKYLAKE=1" "-DNK_TARGET_ICELAKE=1" "-DNK_TARGET_GENOA=1" "-DNK_TARGET_SAPPHIRE=1" "-DNK_TARGET_SAPPHIREAMX=1" "-DNK_TARGET_GRANITEAMX=1" "-DNK_TARGET_DIAMOND=0" "-DNK_TARGET_TURIN=1" "-DNK_TARGET_ALDER=1" "-DNK_TARGET_SIERRA=1" "-o" "/opt/rustwide/target/debug/build/numkong/91ffb473afea8338/out/a1edd97dd51cd48d-dispatch_f32.o" "-c" "c/dispatch_f32.c"cargo:rerun-if-env-changed=CC_x86_64-unknown-linux-gnu
[INFO] [stderr] warning: numkong@7.8.2: cc: fatal error: Killed signal terminated program cc1
[INFO] [stderr] warning: numkong@7.8.2: compilation terminated.
[INFO] [stderr] warning: numkong@7.8.2: ToolExecError: command did not execute successfully (status code exit status: 1): LC_ALL="C" "cc" "-O3" "-ffunction-sections" "-fdata-sections" "-fPIC" "-g" "-gdwarf-4" "-fno-omit-frame-pointer" "-mno-omit-leaf-frame-pointer" "-m64" "-std=c99" "-I" "include" "-w" "-pedantic" "-Wno-psabi" "-fno-tree-vectorize" "-fno-tree-slp-vectorize" "-march=x86-64" "-DNK_NATIVE_F16=0" "-DNK_NATIVE_BF16=0" "-DNK_DYNAMIC_DISPATCH=1" "-DNK_IS_64BIT_X86=1" "-DNK_IS_64BIT_ARM=0" "-DNK_IS_64BIT_RISCV=0" "-DNK_IS_64BIT_LOONGARCH=0" "-DNK_IS_64BIT_POWER=0" "-DNK_TARGET_HASWELL=1" "-DNK_TARGET_SKYLAKE=1" "-DNK_TARGET_ICELAKE=1" "-DNK_TARGET_GENOA=1" "-DNK_TARGET_SAPPHIRE=1" "-DNK_TARGET_SAPPHIREAMX=1" "-DNK_TARGET_GRANITEAMX=1" "-DNK_TARGET_DIAMOND=0" "-DNK_TARGET_TURIN=1" "-DNK_TARGET_ALDER=1" "-DNK_TARGET_SIERRA=1" "-o" "/opt/rustwide/target/debug/build/numkong/91ffb473afea8338/out/a1edd97dd51cd48d-dispatch_f16.o" "-c" "c/dispatch_f16.c"cargo:rerun-if-env-changed=CC_x86_64-unknown-linux-gnu
[INFO] [stderr] warning: numkong@7.8.2: cc: fatal error: Killed signal terminated program cc1
[INFO] [stderr] warning: numkong@7.8.2: compilation terminated.
[INFO] [stderr] warning: numkong@7.8.2: ToolExecError: command did not execute successfully (status code exit status: 1): LC_ALL="C" "cc" "-O3" "-ffunction-sections" "-fdata-sections" "-fPIC" "-g" "-gdwarf-4" "-fno-omit-frame-pointer" "-mno-omit-leaf-frame-pointer" "-m64" "-std=c99" "-I" "include" "-w" "-pedantic" "-Wno-psabi" "-fno-tree-vectorize" "-fno-tree-slp-vectorize" "-march=x86-64" "-DNK_NATIVE_F16=0" "-DNK_NATIVE_BF16=0" "-DNK_DYNAMIC_DISPATCH=1" "-DNK_IS_64BIT_X86=1" "-DNK_IS_64BIT_ARM=0" "-DNK_IS_64BIT_RISCV=0" "-DNK_IS_64BIT_LOONGARCH=0" "-DNK_IS_64BIT_POWER=0" "-DNK_TARGET_HASWELL=1" "-DNK_TARGET_SKYLAKE=1" "-DNK_TARGET_ICELAKE=1" "-DNK_TARGET_GENOA=1" "-DNK_TARGET_SAPPHIRE=1" "-DNK_TARGET_SAPPHIREAMX=1" "-DNK_TARGET_GRANITEAMX=1" "-DNK_TARGET_DIAMOND=0" "-DNK_TARGET_TURIN=1" "-DNK_TARGET_ALDER=1" "-DNK_TARGET_SIERRA=1" "-o" "/opt/rustwide/target/debug/build/numkong/91ffb473afea8338/out/a1edd97dd51cd48d-dispatch_bf16.o" "-c" "c/dispatch_bf16.c"cargo:warning=cc: fatal error: Killed signal terminated program cc1
[INFO] [stderr] warning: numkong@7.8.2: compilation terminated.
[INFO] [stderr] warning: numkong@7.8.2: ToolExecError: command did not execute successfully (status code exit status: 1): LC_ALL="C" "cc" "-O3" "-ffunction-sections" "-fdata-sections" "-fPIC" "-g" "-gdwarf-4" "-fno-omit-frame-pointer" "-mno-omit-leaf-frame-pointer" "-m64" "-std=c99" "-I" "include" "-w" "-pedantic" "-Wno-psabi" "-fno-tree-vectorize" "-fno-tree-slp-vectorize" "-march=x86-64" "-DNK_NATIVE_F16=0" "-DNK_NATIVE_BF16=0" "-DNK_DYNAMIC_DISPATCH=1" "-DNK_IS_64BIT_X86=1" "-DNK_IS_64BIT_ARM=0" "-DNK_IS_64BIT_RISCV=0" "-DNK_IS_64BIT_LOONGARCH=0" "-DNK_IS_64BIT_POWER=0" "-DNK_TARGET_HASWELL=1" "-DNK_TARGET_SKYLAKE=1" "-DNK_TARGET_ICELAKE=1" "-DNK_TARGET_GENOA=1" "-DNK_TARGET_SAPPHIRE=1" "-DNK_TARGET_SAPPHIREAMX=1" "-DNK_TARGET_GRANITEAMX=1" "-DNK_TARGET_DIAMOND=0" "-DNK_TARGET_TURIN=1" "-DNK_TARGET_ALDER=1" "-DNK_TARGET_SIERRA=1" "-o" "/opt/rustwide/target/debug/build/numkong/91ffb473afea8338/out/a1edd97dd51cd48d-dispatch_e5m2.o" "-c" "c/dispatch_e5m2.c"cargo:rerun-if-env-changed=CC_x86_64-unknown-linux-gnu
[INFO] [stderr] warning: numkong@7.8.2: cc: fatal error: Killed signal terminated program cc1
[INFO] [stderr] warning: numkong@7.8.2: compilation terminated.
[INFO] [stderr] warning: numkong@7.8.2: ToolExecError: command did not execute successfully (status code exit status: 1): LC_ALL="C" "cc" "-O3" "-ffunction-sections" "-fdata-sections" "-fPIC" "-g" "-gdwarf-4" "-fno-omit-frame-pointer" "-mno-omit-leaf-frame-pointer" "-m64" "-std=c99" "-I" "include" "-w" "-pedantic" "-Wno-psabi" "-fno-tree-vectorize" "-fno-tree-slp-vectorize" "-march=x86-64" "-DNK_NATIVE_F16=0" "-DNK_NATIVE_BF16=0" "-DNK_DYNAMIC_DISPATCH=1" "-DNK_IS_64BIT_X86=1" "-DNK_IS_64BIT_ARM=0" "-DNK_IS_64BIT_RISCV=0" "-DNK_IS_64BIT_LOONGARCH=0" "-DNK_IS_64BIT_POWER=0" "-DNK_TARGET_HASWELL=1" "-DNK_TARGET_SKYLAKE=1" "-DNK_TARGET_ICELAKE=1" "-DNK_TARGET_GENOA=1" "-DNK_TARGET_SAPPHIRE=1" "-DNK_TARGET_SAPPHIREAMX=1" "-DNK_TARGET_GRANITEAMX=1" "-DNK_TARGET_DIAMOND=0" "-DNK_TARGET_TURIN=1" "-DNK_TARGET_ALDER=1" "-DNK_TARGET_SIERRA=1" "-o" "/opt/rustwide/target/debug/build/numkong/91ffb473afea8338/out/a1edd97dd51cd48d-dispatch_e4m3.o" "-c" "c/dispatch_e4m3.c"cargo:warning=cc: fatal error: Killed signal terminated program cc1
[INFO] [stderr] warning: numkong@7.8.2: compilation terminated.
[INFO] [stderr] warning: numkong@7.8.2: ToolExecError: command did not execute successfully (status code exit status: 1): LC_ALL="C" "cc" "-O3" "-ffunction-sections" "-fdata-sections" "-fPIC" "-g" "-gdwarf-4" "-fno-omit-frame-pointer" "-mno-omit-leaf-frame-pointer" "-m64" "-std=c99" "-I" "include" "-w" "-pedantic" "-Wno-psabi" "-fno-tree-vectorize" "-fno-tree-slp-vectorize" "-march=x86-64" "-DNK_NATIVE_F16=0" "-DNK_NATIVE_BF16=0" "-DNK_DYNAMIC_DISPATCH=1" "-DNK_IS_64BIT_X86=1" "-DNK_IS_64BIT_ARM=0" "-DNK_IS_64BIT_RISCV=0" "-DNK_IS_64BIT_LOONGARCH=0" "-DNK_IS_64BIT_POWER=0" "-DNK_TARGET_HASWELL=1" "-DNK_TARGET_SKYLAKE=1" "-DNK_TARGET_ICELAKE=1" "-DNK_TARGET_GENOA=1" "-DNK_TARGET_SAPPHIRE=1" "-DNK_TARGET_SAPPHIREAMX=1" "-DNK_TARGET_GRANITEAMX=1" "-DNK_TARGET_DIAMOND=0" "-DNK_TARGET_TURIN=1" "-DNK_TARGET_ALDER=1" "-DNK_TARGET_SIERRA=1" "-o" "/opt/rustwide/target/debug/build/numkong/91ffb473afea8338/out/a1edd97dd51cd48d-dispatch_e3m2.o" "-c" "c/dispatch_e3m2.c"cargo:rerun-if-env-changed=CC_x86_64-unknown-linux-gnu
[INFO] [stderr] warning: numkong@7.8.2: cc: fatal error: Killed signal terminated program cc1
[INFO] [stderr] warning: numkong@7.8.2: compilation terminated.
[INFO] [stderr] warning: numkong@7.8.2: ToolExecError: command did not execute successfully (status code exit status: 1): LC_ALL="C" "cc" "-O3" "-ffunction-sections" "-fdata-sections" "-fPIC" "-g" "-gdwarf-4" "-fno-omit-frame-pointer" "-mno-omit-leaf-frame-pointer" "-m64" "-std=c99" "-I" "include" "-w" "-pedantic" "-Wno-psabi" "-fno-tree-vectorize" "-fno-tree-slp-vectorize" "-march=x86-64" "-DNK_NATIVE_F16=0" "-DNK_NATIVE_BF16=0" "-DNK_DYNAMIC_DISPATCH=1" "-DNK_IS_64BIT_X86=1" "-DNK_IS_64BIT_ARM=0" "-DNK_IS_64BIT_RISCV=0" "-DNK_IS_64BIT_LOONGARCH=0" "-DNK_IS_64BIT_POWER=0" "-DNK_TARGET_HASWELL=1" "-DNK_TARGET_SKYLAKE=1" "-DNK_TARGET_ICELAKE=1" "-DNK_TARGET_GENOA=1" "-DNK_TARGET_SAPPHIRE=1" "-DNK_TARGET_SAPPHIREAMX=1" "-DNK_TARGET_GRANITEAMX=1" "-DNK_TARGET_DIAMOND=0" "-DNK_TARGET_TURIN=1" "-DNK_TARGET_ALDER=1" "-DNK_TARGET_SIERRA=1" "-o" "/opt/rustwide/target/debug/build/numkong/91ffb473afea8338/out/a1edd97dd51cd48d-dispatch_e2m3.o" "-c" "c/dispatch_e2m3.c"cargo:warning=cc: fatal error: Killed signal terminated program cc1
[INFO] [stderr] warning: numkong@7.8.2: compilation terminated.
[INFO] [stderr] warning: numkong@7.8.2: ToolExecError: command did not execute successfully (status code exit status: 1): LC_ALL="C" "cc" "-O3" "-ffunction-sections" "-fdata-sections" "-fPIC" "-g" "-gdwarf-4" "-fno-omit-frame-pointer" "-mno-omit-leaf-frame-pointer" "-m64" "-std=c99" "-I" "include" "-w" "-pedantic" "-Wno-psabi" "-fno-tree-vectorize" "-fno-tree-slp-vectorize" "-march=x86-64" "-DNK_NATIVE_F16=0" "-DNK_NATIVE_BF16=0" "-DNK_DYNAMIC_DISPATCH=1" "-DNK_IS_64BIT_X86=1" "-DNK_IS_64BIT_ARM=0" "-DNK_IS_64BIT_RISCV=0" "-DNK_IS_64BIT_LOONGARCH=0" "-DNK_IS_64BIT_POWER=0" "-DNK_TARGET_HASWELL=1" "-DNK_TARGET_SKYLAKE=1" "-DNK_TARGET_ICELAKE=1" "-DNK_TARGET_GENOA=1" "-DNK_TARGET_SAPPHIRE=1" "-DNK_TARGET_SAPPHIREAMX=1" "-DNK_TARGET_GRANITEAMX=1" "-DNK_TARGET_DIAMOND=0" "-DNK_TARGET_TURIN=1" "-DNK_TARGET_ALDER=1" "-DNK_TARGET_SIERRA=1" "-o" "/opt/rustwide/target/debug/build/numkong/91ffb473afea8338/out/a1edd97dd51cd48d-dispatch_i8.o" "-c" "c/dispatch_i8.c"cargo:warning=cc: fatal error: Killed signal terminated program cc1
[INFO] [stderr] warning: numkong@7.8.2: compilation terminated.
[INFO] [stderr] warning: numkong@7.8.2: ToolExecError: command did not execute successfully (status code exit status: 1): LC_ALL="C" "cc" "-O3" "-ffunction-sections" "-fdata-sections" "-fPIC" "-g" "-gdwarf-4" "-fno-omit-frame-pointer" "-mno-omit-leaf-frame-pointer" "-m64" "-std=c99" "-I" "include" "-w" "-pedantic" "-Wno-psabi" "-fno-tree-vectorize" "-fno-tree-slp-vectorize" "-march=x86-64" "-DNK_NATIVE_F16=0" "-DNK_NATIVE_BF16=0" "-DNK_DYNAMIC_DISPATCH=1" "-DNK_IS_64BIT_X86=1" "-DNK_IS_64BIT_ARM=0" "-DNK_IS_64BIT_RISCV=0" "-DNK_IS_64BIT_LOONGARCH=0" "-DNK_IS_64BIT_POWER=0" "-DNK_TARGET_HASWELL=1" "-DNK_TARGET_SKYLAKE=1" "-DNK_TARGET_ICELAKE=1" "-DNK_TARGET_GENOA=1" "-DNK_TARGET_SAPPHIRE=1" "-DNK_TARGET_SAPPHIREAMX=1" "-DNK_TARGET_GRANITEAMX=1" "-DNK_TARGET_DIAMOND=0" "-DNK_TARGET_TURIN=1" "-DNK_TARGET_ALDER=1" "-DNK_TARGET_SIERRA=1" "-o" "/opt/rustwide/target/debug/build/numkong/91ffb473afea8338/out/a1edd97dd51cd48d-dispatch_i4.o" "-c" "c/dispatch_i4.c"cargo:rerun-if-env-changed=CC_x86_64-unknown-linux-gnu
[INFO] [stderr] error: failed to run custom build command for `numkong v7.8.2`
[INFO] [stderr] note: To improve backtraces for build dependencies, set the CARGO_PROFILE_DEV_BUILD_OVERRIDE_DEBUG=true environment variable to enable debug information generation.
[INFO] [stderr] 
[INFO] [stderr] Caused by:
[INFO] [stderr]   process didn't exit successfully: `/opt/rustwide/target/debug/build/numkong/3be343ba68b91c40/out/build_script_build` (exit status: 1)
[INFO] [stderr]   --- stdout
[INFO] [stderr]   cargo:rerun-if-env-changed=CC_FORCE_DISABLE
[INFO] [stderr]   CC_FORCE_DISABLE = None
[INFO] [stderr]   cargo:rerun-if-env-changed=CC_x86_64-unknown-linux-gnu
[INFO] [stderr]   CC_x86_64-unknown-linux-gnu = None
[INFO] [stderr]   cargo:rerun-if-env-changed=CC_x86_64_unknown_linux_gnu
[INFO] [stderr]   CC_x86_64_unknown_linux_gnu = None
[INFO] [stderr]   cargo:rerun-if-env-changed=HOST_CC
[INFO] [stderr]   HOST_CC = None
[INFO] [stderr]   cargo:rerun-if-env-changed=CC
[INFO] [stderr]   CC = None
[INFO] [stderr]   cargo:rerun-if-env-changed=CC_ENABLE_DEBUG_OUTPUT
[INFO] [stderr]   cargo:rerun-if-env-changed=CRATE_CC_NO_DEFAULTS
[INFO] [stderr]   CRATE_CC_NO_DEFAULTS = None
[INFO] [stderr]   cargo:rerun-if-env-changed=CRATE_CC_NO_DEFAULTS
[INFO] [stderr]   CRATE_CC_NO_DEFAULTS = None
[INFO] [stderr]   cargo:rerun-if-env-changed=CFLAGS
[INFO] [stderr]   CFLAGS = None
[INFO] [stderr]   cargo:rerun-if-env-changed=HOST_CFLAGS
[INFO] [stderr]   HOST_CFLAGS = None
[INFO] [stderr]   cargo:rerun-if-env-changed=CFLAGS_x86_64_unknown_linux_gnu
[INFO] [stderr]   CFLAGS_x86_64_unknown_linux_gnu = None
[INFO] [stderr]   cargo:rerun-if-env-changed=CFLAGS_x86_64-unknown-linux-gnu
[INFO] [stderr]   CFLAGS_x86_64-unknown-linux-gnu = None
[INFO] [stderr]   cargo:rerun-if-env-changed=CFLAGS
[INFO] [stderr]   CFLAGS = None
[INFO] [stderr]   cargo:rerun-if-env-changed=HOST_CFLAGS
[INFO] [stderr]   HOST_CFLAGS = None
[INFO] [stderr]   cargo:rerun-if-env-changed=CFLAGS_x86_64_unknown_linux_gnu
[INFO] [stderr]   CFLAGS_x86_64_unknown_linux_gnu = None
[INFO] [stderr]   cargo:rerun-if-env-changed=CFLAGS_x86_64-unknown-linux-gnu
[INFO] [stderr]   CFLAGS_x86_64-unknown-linux-gnu = None
[INFO] [stderr]   cargo:rerun-if-env-changed=AR_x86_64-unknown-linux-gnu
[INFO] [stderr]   AR_x86_64-unknown-linux-gnu = None
[INFO] [stderr]   cargo:rerun-if-env-changed=AR_x86_64_unknown_linux_gnu
[INFO] [stderr]   AR_x86_64_unknown_linux_gnu = None
[INFO] [stderr]   cargo:rerun-if-env-changed=HOST_AR
[INFO] [stderr]   HOST_AR = None
[INFO] [stderr]   cargo:rerun-if-env-changed=AR
[INFO] [stderr]   AR = None
[INFO] [stderr]   cargo:rerun-if-env-changed=ARFLAGS
[INFO] [stderr]   ARFLAGS = None
[INFO] [stderr]   cargo:rerun-if-env-changed=HOST_ARFLAGS
[INFO] [stderr]   HOST_ARFLAGS = None
[INFO] [stderr]   cargo:rerun-if-env-changed=ARFLAGS_x86_64_unknown_linux_gnu
[INFO] [stderr]   ARFLAGS_x86_64_unknown_linux_gnu = None
[INFO] [stderr]   cargo:rerun-if-env-changed=ARFLAGS_x86_64-unknown-linux-gnu
[INFO] [stderr]   ARFLAGS_x86_64-unknown-linux-gnu = None
[INFO] [stderr]   cargo:rerun-if-env-changed=AR_x86_64-unknown-linux-gnu
[INFO] [stderr]   AR_x86_64-unknown-linux-gnu = None
[INFO] [stderr]   cargo:rerun-if-env-changed=AR_x86_64_unknown_linux_gnu
[INFO] [stderr]   AR_x86_64_unknown_linux_gnu = None
[INFO] [stderr]   cargo:rerun-if-env-changed=HOST_AR
[INFO] [stderr]   HOST_AR = None
[INFO] [stderr]   cargo:rerun-if-env-changed=AR
[INFO] [stderr]   AR = None
[INFO] [stderr]   cargo:rerun-if-env-changed=ARFLAGS
[INFO] [stderr]   ARFLAGS = None
[INFO] [stderr]   cargo:rerun-if-env-changed=HOST_ARFLAGS
[INFO] [stderr]   HOST_ARFLAGS = None
[INFO] [stderr]   cargo:rerun-if-env-changed=ARFLAGS_x86_64_unknown_linux_gnu
[INFO] [stderr]   ARFLAGS_x86_64_unknown_linux_gnu = None
[INFO] [stderr]   cargo:rerun-if-env-changed=ARFLAGS_x86_64-unknown-linux-gnu
[INFO] [stderr]   ARFLAGS_x86_64-unknown-linux-gnu = None
[INFO] [stderr]   cargo:rustc-link-lib=static=probe_x86_haswell
[INFO] [stderr]   cargo:rustc-link-search=native=/opt/rustwide/target/debug/build/numkong/91ffb473afea8338/out
[INFO] [stderr]   cargo:rerun-if-env-changed=CC_FORCE_DISABLE
[INFO] [stderr]   CC_FORCE_DISABLE = None
[INFO] [stderr]   cargo:rerun-if-env-changed=CC_x86_64-unknown-linux-gnu
[INFO] [stderr]   CC_x86_64-unknown-linux-gnu = None
[INFO] [stderr]   cargo:rerun-if-env-changed=CC_x86_64_unknown_linux_gnu
[INFO] [stderr]   CC_x86_64_unknown_linux_gnu = None
[INFO] [stderr]   cargo:rerun-if-env-changed=HOST_CC
[INFO] [stderr]   HOST_CC = None
[INFO] [stderr]   cargo:rerun-if-env-changed=CC
[INFO] [stderr]   CC = None
[INFO] [stderr]   cargo:rerun-if-env-changed=CC_ENABLE_DEBUG_OUTPUT
[INFO] [stderr]   cargo:rerun-if-env-changed=CRATE_CC_NO_DEFAULTS
[INFO] [stderr]   CRATE_CC_NO_DEFAULTS = None
[INFO] [stderr]   cargo:rerun-if-env-changed=CRATE_CC_NO_DEFAULTS
[INFO] [stderr]   CRATE_CC_NO_DEFAULTS = None
[INFO] [stderr]   cargo:rerun-if-env-changed=CFLAGS
[INFO] [stderr]   CFLAGS = None
[INFO] [stderr]   cargo:rerun-if-env-changed=HOST_CFLAGS
[INFO] [stderr]   HOST_CFLAGS = None
[INFO] [stderr]   cargo:rerun-if-env-changed=CFLAGS_x86_64_unknown_linux_gnu
[INFO] [stderr]   CFLAGS_x86_64_unknown_linux_gnu = None
[INFO] [stderr]   cargo:rerun-if-env-changed=CFLAGS_x86_64-unknown-linux-gnu
[INFO] [stderr]   CFLAGS_x86_64-unknown-linux-gnu = None
[INFO] [stderr]   cargo:rerun-if-env-changed=CFLAGS
[INFO] [stderr]   CFLAGS = None
[INFO] [stderr]   cargo:rerun-if-env-changed=HOST_CFLAGS
[INFO] [stderr]   HOST_CFLAGS = None
[INFO] [stderr]   cargo:rerun-if-env-changed=CFLAGS_x86_64_unknown_linux_gnu
[INFO] [stderr]   CFLAGS_x86_64_unknown_linux_gnu = None
[INFO] [stderr]   cargo:rerun-if-env-changed=CFLAGS_x86_64-unknown-linux-gnu
[INFO] [stderr]   CFLAGS_x86_64-unknown-linux-gnu = None
[INFO] [stderr]   cargo:rerun-if-env-changed=AR_x86_64-unknown-linux-gnu
[INFO] [stderr]   AR_x86_64-unknown-linux-gnu = None
[INFO] [stderr]   cargo:rerun-if-env-changed=AR_x86_64_unknown_linux_gnu
[INFO] [stderr]   AR_x86_64_unknown_linux_gnu = None
[INFO] [stderr]   cargo:rerun-if-env-changed=HOST_AR
[INFO] [stderr]   HOST_AR = None
[INFO] [stderr]   cargo:rerun-if-env-changed=AR
[INFO] [stderr]   AR = None
[INFO] [stderr]   cargo:rerun-if-env-changed=ARFLAGS
[INFO] [stderr]   ARFLAGS = None
[INFO] [stderr]   cargo:rerun-if-env-changed=HOST_ARFLAGS
[INFO] [stderr]   HOST_ARFLAGS = None
[INFO] [stderr]   cargo:rerun-if-env-changed=ARFLAGS_x86_64_unknown_linux_gnu
[INFO] [stderr]   ARFLAGS_x86_64_unknown_linux_gnu = None
[INFO] [stderr]   cargo:rerun-if-env-changed=ARFLAGS_x86_64-unknown-linux-gnu
[INFO] [stderr]   ARFLAGS_x86_64-unknown-linux-gnu = None
[INFO] [stderr]   cargo:rerun-if-env-changed=AR_x86_64-unknown-linux-gnu
[INFO] [stderr]   AR_x86_64-unknown-linux-gnu = None
[INFO] [stderr]   cargo:rerun-if-env-changed=AR_x86_64_unknown_linux_gnu
[INFO] [stderr]   AR_x86_64_unknown_linux_gnu = None
[INFO] [stderr]   cargo:rerun-if-env-changed=HOST_AR
[INFO] [stderr]   HOST_AR = None
[INFO] [stderr]   cargo:rerun-if-env-changed=AR
[INFO] [stderr]   AR = None
[INFO] [stderr]   cargo:rerun-if-env-changed=ARFLAGS
[INFO] [stderr]   ARFLAGS = None
[INFO] [stderr]   cargo:rerun-if-env-changed=HOST_ARFLAGS
[INFO] [stderr]   HOST_ARFLAGS = None
[INFO] [stderr]   cargo:rerun-if-env-changed=ARFLAGS_x86_64_unknown_linux_gnu
[INFO] [stderr]   ARFLAGS_x86_64_unknown_linux_gnu = None
[INFO] [stderr]   cargo:rerun-if-env-changed=ARFLAGS_x86_64-unknown-linux-gnu
[INFO] [stderr]   ARFLAGS_x86_64-unknown-linux-gnu = None
[INFO] [stderr]   cargo:rustc-link-lib=static=probe_x86_skylake
[INFO] [stderr]   cargo:rustc-link-search=native=/opt/rustwide/target/debug/build/numkong/91ffb473afea8338/out
[INFO] [stderr]   cargo:rerun-if-env-changed=CC_FORCE_DISABLE
[INFO] [stderr]   CC_FORCE_DISABLE = None
[INFO] [stderr]   cargo:rerun-if-env-changed=CC_x86_64-unknown-linux-gnu
[INFO] [stderr]   CC_x86_64-unknown-linux-gnu = None
[INFO] [stderr]   cargo:rerun-if-env-changed=CC_x86_64_unknown_linux_gnu
[INFO] [stderr]   CC_x86_64_unknown_linux_gnu = None
[INFO] [stderr]   cargo:rerun-if-env-changed=HOST_CC
[INFO] [stderr]   HOST_CC = None
[INFO] [stderr]   cargo:rerun-if-env-changed=CC
[INFO] [stderr]   CC = None
[INFO] [stderr]   cargo:rerun-if-env-changed=CC_ENABLE_DEBUG_OUTPUT
[INFO] [stderr]   cargo:rerun-if-env-changed=CRATE_CC_NO_DEFAULTS
[INFO] [stderr]   CRATE_CC_NO_DEFAULTS = None
[INFO] [stderr]   cargo:rerun-if-env-changed=CRATE_CC_NO_DEFAULTS
[INFO] [stderr]   CRATE_CC_NO_DEFAULTS = None
[INFO] [stderr]   cargo:rerun-if-env-changed=CFLAGS
[INFO] [stderr]   CFLAGS = None
[INFO] [stderr]   cargo:rerun-if-env-changed=HOST_CFLAGS
[INFO] [stderr]   HOST_CFLAGS = None
[INFO] [stderr]   cargo:rerun-if-env-changed=CFLAGS_x86_64_unknown_linux_gnu
[INFO] [stderr]   CFLAGS_x86_64_unknown_linux_gnu = None
[INFO] [stderr]   cargo:rerun-if-env-changed=CFLAGS_x86_64-unknown-linux-gnu
[INFO] [stderr]   CFLAGS_x86_64-unknown-linux-gnu = None
[INFO] [stderr]   cargo:rerun-if-env-changed=CFLAGS
[INFO] [stderr]   CFLAGS = None
[INFO] [stderr]   cargo:rerun-if-env-changed=HOST_CFLAGS
[INFO] [stderr]   HOST_CFLAGS = None
[INFO] [stderr]   cargo:rerun-if-env-changed=CFLAGS_x86_64_unknown_linux_gnu
[INFO] [stderr]   CFLAGS_x86_64_unknown_linux_gnu = None
[INFO] [stderr]   cargo:rerun-if-env-changed=CFLAGS_x86_64-unknown-linux-gnu
[INFO] [stderr]   CFLAGS_x86_64-unknown-linux-gnu = None
[INFO] [stderr]   cargo:rerun-if-env-changed=AR_x86_64-unknown-linux-gnu
[INFO] [stderr]   AR_x86_64-unknown-linux-gnu = None
[INFO] [stderr]   cargo:rerun-if-env-changed=AR_x86_64_unknown_linux_gnu
[INFO] [stderr]   AR_x86_64_unknown_linux_gnu = None
[INFO] [stderr]   cargo:rerun-if-env-changed=HOST_AR
[INFO] [stderr]   HOST_AR = None
[INFO] [stderr]   cargo:rerun-if-env-changed=AR
[INFO] [stderr]   AR = None
[INFO] [stderr]   cargo:rerun-if-env-changed=ARFLAGS
[INFO] [stderr]   ARFLAGS = None
[INFO] [stderr]   cargo:rerun-if-env-changed=HOST_ARFLAGS
[INFO] [stderr]   HOST_ARFLAGS = None
[INFO] [stderr]   cargo:rerun-if-env-changed=ARFLAGS_x86_64_unknown_linux_gnu
[INFO] [stderr]   ARFLAGS_x86_64_unknown_linux_gnu = None
[INFO] [stderr]   cargo:rerun-if-env-changed=ARFLAGS_x86_64-unknown-linux-gnu
[INFO] [stderr]   ARFLAGS_x86_64-unknown-linux-gnu = None
[INFO] [stderr]   cargo:rerun-if-env-changed=AR_x86_64-unknown-linux-gnu
[INFO] [stderr]   AR_x86_64-unknown-linux-gnu = None
[INFO] [stderr]   cargo:rerun-if-env-changed=AR_x86_64_unknown_linux_gnu
[INFO] [stderr]   AR_x86_64_unknown_linux_gnu = None
[INFO] [stderr]   cargo:rerun-if-env-changed=HOST_AR
[INFO] [stderr]   HOST_AR = None
[INFO] [stderr]   cargo:rerun-if-env-changed=AR
[INFO] [stderr]   AR = None
[INFO] [stderr]   cargo:rerun-if-env-changed=ARFLAGS
[INFO] [stderr]   ARFLAGS = None
[INFO] [stderr]   cargo:rerun-if-env-changed=HOST_ARFLAGS
[INFO] [stderr]   HOST_ARFLAGS = None
[INFO] [stderr]   cargo:rerun-if-env-changed=ARFLAGS_x86_64_unknown_linux_gnu
[INFO] [stderr]   ARFLAGS_x86_64_unknown_linux_gnu = None
[INFO] [stderr]   cargo:rerun-if-env-changed=ARFLAGS_x86_64-unknown-linux-gnu
[INFO] [stderr]   ARFLAGS_x86_64-unknown-linux-gnu = None
[INFO] [stderr]   cargo:rustc-link-lib=static=probe_x86_icelake
[INFO] [stderr]   cargo:rustc-link-search=native=/opt/rustwide/target/debug/build/numkong/91ffb473afea8338/out
[INFO] [stderr]   cargo:rerun-if-env-changed=CC_FORCE_DISABLE
[INFO] [stderr]   CC_FORCE_DISABLE = None
[INFO] [stderr]   cargo:rerun-if-env-changed=CC_x86_64-unknown-linux-gnu
[INFO] [stderr]   CC_x86_64-unknown-linux-gnu = None
[INFO] [stderr]   cargo:rerun-if-env-changed=CC_x86_64_unknown_linux_gnu
[INFO] [stderr]   CC_x86_64_unknown_linux_gnu = None
[INFO] [stderr]   cargo:rerun-if-env-changed=HOST_CC
[INFO] [stderr]   HOST_CC = None
[INFO] [stderr]   cargo:rerun-if-env-changed=CC
[INFO] [stderr]   CC = None
[INFO] [stderr]   cargo:rerun-if-env-changed=CC_ENABLE_DEBUG_OUTPUT
[INFO] [stderr]   cargo:rerun-if-env-changed=CRATE_CC_NO_DEFAULTS
[INFO] [stderr]   CRATE_CC_NO_DEFAULTS = None
[INFO] [stderr]   cargo:rerun-if-env-changed=CRATE_CC_NO_DEFAULTS
[INFO] [stderr]   CRATE_CC_NO_DEFAULTS = None
[INFO] [stderr]   cargo:rerun-if-env-changed=CFLAGS
[INFO] [stderr]   CFLAGS = None
[INFO] [stderr]   cargo:rerun-if-env-changed=HOST_CFLAGS
[INFO] [stderr]   HOST_CFLAGS = None
[INFO] [stderr]   cargo:rerun-if-env-changed=CFLAGS_x86_64_unknown_linux_gnu
[INFO] [stderr]   CFLAGS_x86_64_unknown_linux_gnu = None
[INFO] [stderr]   cargo:rerun-if-env-changed=CFLAGS_x86_64-unknown-linux-gnu
[INFO] [stderr]   CFLAGS_x86_64-unknown-linux-gnu = None
[INFO] [stderr]   cargo:rerun-if-env-changed=CFLAGS
[INFO] [stderr]   CFLAGS = None
[INFO] [stderr]   cargo:rerun-if-env-changed=HOST_CFLAGS
[INFO] [stderr]   HOST_CFLAGS = None
[INFO] [stderr]   cargo:rerun-if-env-changed=CFLAGS_x86_64_unknown_linux_gnu
[INFO] [stderr]   CFLAGS_x86_64_unknown_linux_gnu = None
[INFO] [stderr]   cargo:rerun-if-env-changed=CFLAGS_x86_64-unknown-linux-gnu
[INFO] [stderr]   CFLAGS_x86_64-unknown-linux-gnu = None
[INFO] [stderr]   cargo:rerun-if-env-changed=AR_x86_64-unknown-linux-gnu
[INFO] [stderr]   AR_x86_64-unknown-linux-gnu = None
[INFO] [stderr]   cargo:rerun-if-env-changed=AR_x86_64_unknown_linux_gnu
[INFO] [stderr]   AR_x86_64_unknown_linux_gnu = None
[INFO] [stderr]   cargo:rerun-if-env-changed=HOST_AR
[INFO] [stderr]   HOST_AR = None
[INFO] [stderr]   cargo:rerun-if-env-changed=AR
[INFO] [stderr]   AR = None
[INFO] [stderr]   cargo:rerun-if-env-changed=ARFLAGS
[INFO] [stderr]   ARFLAGS = None
[INFO] [stderr]   cargo:rerun-if-env-changed=HOST_ARFLAGS
[INFO] [stderr]   HOST_ARFLAGS = None
[INFO] [stderr]   cargo:rerun-if-env-changed=ARFLAGS_x86_64_unknown_linux_gnu
[INFO] [stderr]   ARFLAGS_x86_64_unknown_linux_gnu = None
[INFO] [stderr]   cargo:rerun-if-env-changed=ARFLAGS_x86_64-unknown-linux-gnu
[INFO] [stderr]   ARFLAGS_x86_64-unknown-linux-gnu = None
[INFO] [stderr]   cargo:rerun-if-env-changed=AR_x86_64-unknown-linux-gnu
[INFO] [stderr]   AR_x86_64-unknown-linux-gnu = None
[INFO] [stderr]   cargo:rerun-if-env-changed=AR_x86_64_unknown_linux_gnu
[INFO] [stderr]   AR_x86_64_unknown_linux_gnu = None
[INFO] [stderr]   cargo:rerun-if-env-changed=HOST_AR
[INFO] [stderr]   HOST_AR = None
[INFO] [stderr]   cargo:rerun-if-env-changed=AR
[INFO] [stderr]   AR = None
[INFO] [stderr]   cargo:rerun-if-env-changed=ARFLAGS
[INFO] [stderr]   ARFLAGS = None
[INFO] [stderr]   cargo:rerun-if-env-changed=HOST_ARFLAGS
[INFO] [stderr]   HOST_ARFLAGS = None
[INFO] [stderr]   cargo:rerun-if-env-changed=ARFLAGS_x86_64_unknown_linux_gnu
[INFO] [stderr]   ARFLAGS_x86_64_unknown_linux_gnu = None
[INFO] [stderr]   cargo:rerun-if-env-changed=ARFLAGS_x86_64-unknown-linux-gnu
[INFO] [stderr]   ARFLAGS_x86_64-unknown-linux-gnu = None
[INFO] [stderr]   cargo:rustc-link-lib=static=probe_x86_genoa
[INFO] [stderr]   cargo:rustc-link-search=native=/opt/rustwide/target/debug/build/numkong/91ffb473afea8338/out
[INFO] [stderr]   cargo:rerun-if-env-changed=CC_FORCE_DISABLE
[INFO] [stderr]   CC_FORCE_DISABLE = None
[INFO] [stderr]   cargo:rerun-if-env-changed=CC_x86_64-unknown-linux-gnu
[INFO] [stderr]   CC_x86_64-unknown-linux-gnu = None
[INFO] [stderr]   cargo:rerun-if-env-changed=CC_x86_64_unknown_linux_gnu
[INFO] [stderr]   CC_x86_64_unknown_linux_gnu = None
[INFO] [stderr]   cargo:rerun-if-env-changed=HOST_CC
[INFO] [stderr]   HOST_CC = None
[INFO] [stderr]   cargo:rerun-if-env-changed=CC
[INFO] [stderr]   CC = None
[INFO] [stderr]   cargo:rerun-if-env-changed=CC_ENABLE_DEBUG_OUTPUT
[INFO] [stderr]   cargo:rerun-if-env-changed=CRATE_CC_NO_DEFAULTS
[INFO] [stderr]   CRATE_CC_NO_DEFAULTS = None
[INFO] [stderr]   cargo:rerun-if-env-changed=CRATE_CC_NO_DEFAULTS
[INFO] [stderr]   CRATE_CC_NO_DEFAULTS = None
[INFO] [stderr]   cargo:rerun-if-env-changed=CFLAGS
[INFO] [stderr]   CFLAGS = None
[INFO] [stderr]   cargo:rerun-if-env-changed=HOST_CFLAGS
[INFO] [stderr]   HOST_CFLAGS = None
[INFO] [stderr]   cargo:rerun-if-env-changed=CFLAGS_x86_64_unknown_linux_gnu
[INFO] [stderr]   CFLAGS_x86_64_unknown_linux_gnu = None
[INFO] [stderr]   cargo:rerun-if-env-changed=CFLAGS_x86_64-unknown-linux-gnu
[INFO] [stderr]   CFLAGS_x86_64-unknown-linux-gnu = None
[INFO] [stderr]   cargo:rerun-if-env-changed=CFLAGS
[INFO] [stderr]   CFLAGS = None
[INFO] [stderr]   cargo:rerun-if-env-changed=HOST_CFLAGS
[INFO] [stderr]   HOST_CFLAGS = None
[INFO] [stderr]   cargo:rerun-if-env-changed=CFLAGS_x86_64_unknown_linux_gnu
[INFO] [stderr]   CFLAGS_x86_64_unknown_linux_gnu = None
[INFO] [stderr]   cargo:rerun-if-env-changed=CFLAGS_x86_64-unknown-linux-gnu
[INFO] [stderr]   CFLAGS_x86_64-unknown-linux-gnu = None
[INFO] [stderr]   cargo:rerun-if-env-changed=AR_x86_64-unknown-linux-gnu
[INFO] [stderr]   AR_x86_64-unknown-linux-gnu = None
[INFO] [stderr]   cargo:rerun-if-env-changed=AR_x86_64_unknown_linux_gnu
[INFO] [stderr]   AR_x86_64_unknown_linux_gnu = None
[INFO] [stderr]   cargo:rerun-if-env-changed=HOST_AR
[INFO] [stderr]   HOST_AR = None
[INFO] [stderr]   cargo:rerun-if-env-changed=AR
[INFO] [stderr]   AR = None
[INFO] [stderr]   cargo:rerun-if-env-changed=ARFLAGS
[INFO] [stderr]   ARFLAGS = None
[INFO] [stderr]   cargo:rerun-if-env-changed=HOST_ARFLAGS
[INFO] [stderr]   HOST_ARFLAGS = None
[INFO] [stderr]   cargo:rerun-if-env-changed=ARFLAGS_x86_64_unknown_linux_gnu
[INFO] [stderr]   ARFLAGS_x86_64_unknown_linux_gnu = None
[INFO] [stderr]   cargo:rerun-if-env-changed=ARFLAGS_x86_64-unknown-linux-gnu
[INFO] [stderr]   ARFLAGS_x86_64-unknown-linux-gnu = None
[INFO] [stderr]   cargo:rerun-if-env-changed=AR_x86_64-unknown-linux-gnu
[INFO] [stderr]   AR_x86_64-unknown-linux-gnu = None
[INFO] [stderr]   cargo:rerun-if-env-changed=AR_x86_64_unknown_linux_gnu
[INFO] [stderr]   AR_x86_64_unknown_linux_gnu = None
[INFO] [stderr]   cargo:rerun-if-env-changed=HOST_AR
[INFO] [stderr]   HOST_AR = None
[INFO] [stderr]   cargo:rerun-if-env-changed=AR
[INFO] [stderr]   AR = None
[INFO] [stderr]   cargo:rerun-if-env-changed=ARFLAGS
[INFO] [stderr]   ARFLAGS = None
[INFO] [stderr]   cargo:rerun-if-env-changed=HOST_ARFLAGS
[INFO] [stderr]   HOST_ARFLAGS = None
[INFO] [stderr]   cargo:rerun-if-env-changed=ARFLAGS_x86_64_unknown_linux_gnu
[INFO] [stderr]   ARFLAGS_x86_64_unknown_linux_gnu = None
[INFO] [stderr]   cargo:rerun-if-env-changed=ARFLAGS_x86_64-unknown-linux-gnu
[INFO] [stderr]   ARFLAGS_x86_64-unknown-linux-gnu = None
[INFO] [stderr]   cargo:rustc-link-lib=static=probe_x86_sapphire
[INFO] [stderr]   cargo:rustc-link-search=native=/opt/rustwide/target/debug/build/numkong/91ffb473afea8338/out
[INFO] [stderr]   cargo:rerun-if-env-changed=CC_FORCE_DISABLE
[INFO] [stderr]   CC_FORCE_DISABLE = None
[INFO] [stderr]   cargo:rerun-if-env-changed=CC_x86_64-unknown-linux-gnu
[INFO] [stderr]   CC_x86_64-unknown-linux-gnu = None
[INFO] [stderr]   cargo:rerun-if-env-changed=CC_x86_64_unknown_linux_gnu
[INFO] [stderr]   CC_x86_64_unknown_linux_gnu = None
[INFO] [stderr]   cargo:rerun-if-env-changed=HOST_CC
[INFO] [stderr]   HOST_CC = None
[INFO] [stderr]   cargo:rerun-if-env-changed=CC
[INFO] [stderr]   CC = None
[INFO] [stderr]   cargo:rerun-if-env-changed=CC_ENABLE_DEBUG_OUTPUT
[INFO] [stderr]   cargo:rerun-if-env-changed=CRATE_CC_NO_DEFAULTS
[INFO] [stderr]   CRATE_CC_NO_DEFAULTS = None
[INFO] [stderr]   cargo:rerun-if-env-changed=CRATE_CC_NO_DEFAULTS
[INFO] [stderr]   CRATE_CC_NO_DEFAULTS = None
[INFO] [stderr]   cargo:rerun-if-env-changed=CFLAGS
[INFO] [stderr]   CFLAGS = None
[INFO] [stderr]   cargo:rerun-if-env-changed=HOST_CFLAGS
[INFO] [stderr]   HOST_CFLAGS = None
[INFO] [stderr]   cargo:rerun-if-env-changed=CFLAGS_x86_64_unknown_linux_gnu
[INFO] [stderr]   CFLAGS_x86_64_unknown_linux_gnu = None
[INFO] [stderr]   cargo:rerun-if-env-changed=CFLAGS_x86_64-unknown-linux-gnu
[INFO] [stderr]   CFLAGS_x86_64-unknown-linux-gnu = None
[INFO] [stderr]   cargo:rerun-if-env-changed=CFLAGS
[INFO] [stderr]   CFLAGS = None
[INFO] [stderr]   cargo:rerun-if-env-changed=HOST_CFLAGS
[INFO] [stderr]   HOST_CFLAGS = None
[INFO] [stderr]   cargo:rerun-if-env-changed=CFLAGS_x86_64_unknown_linux_gnu
[INFO] [stderr]   CFLAGS_x86_64_unknown_linux_gnu = None
[INFO] [stderr]   cargo:rerun-if-env-changed=CFLAGS_x86_64-unknown-linux-gnu
[INFO] [stderr]   CFLAGS_x86_64-unknown-linux-gnu = None
[INFO] [stderr]   cargo:rerun-if-env-changed=AR_x86_64-unknown-linux-gnu
[INFO] [stderr]   AR_x86_64-unknown-linux-gnu = None
[INFO] [stderr]   cargo:rerun-if-env-changed=AR_x86_64_unknown_linux_gnu
[INFO] [stderr]   AR_x86_64_unknown_linux_gnu = None
[INFO] [stderr]   cargo:rerun-if-env-changed=HOST_AR
[INFO] [stderr]   HOST_AR = None
[INFO] [stderr]   cargo:rerun-if-env-changed=AR
[INFO] [stderr]   AR = None
[INFO] [stderr]   cargo:rerun-if-env-changed=ARFLAGS
[INFO] [stderr]   ARFLAGS = None
[INFO] [stderr]   cargo:rerun-if-env-changed=HOST_ARFLAGS
[INFO] [stderr]   HOST_ARFLAGS = None
[INFO] [stderr]   cargo:rerun-if-env-changed=ARFLAGS_x86_64_unknown_linux_gnu
[INFO] [stderr]   ARFLAGS_x86_64_unknown_linux_gnu = None
[INFO] [stderr]   cargo:rerun-if-env-changed=ARFLAGS_x86_64-unknown-linux-gnu
[INFO] [stderr]   ARFLAGS_x86_64-unknown-linux-gnu = None
[INFO] [stderr]   cargo:rerun-if-env-changed=AR_x86_64-unknown-linux-gnu
[INFO] [stderr]   AR_x86_64-unknown-linux-gnu = None
[INFO] [stderr]   cargo:rerun-if-env-changed=AR_x86_64_unknown_linux_gnu
[INFO] [stderr]   AR_x86_64_unknown_linux_gnu = None
[INFO] [stderr]   cargo:rerun-if-env-changed=HOST_AR
[INFO] [stderr]   HOST_AR = None
[INFO] [stderr]   cargo:rerun-if-env-changed=AR
[INFO] [stderr]   AR = None
[INFO] [stderr]   cargo:rerun-if-env-changed=ARFLAGS
[INFO] [stderr]   ARFLAGS = None
[INFO] [stderr]   cargo:rerun-if-env-changed=HOST_ARFLAGS
[INFO] [stderr]   HOST_ARFLAGS = None
[INFO] [stderr]   cargo:rerun-if-env-changed=ARFLAGS_x86_64_unknown_linux_gnu
[INFO] [stderr]   ARFLAGS_x86_64_unknown_linux_gnu = None
[INFO] [stderr]   cargo:rerun-if-env-changed=ARFLAGS_x86_64-unknown-linux-gnu
[INFO] [stderr]   ARFLAGS_x86_64-unknown-linux-gnu = None
[INFO] [stderr]   cargo:rustc-link-lib=static=probe_x86_sapphireamx
[INFO] [stderr]   cargo:rustc-link-search=native=/opt/rustwide/target/debug/build/numkong/91ffb473afea8338/out
[INFO] [stderr]   cargo:rerun-if-env-changed=CC_FORCE_DISABLE
[INFO] [stderr]   CC_FORCE_DISABLE = None
[INFO] [stderr]   cargo:rerun-if-env-changed=CC_x86_64-unknown-linux-gnu
[INFO] [stderr]   CC_x86_64-unknown-linux-gnu = None
[INFO] [stderr]   cargo:rerun-if-env-changed=CC_x86_64_unknown_linux_gnu
[INFO] [stderr]   CC_x86_64_unknown_linux_gnu = None
[INFO] [stderr]   cargo:rerun-if-env-changed=HOST_CC
[INFO] [stderr]   HOST_CC = None
[INFO] [stderr]   cargo:rerun-if-env-changed=CC
[INFO] [stderr]   CC = None
[INFO] [stderr]   cargo:rerun-if-env-changed=CC_ENABLE_DEBUG_OUTPUT
[INFO] [stderr]   cargo:rerun-if-env-changed=CRATE_CC_NO_DEFAULTS
[INFO] [stderr]   CRATE_CC_NO_DEFAULTS = None
[INFO] [stderr]   cargo:rerun-if-env-changed=CRATE_CC_NO_DEFAULTS
[INFO] [stderr]   CRATE_CC_NO_DEFAULTS = None
[INFO] [stderr]   cargo:rerun-if-env-changed=CFLAGS
[INFO] [stderr]   CFLAGS = None
[INFO] [stderr]   cargo:rerun-if-env-changed=HOST_CFLAGS
[INFO] [stderr]   HOST_CFLAGS = None
[INFO] [stderr]   cargo:rerun-if-env-changed=CFLAGS_x86_64_unknown_linux_gnu
[INFO] [stderr]   CFLAGS_x86_64_unknown_linux_gnu = None
[INFO] [stderr]   cargo:rerun-if-env-changed=CFLAGS_x86_64-unknown-linux-gnu
[INFO] [stderr]   CFLAGS_x86_64-unknown-linux-gnu = None
[INFO] [stderr]   cargo:rerun-if-env-changed=CFLAGS
[INFO] [stderr]   CFLAGS = None
[INFO] [stderr]   cargo:rerun-if-env-changed=HOST_CFLAGS
[INFO] [stderr]   HOST_CFLAGS = None
[INFO] [stderr]   cargo:rerun-if-env-changed=CFLAGS_x86_64_unknown_linux_gnu
[INFO] [stderr]   CFLAGS_x86_64_unknown_linux_gnu = None
[INFO] [stderr]   cargo:rerun-if-env-changed=CFLAGS_x86_64-unknown-linux-gnu
[INFO] [stderr]   CFLAGS_x86_64-unknown-linux-gnu = None
[INFO] [stderr]   cargo:rerun-if-env-changed=AR_x86_64-unknown-linux-gnu
[INFO] [stderr]   AR_x86_64-unknown-linux-gnu = None
[INFO] [stderr]   cargo:rerun-if-env-changed=AR_x86_64_unknown_linux_gnu
[INFO] [stderr]   AR_x86_64_unknown_linux_gnu = None
[INFO] [stderr]   cargo:rerun-if-env-changed=HOST_AR
[INFO] [stderr]   HOST_AR = None
[INFO] [stderr]   cargo:rerun-if-env-changed=AR
[INFO] [stderr]   AR = None
[INFO] [stderr]   cargo:rerun-if-env-changed=ARFLAGS
[INFO] [stderr]   ARFLAGS = None
[INFO] [stderr]   cargo:rerun-if-env-changed=HOST_ARFLAGS
[INFO] [stderr]   HOST_ARFLAGS = None
[INFO] [stderr]   cargo:rerun-if-env-changed=ARFLAGS_x86_64_unknown_linux_gnu
[INFO] [stderr]   ARFLAGS_x86_64_unknown_linux_gnu = None
[INFO] [stderr]   cargo:rerun-if-env-changed=ARFLAGS_x86_64-unknown-linux-gnu
[INFO] [stderr]   ARFLAGS_x86_64-unknown-linux-gnu = None
[INFO] [stderr]   cargo:rerun-if-env-changed=AR_x86_64-unknown-linux-gnu
[INFO] [stderr]   AR_x86_64-unknown-linux-gnu = None
[INFO] [stderr]   cargo:rerun-if-env-changed=AR_x86_64_unknown_linux_gnu
[INFO] [stderr]   AR_x86_64_unknown_linux_gnu = None
[INFO] [stderr]   cargo:rerun-if-env-changed=HOST_AR
[INFO] [stderr]   HOST_AR = None
[INFO] [stderr]   cargo:rerun-if-env-changed=AR
[INFO] [stderr]   AR = None
[INFO] [stderr]   cargo:rerun-if-env-changed=ARFLAGS
[INFO] [stderr]   ARFLAGS = None
[INFO] [stderr]   cargo:rerun-if-env-changed=HOST_ARFLAGS
[INFO] [stderr]   HOST_ARFLAGS = None
[INFO] [stderr]   cargo:rerun-if-env-changed=ARFLAGS_x86_64_unknown_linux_gnu
[INFO] [stderr]   ARFLAGS_x86_64_unknown_linux_gnu = None
[INFO] [stderr]   cargo:rerun-if-env-changed=ARFLAGS_x86_64-unknown-linux-gnu
[INFO] [stderr]   ARFLAGS_x86_64-unknown-linux-gnu = None
[INFO] [stderr]   cargo:rustc-link-lib=static=probe_x86_graniteamx
[INFO] [stderr]   cargo:rustc-link-search=native=/opt/rustwide/target/debug/build/numkong/91ffb473afea8338/out
[INFO] [stderr]   cargo:rerun-if-env-changed=CC_FORCE_DISABLE
[INFO] [stderr]   CC_FORCE_DISABLE = None
[INFO] [stderr]   cargo:rerun-if-env-changed=CC_x86_64-unknown-linux-gnu
[INFO] [stderr]   CC_x86_64-unknown-linux-gnu = None
[INFO] [stderr]   cargo:rerun-if-env-changed=CC_x86_64_unknown_linux_gnu
[INFO] [stderr]   CC_x86_64_unknown_linux_gnu = None
[INFO] [stderr]   cargo:rerun-if-env-changed=HOST_CC
[INFO] [stderr]   HOST_CC = None
[INFO] [stderr]   cargo:rerun-if-env-changed=CC
[INFO] [stderr]   CC = None
[INFO] [stderr]   cargo:rerun-if-env-changed=CC_ENABLE_DEBUG_OUTPUT
[INFO] [stderr]   cargo:rerun-if-env-changed=CRATE_CC_NO_DEFAULTS
[INFO] [stderr]   CRATE_CC_NO_DEFAULTS = None
[INFO] [stderr]   cargo:rerun-if-env-changed=CRATE_CC_NO_DEFAULTS
[INFO] [stderr]   CRATE_CC_NO_DEFAULTS = None
[INFO] [stderr]   cargo:rerun-if-env-changed=CFLAGS
[INFO] [stderr]   CFLAGS = None
[INFO] [stderr]   cargo:rerun-if-env-changed=HOST_CFLAGS
[INFO] [stderr]   HOST_CFLAGS = None
[INFO] [stderr]   cargo:rerun-if-env-changed=CFLAGS_x86_64_unknown_linux_gnu
[INFO] [stderr]   CFLAGS_x86_64_unknown_linux_gnu = None
[INFO] [stderr]   cargo:rerun-if-env-changed=CFLAGS_x86_64-unknown-linux-gnu
[INFO] [stderr]   CFLAGS_x86_64-unknown-linux-gnu = None
[INFO] [stderr]   cargo:rerun-if-env-changed=CFLAGS
[INFO] [stderr]   CFLAGS = None
[INFO] [stderr]   cargo:rerun-if-env-changed=HOST_CFLAGS
[INFO] [stderr]   HOST_CFLAGS = None
[INFO] [stderr]   cargo:rerun-if-env-changed=CFLAGS_x86_64_unknown_linux_gnu
[INFO] [stderr]   CFLAGS_x86_64_unknown_linux_gnu = None
[INFO] [stderr]   cargo:rerun-if-env-changed=CFLAGS_x86_64-unknown-linux-gnu
[INFO] [stderr]   CFLAGS_x86_64-unknown-linux-gnu = None
[INFO] [stderr]   cargo:warning=cc: error: unrecognized command-line option '-mavx10.2-512'; did you mean '-mavx10.1-512'?
[INFO] [stderr]   cargo:warning=NK_TARGET_DIAMOND: not supported by compiler
[INFO] [stderr]   cargo:rerun-if-env-changed=CC_FORCE_DISABLE
[INFO] [stderr]   CC_FORCE_DISABLE = None
[INFO] [stderr]   cargo:rerun-if-env-changed=CC_x86_64-unknown-linux-gnu
[INFO] [stderr]   CC_x86_64-unknown-linux-gnu = None
[INFO] [stderr]   cargo:rerun-if-env-changed=CC_x86_64_unknown_linux_gnu
[INFO] [stderr]   CC_x86_64_unknown_linux_gnu = None
[INFO] [stderr]   cargo:rerun-if-env-changed=HOST_CC
[INFO] [stderr]   HOST_CC = None
[INFO] [stderr]   cargo:rerun-if-env-changed=CC
[INFO] [stderr]   CC = None
[INFO] [stderr]   cargo:rerun-if-env-changed=CC_ENABLE_DEBUG_OUTPUT
[INFO] [stderr]   cargo:rerun-if-env-changed=CRATE_CC_NO_DEFAULTS
[INFO] [stderr]   CRATE_CC_NO_DEFAULTS = None
[INFO] [stderr]   cargo:rerun-if-env-changed=CRATE_CC_NO_DEFAULTS
[INFO] [stderr]   CRATE_CC_NO_DEFAULTS = None
[INFO] [stderr]   cargo:rerun-if-env-changed=CFLAGS
[INFO] [stderr]   CFLAGS = None
[INFO] [stderr]   cargo:rerun-if-env-changed=HOST_CFLAGS
[INFO] [stderr]   HOST_CFLAGS = None
[INFO] [stderr]   cargo:rerun-if-env-changed=CFLAGS_x86_64_unknown_linux_gnu
[INFO] [stderr]   CFLAGS_x86_64_unknown_linux_gnu = None
[INFO] [stderr]   cargo:rerun-if-env-changed=CFLAGS_x86_64-unknown-linux-gnu
[INFO] [stderr]   CFLAGS_x86_64-unknown-linux-gnu = None
[INFO] [stderr]   cargo:rerun-if-env-changed=CFLAGS
[INFO] [stderr]   CFLAGS = None
[INFO] [stderr]   cargo:rerun-if-env-changed=HOST_CFLAGS
[INFO] [stderr]   HOST_CFLAGS = None
[INFO] [stderr]   cargo:rerun-if-env-changed=CFLAGS_x86_64_unknown_linux_gnu
[INFO] [stderr]   CFLAGS_x86_64_unknown_linux_gnu = None
[INFO] [stderr]   cargo:rerun-if-env-changed=CFLAGS_x86_64-unknown-linux-gnu
[INFO] [stderr]   CFLAGS_x86_64-unknown-linux-gnu = None
[INFO] [stderr]   cargo:rerun-if-env-changed=AR_x86_64-unknown-linux-gnu
[INFO] [stderr]   AR_x86_64-unknown-linux-gnu = None
[INFO] [stderr]   cargo:rerun-if-env-changed=AR_x86_64_unknown_linux_gnu
[INFO] [stderr]   AR_x86_64_unknown_linux_gnu = None
[INFO] [stderr]   cargo:rerun-if-env-changed=HOST_AR
[INFO] [stderr]   HOST_AR = None
[INFO] [stderr]   cargo:rerun-if-env-changed=AR
[INFO] [stderr]   AR = None
[INFO] [stderr]   cargo:rerun-if-env-changed=ARFLAGS
[INFO] [stderr]   ARFLAGS = None
[INFO] [stderr]   cargo:rerun-if-env-changed=HOST_ARFLAGS
[INFO] [stderr]   HOST_ARFLAGS = None
[INFO] [stderr]   cargo:rerun-if-env-changed=ARFLAGS_x86_64_unknown_linux_gnu
[INFO] [stderr]   ARFLAGS_x86_64_unknown_linux_gnu = None
[INFO] [stderr]   cargo:rerun-if-env-changed=ARFLAGS_x86_64-unknown-linux-gnu
[INFO] [stderr]   ARFLAGS_x86_64-unknown-linux-gnu = None
[INFO] [stderr]   cargo:rerun-if-env-changed=AR_x86_64-unknown-linux-gnu
[INFO] [stderr]   AR_x86_64-unknown-linux-gnu = None
[INFO] [stderr]   cargo:rerun-if-env-changed=AR_x86_64_unknown_linux_gnu
[INFO] [stderr]   AR_x86_64_unknown_linux_gnu = None
[INFO] [stderr]   cargo:rerun-if-env-changed=HOST_AR
[INFO] [stderr]   HOST_AR = None
[INFO] [stderr]   cargo:rerun-if-env-changed=AR
[INFO] [stderr]   AR = None
[INFO] [stderr]   cargo:rerun-if-env-changed=ARFLAGS
[INFO] [stderr]   ARFLAGS = None
[INFO] [stderr]   cargo:rerun-if-env-changed=HOST_ARFLAGS
[INFO] [stderr]   HOST_ARFLAGS = None
[INFO] [stderr]   cargo:rerun-if-env-changed=ARFLAGS_x86_64_unknown_linux_gnu
[INFO] [stderr]   ARFLAGS_x86_64_unknown_linux_gnu = None
[INFO] [stderr]   cargo:rerun-if-env-changed=ARFLAGS_x86_64-unknown-linux-gnu
[INFO] [stderr]   ARFLAGS_x86_64-unknown-linux-gnu = None
[INFO] [stderr]   cargo:rustc-link-lib=static=probe_x86_turin
[INFO] [stderr]   cargo:rustc-link-search=native=/opt/rustwide/target/debug/build/numkong/91ffb473afea8338/out
[INFO] [stderr]   cargo:rerun-if-env-changed=CC_FORCE_DISABLE
[INFO] [stderr]   CC_FORCE_DISABLE = None
[INFO] [stderr]   cargo:rerun-if-env-changed=CC_x86_64-unknown-linux-gnu
[INFO] [stderr]   CC_x86_64-unknown-linux-gnu = None
[INFO] [stderr]   cargo:rerun-if-env-changed=CC_x86_64_unknown_linux_gnu
[INFO] [stderr]   CC_x86_64_unknown_linux_gnu = None
[INFO] [stderr]   cargo:rerun-if-env-changed=HOST_CC
[INFO] [stderr]   HOST_CC = None
[INFO] [stderr]   cargo:rerun-if-env-changed=CC
[INFO] [stderr]   CC = None
[INFO] [stderr]   cargo:rerun-if-env-changed=CC_ENABLE_DEBUG_OUTPUT
[INFO] [stderr]   cargo:rerun-if-env-changed=CRATE_CC_NO_DEFAULTS
[INFO] [stderr]   CRATE_CC_NO_DEFAULTS = None
[INFO] [stderr]   cargo:rerun-if-env-changed=CRATE_CC_NO_DEFAULTS
[INFO] [stderr]   CRATE_CC_NO_DEFAULTS = None
[INFO] [stderr]   cargo:rerun-if-env-changed=CFLAGS
[INFO] [stderr]   CFLAGS = None
[INFO] [stderr]   cargo:rerun-if-env-changed=HOST_CFLAGS
[INFO] [stderr]   HOST_CFLAGS = None
[INFO] [stderr]   cargo:rerun-if-env-changed=CFLAGS_x86_64_unknown_linux_gnu
[INFO] [stderr]   CFLAGS_x86_64_unknown_linux_gnu = None
[INFO] [stderr]   cargo:rerun-if-env-changed=CFLAGS_x86_64-unknown-linux-gnu
[INFO] [stderr]   CFLAGS_x86_64-unknown-linux-gnu = None
[INFO] [stderr]   cargo:rerun-if-env-changed=CFLAGS
[INFO] [stderr]   CFLAGS = None
[INFO] [stderr]   cargo:rerun-if-env-changed=HOST_CFLAGS
[INFO] [stderr]   HOST_CFLAGS = None
[INFO] [stderr]   cargo:rerun-if-env-changed=CFLAGS_x86_64_unknown_linux_gnu
[INFO] [stderr]   CFLAGS_x86_64_unknown_linux_gnu = None
[INFO] [stderr]   cargo:rerun-if-env-changed=CFLAGS_x86_64-unknown-linux-gnu
[INFO] [stderr]   CFLAGS_x86_64-unknown-linux-gnu = None
[INFO] [stderr]   cargo:rerun-if-env-changed=AR_x86_64-unknown-linux-gnu
[INFO] [stderr]   AR_x86_64-unknown-linux-gnu = None
[INFO] [stderr]   cargo:rerun-if-env-changed=AR_x86_64_unknown_linux_gnu
[INFO] [stderr]   AR_x86_64_unknown_linux_gnu = None
[INFO] [stderr]   cargo:rerun-if-env-changed=HOST_AR
[INFO] [stderr]   HOST_AR = None
[INFO] [stderr]   cargo:rerun-if-env-changed=AR
[INFO] [stderr]   AR = None
[INFO] [stderr]   cargo:rerun-if-env-changed=ARFLAGS
[INFO] [stderr]   ARFLAGS = None
[INFO] [stderr]   cargo:rerun-if-env-changed=HOST_ARFLAGS
[INFO] [stderr]   HOST_ARFLAGS = None
[INFO] [stderr]   cargo:rerun-if-env-changed=ARFLAGS_x86_64_unknown_linux_gnu
[INFO] [stderr]   ARFLAGS_x86_64_unknown_linux_gnu = None
[INFO] [stderr]   cargo:rerun-if-env-changed=ARFLAGS_x86_64-unknown-linux-gnu
[INFO] [stderr]   ARFLAGS_x86_64-unknown-linux-gnu = None
[INFO] [stderr]   cargo:rerun-if-env-changed=AR_x86_64-unknown-linux-gnu
[INFO] [stderr]   AR_x86_64-unknown-linux-gnu = None
[INFO] [stderr]   cargo:rerun-if-env-changed=AR_x86_64_unknown_linux_gnu
[INFO] [stderr]   AR_x86_64_unknown_linux_gnu = None
[INFO] [stderr]   cargo:rerun-if-env-changed=HOST_AR
[INFO] [stderr]   HOST_AR = None
[INFO] [stderr]   cargo:rerun-if-env-changed=AR
[INFO] [stderr]   AR = None
[INFO] [stderr]   cargo:rerun-if-env-changed=ARFLAGS
[INFO] [stderr]   ARFLAGS = None
[INFO] [stderr]   cargo:rerun-if-env-changed=HOST_ARFLAGS
[INFO] [stderr]   HOST_ARFLAGS = None
[INFO] [stderr]   cargo:rerun-if-env-changed=ARFLAGS_x86_64_unknown_linux_gnu
[INFO] [stderr]   ARFLAGS_x86_64_unknown_linux_gnu = None
[INFO] [stderr]   cargo:rerun-if-env-changed=ARFLAGS_x86_64-unknown-linux-gnu
[INFO] [stderr]   ARFLAGS_x86_64-unknown-linux-gnu = None
[INFO] [stderr]   cargo:rustc-link-lib=static=probe_x86_alder
[INFO] [stderr]   cargo:rustc-link-search=native=/opt/rustwide/target/debug/build/numkong/91ffb473afea8338/out
[INFO] [stderr]   cargo:rerun-if-env-changed=CC_FORCE_DISABLE
[INFO] [stderr]   CC_FORCE_DISABLE = None
[INFO] [stderr]   cargo:rerun-if-env-changed=CC_x86_64-unknown-linux-gnu
[INFO] [stderr]   CC_x86_64-unknown-linux-gnu = None
[INFO] [stderr]   cargo:rerun-if-env-changed=CC_x86_64_unknown_linux_gnu
[INFO] [stderr]   CC_x86_64_unknown_linux_gnu = None
[INFO] [stderr]   cargo:rerun-if-env-changed=HOST_CC
[INFO] [stderr]   HOST_CC = None
[INFO] [stderr]   cargo:rerun-if-env-changed=CC
[INFO] [stderr]   CC = None
[INFO] [stderr]   cargo:rerun-if-env-changed=CC_ENABLE_DEBUG_OUTPUT
[INFO] [stderr]   cargo:rerun-if-env-changed=CRATE_CC_NO_DEFAULTS
[INFO] [stderr]   CRATE_CC_NO_DEFAULTS = None
[INFO] [stderr]   cargo:rerun-if-env-changed=CRATE_CC_NO_DEFAULTS
[INFO] [stderr]   CRATE_CC_NO_DEFAULTS = None
[INFO] [stderr]   cargo:rerun-if-env-changed=CFLAGS
[INFO] [stderr]   CFLAGS = None
[INFO] [stderr]   cargo:rerun-if-env-changed=HOST_CFLAGS
[INFO] [stderr]   HOST_CFLAGS = None
[INFO] [stderr]   cargo:rerun-if-env-changed=CFLAGS_x86_64_unknown_linux_gnu
[INFO] [stderr]   CFLAGS_x86_64_unknown_linux_gnu = None
[INFO] [stderr]   cargo:rerun-if-env-changed=CFLAGS_x86_64-unknown-linux-gnu
[INFO] [stderr]   CFLAGS_x86_64-unknown-linux-gnu = None
[INFO] [stderr]   cargo:rerun-if-env-changed=CFLAGS
[INFO] [stderr]   CFLAGS = None
[INFO] [stderr]   cargo:rerun-if-env-changed=HOST_CFLAGS
[INFO] [stderr]   HOST_CFLAGS = None
[INFO] [stderr]   cargo:rerun-if-env-changed=CFLAGS_x86_64_unknown_linux_gnu
[INFO] [stderr]   CFLAGS_x86_64_unknown_linux_gnu = None
[INFO] [stderr]   cargo:rerun-if-env-changed=CFLAGS_x86_64-unknown-linux-gnu
[INFO] [stderr]   CFLAGS_x86_64-unknown-linux-gnu = None
[INFO] [stderr]   cargo:rerun-if-env-changed=AR_x86_64-unknown-linux-gnu
[INFO] [stderr]   AR_x86_64-unknown-linux-gnu = None
[INFO] [stderr]   cargo:rerun-if-env-changed=AR_x86_64_unknown_linux_gnu
[INFO] [stderr]   AR_x86_64_unknown_linux_gnu = None
[INFO] [stderr]   cargo:rerun-if-env-changed=HOST_AR
[INFO] [stderr]   HOST_AR = None
[INFO] [stderr]   cargo:rerun-if-env-changed=AR
[INFO] [stderr]   AR = None
[INFO] [stderr]   cargo:rerun-if-env-changed=ARFLAGS
[INFO] [stderr]   ARFLAGS = None
[INFO] [stderr]   cargo:rerun-if-env-changed=HOST_ARFLAGS
[INFO] [stderr]   HOST_ARFLAGS = None
[INFO] [stderr]   cargo:rerun-if-env-changed=ARFLAGS_x86_64_unknown_linux_gnu
[INFO] [stderr]   ARFLAGS_x86_64_unknown_linux_gnu = None
[INFO] [stderr]   cargo:rerun-if-env-changed=ARFLAGS_x86_64-unknown-linux-gnu
[INFO] [stderr]   ARFLAGS_x86_64-unknown-linux-gnu = None
[INFO] [stderr]   cargo:rerun-if-env-changed=AR_x86_64-unknown-linux-gnu
[INFO] [stderr]   AR_x86_64-unknown-linux-gnu = None
[INFO] [stderr]   cargo:rerun-if-env-changed=AR_x86_64_unknown_linux_gnu
[INFO] [stderr]   AR_x86_64_unknown_linux_gnu = None
[INFO] [stderr]   cargo:rerun-if-env-changed=HOST_AR
[INFO] [stderr]   HOST_AR = None
[INFO] [stderr]   cargo:rerun-if-env-changed=AR
[INFO] [stderr]   AR = None
[INFO] [stderr]   cargo:rerun-if-env-changed=ARFLAGS
[INFO] [stderr]   ARFLAGS = None
[INFO] [stderr]   cargo:rerun-if-env-changed=HOST_ARFLAGS
[INFO] [stderr]   HOST_ARFLAGS = None
[INFO] [stderr]   cargo:rerun-if-env-changed=ARFLAGS_x86_64_unknown_linux_gnu
[INFO] [stderr]   ARFLAGS_x86_64_unknown_linux_gnu = None
[INFO] [stderr]   cargo:rerun-if-env-changed=ARFLAGS_x86_64-unknown-linux-gnu
[INFO] [stderr]   ARFLAGS_x86_64-unknown-linux-gnu = None
[INFO] [stderr]   cargo:rustc-link-lib=static=probe_x86_sierra
[INFO] [stderr]   cargo:rustc-link-search=native=/opt/rustwide/target/debug/build/numkong/91ffb473afea8338/out
[INFO] [stderr]   cargo:rerun-if-env-changed=CC_FORCE_DISABLE
[INFO] [stderr]   CC_FORCE_DISABLE = None
[INFO] [stderr]   cargo:rerun-if-env-changed=CC_x86_64-unknown-linux-gnu
[INFO] [stderr]   CC_x86_64-unknown-linux-gnu = None
[INFO] [stderr]   cargo:rerun-if-env-changed=CC_x86_64_unknown_linux_gnu
[INFO] [stderr]   CC_x86_64_unknown_linux_gnu = None
[INFO] [stderr]   cargo:rerun-if-env-changed=HOST_CC
[INFO] [stderr]   HOST_CC = None
[INFO] [stderr]   cargo:rerun-if-env-changed=CC
[INFO] [stderr]   CC = None
[INFO] [stderr]   cargo:rerun-if-env-changed=CC_ENABLE_DEBUG_OUTPUT
[INFO] [stderr]   cargo:rerun-if-env-changed=CRATE_CC_NO_DEFAULTS
[INFO] [stderr]   CRATE_CC_NO_DEFAULTS = None
[INFO] [stderr]   cargo:rerun-if-env-changed=CRATE_CC_NO_DEFAULTS
[INFO] [stderr]   CRATE_CC_NO_DEFAULTS = None
[INFO] [stderr]   cargo:rerun-if-env-changed=CFLAGS
[INFO] [stderr]   CFLAGS = None
[INFO] [stderr]   cargo:rerun-if-env-changed=HOST_CFLAGS
[INFO] [stderr]   HOST_CFLAGS = None
[INFO] [stderr]   cargo:rerun-if-env-changed=CFLAGS_x86_64_unknown_linux_gnu
[INFO] [stderr]   CFLAGS_x86_64_unknown_linux_gnu = None
[INFO] [stderr]   cargo:rerun-if-env-changed=CFLAGS_x86_64-unknown-linux-gnu
[INFO] [stderr]   CFLAGS_x86_64-unknown-linux-gnu = None
[INFO] [stderr]   cargo:rerun-if-env-changed=CFLAGS
[INFO] [stderr]   CFLAGS = None
[INFO] [stderr]   cargo:rerun-if-env-changed=HOST_CFLAGS
[INFO] [stderr]   HOST_CFLAGS = None
[INFO] [stderr]   cargo:rerun-if-env-changed=CFLAGS_x86_64_unknown_linux_gnu
[INFO] [stderr]   CFLAGS_x86_64_unknown_linux_gnu = None
[INFO] [stderr]   cargo:rerun-if-env-changed=CFLAGS_x86_64-unknown-linux-gnu
[INFO] [stderr]   CFLAGS_x86_64-unknown-linux-gnu = None
[INFO] [stderr]   cargo:rerun-if-env-changed=CRATE_CC_NO_DEFAULTS
[INFO] [stderr]   CRATE_CC_NO_DEFAULTS = None
[INFO] [stderr]   cargo:rerun-if-env-changed=CFLAGS
[INFO] [stderr]   CFLAGS = None
[INFO] [stderr]   cargo:rerun-if-env-changed=HOST_CFLAGS
[INFO] [stderr]   HOST_CFLAGS = None
[INFO] [stderr]   cargo:rerun-if-env-changed=CFLAGS_x86_64_unknown_linux_gnu
[INFO] [stderr]   CFLAGS_x86_64_unknown_linux_gnu = None
[INFO] [stderr]   cargo:rerun-if-env-changed=CFLAGS_x86_64-unknown-linux-gnu
[INFO] [stderr]   CFLAGS_x86_64-unknown-linux-gnu = None
[INFO] [stderr]   cargo:rerun-if-env-changed=CRATE_CC_NO_DEFAULTS
[INFO] [stderr]   CRATE_CC_NO_DEFAULTS = None
[INFO] [stderr]   cargo:rerun-if-env-changed=CFLAGS
[INFO] [stderr]   CFLAGS = None
[INFO] [stderr]   cargo:rerun-if-env-changed=HOST_CFLAGS
[INFO] [stderr]   HOST_CFLAGS = None
[INFO] [stderr]   cargo:rerun-if-env-changed=CFLAGS_x86_64_unknown_linux_gnu
[INFO] [stderr]   CFLAGS_x86_64_unknown_linux_gnu = None
[INFO] [stderr]   cargo:rerun-if-env-changed=CFLAGS_x86_64-unknown-linux-gnu
[INFO] [stderr]   CFLAGS_x86_64-unknown-linux-gnu = None
[INFO] [stderr]   cargo:rerun-if-env-changed=CRATE_CC_NO_DEFAULTS
[INFO] [stderr]   CRATE_CC_NO_DEFAULTS = None
[INFO] [stderr]   cargo:rerun-if-env-changed=CFLAGS
[INFO] [stderr]   CFLAGS = None
[INFO] [stderr]   cargo:rerun-if-env-changed=HOST_CFLAGS
[INFO] [stderr]   HOST_CFLAGS = None
[INFO] [stderr]   cargo:rerun-if-env-changed=CFLAGS_x86_64_unknown_linux_gnu
[INFO] [stderr]   CFLAGS_x86_64_unknown_linux_gnu = None
[INFO] [stderr]   cargo:rerun-if-env-changed=CFLAGS_x86_64-unknown-linux-gnu
[INFO] [stderr]   CFLAGS_x86_64-unknown-linux-gnu = None
[INFO] [stderr]   cargo:rerun-if-env-changed=CRATE_CC_NO_DEFAULTS
[INFO] [stderr]   CRATE_CC_NO_DEFAULTS = None
[INFO] [stderr]   cargo:rerun-if-env-changed=CFLAGS
[INFO] [stderr]   CFLAGS = None
[INFO] [stderr]   cargo:rerun-if-env-changed=HOST_CFLAGS
[INFO] [stderr]   HOST_CFLAGS = None
[INFO] [stderr]   cargo:rerun-if-env-changed=CFLAGS_x86_64_unknown_linux_gnu
[INFO] [stderr]   CFLAGS_x86_64_unknown_linux_gnu = None
[INFO] [stderr]   cargo:rerun-if-env-changed=CFLAGS_x86_64-unknown-linux-gnu
[INFO] [stderr]   CFLAGS_x86_64-unknown-linux-gnu = None
[INFO] [stderr]   cargo:rerun-if-env-changed=CRATE_CC_NO_DEFAULTS
[INFO] [stderr]   CRATE_CC_NO_DEFAULTS = None
[INFO] [stderr]   cargo:rerun-if-env-changed=CFLAGS
[INFO] [stderr]   CFLAGS = None
[INFO] [stderr]   cargo:rerun-if-env-changed=HOST_CFLAGS
[INFO] [stderr]   HOST_CFLAGS = None
[INFO] [stderr]   cargo:rerun-if-env-changed=CFLAGS_x86_64_unknown_linux_gnu
[INFO] [stderr]   CFLAGS_x86_64_unknown_linux_gnu = None
[INFO] [stderr]   cargo:rerun-if-env-changed=CFLAGS_x86_64-unknown-linux-gnu
[INFO] [stderr]   CFLAGS_x86_64-unknown-linux-gnu = None
[INFO] [stderr]   cargo:rerun-if-env-changed=CC_x86_64-unknown-linux-gnu
[INFO] [stderr]   CC_x86_64-unknown-linux-gnu = None
[INFO] [stderr]   cargo:rerun-if-env-changed=CC_x86_64_unknown_linux_gnu
[INFO] [stderr]   CC_x86_64_unknown_linux_gnu = None
[INFO] [stderr]   cargo:rerun-if-env-changed=HOST_CC
[INFO] [stderr]   HOST_CC = None
[INFO] [stderr]   cargo:rerun-if-env-changed=CC
[INFO] [stderr]   CC = None
[INFO] [stderr]   cargo:rerun-if-env-changed=CRATE_CC_NO_DEFAULTS
[INFO] [stderr]   CRATE_CC_NO_DEFAULTS = None
[INFO] [stderr]   cargo:rerun-if-env-changed=CFLAGS
[INFO] [stderr]   CFLAGS = None
[INFO] [stderr]   cargo:rerun-if-env-changed=HOST_CFLAGS
[INFO] [stderr]   HOST_CFLAGS = None
[INFO] [stderr]   cargo:rerun-if-env-changed=CFLAGS_x86_64_unknown_linux_gnu
[INFO] [stderr]   CFLAGS_x86_64_unknown_linux_gnu = None
[INFO] [stderr]   cargo:rerun-if-env-changed=CFLAGS_x86_64-unknown-linux-gnu
[INFO] [stderr]   CFLAGS_x86_64-unknown-linux-gnu = None
[INFO] [stderr]   cargo:rerun-if-env-changed=CC_x86_64-unknown-linux-gnu
[INFO] [stderr]   CC_x86_64-unknown-linux-gnu = None
[INFO] [stderr]   cargo:rerun-if-env-changed=CC_x86_64_unknown_linux_gnu
[INFO] [stderr]   CC_x86_64_unknown_linux_gnu = None
[INFO] [stderr]   cargo:rerun-if-env-changed=HOST_CC
[INFO] [stderr]   HOST_CC = None
[INFO] [stderr]   cargo:rerun-if-env-changed=CC
[INFO] [stderr]   CC = None
[INFO] [stderr]   cargo:rerun-if-env-changed=CRATE_CC_NO_DEFAULTS
[INFO] [stderr]   CRATE_CC_NO_DEFAULTS = None
[INFO] [stderr]   cargo:rerun-if-env-changed=CFLAGS
[INFO] [stderr]   CFLAGS = None
[INFO] [stderr]   cargo:rerun-if-env-changed=HOST_CFLAGS
[INFO] [stderr]   HOST_CFLAGS = None
[INFO] [stderr]   cargo:rerun-if-env-changed=CFLAGS_x86_64_unknown_linux_gnu
[INFO] [stderr]   CFLAGS_x86_64_unknown_linux_gnu = None
[INFO] [stderr]   cargo:rerun-if-env-changed=CFLAGS_x86_64-unknown-linux-gnu
[INFO] [stderr]   CFLAGS_x86_64-unknown-linux-gnu = None
[INFO] [stderr]   cargo:rerun-if-env-changed=CC_x86_64-unknown-linux-gnu
[INFO] [stderr]   CC_x86_64-unknown-linux-gnu = None
[INFO] [stderr]   cargo:rerun-if-env-changed=CC_x86_64_unknown_linux_gnu
[INFO] [stderr]   CC_x86_64_unknown_linux_gnu = None
[INFO] [stderr]   cargo:rerun-if-env-changed=HOST_CC
[INFO] [stderr]   HOST_CC = None
[INFO] [stderr]   cargo:rerun-if-env-changed=CC
[INFO] [stderr]   CC = None
[INFO] [stderr]   cargo:rerun-if-env-changed=CRATE_CC_NO_DEFAULTS
[INFO] [stderr]   CRATE_CC_NO_DEFAULTS = None
[INFO] [stderr]   cargo:rerun-if-env-changed=CFLAGS
[INFO] [stderr]   CFLAGS = None
[INFO] [stderr]   cargo:rerun-if-env-changed=HOST_CFLAGS
[INFO] [stderr]   HOST_CFLAGS = None
[INFO] [stderr]   cargo:rerun-if-env-changed=CFLAGS_x86_64_unknown_linux_gnu
[INFO] [stderr]   CFLAGS_x86_64_unknown_linux_gnu = None
[INFO] [stderr]   cargo:rerun-if-env-changed=CFLAGS_x86_64-unknown-linux-gnu
[INFO] [stderr]   CFLAGS_x86_64-unknown-linux-gnu = None
[INFO] [stderr]   cargo:rerun-if-env-changed=CC_x86_64-unknown-linux-gnu
[INFO] [stderr]   CC_x86_64-unknown-linux-gnu = None
[INFO] [stderr]   cargo:rerun-if-env-changed=CC_x86_64_unknown_linux_gnu
[INFO] [stderr]   CC_x86_64_unknown_linux_gnu = None
[INFO] [stderr]   cargo:rerun-if-env-changed=HOST_CC
[INFO] [stderr]   HOST_CC = None
[INFO] [stderr]   cargo:rerun-if-env-changed=CC
[INFO] [stderr]   CC = None
[INFO] [stderr]   cargo:rerun-if-env-changed=CRATE_CC_NO_DEFAULTS
[INFO] [stderr]   CRATE_CC_NO_DEFAULTS = None
[INFO] [stderr]   cargo:rerun-if-env-changed=CFLAGS
[INFO] [stderr]   CFLAGS = None
[INFO] [stderr]   cargo:rerun-if-env-changed=HOST_CFLAGS
[INFO] [stderr]   HOST_CFLAGS = None
[INFO] [stderr]   cargo:rerun-if-env-changed=CFLAGS_x86_64_unknown_linux_gnu
[INFO] [stderr]   CFLAGS_x86_64_unknown_linux_gnu = None
[INFO] [stderr]   cargo:rerun-if-env-changed=CFLAGS_x86_64-unknown-linux-gnu
[INFO] [stderr]   CFLAGS_x86_64-unknown-linux-gnu = None
[INFO] [stderr]   cargo:rerun-if-env-changed=CC_x86_64-unknown-linux-gnu
[INFO] [stderr]   CC_x86_64-unknown-linux-gnu = None
[INFO] [stderr]   cargo:rerun-if-env-changed=CC_x86_64_unknown_linux_gnu
[INFO] [stderr]   CC_x86_64_unknown_linux_gnu = None
[INFO] [stderr]   cargo:rerun-if-env-changed=HOST_CC
[INFO] [stderr]   HOST_CC = None
[INFO] [stderr]   cargo:rerun-if-env-changed=CC
[INFO] [stderr]   CC = None
[INFO] [stderr]   cargo:rerun-if-env-changed=CRATE_CC_NO_DEFAULTS
[INFO] [stderr]   CRATE_CC_NO_DEFAULTS = None
[INFO] [stderr]   cargo:rerun-if-env-changed=CFLAGS
[INFO] [stderr]   CFLAGS = None
[INFO] [stderr]   cargo:rerun-if-env-changed=HOST_CFLAGS
[INFO] [stderr]   HOST_CFLAGS = None
[INFO] [stderr]   cargo:rerun-if-env-changed=CFLAGS_x86_64_unknown_linux_gnu
[INFO] [stderr]   CFLAGS_x86_64_unknown_linux_gnu = None
[INFO] [stderr]   cargo:rerun-if-env-changed=CFLAGS_x86_64-unknown-linux-gnu
[INFO] [stderr]   CFLAGS_x86_64-unknown-linux-gnu = None
[INFO] [stderr]   cargo:rerun-if-env-changed=CC_x86_64-unknown-linux-gnu
[INFO] [stderr]   CC_x86_64-unknown-linux-gnu = None
[INFO] [stderr]   cargo:rerun-if-env-changed=CC_x86_64_unknown_linux_gnu
[INFO] [stderr]   CC_x86_64_unknown_linux_gnu = None
[INFO] [stderr]   cargo:rerun-if-env-changed=HOST_CC
[INFO] [stderr]   HOST_CC = None
[INFO] [stderr]   cargo:rerun-if-env-changed=CC
[INFO] [stderr]   CC = None
[INFO] [stderr]   cargo:rerun-if-env-changed=CRATE_CC_NO_DEFAULTS
[INFO] [stderr]   CRATE_CC_NO_DEFAULTS = None
[INFO] [stderr]   cargo:rerun-if-env-changed=CFLAGS
[INFO] [stderr]   CFLAGS = None
[INFO] [stderr]   cargo:rerun-if-env-changed=HOST_CFLAGS
[INFO] [stderr]   HOST_CFLAGS = None
[INFO] [stderr]   cargo:rerun-if-env-changed=CFLAGS_x86_64_unknown_linux_gnu
[INFO] [stderr]   CFLAGS_x86_64_unknown_linux_gnu = None
[INFO] [stderr]   cargo:rerun-if-env-changed=CFLAGS_x86_64-unknown-linux-gnu
[INFO] [stderr]   CFLAGS_x86_64-unknown-linux-gnu = None
[INFO] [stderr]   cargo:warning=cc: fatal error: Killed signal terminated program cc1
[INFO] [stderr]   cargo:warning=compilation terminated.
[INFO] [stderr]   exit status: 0
[INFO] [stderr]   exit status: 0
[INFO] [stderr]   exit status: 0
[INFO] [stderr]   exit status: 0
[INFO] [stderr]   exit status: 0
[INFO] [stderr]   exit status: 1
[INFO] [stderr]   cargo:warning=ToolExecError: command did not execute successfully (status code exit status: 1): LC_ALL="C" "cc" "-O3" "-ffunction-sections" "-fdata-sections" "-fPIC" "-g" "-gdwarf-4" "-fno-omit-frame-pointer" "-mno-omit-leaf-frame-pointer" "-m64" "-std=c99" "-I" "include" "-w" "-pedantic" "-Wno-psabi" "-fno-tree-vectorize" "-fno-tree-slp-vectorize" "-march=x86-64" "-DNK_NATIVE_F16=0" "-DNK_NATIVE_BF16=0" "-DNK_DYNAMIC_DISPATCH=1" "-DNK_IS_64BIT_X86=1" "-DNK_IS_64BIT_ARM=0" "-DNK_IS_64BIT_RISCV=0" "-DNK_IS_64BIT_LOONGARCH=0" "-DNK_IS_64BIT_POWER=0" "-DNK_TARGET_HASWELL=1" "-DNK_TARGET_SKYLAKE=1" "-DNK_TARGET_ICELAKE=1" "-DNK_TARGET_GENOA=1" "-DNK_TARGET_SAPPHIRE=1" "-DNK_TARGET_SAPPHIREAMX=1" "-DNK_TARGET_GRANITEAMX=1" "-DNK_TARGET_DIAMOND=0" "-DNK_TARGET_TURIN=1" "-DNK_TARGET_ALDER=1" "-DNK_TARGET_SIERRA=1" "-o" "/opt/rustwide/target/debug/build/numkong/91ffb473afea8338/out/a1edd97dd51cd48d-dispatch_f64.o" "-c" "c/dispatch_f64.c"cargo:rerun-if-env-changed=CC_x86_64-unknown-linux-gnu
[INFO] [stderr]   CC_x86_64-unknown-linux-gnu = None
[INFO] [stderr]   cargo:rerun-if-env-changed=CC_x86_64_unknown_linux_gnu
[INFO] [stderr]   CC_x86_64_unknown_linux_gnu = None
[INFO] [stderr]   cargo:rerun-if-env-changed=HOST_CC
[INFO] [stderr]   HOST_CC = None
[INFO] [stderr]   cargo:rerun-if-env-changed=CC
[INFO] [stderr]   CC = None
[INFO] [stderr]   cargo:rerun-if-env-changed=CRATE_CC_NO_DEFAULTS
[INFO] [stderr]   CRATE_CC_NO_DEFAULTS = None
[INFO] [stderr]   cargo:rerun-if-env-changed=CFLAGS
[INFO] [stderr]   CFLAGS = None
[INFO] [stderr]   cargo:rerun-if-env-changed=HOST_CFLAGS
[INFO] [stderr]   HOST_CFLAGS = None
[INFO] [stderr]   cargo:rerun-if-env-changed=CFLAGS_x86_64_unknown_linux_gnu
[INFO] [stderr]   CFLAGS_x86_64_unknown_linux_gnu = None
[INFO] [stderr]   cargo:rerun-if-env-changed=CFLAGS_x86_64-unknown-linux-gnu
[INFO] [stderr]   CFLAGS_x86_64-unknown-linux-gnu = None
[INFO] [stderr]   cargo:rerun-if-env-changed=CC_x86_64-unknown-linux-gnu
[INFO] [stderr]   CC_x86_64-unknown-linux-gnu = None
[INFO] [stderr]   cargo:rerun-if-env-changed=CC_x86_64_unknown_linux_gnu
[INFO] [stderr]   CC_x86_64_unknown_linux_gnu = None
[INFO] [stderr]   cargo:rerun-if-env-changed=HOST_CC
[INFO] [stderr]   HOST_CC = None
[INFO] [stderr]   cargo:rerun-if-env-changed=CC
[INFO] [stderr]   CC = None
[INFO] [stderr]   cargo:rerun-if-env-changed=CRATE_CC_NO_DEFAULTS
[INFO] [stderr]   CRATE_CC_NO_DEFAULTS = None
[INFO] [stderr]   cargo:rerun-if-env-changed=CFLAGS
[INFO] [stderr]   CFLAGS = None
[INFO] [stderr]   cargo:rerun-if-env-changed=HOST_CFLAGS
[INFO] [stderr]   HOST_CFLAGS = None
[INFO] [stderr]   cargo:rerun-if-env-changed=CFLAGS_x86_64_unknown_linux_gnu
[INFO] [stderr]   CFLAGS_x86_64_unknown_linux_gnu = None
[INFO] [stderr]   cargo:rerun-if-env-changed=CFLAGS_x86_64-unknown-linux-gnu
[INFO] [stderr]   CFLAGS_x86_64-unknown-linux-gnu = None
[INFO] [stderr]   cargo:rerun-if-env-changed=CC_x86_64-unknown-linux-gnu
[INFO] [stderr]   CC_x86_64-unknown-linux-gnu = None
[INFO] [stderr]   cargo:rerun-if-env-changed=CC_x86_64_unknown_linux_gnu
[INFO] [stderr]   CC_x86_64_unknown_linux_gnu = None
[INFO] [stderr]   cargo:rerun-if-env-changed=HOST_CC
[INFO] [stderr]   HOST_CC = None
[INFO] [stderr]   cargo:rerun-if-env-changed=CC
[INFO] [stderr]   CC = None
[INFO] [stderr]   cargo:rerun-if-env-changed=CRATE_CC_NO_DEFAULTS
[INFO] [stderr]   CRATE_CC_NO_DEFAULTS = None
[INFO] [stderr]   cargo:rerun-if-env-changed=CFLAGS
[INFO] [stderr]   CFLAGS = None
[INFO] [stderr]   cargo:rerun-if-env-changed=HOST_CFLAGS
[INFO] [stderr]   HOST_CFLAGS = None
[INFO] [stderr]   cargo:rerun-if-env-changed=CFLAGS_x86_64_unknown_linux_gnu
[INFO] [stderr]   CFLAGS_x86_64_unknown_linux_gnu = None
[INFO] [stderr]   cargo:rerun-if-env-changed=CFLAGS_x86_64-unknown-linux-gnu
[INFO] [stderr]   CFLAGS_x86_64-unknown-linux-gnu = None
[INFO] [stderr]   cargo:rerun-if-env-changed=CC_x86_64-unknown-linux-gnu
[INFO] [stderr]   CC_x86_64-unknown-linux-gnu = None
[INFO] [stderr]   cargo:rerun-if-env-changed=CC_x86_64_unknown_linux_gnu
[INFO] [stderr]   CC_x86_64_unknown_linux_gnu = None
[INFO] [stderr]   cargo:rerun-if-env-changed=HOST_CC
[INFO] [stderr]   HOST_CC = None
[INFO] [stderr]   cargo:rerun-if-env-changed=CC
[INFO] [stderr]   CC = None
[INFO] [stderr]   cargo:rerun-if-env-changed=CRATE_CC_NO_DEFAULTS
[INFO] [stderr]   CRATE_CC_NO_DEFAULTS = None
[INFO] [stderr]   cargo:rerun-if-env-changed=CFLAGS
[INFO] [stderr]   CFLAGS = None
[INFO] [stderr]   cargo:rerun-if-env-changed=HOST_CFLAGS
[INFO] [stderr]   HOST_CFLAGS = None
[INFO] [stderr]   cargo:rerun-if-env-changed=CFLAGS_x86_64_unknown_linux_gnu
[INFO] [stderr]   CFLAGS_x86_64_unknown_linux_gnu = None
[INFO] [stderr]   cargo:rerun-if-env-changed=CFLAGS_x86_64-unknown-linux-gnu
[INFO] [stderr]   CFLAGS_x86_64-unknown-linux-gnu = None
[INFO] [stderr]   cargo:rerun-if-env-changed=CC_x86_64-unknown-linux-gnu
[INFO] [stderr]   CC_x86_64-unknown-linux-gnu = None
[INFO] [stderr]   cargo:rerun-if-env-changed=CC_x86_64_unknown_linux_gnu
[INFO] [stderr]   CC_x86_64_unknown_linux_gnu = None
[INFO] [stderr]   cargo:rerun-if-env-changed=HOST_CC
[INFO] [stderr]   HOST_CC = None
[INFO] [stderr]   cargo:rerun-if-env-changed=CC
[INFO] [stderr]   CC = None
[INFO] [stderr]   cargo:rerun-if-env-changed=CRATE_CC_NO_DEFAULTS
[INFO] [stderr]   CRATE_CC_NO_DEFAULTS = None
[INFO] [stderr]   cargo:rerun-if-env-changed=CFLAGS
[INFO] [stderr]   CFLAGS = None
[INFO] [stderr]   cargo:rerun-if-env-changed=HOST_CFLAGS
[INFO] [stderr]   HOST_CFLAGS = None
[INFO] [stderr]   cargo:rerun-if-env-changed=CFLAGS_x86_64_unknown_linux_gnu
[INFO] [stderr]   CFLAGS_x86_64_unknown_linux_gnu = None
[INFO] [stderr]   cargo:rerun-if-env-changed=CFLAGS_x86_64-unknown-linux-gnu
[INFO] [stderr]   CFLAGS_x86_64-unknown-linux-gnu = None
[INFO] [stderr]   cargo:rerun-if-env-changed=CC_x86_64-unknown-linux-gnu
[INFO] [stderr]   CC_x86_64-unknown-linux-gnu = None
[INFO] [stderr]   cargo:rerun-if-env-changed=CC_x86_64_unknown_linux_gnu
[INFO] [stderr]   CC_x86_64_unknown_linux_gnu = None
[INFO] [stderr]   cargo:rerun-if-env-changed=HOST_CC
[INFO] [stderr]   HOST_CC = None
[INFO] [stderr]   cargo:rerun-if-env-changed=CC
[INFO] [stderr]   CC = None
[INFO] [stderr]   cargo:rerun-if-env-changed=CRATE_CC_NO_DEFAULTS
[INFO] [stderr]   CRATE_CC_NO_DEFAULTS = None
[INFO] [stderr]   cargo:rerun-if-env-changed=CFLAGS
[INFO] [stderr]   CFLAGS = None
[INFO] [stderr]   cargo:rerun-if-env-changed=HOST_CFLAGS
[INFO] [stderr]   HOST_CFLAGS = None
[INFO] [stderr]   cargo:rerun-if-env-changed=CFLAGS_x86_64_unknown_linux_gnu
[INFO] [stderr]   CFLAGS_x86_64_unknown_linux_gnu = None
[INFO] [stderr]   cargo:rerun-if-env-changed=CFLAGS_x86_64-unknown-linux-gnu
[INFO] [stderr]   CFLAGS_x86_64-unknown-linux-gnu = None
[INFO] [stderr]   cargo:rerun-if-env-changed=CC_x86_64-unknown-linux-gnu
[INFO] [stderr]   CC_x86_64-unknown-linux-gnu = None
[INFO] [stderr]   cargo:rerun-if-env-changed=CC_x86_64_unknown_linux_gnu
[INFO] [stderr]   CC_x86_64_unknown_linux_gnu = None
[INFO] [stderr]   cargo:rerun-if-env-changed=HOST_CC
[INFO] [stderr]   HOST_CC = None
[INFO] [stderr]   cargo:rerun-if-env-changed=CC
[INFO] [stderr]   CC = None
[INFO] [stderr]   cargo:rerun-if-env-changed=CRATE_CC_NO_DEFAULTS
[INFO] [stderr]   CRATE_CC_NO_DEFAULTS = None
[INFO] [stderr]   cargo:rerun-if-env-changed=CFLAGS
[INFO] [stderr]   CFLAGS = None
[INFO] [stderr]   cargo:rerun-if-env-changed=HOST_CFLAGS
[INFO] [stderr]   HOST_CFLAGS = None
[INFO] [stderr]   cargo:rerun-if-env-changed=CFLAGS_x86_64_unknown_linux_gnu
[INFO] [stderr]   CFLAGS_x86_64_unknown_linux_gnu = None
[INFO] [stderr]   cargo:rerun-if-env-changed=CFLAGS_x86_64-unknown-linux-gnu
[INFO] [stderr]   CFLAGS_x86_64-unknown-linux-gnu = None
[INFO] [stderr]   cargo:rerun-if-env-changed=CC_x86_64-unknown-linux-gnu
[INFO] [stderr]   CC_x86_64-unknown-linux-gnu = None
[INFO] [stderr]   cargo:rerun-if-env-changed=CC_x86_64_unknown_linux_gnu
[INFO] [stderr]   CC_x86_64_unknown_linux_gnu = None
[INFO] [stderr]   cargo:rerun-if-env-changed=HOST_CC
[INFO] [stderr]   HOST_CC = None
[INFO] [stderr]   cargo:rerun-if-env-changed=CC
[INFO] [stderr]   CC = None
[INFO] [stderr]   cargo:rerun-if-env-changed=CRATE_CC_NO_DEFAULTS
[INFO] [stderr]   CRATE_CC_NO_DEFAULTS = None
[INFO] [stderr]   cargo:rerun-if-env-changed=CFLAGS
[INFO] [stderr]   CFLAGS = None
[INFO] [stderr]   cargo:rerun-if-env-changed=HOST_CFLAGS
[INFO] [stderr]   HOST_CFLAGS = None
[INFO] [stderr]   cargo:rerun-if-env-changed=CFLAGS_x86_64_unknown_linux_gnu
[INFO] [stderr]   CFLAGS_x86_64_unknown_linux_gnu = None
[INFO] [stderr]   cargo:rerun-if-env-changed=CFLAGS_x86_64-unknown-linux-gnu
[INFO] [stderr]   CFLAGS_x86_64-unknown-linux-gnu = None
[INFO] [stderr]   cargo:warning=cc: fatal error: Killed signal terminated program cc1
[INFO] [stderr]   cargo:warning=compilation terminated.
[INFO] [stderr] 
[INFO] [stderr]   exit status: 1
[INFO] [stderr]   cargo:warning=ToolExecError: command did not execute successfully (status code exit status: 1): LC_ALL="C" "cc" "-O3" "-ffunction-sections" "-fdata-sections" "-fPIC" "-g" "-gdwarf-4" "-fno-omit-frame-pointer" "-mno-omit-leaf-frame-pointer" "-m64" "-std=c99" "-I" "include" "-w" "-pedantic" "-Wno-psabi" "-fno-tree-vectorize" "-fno-tree-slp-vectorize" "-march=x86-64" "-DNK_NATIVE_F16=0" "-DNK_NATIVE_BF16=0" "-DNK_DYNAMIC_DISPATCH=1" "-DNK_IS_64BIT_X86=1" "-DNK_IS_64BIT_ARM=0" "-DNK_IS_64BIT_RISCV=0" "-DNK_IS_64BIT_LOONGARCH=0" "-DNK_IS_64BIT_POWER=0" "-DNK_TARGET_HASWELL=1" "-DNK_TARGET_SKYLAKE=1" "-DNK_TARGET_ICELAKE=1" "-DNK_TARGET_GENOA=1" "-DNK_TARGET_SAPPHIRE=1" "-DNK_TARGET_SAPPHIREAMX=1" "-DNK_TARGET_GRANITEAMX=1" "-DNK_TARGET_DIAMOND=0" "-DNK_TARGET_TURIN=1" "-DNK_TARGET_ALDER=1" "-DNK_TARGET_SIERRA=1" "-o" "/opt/rustwide/target/debug/build/numkong/91ffb473afea8338/out/a1edd97dd51cd48d-dispatch_f32.o" "-c" "c/dispatch_f32.c"cargo:rerun-if-env-changed=CC_x86_64-unknown-linux-gnu
[INFO] [stderr]   CC_x86_64-unknown-linux-gnu = None
[INFO] [stderr]   cargo:rerun-if-env-changed=CC_x86_64_unknown_linux_gnu
[INFO] [stderr]   CC_x86_64_unknown_linux_gnu = None
[INFO] [stderr]   cargo:rerun-if-env-changed=HOST_CC
[INFO] [stderr]   HOST_CC = None
[INFO] [stderr]   cargo:rerun-if-env-changed=CC
[INFO] [stderr]   CC = None
[INFO] [stderr]   cargo:rerun-if-env-changed=CRATE_CC_NO_DEFAULTS
[INFO] [stderr]   CRATE_CC_NO_DEFAULTS = None
[INFO] [stderr]   cargo:rerun-if-env-changed=CFLAGS
[INFO] [stderr]   CFLAGS = None
[INFO] [stderr]   cargo:rerun-if-env-changed=HOST_CFLAGS
[INFO] [stderr]   HOST_CFLAGS = None
[INFO] [stderr]   cargo:rerun-if-env-changed=CFLAGS_x86_64_unknown_linux_gnu
[INFO] [stderr]   CFLAGS_x86_64_unknown_linux_gnu = None
[INFO] [stderr]   cargo:rerun-if-env-changed=CFLAGS_x86_64-unknown-linux-gnu
[INFO] [stderr]   CFLAGS_x86_64-unknown-linux-gnu = None
[INFO] [stderr]   cargo:warning=cc: fatal error: Killed signal terminated program cc1
[INFO] [stderr]   cargo:warning=compilation terminated.
[INFO] [stderr] 
[INFO] [stderr]   exit status: 1
[INFO] [stderr]   cargo:warning=ToolExecError: command did not execute successfully (status code exit status: 1): LC_ALL="C" "cc" "-O3" "-ffunction-sections" "-fdata-sections" "-fPIC" "-g" "-gdwarf-4" "-fno-omit-frame-pointer" "-mno-omit-leaf-frame-pointer" "-m64" "-std=c99" "-I" "include" "-w" "-pedantic" "-Wno-psabi" "-fno-tree-vectorize" "-fno-tree-slp-vectorize" "-march=x86-64" "-DNK_NATIVE_F16=0" "-DNK_NATIVE_BF16=0" "-DNK_DYNAMIC_DISPATCH=1" "-DNK_IS_64BIT_X86=1" "-DNK_IS_64BIT_ARM=0" "-DNK_IS_64BIT_RISCV=0" "-DNK_IS_64BIT_LOONGARCH=0" "-DNK_IS_64BIT_POWER=0" "-DNK_TARGET_HASWELL=1" "-DNK_TARGET_SKYLAKE=1" "-DNK_TARGET_ICELAKE=1" "-DNK_TARGET_GENOA=1" "-DNK_TARGET_SAPPHIRE=1" "-DNK_TARGET_SAPPHIREAMX=1" "-DNK_TARGET_GRANITEAMX=1" "-DNK_TARGET_DIAMOND=0" "-DNK_TARGET_TURIN=1" "-DNK_TARGET_ALDER=1" "-DNK_TARGET_SIERRA=1" "-o" "/opt/rustwide/target/debug/build/numkong/91ffb473afea8338/out/a1edd97dd51cd48d-dispatch_f16.o" "-c" "c/dispatch_f16.c"cargo:rerun-if-env-changed=CC_x86_64-unknown-linux-gnu
[INFO] [stderr]   CC_x86_64-unknown-linux-gnu = None
[INFO] [stderr]   cargo:rerun-if-env-changed=CC_x86_64_unknown_linux_gnu
[INFO] [stderr]   CC_x86_64_unknown_linux_gnu = None
[INFO] [stderr]   cargo:rerun-if-env-changed=HOST_CC
[INFO] [stderr]   HOST_CC = None
[INFO] [stderr]   cargo:rerun-if-env-changed=CC
[INFO] [stderr]   CC = None
[INFO] [stderr]   cargo:rerun-if-env-changed=CRATE_CC_NO_DEFAULTS
[INFO] [stderr]   CRATE_CC_NO_DEFAULTS = None
[INFO] [stderr]   cargo:rerun-if-env-changed=CFLAGS
[INFO] [stderr]   CFLAGS = None
[INFO] [stderr]   cargo:rerun-if-env-changed=HOST_CFLAGS
[INFO] [stderr]   HOST_CFLAGS = None
[INFO] [stderr]   cargo:rerun-if-env-changed=CFLAGS_x86_64_unknown_linux_gnu
[INFO] [stderr]   CFLAGS_x86_64_unknown_linux_gnu = None
[INFO] [stderr]   cargo:rerun-if-env-changed=CFLAGS_x86_64-unknown-linux-gnu
[INFO] [stderr]   CFLAGS_x86_64-unknown-linux-gnu = None
[INFO] [stderr]   cargo:warning=cc: fatal error: Killed signal terminated program cc1
[INFO] [stderr]   cargo:warning=compilation terminated.
[INFO] [stderr] 
[INFO] [stderr]   exit status: 1
[INFO] [stderr]   cargo:warning=ToolExecError: command did not execute successfully (status code exit status: 1): LC_ALL="C" "cc" "-O3" "-ffunction-sections" "-fdata-sections" "-fPIC" "-g" "-gdwarf-4" "-fno-omit-frame-pointer" "-mno-omit-leaf-frame-pointer" "-m64" "-std=c99" "-I" "include" "-w" "-pedantic" "-Wno-psabi" "-fno-tree-vectorize" "-fno-tree-slp-vectorize" "-march=x86-64" "-DNK_NATIVE_F16=0" "-DNK_NATIVE_BF16=0" "-DNK_DYNAMIC_DISPATCH=1" "-DNK_IS_64BIT_X86=1" "-DNK_IS_64BIT_ARM=0" "-DNK_IS_64BIT_RISCV=0" "-DNK_IS_64BIT_LOONGARCH=0" "-DNK_IS_64BIT_POWER=0" "-DNK_TARGET_HASWELL=1" "-DNK_TARGET_SKYLAKE=1" "-DNK_TARGET_ICELAKE=1" "-DNK_TARGET_GENOA=1" "-DNK_TARGET_SAPPHIRE=1" "-DNK_TARGET_SAPPHIREAMX=1" "-DNK_TARGET_GRANITEAMX=1" "-DNK_TARGET_DIAMOND=0" "-DNK_TARGET_TURIN=1" "-DNK_TARGET_ALDER=1" "-DNK_TARGET_SIERRA=1" "-o" "/opt/rustwide/target/debug/build/numkong/91ffb473afea8338/out/a1edd97dd51cd48d-dispatch_bf16.o" "-c" "c/dispatch_bf16.c"cargo:warning=cc: fatal error: Killed signal terminated program cc1
[INFO] [stderr]   cargo:warning=compilation terminated.
[INFO] [stderr] 
[INFO] [stderr]   exit status: 1
[INFO] [stderr]   cargo:warning=ToolExecError: command did not execute successfully (status code exit status: 1): LC_ALL="C" "cc" "-O3" "-ffunction-sections" "-fdata-sections" "-fPIC" "-g" "-gdwarf-4" "-fno-omit-frame-pointer" "-mno-omit-leaf-frame-pointer" "-m64" "-std=c99" "-I" "include" "-w" "-pedantic" "-Wno-psabi" "-fno-tree-vectorize" "-fno-tree-slp-vectorize" "-march=x86-64" "-DNK_NATIVE_F16=0" "-DNK_NATIVE_BF16=0" "-DNK_DYNAMIC_DISPATCH=1" "-DNK_IS_64BIT_X86=1" "-DNK_IS_64BIT_ARM=0" "-DNK_IS_64BIT_RISCV=0" "-DNK_IS_64BIT_LOONGARCH=0" "-DNK_IS_64BIT_POWER=0" "-DNK_TARGET_HASWELL=1" "-DNK_TARGET_SKYLAKE=1" "-DNK_TARGET_ICELAKE=1" "-DNK_TARGET_GENOA=1" "-DNK_TARGET_SAPPHIRE=1" "-DNK_TARGET_SAPPHIREAMX=1" "-DNK_TARGET_GRANITEAMX=1" "-DNK_TARGET_DIAMOND=0" "-DNK_TARGET_TURIN=1" "-DNK_TARGET_ALDER=1" "-DNK_TARGET_SIERRA=1" "-o" "/opt/rustwide/target/debug/build/numkong/91ffb473afea8338/out/a1edd97dd51cd48d-dispatch_e5m2.o" "-c" "c/dispatch_e5m2.c"cargo:rerun-if-env-changed=CC_x86_64-unknown-linux-gnu
[INFO] [stderr]   CC_x86_64-unknown-linux-gnu = None
[INFO] [stderr]   cargo:rerun-if-env-changed=CC_x86_64_unknown_linux_gnu
[INFO] [stderr]   CC_x86_64_unknown_linux_gnu = None
[INFO] [stderr]   cargo:rerun-if-env-changed=HOST_CC
[INFO] [stderr]   HOST_CC = None
[INFO] [stderr]   cargo:rerun-if-env-changed=CC
[INFO] [stderr]   CC = None
[INFO] [stderr]   cargo:rerun-if-env-changed=CRATE_CC_NO_DEFAULTS
[INFO] [stderr]   CRATE_CC_NO_DEFAULTS = None
[INFO] [stderr]   cargo:rerun-if-env-changed=CFLAGS
[INFO] [stderr]   CFLAGS = None
[INFO] [stderr]   cargo:rerun-if-env-changed=HOST_CFLAGS
[INFO] [stderr]   HOST_CFLAGS = None
[INFO] [stderr]   cargo:rerun-if-env-changed=CFLAGS_x86_64_unknown_linux_gnu
[INFO] [stderr]   CFLAGS_x86_64_unknown_linux_gnu = None
[INFO] [stderr]   cargo:rerun-if-env-changed=CFLAGS_x86_64-unknown-linux-gnu
[INFO] [stderr]   CFLAGS_x86_64-unknown-linux-gnu = None
[INFO] [stderr]   cargo:rerun-if-env-changed=CC_x86_64-unknown-linux-gnu
[INFO] [stderr]   CC_x86_64-unknown-linux-gnu = None
[INFO] [stderr]   cargo:rerun-if-env-changed=CC_x86_64_unknown_linux_gnu
[INFO] [stderr]   CC_x86_64_unknown_linux_gnu = None
[INFO] [stderr]   cargo:rerun-if-env-changed=HOST_CC
[INFO] [stderr]   HOST_CC = None
[INFO] [stderr]   cargo:rerun-if-env-changed=CC
[INFO] [stderr]   CC = None
[INFO] [stderr]   cargo:rerun-if-env-changed=CRATE_CC_NO_DEFAULTS
[INFO] [stderr]   CRATE_CC_NO_DEFAULTS = None
[INFO] [stderr]   cargo:rerun-if-env-changed=CFLAGS
[INFO] [stderr]   CFLAGS = None
[INFO] [stderr]   cargo:rerun-if-env-changed=HOST_CFLAGS
[INFO] [stderr]   HOST_CFLAGS = None
[INFO] [stderr]   cargo:rerun-if-env-changed=CFLAGS_x86_64_unknown_linux_gnu
[INFO] [stderr]   CFLAGS_x86_64_unknown_linux_gnu = None
[INFO] [stderr]   cargo:rerun-if-env-changed=CFLAGS_x86_64-unknown-linux-gnu
[INFO] [stderr]   CFLAGS_x86_64-unknown-linux-gnu = None
[INFO] [stderr]   cargo:warning=cc: fatal error: Killed signal terminated program cc1
[INFO] [stderr]   cargo:warning=compilation terminated.
[INFO] [stderr] 
[INFO] [stderr]   exit status: 1
[INFO] [stderr]   cargo:warning=ToolExecError: command did not execute successfully (status code exit status: 1): LC_ALL="C" "cc" "-O3" "-ffunction-sections" "-fdata-sections" "-fPIC" "-g" "-gdwarf-4" "-fno-omit-frame-pointer" "-mno-omit-leaf-frame-pointer" "-m64" "-std=c99" "-I" "include" "-w" "-pedantic" "-Wno-psabi" "-fno-tree-vectorize" "-fno-tree-slp-vectorize" "-march=x86-64" "-DNK_NATIVE_F16=0" "-DNK_NATIVE_BF16=0" "-DNK_DYNAMIC_DISPATCH=1" "-DNK_IS_64BIT_X86=1" "-DNK_IS_64BIT_ARM=0" "-DNK_IS_64BIT_RISCV=0" "-DNK_IS_64BIT_LOONGARCH=0" "-DNK_IS_64BIT_POWER=0" "-DNK_TARGET_HASWELL=1" "-DNK_TARGET_SKYLAKE=1" "-DNK_TARGET_ICELAKE=1" "-DNK_TARGET_GENOA=1" "-DNK_TARGET_SAPPHIRE=1" "-DNK_TARGET_SAPPHIREAMX=1" "-DNK_TARGET_GRANITEAMX=1" "-DNK_TARGET_DIAMOND=0" "-DNK_TARGET_TURIN=1" "-DNK_TARGET_ALDER=1" "-DNK_TARGET_SIERRA=1" "-o" "/opt/rustwide/target/debug/build/numkong/91ffb473afea8338/out/a1edd97dd51cd48d-dispatch_e4m3.o" "-c" "c/dispatch_e4m3.c"cargo:warning=cc: fatal error: Killed signal terminated program cc1
[INFO] [stderr]   cargo:warning=compilation terminated.
[INFO] [stderr] 
[INFO] [stderr]   exit status: 1
[INFO] [stderr]   cargo:warning=ToolExecError: command did not execute successfully (status code exit status: 1): LC_ALL="C" "cc" "-O3" "-ffunction-sections" "-fdata-sections" "-fPIC" "-g" "-gdwarf-4" "-fno-omit-frame-pointer" "-mno-omit-leaf-frame-pointer" "-m64" "-std=c99" "-I" "include" "-w" "-pedantic" "-Wno-psabi" "-fno-tree-vectorize" "-fno-tree-slp-vectorize" "-march=x86-64" "-DNK_NATIVE_F16=0" "-DNK_NATIVE_BF16=0" "-DNK_DYNAMIC_DISPATCH=1" "-DNK_IS_64BIT_X86=1" "-DNK_IS_64BIT_ARM=0" "-DNK_IS_64BIT_RISCV=0" "-DNK_IS_64BIT_LOONGARCH=0" "-DNK_IS_64BIT_POWER=0" "-DNK_TARGET_HASWELL=1" "-DNK_TARGET_SKYLAKE=1" "-DNK_TARGET_ICELAKE=1" "-DNK_TARGET_GENOA=1" "-DNK_TARGET_SAPPHIRE=1" "-DNK_TARGET_SAPPHIREAMX=1" "-DNK_TARGET_GRANITEAMX=1" "-DNK_TARGET_DIAMOND=0" "-DNK_TARGET_TURIN=1" "-DNK_TARGET_ALDER=1" "-DNK_TARGET_SIERRA=1" "-o" "/opt/rustwide/target/debug/build/numkong/91ffb473afea8338/out/a1edd97dd51cd48d-dispatch_e3m2.o" "-c" "c/dispatch_e3m2.c"cargo:rerun-if-env-changed=CC_x86_64-unknown-linux-gnu
[INFO] [stderr]   CC_x86_64-unknown-linux-gnu = None
[INFO] [stderr]   cargo:rerun-if-env-changed=CC_x86_64_unknown_linux_gnu
[INFO] [stderr]   CC_x86_64_unknown_linux_gnu = None
[INFO] [stderr]   cargo:rerun-if-env-changed=HOST_CC
[INFO] [stderr]   HOST_CC = None
[INFO] [stderr]   cargo:rerun-if-env-changed=CC
[INFO] [stderr]   CC = None
[INFO] [stderr]   cargo:rerun-if-env-changed=CRATE_CC_NO_DEFAULTS
[INFO] [stderr]   CRATE_CC_NO_DEFAULTS = None
[INFO] [stderr]   cargo:rerun-if-env-changed=CFLAGS
[INFO] [stderr]   CFLAGS = None
[INFO] [stderr]   cargo:rerun-if-env-changed=HOST_CFLAGS
[INFO] [stderr]   HOST_CFLAGS = None
[INFO] [stderr]   cargo:rerun-if-env-changed=CFLAGS_x86_64_unknown_linux_gnu
[INFO] [stderr]   CFLAGS_x86_64_unknown_linux_gnu = None
[INFO] [stderr]   cargo:rerun-if-env-changed=CFLAGS_x86_64-unknown-linux-gnu
[INFO] [stderr]   CFLAGS_x86_64-unknown-linux-gnu = None
[INFO] [stderr]   cargo:rerun-if-env-changed=CC_x86_64-unknown-linux-gnu
[INFO] [stderr]   CC_x86_64-unknown-linux-gnu = None
[INFO] [stderr]   cargo:rerun-if-env-changed=CC_x86_64_unknown_linux_gnu
[INFO] [stderr]   CC_x86_64_unknown_linux_gnu = None
[INFO] [stderr]   cargo:rerun-if-env-changed=HOST_CC
[INFO] [stderr]   HOST_CC = None
[INFO] [stderr]   cargo:rerun-if-env-changed=CC
[INFO] [stderr]   CC = None
[INFO] [stderr]   cargo:rerun-if-env-changed=CRATE_CC_NO_DEFAULTS
[INFO] [stderr]   CRATE_CC_NO_DEFAULTS = None
[INFO] [stderr]   cargo:rerun-if-env-changed=CFLAGS
[INFO] [stderr]   CFLAGS = None
[INFO] [stderr]   cargo:rerun-if-env-changed=HOST_CFLAGS
[INFO] [stderr]   HOST_CFLAGS = None
[INFO] [stderr]   cargo:rerun-if-env-changed=CFLAGS_x86_64_unknown_linux_gnu
[INFO] [stderr]   CFLAGS_x86_64_unknown_linux_gnu = None
[INFO] [stderr]   cargo:rerun-if-env-changed=CFLAGS_x86_64-unknown-linux-gnu
[INFO] [stderr]   CFLAGS_x86_64-unknown-linux-gnu = None
[INFO] [stderr]   cargo:rerun-if-env-changed=CC_x86_64-unknown-linux-gnu
[INFO] [stderr]   CC_x86_64-unknown-linux-gnu = None
[INFO] [stderr]   cargo:rerun-if-env-changed=CC_x86_64_unknown_linux_gnu
[INFO] [stderr]   CC_x86_64_unknown_linux_gnu = None
[INFO] [stderr]   cargo:rerun-if-env-changed=HOST_CC
[INFO] [stderr]   HOST_CC = None
[INFO] [stderr]   cargo:rerun-if-env-changed=CC
[INFO] [stderr]   CC = None
[INFO] [stderr]   cargo:rerun-if-env-changed=CRATE_CC_NO_DEFAULTS
[INFO] [stderr]   CRATE_CC_NO_DEFAULTS = None
[INFO] [stderr]   cargo:rerun-if-env-changed=CFLAGS
[INFO] [stderr]   CFLAGS = None
[INFO] [stderr]   cargo:rerun-if-env-changed=HOST_CFLAGS
[INFO] [stderr]   HOST_CFLAGS = None
[INFO] [stderr]   cargo:rerun-if-env-changed=CFLAGS_x86_64_unknown_linux_gnu
[INFO] [stderr]   CFLAGS_x86_64_unknown_linux_gnu = None
[INFO] [stderr]   cargo:rerun-if-env-changed=CFLAGS_x86_64-unknown-linux-gnu
[INFO] [stderr]   CFLAGS_x86_64-unknown-linux-gnu = None
[INFO] [stderr]   cargo:rerun-if-env-changed=CC_x86_64-unknown-linux-gnu
[INFO] [stderr]   CC_x86_64-unknown-linux-gnu = None
[INFO] [stderr]   cargo:rerun-if-env-changed=CC_x86_64_unknown_linux_gnu
[INFO] [stderr]   CC_x86_64_unknown_linux_gnu = None
[INFO] [stderr]   cargo:rerun-if-env-changed=HOST_CC
[INFO] [stderr]   HOST_CC = None
[INFO] [stderr]   cargo:rerun-if-env-changed=CC
[INFO] [stderr]   CC = None
[INFO] [stderr]   cargo:rerun-if-env-changed=CRATE_CC_NO_DEFAULTS
[INFO] [stderr]   CRATE_CC_NO_DEFAULTS = None
[INFO] [stderr]   cargo:rerun-if-env-changed=CFLAGS
[INFO] [stderr]   CFLAGS = None
[INFO] [stderr]   cargo:rerun-if-env-changed=HOST_CFLAGS
[INFO] [stderr]   HOST_CFLAGS = None
[INFO] [stderr]   cargo:rerun-if-env-changed=CFLAGS_x86_64_unknown_linux_gnu
[INFO] [stderr]   CFLAGS_x86_64_unknown_linux_gnu = None
[INFO] [stderr]   cargo:rerun-if-env-changed=CFLAGS_x86_64-unknown-linux-gnu
[INFO] [stderr]   CFLAGS_x86_64-unknown-linux-gnu = None
[INFO] [stderr]   cargo:warning=cc: fatal error: Killed signal terminated program cc1
[INFO] [stderr]   cargo:warning=compilation terminated.
[INFO] [stderr] 
[INFO] [stderr]   exit status: 0
[INFO] [stderr]   exit status: 0
[INFO] [stderr]   exit status: 1
[INFO] [stderr]   cargo:warning=ToolExecError: command did not execute successfully (status code exit status: 1): LC_ALL="C" "cc" "-O3" "-ffunction-sections" "-fdata-sections" "-fPIC" "-g" "-gdwarf-4" "-fno-omit-frame-pointer" "-mno-omit-leaf-frame-pointer" "-m64" "-std=c99" "-I" "include" "-w" "-pedantic" "-Wno-psabi" "-fno-tree-vectorize" "-fno-tree-slp-vectorize" "-march=x86-64" "-DNK_NATIVE_F16=0" "-DNK_NATIVE_BF16=0" "-DNK_DYNAMIC_DISPATCH=1" "-DNK_IS_64BIT_X86=1" "-DNK_IS_64BIT_ARM=0" "-DNK_IS_64BIT_RISCV=0" "-DNK_IS_64BIT_LOONGARCH=0" "-DNK_IS_64BIT_POWER=0" "-DNK_TARGET_HASWELL=1" "-DNK_TARGET_SKYLAKE=1" "-DNK_TARGET_ICELAKE=1" "-DNK_TARGET_GENOA=1" "-DNK_TARGET_SAPPHIRE=1" "-DNK_TARGET_SAPPHIREAMX=1" "-DNK_TARGET_GRANITEAMX=1" "-DNK_TARGET_DIAMOND=0" "-DNK_TARGET_TURIN=1" "-DNK_TARGET_ALDER=1" "-DNK_TARGET_SIERRA=1" "-o" "/opt/rustwide/target/debug/build/numkong/91ffb473afea8338/out/a1edd97dd51cd48d-dispatch_e2m3.o" "-c" "c/dispatch_e2m3.c"cargo:warning=cc: fatal error: Killed signal terminated program cc1
[INFO] [stderr]   cargo:warning=compilation terminated.
[INFO] [stderr] 
[INFO] [stderr]   exit status: 1
[INFO] [stderr]   cargo:warning=ToolExecError: command did not execute successfully (status code exit status: 1): LC_ALL="C" "cc" "-O3" "-ffunction-sections" "-fdata-sections" "-fPIC" "-g" "-gdwarf-4" "-fno-omit-frame-pointer" "-mno-omit-leaf-frame-pointer" "-m64" "-std=c99" "-I" "include" "-w" "-pedantic" "-Wno-psabi" "-fno-tree-vectorize" "-fno-tree-slp-vectorize" "-march=x86-64" "-DNK_NATIVE_F16=0" "-DNK_NATIVE_BF16=0" "-DNK_DYNAMIC_DISPATCH=1" "-DNK_IS_64BIT_X86=1" "-DNK_IS_64BIT_ARM=0" "-DNK_IS_64BIT_RISCV=0" "-DNK_IS_64BIT_LOONGARCH=0" "-DNK_IS_64BIT_POWER=0" "-DNK_TARGET_HASWELL=1" "-DNK_TARGET_SKYLAKE=1" "-DNK_TARGET_ICELAKE=1" "-DNK_TARGET_GENOA=1" "-DNK_TARGET_SAPPHIRE=1" "-DNK_TARGET_SAPPHIREAMX=1" "-DNK_TARGET_GRANITEAMX=1" "-DNK_TARGET_DIAMOND=0" "-DNK_TARGET_TURIN=1" "-DNK_TARGET_ALDER=1" "-DNK_TARGET_SIERRA=1" "-o" "/opt/rustwide/target/debug/build/numkong/91ffb473afea8338/out/a1edd97dd51cd48d-dispatch_i8.o" "-c" "c/dispatch_i8.c"cargo:warning=cc: fatal error: Killed signal terminated program cc1
[INFO] [stderr]   cargo:warning=compilation terminated.
[INFO] [stderr] 
[INFO] [stderr]   exit status: 1
[INFO] [stderr]   cargo:warning=ToolExecError: command did not execute successfully (status code exit status: 1): LC_ALL="C" "cc" "-O3" "-ffunction-sections" "-fdata-sections" "-fPIC" "-g" "-gdwarf-4" "-fno-omit-frame-pointer" "-mno-omit-leaf-frame-pointer" "-m64" "-std=c99" "-I" "include" "-w" "-pedantic" "-Wno-psabi" "-fno-tree-vectorize" "-fno-tree-slp-vectorize" "-march=x86-64" "-DNK_NATIVE_F16=0" "-DNK_NATIVE_BF16=0" "-DNK_DYNAMIC_DISPATCH=1" "-DNK_IS_64BIT_X86=1" "-DNK_IS_64BIT_ARM=0" "-DNK_IS_64BIT_RISCV=0" "-DNK_IS_64BIT_LOONGARCH=0" "-DNK_IS_64BIT_POWER=0" "-DNK_TARGET_HASWELL=1" "-DNK_TARGET_SKYLAKE=1" "-DNK_TARGET_ICELAKE=1" "-DNK_TARGET_GENOA=1" "-DNK_TARGET_SAPPHIRE=1" "-DNK_TARGET_SAPPHIREAMX=1" "-DNK_TARGET_GRANITEAMX=1" "-DNK_TARGET_DIAMOND=0" "-DNK_TARGET_TURIN=1" "-DNK_TARGET_ALDER=1" "-DNK_TARGET_SIERRA=1" "-o" "/opt/rustwide/target/debug/build/numkong/91ffb473afea8338/out/a1edd97dd51cd48d-dispatch_i4.o" "-c" "c/dispatch_i4.c"cargo:rerun-if-env-changed=CC_x86_64-unknown-linux-gnu
[INFO] [stderr]   CC_x86_64-unknown-linux-gnu = None
[INFO] [stderr]   cargo:rerun-if-env-changed=CC_x86_64_unknown_linux_gnu
[INFO] [stderr]   CC_x86_64_unknown_linux_gnu = None
[INFO] [stderr]   cargo:rerun-if-env-changed=HOST_CC
[INFO] [stderr]   HOST_CC = None
[INFO] [stderr]   cargo:rerun-if-env-changed=CC
[INFO] [stderr]   CC = None
[INFO] [stderr]   cargo:rerun-if-env-changed=CRATE_CC_NO_DEFAULTS
[INFO] [stderr]   CRATE_CC_NO_DEFAULTS = None
[INFO] [stderr]   cargo:rerun-if-env-changed=CFLAGS
[INFO] [stderr]   CFLAGS = None
[INFO] [stderr]   cargo:rerun-if-env-changed=HOST_CFLAGS
[INFO] [stderr]   HOST_CFLAGS = None
[INFO] [stderr]   cargo:rerun-if-env-changed=CFLAGS_x86_64_unknown_linux_gnu
[INFO] [stderr]   CFLAGS_x86_64_unknown_linux_gnu = None
[INFO] [stderr]   cargo:rerun-if-env-changed=CFLAGS_x86_64-unknown-linux-gnu
[INFO] [stderr]   CFLAGS_x86_64-unknown-linux-gnu = None
[INFO] [stderr]   cargo:rerun-if-env-changed=CC_x86_64-unknown-linux-gnu
[INFO] [stderr]   CC_x86_64-unknown-linux-gnu = None
[INFO] [stderr]   cargo:rerun-if-env-changed=CC_x86_64_unknown_linux_gnu
[INFO] [stderr]   CC_x86_64_unknown_linux_gnu = None
[INFO] [stderr]   cargo:rerun-if-env-changed=HOST_CC
[INFO] [stderr]   HOST_CC = None
[INFO] [stderr]   cargo:rerun-if-env-changed=CC
[INFO] [stderr]   CC = None
[INFO] [stderr]   cargo:rerun-if-env-changed=CRATE_CC_NO_DEFAULTS
[INFO] [stderr]   CRATE_CC_NO_DEFAULTS = None
[INFO] [stderr]   cargo:rerun-if-env-changed=CFLAGS
[INFO] [stderr]   CFLAGS = None
[INFO] [stderr]   cargo:rerun-if-env-changed=HOST_CFLAGS
[INFO] [stderr]   HOST_CFLAGS = None
[INFO] [stderr]   cargo:rerun-if-env-changed=CFLAGS_x86_64_unknown_linux_gnu
[INFO] [stderr]   CFLAGS_x86_64_unknown_linux_gnu = None
[INFO] [stderr]   cargo:rerun-if-env-changed=CFLAGS_x86_64-unknown-linux-gnu
[INFO] [stderr]   CFLAGS_x86_64-unknown-linux-gnu = None
[INFO] [stderr] 
[INFO] [stderr]   exit status: 0
[INFO] [stderr]   exit status: 0
[INFO] [stderr]   exit status: 0
[INFO] [stderr]   exit status: 0
[INFO] [stderr]   exit status: 0
[INFO] [stderr]   exit status: 0
[INFO] [stderr]   exit status: 0
[INFO] [stderr]   exit status: 0
[INFO] [stderr] 
[INFO] [stderr]   --- stderr
[INFO] [stderr] 
[INFO] [stderr] 
[INFO] [stderr]   error occurred in cc-rs: command did not execute successfully (status code exit status: 1): LC_ALL="C" "cc" "-O3" "-ffunction-sections" "-fdata-sections" "-fPIC" "-g" "-gdwarf-4" "-fno-omit-frame-pointer" "-mno-omit-leaf-frame-pointer" "-m64" "-std=c99" "-I" "include" "-w" "-pedantic" "-Wno-psabi" "-fno-tree-vectorize" "-fno-tree-slp-vectorize" "-march=x86-64" "-DNK_NATIVE_F16=0" "-DNK_NATIVE_BF16=0" "-DNK_DYNAMIC_DISPATCH=1" "-DNK_IS_64BIT_X86=1" "-DNK_IS_64BIT_ARM=0" "-DNK_IS_64BIT_RISCV=0" "-DNK_IS_64BIT_LOONGARCH=0" "-DNK_IS_64BIT_POWER=0" "-DNK_TARGET_HASWELL=1" "-DNK_TARGET_SKYLAKE=1" "-DNK_TARGET_ICELAKE=1" "-DNK_TARGET_GENOA=1" "-DNK_TARGET_SAPPHIRE=1" "-DNK_TARGET_SAPPHIREAMX=1" "-DNK_TARGET_GRANITEAMX=1" "-DNK_TARGET_DIAMOND=0" "-DNK_TARGET_TURIN=1" "-DNK_TARGET_ALDER=1" "-DNK_TARGET_SIERRA=1" "-o" "/opt/rustwide/target/debug/build/numkong/91ffb473afea8338/out/a1edd97dd51cd48d-dispatch_i4.o" "-c" "c/dispatch_i4.c"
[INFO] [stderr] 
[INFO] [stderr] 
[INFO] [stderr] warning: unused dependency `modbit-protocol`
[INFO] [stderr]   --> crates/core-runtime/Cargo.toml:13:1
[INFO] [stderr]    |
[INFO] [stderr] 13 | modbit-protocol.workspace = true
[INFO] [stderr]    | ^^^^^^^^^^^^^^^
[INFO] [stderr]    |
[INFO] [stderr]    = note: `cargo::unused_dependencies` is set to `warn` by default
[INFO] [stderr] help: consider removing the dependency on `modbit-protocol`
[INFO] [stderr] warning: `modbit-core-runtime` (manifest) generated 1 warning
[INFO] [stderr] warning: unused dependency `modbit-terminal`
[INFO] [stderr]   --> services/modbit-execd/Cargo.toml:15:1
[INFO] [stderr]    |
[INFO] [stderr] 15 | modbit-terminal.workspace = true
[INFO] [stderr]    | ^^^^^^^^^^^^^^^
[INFO] [stderr]    |
[INFO] [stderr]    = note: `cargo::unused_dependencies` is set to `warn` by default
[INFO] [stderr] help: consider removing the dependency on `modbit-terminal`
[INFO] [stderr] help: to still use for development builds, move to `dev-dependencies`
[INFO] [stderr] warning: `modbit-execd` (manifest) generated 1 warning
[INFO] [stderr] warning: unused dependency `modbit-domain`
[INFO] [stderr]   --> crates/mcp/Cargo.toml:11:1
[INFO] [stderr]    |
[INFO] [stderr] 11 | modbit-domain.workspace = true
[INFO] [stderr]    | ^^^^^^^^^^^^^
[INFO] [stderr]    |
[INFO] [stderr]    = note: `cargo::unused_dependencies` is set to `warn` by default
[INFO] [stderr] help: consider removing the dependency on `modbit-domain`
[INFO] [stderr] warning: `modbit-mcp` (manifest) generated 1 warning
[INFO] [stderr] warning: unused dependency `modbit-domain`
[INFO] [stderr]   --> crates/procedural-runtime/Cargo.toml:11:1
[INFO] [stderr]    |
[INFO] [stderr] 11 | modbit-domain.workspace = true
[INFO] [stderr]    | ^^^^^^^^^^^^^
[INFO] [stderr]    |
[INFO] [stderr]    = note: `cargo::unused_dependencies` is set to `warn` by default
[INFO] [stderr] help: consider removing the dependency on `modbit-domain`
[INFO] [stderr] warning: `modbit-procedural-runtime` (manifest) generated 1 warning
[INFO] [stderr] warning: unused dependency `modbit-domain`
[INFO] [stderr]   --> crates/protocol/Cargo.toml:11:1
[INFO] [stderr]    |
[INFO] [stderr] 11 | modbit-domain.workspace = true
[INFO] [stderr]    | ^^^^^^^^^^^^^
[INFO] [stderr]    |
[INFO] [stderr]    = note: `cargo::unused_dependencies` is set to `warn` by default
[INFO] [stderr] help: consider removing the dependency on `modbit-domain`
[INFO] [stderr] warning: `modbit-protocol` (manifest) generated 1 warning
[INFO] [stderr] warning: unused dependency `modbit-policy`
[INFO] [stderr]   --> apps/sandbox-gateway/Cargo.toml:12:1
[INFO] [stderr]    |
[INFO] [stderr] 12 | modbit-policy.workspace = true
[INFO] [stderr]    | ^^^^^^^^^^^^^
[INFO] [stderr]    |
[INFO] [stderr]    = note: `cargo::unused_dependencies` is set to `warn` by default
[INFO] [stderr] help: consider removing the dependency on `modbit-policy`
[INFO] [stderr] warning: `modbit-sandbox-gateway` (manifest) generated 1 warning
[INFO] running `Command { std: "docker" "inspect" "714d2eb2363ed437c9eda98768d4fa858b016f67e5d52c23d9834432fbf7a79d", kill_on_drop: false }`
[INFO] running `Command { std: "docker" "rm" "-f" "714d2eb2363ed437c9eda98768d4fa858b016f67e5d52c23d9834432fbf7a79d", kill_on_drop: false }`
[INFO] [stdout] 714d2eb2363ed437c9eda98768d4fa858b016f67e5d52c23d9834432fbf7a79d
