[INFO] cloning repository https://github.com/moonlit111/aegis-audit
[INFO] running `Command { std: "git" "-c" "credential.helper=" "-c" "credential.helper=/workspace/cargo-home/bin/git-credential-null" "clone" "--bare" "https://github.com/moonlit111/aegis-audit" "/workspace/cache/git-repos/https%3A%2F%2Fgithub.com%2Fmoonlit111%2Faegis-audit", kill_on_drop: false }`
[INFO] [stderr] Cloning into bare repository '/workspace/cache/git-repos/https%3A%2F%2Fgithub.com%2Fmoonlit111%2Faegis-audit'...
[INFO] running `Command { std: "git" "rev-parse" "HEAD", kill_on_drop: false }`
[INFO] [stdout] 932c8b7a5e4051cc2264f4ec7701e638d946eb57
[INFO] checking moonlit111/aegis-audit against 3154cc1a3e6424e44f438a95007d043ed5ceaaf6+rustflags=-Znext-solver=coherence for pr-133502-30
[INFO] running `Command { std: "git" "clone" "/workspace/cache/git-repos/https%3A%2F%2Fgithub.com%2Fmoonlit111%2Faegis-audit" "/workspace/builds/worker-1-tc1/source", kill_on_drop: false }`
[INFO] [stderr] Cloning into '/workspace/builds/worker-1-tc1/source'...
[INFO] [stderr] done.
[INFO] removed /workspace/builds/worker-1-tc1/source/rust-toolchain.toml
[INFO] started tweaking git repo https://github.com/moonlit111/aegis-audit
[INFO] finished tweaking git repo https://github.com/moonlit111/aegis-audit
[INFO] tweaked toml for git repo https://github.com/moonlit111/aegis-audit written to /workspace/builds/worker-1-tc1/source/Cargo.toml
[INFO] validating manifest of git repo https://github.com/moonlit111/aegis-audit on toolchain 3154cc1a3e6424e44f438a95007d043ed5ceaaf6
[INFO] running `Command { std: CARGO_HOME="/workspace/cargo-home" RUSTUP_HOME="/workspace/rustup-home" "/workspace/cargo-home/bin/cargo" "+3154cc1a3e6424e44f438a95007d043ed5ceaaf6" "metadata" "--manifest-path" "Cargo.toml" "--no-deps", kill_on_drop: false }`
[INFO] crate git repo https://github.com/moonlit111/aegis-audit already has a lockfile, it will not be regenerated
[INFO] running `Command { std: CARGO_HOME="/workspace/cargo-home" RUSTUP_HOME="/workspace/rustup-home" "/workspace/cargo-home/bin/cargo" "+3154cc1a3e6424e44f438a95007d043ed5ceaaf6" "fetch" "--manifest-path" "Cargo.toml", kill_on_drop: false }`
[INFO] [stderr] warning: unused field `rust-version` in `workspace.package`
[INFO] [stderr]    --> Cargo.toml:118:1
[INFO] [stderr]     |
[INFO] [stderr] 118 | rust-version = "1.88"
[INFO] [stderr]     | ^^^^^^^^^^^^
[INFO] [stderr]     |
[INFO] [stderr]     = note: `cargo::unused_workspace_package_fields` is set to `warn` by default
[INFO] [stderr] help: consider removing the field `workspace.package.rust-version`
[INFO] [stderr] warning: workspace (manifest) generated 1 warning
[INFO] [stderr]     Updating crates.io index
[INFO] [stderr]  Downloading crates ...
[INFO] [stderr]   Downloaded smoothutf8 v0.2.3
[INFO] [stderr]   Downloaded buffa-types v0.9.1
[INFO] [stderr]   Downloaded ruzstd v0.8.3
[INFO] [stderr]   Downloaded buffa v0.9.1
[INFO] [stderr]   Downloaded tree-sitter v0.25.10
[INFO] [stderr]   Downloaded connectrpc v0.9.0
[INFO] running `Command { std: "docker" "create" "-v" "/var/lib/crater-agent-workspace/builds/worker-1-tc1/source:/opt/rustwide/workdir:ro,Z" "-v" "/var/lib/crater-agent-workspace/builds/worker-1-tc1/target:/opt/rustwide/target:rw,Z" "-v" "/var/lib/crater-agent-workspace/cargo-home:/opt/rustwide/cargo-home:ro,Z" "-v" "/var/lib/crater-agent-workspace/rustup-home:/opt/rustwide/rustup-home:ro,Z" "-m" "1610612736" "--network" "none" "ghcr.io/rust-lang/crates-build-env/linux@sha256:77db811e55d90add9212f6832c23229e3de5f1c1f9905e8cb07319ea15df73ac" "sleep" "infinity", kill_on_drop: false }`
[INFO] [stdout] 0438e5a10d83a9bf8ddba9299688bfd546941d21dab5f062d5663e8461965d3a
[INFO] running `Command { std: "docker" "start" "0438e5a10d83a9bf8ddba9299688bfd546941d21dab5f062d5663e8461965d3a", kill_on_drop: false }`
[INFO] running `Command { std: "docker" "inspect" "0438e5a10d83a9bf8ddba9299688bfd546941d21dab5f062d5663e8461965d3a", kill_on_drop: false }`
[INFO] running `Command { std: "docker" "exec" "-e" "SOURCE_DIR=/opt/rustwide/workdir" "-e" "CARGO_HOME=/opt/rustwide/cargo-home" "-e" "RUSTUP_HOME=/opt/rustwide/rustup-home" "-e" "CARGO_TARGET_DIR=/opt/rustwide/target" "-w" "/opt/rustwide/workdir" "--user" "0:0" "0438e5a10d83a9bf8ddba9299688bfd546941d21dab5f062d5663e8461965d3a" "/opt/rustwide/cargo-home/bin/cargo" "+3154cc1a3e6424e44f438a95007d043ed5ceaaf6" "metadata" "--no-deps" "--format-version=1", kill_on_drop: false }`
[INFO] running `Command { std: "docker" "inspect" "0438e5a10d83a9bf8ddba9299688bfd546941d21dab5f062d5663e8461965d3a", kill_on_drop: false }`
[INFO] running `Command { std: "docker" "exec" "-e" "SOURCE_DIR=/opt/rustwide/workdir" "-e" "CARGO_HOME=/opt/rustwide/cargo-home" "-e" "RUSTUP_HOME=/opt/rustwide/rustup-home" "-e" "CARGO_TARGET_DIR=/opt/rustwide/target" "-e" "CARGO_INCREMENTAL=0" "-e" "RUST_BACKTRACE=full" "-e" "RUSTFLAGS=--cap-lints=forbid -Znext-solver=coherence" "-e" "RUSTDOCFLAGS=--cap-lints=forbid" "-w" "/opt/rustwide/workdir" "--user" "0:0" "0438e5a10d83a9bf8ddba9299688bfd546941d21dab5f062d5663e8461965d3a" "/opt/rustwide/cargo-home/bin/cargo" "+3154cc1a3e6424e44f438a95007d043ed5ceaaf6" "check" "--frozen" "--all" "--all-targets" "--message-format=json", kill_on_drop: false }`
[INFO] [stderr] warning: unused field `rust-version` in `workspace.package`
[INFO] [stderr]    --> Cargo.toml:118:1
[INFO] [stderr]     |
[INFO] [stderr] 118 | rust-version = "1.88"
[INFO] [stderr]     | ^^^^^^^^^^^^
[INFO] [stderr]     |
[INFO] [stderr]     = note: `cargo::unused_workspace_package_fields` is set to `warn` by default
[INFO] [stderr] help: consider removing the field `workspace.package.rust-version`
[INFO] [stderr] warning: workspace (manifest) generated 1 warning
[INFO] [stderr]    Compiling serde v1.0.229
[INFO] [stderr]     Checking cfg-if v1.0.4
[INFO] [stderr]    Compiling serde_core v1.0.229
[INFO] [stderr]     Checking memchr v2.8.3
[INFO] [stderr]     Checking pin-project-lite v0.2.17
[INFO] [stderr]     Checking smallvec v1.16.0
[INFO] [stderr]     Checking futures-core v0.3.34
[INFO] [stderr]     Checking once_cell v1.21.4
[INFO] [stderr]     Checking scopeguard v1.2.0
[INFO] [stderr]    Compiling libc v0.2.189
[INFO] [stderr]    Compiling parking_lot_core v0.9.12
[INFO] [stderr]     Checking itoa v1.0.18
[INFO] [stderr]     Checking log v0.4.34
[INFO] [stderr]     Checking futures-sink v0.3.34
[INFO] [stderr]    Compiling syn v3.0.5
[INFO] [stderr]    Compiling synstructure v0.13.2
[INFO] [stderr]    Compiling tracing-attributes v0.1.31
[INFO] [stderr]    Compiling icu_normalizer_data v2.3.0
[INFO] [stderr]     Checking lock_api v0.4.14
[INFO] [stderr]    Compiling icu_properties_data v2.3.0
[INFO] [stderr]    Compiling zmij v1.0.23
[INFO] [stderr]     Checking futures-task v0.3.34
[INFO] [stderr]     Checking futures-channel v0.3.34
[INFO] [stderr]     Checking slab v0.4.12
[INFO] [stderr]     Checking stable_deref_trait v1.2.1
[INFO] [stderr]     Checking futures-io v0.3.34
[INFO] [stderr]     Checking equivalent v1.0.2
[INFO] [stderr]     Checking tracing-core v0.1.36
[INFO] [stderr]     Checking hashbrown v0.17.1
[INFO] [stderr]    Compiling num-traits v0.2.19
[INFO] [stderr]    Compiling tree-sitter-language v0.1.8
[INFO] [stderr]     Checking base64 v0.22.1
[INFO] [stderr]     Checking litemap v0.8.3
[INFO] [stderr]     Checking writeable v0.6.4
[INFO] [stderr]     Checking form_urlencoded v1.2.2
[INFO] [stderr]     Checking zeroize v1.9.0
[INFO] [stderr]     Checking utf8_iter v1.0.4
[INFO] [stderr]    Compiling aws-lc-rs v1.18.1
[INFO] [stderr]    Compiling serde_json v1.0.151
[INFO] [stderr]     Checking tower-service v0.3.3
[INFO] [stderr]    Compiling indexmap v2.14.2
[INFO] [stderr]    Compiling httparse v1.10.1
[INFO] [stderr]     Checking rustls-pki-types v1.15.1
[INFO] [stderr]     Checking atomic-waker v1.1.2
[INFO] [stderr]     Checking httpdate v1.0.3
[INFO] [stderr]     Checking fnv v1.0.7
[INFO] [stderr]     Checking untrusted v0.9.0
[INFO] [stderr]     Checking try-lock v0.2.5
[INFO] [stderr]    Compiling crc32fast v1.5.1
[INFO] [stderr]     Checking want v0.3.1
[INFO] [stderr]    Compiling zerofrom-derive v0.1.7
[INFO] [stderr]    Compiling yoke-derive v0.8.2
[INFO] [stderr]     Checking sync_wrapper v1.0.2
[INFO] [stderr]     Checking simd-adler32 v0.3.10
[INFO] [stderr]     Checking tower-layer v0.3.3
[INFO] [stderr]     Checking mime v0.3.17
[INFO] [stderr]     Checking ryu v1.0.23
[INFO] [stderr]     Checking errno v0.3.14
[INFO] [stderr]     Checking mio v1.2.3
[INFO] [stderr]     Checking parking_lot v0.12.5
[INFO] [stderr]     Checking socket2 v0.6.5
[INFO] [stderr]     Checking signal-hook-registry v1.4.8
[INFO] [stderr]     Checking getrandom v0.2.17
[INFO] [stderr]    Compiling rustls v0.23.44
[INFO] [stderr]     Checking crypto-common v0.1.7
[INFO] [stderr]     Checking ipnet v2.12.2
[INFO] [stderr]     Checking subtle v2.6.1
[INFO] [stderr]     Checking miniz_oxide v0.9.1
[INFO] [stderr]     Checking digest v0.10.7
[INFO] [stderr]     Checking zlib-rs v0.6.7
[INFO] [stderr]     Checking sha2 v0.10.9
[INFO] [stderr]     Checking tracing v0.1.44
[INFO] [stderr]    Compiling getrandom v0.4.3
[INFO] [stderr]     Checking webpki-roots v1.0.9
[INFO] [stderr]     Checking aho-corasick v1.1.5
[INFO] [stderr]     Checking regex-syntax v0.8.11
[INFO] [stderr]    Compiling unicase v2.9.0
[INFO] [stderr]    Compiling jobserver v0.1.35
[INFO] [stderr]    Compiling mime_guess v2.0.5
[INFO] [stderr]     Checking bitflags v2.13.1
[INFO] [stderr]    Compiling crossbeam-utils v0.8.23
[INFO] [stderr]    Compiling axum-macros v0.5.1
[INFO] [stderr]     Checking allocator-api2 v0.2.21
[INFO] [stderr]    Compiling cc v1.4.5
[INFO] [stderr]     Checking foldhash v0.1.5
[INFO] [stderr]     Checking matchit v0.8.4
[INFO] [stderr]    Compiling rustix v1.1.4
[INFO] [stderr]     Checking zerofrom v0.1.8
[INFO] [stderr]     Checking iana-time-zone v0.1.65
[INFO] [stderr]    Compiling object v0.37.3
[INFO] [stderr]     Checking hex v0.4.3
[INFO] [stderr]    Compiling yoke v0.8.3
[INFO] [stderr]     Checking http-range-header v0.4.2
[INFO] [stderr]     Checking linux-raw-sys v0.12.1
[INFO] [stderr]     Checking twox-hash v2.1.4
[INFO] [stderr]     Checking bumpalo v3.20.3
[INFO] [stderr]     Checking tinyvec v1.13.2
[INFO] [stderr]     Checking ruzstd v0.8.3
[INFO] [stderr]    Compiling anyhow v1.0.104
[INFO] [stderr]    Compiling generic-array v0.14.7
[INFO] [stderr]     Checking streaming-iterator v0.1.9
[INFO] [stderr]     Checking fastrand v2.5.0
[INFO] [stderr]     Checking zopfli v0.8.3
[INFO] [stderr]     Checking unicode-normalization v0.1.25
[INFO] [stderr]     Checking simdutf8 v0.1.5
[INFO] [stderr]     Checking flate2 v1.1.10
[INFO] [stderr]    Compiling zstd-safe v7.3.0
[INFO] [stderr]     Checking smoothutf8 v0.2.3
[INFO] [stderr]    Compiling futures-util v0.3.34
[INFO] [stderr]    Compiling block-buffer v0.10.4
[INFO] [stderr]    Compiling crc-catalog v2.5.0
[INFO] [stderr]     Checking serde_path_to_error v0.1.20
[INFO] [stderr]     Checking uuid v1.26.0
[INFO] [stderr]    Compiling tokio v1.53.1
[INFO] [stderr]    Compiling event-listener v5.4.2
[INFO] [stderr]     Checking regex-automata v0.4.18
[INFO] [stderr]    Compiling futures-intrusive v0.5.0
[INFO] [stderr]    Compiling cmake v0.1.58
[INFO] [stderr]     Checking zip v4.6.1
[INFO] [stderr]    Compiling crossbeam-queue v0.3.14
[INFO] [stderr]    Compiling crc v3.4.0
[INFO] [stderr]    Compiling spin v0.9.9
[INFO] [stderr]    Compiling pin-project-internal v1.1.13
[INFO] [stderr]     Checking utf8parse v0.2.2
[INFO] [stderr]    Compiling flume v0.11.1
[INFO] [stderr]     Checking anstyle-parse v1.0.0
[INFO] [stderr]     Checking is_terminal_polyfill v1.70.2
[INFO] [stderr]     Checking anstyle v1.0.14
[INFO] [stderr]     Checking anstyle-query v1.1.5
[INFO] [stderr]    Compiling aws-lc-sys v0.45.0
[INFO] [stderr]    Compiling ring v0.17.14
[INFO] [stderr]    Compiling tree-sitter-python v0.25.0
[INFO] [stderr]    Compiling tree-sitter-c v0.24.2
[INFO] [stderr]    Compiling tree-sitter-cpp v0.23.4
[INFO] [stderr]    Compiling tree-sitter-go v0.25.0
[INFO] [stderr]    Compiling zstd-sys v2.1.0+zstd.1.5.7
[INFO] [stderr]    Compiling libsqlite3-sys v0.30.1
[INFO] [stderr]     Checking tempfile v3.27.0
[INFO] [stderr]    Compiling atoi v2.0.0
[INFO] [stderr]     Checking pin-project v1.1.13
[INFO] [stderr]     Checking colorchoice v1.0.5
[INFO] [stderr]     Checking parking v2.2.1
[INFO] [stderr]     Checking anstream v1.0.0
[INFO] [stderr]     Checking clap_lex v1.1.0
[INFO] [stderr]     Checking strsim v0.11.1
[INFO] [stderr]     Checking lazy_static v1.5.0
[INFO] [stderr]     Checking sharded-slab v0.1.7
[INFO] [stderr]     Checking clap_builder v4.6.6
[INFO] [stderr]     Checking tracing-log v0.2.0
[INFO] [stderr]     Checking thread_local v1.1.10
[INFO] [stderr]    Compiling tree-sitter v0.25.10
[INFO] [stderr]     Checking nu-ansi-term v0.50.3
[INFO] [stderr]    Compiling async-stream-impl v0.3.6
[INFO] [stderr]    Compiling serde_derive v1.0.229
[INFO] [stderr]    Compiling zerovec-derive v0.11.6
[INFO] [stderr]    Compiling displaydoc v0.2.7
[INFO] [stderr]    Compiling futures-macro v0.3.34
[INFO] [stderr]    Compiling tokio-macros v2.7.2
[INFO] [stderr]    Compiling thiserror-impl v2.0.20
[INFO] [stderr]     Checking zerotrie v0.2.5
[INFO] [stderr]     Checking zerovec v0.11.8
[INFO] [stderr]     Checking regex v1.13.1
[INFO] [stderr]    Compiling futures-executor v0.3.34
[INFO] [stderr]    Compiling async-trait v0.1.92
[INFO] [stderr]     Checking matchers v0.2.0
[INFO] [stderr]     Checking tinystr v0.8.4
[INFO] [stderr]     Checking potential_utf v0.1.6
[INFO] [stderr]     Checking icu_collections v2.3.0
[INFO] [stderr]    Compiling clap_derive v4.6.4
[INFO] [stderr]     Checking tracing-subscriber v0.3.23
[INFO] [stderr]     Checking icu_locale_core v2.3.0
[INFO] [stderr]     Checking async-stream v0.3.6
[INFO] [stderr]     Checking thiserror v2.0.20
[INFO] [stderr]     Checking icu_provider v2.3.1
[INFO] [stderr]    Compiling tokio-stream v0.1.19
[INFO] [stderr]     Checking icu_properties v2.3.0
[INFO] [stderr]     Checking icu_normalizer v2.3.0
[INFO] [stderr]     Checking clap v4.6.6
[INFO] [stderr]     Checking futures v0.3.34
[INFO] [stderr]     Checking bytes v1.12.1
[INFO] [stderr]     Checking serde_urlencoded v0.7.1
[INFO] [stderr]     Checking chrono v0.4.45
[INFO] [stderr]     Checking hashbrown v0.15.5
[INFO] [stderr]     Checking either v1.18.0
[INFO] [stderr]     Checking zstd v0.13.3
[INFO] [stderr]     Checking idna_adapter v1.2.2
[INFO] [stderr]     Checking idna v1.1.0
[INFO] [stderr]     Checking http v1.5.0
[INFO] [stderr]     Checking buffa v0.9.1
[INFO] [stderr]     Checking hashlink v0.10.0
[INFO] [stderr]     Checking url v2.5.8
[INFO] [stderr]     Checking aegis-domain v0.2.0 (/opt/rustwide/workdir/crates/domain)
[INFO] [stderr]     Checking http-body v1.1.0
[INFO] [stderr]     Checking http-body-util v0.1.5
[INFO] [stderr]     Checking axum-core v0.5.6
[INFO] [stderr]    Compiling sqlx-core v0.8.6
[INFO] [stderr]     Checking buffa-types v0.9.1
[INFO] [stderr]    Compiling sqlx-sqlite v0.8.6
[INFO] [stderr]     Checking tokio-util v0.7.19
[INFO] [stderr]     Checking h2 v0.4.19
[INFO] [stderr]     Checking tower v0.5.3
[INFO] [stderr]     Checking tower-http v0.6.11
[INFO] [stderr]    Compiling sqlx-macros-core v0.8.6
[INFO] [stderr]     Checking hyper v1.11.1
[INFO] [stderr]    Compiling sqlx-macros v0.8.6
[INFO] [stderr]     Checking sqlx v0.8.6
[INFO] [stderr]     Checking rustls-webpki v0.103.15
[INFO] [stderr]     Checking hyper-util v0.1.20
[INFO] [stderr]     Checking axum v0.8.9
[INFO] [stderr]     Checking tokio-rustls v0.26.5
[INFO] [stderr]     Checking hyper-rustls v0.27.9
[INFO] [stderr]     Checking reqwest v0.12.28
[INFO] [stderr]     Checking aegis-application v0.2.0 (/opt/rustwide/workdir/crates/application)
[INFO] [stdout] error: AegisAudit supports Windows x64 only.
[INFO] [stdout]  --> crates/application/src/lib.rs:2:1
[INFO] [stdout]   |
[INFO] [stdout] 2 | compile_error!("AegisAudit supports Windows x64 only.");
[INFO] [stdout]   | ^^^^^^^^^^^^^^^^^^^^^^^^^^^^^^^^^^^^^^^^^^^^^^^^^^^^^^^
[INFO] [stdout] 
[INFO] [stdout] 
[INFO] [stdout] error[E0433]: cannot find module or crate `windows_sys` in this scope
[INFO] [stdout]  --> crates/application/src/credentials.rs:3:5
[INFO] [stdout]   |
[INFO] [stdout] 3 | use windows_sys::Win32::{
[INFO] [stdout]   |     ^^^^^^^^^^^ use of unresolved module or unlinked crate `windows_sys`
[INFO] [stdout]   |
[INFO] [stdout]   = help: if you wanted to use a crate named `windows_sys`, use `cargo add windows_sys` to add it to your `Cargo.toml`
[INFO] [stdout] 
[INFO] [stdout] 
[INFO] [stdout] error[E0433]: cannot find module or crate `windows_sys` in this scope
[INFO] [stdout]  --> crates/application/src/windows_job.rs:4:5
[INFO] [stdout]   |
[INFO] [stdout] 4 | use windows_sys::Win32::{
[INFO] [stdout]   |     ^^^^^^^^^^^ use of unresolved module or unlinked crate `windows_sys`
[INFO] [stdout]   |
[INFO] [stdout]   = help: if you wanted to use a crate named `windows_sys`, use `cargo add windows_sys` to add it to your `Cargo.toml`
[INFO] [stdout] 
[INFO] [stdout] 
[INFO] [stdout] error[E0432]: unresolved imports `windows_sys::Win32::Foundation::CloseHandle`, `windows_sys::Win32::Foundation::ERROR_FILE_NOT_FOUND`, `windows_sys::Win32::Foundation::HANDLE`, `windows_sys::Win32::System::JobObjects::*`, `windows_sys::Win32::System::Registry::*`, `windows_sys::Win32::System::SystemServices::JOB_OBJECT_QUERY`, `windows_sys::Win32::System::Threading::GetCurrentProcess`
[INFO] [stdout]  --> crates/application/src/windows_job.rs:5:18
[INFO] [stdout]   |
[INFO] [stdout] 5 |     Foundation::{CloseHandle, ERROR_FILE_NOT_FOUND, HANDLE},
[INFO] [stdout]   |                  ^^^^^^^^^^^  ^^^^^^^^^^^^^^^^^^^^  ^^^^^^
[INFO] [stdout] 6 |     System::{
[INFO] [stdout] 7 |         JobObjects::*, Registry::*, SystemServices::JOB_OBJECT_QUERY, Threading::GetCurrentProcess,
[INFO] [stdout]   |         ^^^^^^^^^^^^^  ^^^^^^^^^^^  ^^^^^^^^^^^^^^^^^^^^^^^^^^^^^^^^  ^^^^^^^^^^^^^^^^^^^^^^^^^^^^
[INFO] [stdout] 
[INFO] [stdout] 
[INFO] [stdout] error[E0425]: cannot find type `JOBOBJECT_EXTENDED_LIMIT_INFORMATION` in this scope
[INFO] [stdout]   --> crates/application/src/windows_job.rs:42:19
[INFO] [stdout]    |
[INFO] [stdout] 42 |     let mut info: JOBOBJECT_EXTENDED_LIMIT_INFORMATION = unsafe { std::mem::zeroed() };
[INFO] [stdout]    |                   ^^^^^^^^^^^^^^^^^^^^^^^^^^^^^^^^^^^^ not found in this scope
[INFO] [stdout] 
[INFO] [stdout] 
[INFO] [stdout] error[E0425]: cannot find value `JobObjectExtendedLimitInformation` in this scope
[INFO] [stdout]   --> crates/application/src/windows_job.rs:47:17
[INFO] [stdout]    |
[INFO] [stdout] 47 |                 JobObjectExtendedLimitInformation,
[INFO] [stdout]    |                 ^^^^^^^^^^^^^^^^^^^^^^^^^^^^^^^^^ not found in this scope
[INFO] [stdout] 
[INFO] [stdout] 
[INFO] [stdout] error[E0425]: cannot find type `JOBOBJECT_EXTENDED_LIMIT_INFORMATION` in this scope
[INFO] [stdout]   --> crates/application/src/windows_job.rs:48:36
[INFO] [stdout]    |
[INFO] [stdout] 48 |                 (&mut info as *mut JOBOBJECT_EXTENDED_LIMIT_INFORMATION).cast(),
[INFO] [stdout]    |                                    ^^^^^^^^^^^^^^^^^^^^^^^^^^^^^^^^^^^^ not found in this scope
[INFO] [stdout] 
[INFO] [stdout] 
[INFO] [stdout] error[E0425]: cannot find value `JOB_OBJECT_LIMIT_KILL_ON_JOB_CLOSE` in this scope
[INFO] [stdout]   --> crates/application/src/windows_job.rs:56:49
[INFO] [stdout]    |
[INFO] [stdout] 56 |         info.BasicLimitInformation.LimitFlags & JOB_OBJECT_LIMIT_KILL_ON_JOB_CLOSE != 0,
[INFO] [stdout]    |                                                 ^^^^^^^^^^^^^^^^^^^^^^^^^^^^^^^^^^ not found in this scope
[INFO] [stdout] 
[INFO] [stdout] 
[INFO] [stdout] error[E0425]: cannot find value `HKEY_LOCAL_MACHINE` in this scope
[INFO] [stdout]   --> crates/application/src/windows_job.rs:84:17
[INFO] [stdout]    |
[INFO] [stdout] 84 |                 HKEY_LOCAL_MACHINE,
[INFO] [stdout]    |                 ^^^^^^^^^^^^^^^^^^ not found in this scope
[INFO] [stdout] 
[INFO] [stdout] 
[INFO] [stdout] error[E0425]: cannot find value `RRF_RT_REG_SZ` in this scope
[INFO] [stdout]   --> crates/application/src/windows_job.rs:87:17
[INFO] [stdout]    |
[INFO] [stdout] 87 |                 RRF_RT_REG_SZ | RRF_SUBKEY_WOW6464KEY,
[INFO] [stdout]    |                 ^^^^^^^^^^^^^ not found in this scope
[INFO] [stdout] 
[INFO] [stdout] 
[INFO] [stdout] error[E0425]: cannot find value `RRF_SUBKEY_WOW6464KEY` in this scope
[INFO] [stdout]   --> crates/application/src/windows_job.rs:87:33
[INFO] [stdout]    |
[INFO] [stdout] 87 |                 RRF_RT_REG_SZ | RRF_SUBKEY_WOW6464KEY,
[INFO] [stdout]    |                                 ^^^^^^^^^^^^^^^^^^^^^ not found in this scope
[INFO] [stdout] 
[INFO] [stdout] 
[INFO] [stdout] error[E0425]: cannot find type `JOBOBJECT_BASIC_ACCOUNTING_INFORMATION` in this scope
[INFO] [stdout]    --> crates/application/src/windows_job.rs:145:19
[INFO] [stdout]     |
[INFO] [stdout] 145 |     let mut info: JOBOBJECT_BASIC_ACCOUNTING_INFORMATION = unsafe { std::mem::zeroed() };
[INFO] [stdout]     |                   ^^^^^^^^^^^^^^^^^^^^^^^^^^^^^^^^^^^^^^ not found in this scope
[INFO] [stdout] 
[INFO] [stdout] 
[INFO] [stdout] error[E0425]: cannot find value `JobObjectBasicAccountingInformation` in this scope
[INFO] [stdout]    --> crates/application/src/windows_job.rs:150:17
[INFO] [stdout]     |
[INFO] [stdout] 150 |                 JobObjectBasicAccountingInformation,
[INFO] [stdout]     |                 ^^^^^^^^^^^^^^^^^^^^^^^^^^^^^^^^^^^ not found in this scope
[INFO] [stdout] 
[INFO] [stdout] 
[INFO] [stdout] error[E0425]: cannot find type `JOBOBJECT_BASIC_ACCOUNTING_INFORMATION` in this scope
[INFO] [stdout]    --> crates/application/src/windows_job.rs:151:36
[INFO] [stdout]     |
[INFO] [stdout] 151 |                 (&mut info as *mut JOBOBJECT_BASIC_ACCOUNTING_INFORMATION).cast(),
[INFO] [stdout]     |                                    ^^^^^^^^^^^^^^^^^^^^^^^^^^^^^^^^^^^^^^ not found in this scope
[INFO] [stdout] 
[INFO] [stdout] 
[INFO] [stdout] warning: unused import: `Child`
[INFO] [stdout]  --> crates/application/src/process.rs:5:15
[INFO] [stdout]   |
[INFO] [stdout] 5 |     process::{Child, Command},
[INFO] [stdout]   |               ^^^^^
[INFO] [stdout]   |
[INFO] [stdout]   = note: `#[warn(unused_imports)]` (part of `#[warn(unused)]`) on by default
[INFO] [stdout] 
[INFO] [stdout] 
[INFO] [stdout] error[E0433]: cannot find type `ProcessGroup` in this scope
[INFO] [stdout]    --> crates/application/src/process.rs:222:23
[INFO] [stdout]     |
[INFO] [stdout] 222 |     let group = match ProcessGroup::new(&child) {
[INFO] [stdout]     |                       ^^^^^^^^^^^^ use of undeclared type `ProcessGroup`
[INFO] [stdout] 
[INFO] [stdout] 
[INFO] [stdout] warning: method call on a diverging inference variable
[INFO] [stdout]    --> crates/application/src/process.rs:255:72
[INFO] [stdout]     |
[INFO] [stdout] 255 | ...   _ = cancel.cancelled() => { output.cancelled = true; group.terminate(); output.exit_code = child.wait().await?.code(); break; }
[INFO] [stdout]     |                                                                  ^^^^^^^^^
[INFO] [stdout]     |
[INFO] [stdout]     = help: consider providing a type annotation
[INFO] [stdout]     = warning: this was previously accepted by the compiler but is being phased out; it will become a hard error in a future release!
[INFO] [stdout]     = note: for more information, see issue #156047 <https://github.com/rust-lang/rust/issues/156047>
[INFO] [stdout]     = note: `#[warn(method_call_on_diverging_infer_var)]` (part of `#[warn(future_incompatible)]`) on by default
[INFO] [stdout] 
[INFO] [stdout] 
[INFO] [stderr]     Checking connectrpc v0.9.0
[INFO] [stdout] error[E0599]: no method named `terminate` found for type `!` in the current scope
[INFO] [stdout]    --> crates/application/src/process.rs:255:72
[INFO] [stdout]     |
[INFO] [stdout] 255 | ...   _ = cancel.cancelled() => { output.cancelled = true; group.terminate(); output.exit_code = child.wait().await?.code(); break; }
[INFO] [stdout]     |                                                                  ^^^^^^^^^ method not found in `!`
[INFO] [stdout] 
[INFO] [stdout] 
[INFO] [stdout] error[E0599]: no method named `terminate` found for type `!` in the current scope
[INFO] [stdout]    --> crates/application/src/process.rs:256:67
[INFO] [stdout]     |
[INFO] [stdout] 256 |             _ = &mut deadline => { output.timed_out = true; group.terminate(); output.exit_code = child.wait().await?.code(); break; }
[INFO] [stdout]     |                                                                   ^^^^^^^^^ method not found in `!`
[INFO] [stdout] 
[INFO] [stdout] 
[INFO] [stdout] warning: unreachable call
[INFO] [stdout]    --> crates/application/src/process.rs:256:67
[INFO] [stdout]     |
[INFO] [stdout] 256 |             _ = &mut deadline => { output.timed_out = true; group.terminate(); output.exit_code = child.wait().await?.code(); break; }
[INFO] [stdout]     |                                                             ----- ^^^^^^^^^ unreachable call
[INFO] [stdout]     |                                                             |
[INFO] [stdout]     |                                                             any code following this expression is unreachable
[INFO] [stdout]     |
[INFO] [stdout]     = note: `#[warn(unreachable_code)]` (part of `#[warn(unused)]`) on by default
[INFO] [stdout] 
[INFO] [stdout] 
[INFO] [stdout] error[E0599]: no method named `terminate` found for type `!` in the current scope
[INFO] [stdout]    --> crates/application/src/process.rs:259:11
[INFO] [stdout]     |
[INFO] [stdout] 259 |     group.terminate();
[INFO] [stdout]     |           ^^^^^^^^^ method not found in `!`
[INFO] [stdout] 
[INFO] [stdout] 
[INFO] [stdout] warning: unreachable call
[INFO] [stdout]    --> crates/application/src/process.rs:259:11
[INFO] [stdout]     |
[INFO] [stdout] 259 |     group.terminate();
[INFO] [stdout]     |     ----- ^^^^^^^^^ unreachable call
[INFO] [stdout]     |     |
[INFO] [stdout]     |     any code following this expression is unreachable
[INFO] [stdout] 
[INFO] [stdout] 
[INFO] [stdout] error[E0599]: no method named `empty` found for type `!` in the current scope
[INFO] [stdout]    --> crates/application/src/process.rs:261:18
[INFO] [stdout]     |
[INFO] [stdout] 261 |         if group.empty() {
[INFO] [stdout]     |                  ^^^^^ method not found in `!`
[INFO] [stdout] 
[INFO] [stdout] 
[INFO] [stdout] warning: unreachable call
[INFO] [stdout]    --> crates/application/src/process.rs:261:18
[INFO] [stdout]     |
[INFO] [stdout] 261 |         if group.empty() {
[INFO] [stdout]     |            ----- ^^^^^ unreachable call
[INFO] [stdout]     |            |
[INFO] [stdout]     |            any code following this expression is unreachable
[INFO] [stdout] 
[INFO] [stdout] 
[INFO] [stdout] error: AegisAudit supports Windows x64 only.
[INFO] [stdout]  --> crates/application/src/lib.rs:2:1
[INFO] [stdout]   |
[INFO] [stdout] 2 | compile_error!("AegisAudit supports Windows x64 only.");
[INFO] [stdout]   | ^^^^^^^^^^^^^^^^^^^^^^^^^^^^^^^^^^^^^^^^^^^^^^^^^^^^^^^
[INFO] [stdout] 
[INFO] [stdout] 
[INFO] [stdout] error[E0433]: cannot find `windows` in `os`
[INFO] [stdout]    --> crates/application/src/windows_job.rs:169:13
[INFO] [stdout]     |
[INFO] [stdout] 169 |         os::windows::io::AsRawHandle,
[INFO] [stdout]     |             ^^^^^^^ could not find `windows` in `os`
[INFO] [stdout]     |
[INFO] [stdout] note: found an item that was configured out
[INFO] [stdout]    --> /rustc/3154cc1a3e6424e44f438a95007d043ed5ceaaf6/library/std/src/os/mod.rs:62:4
[INFO] [stdout]     |
[INFO] [stdout]     = note: the item is gated behind the `windows` feature
[INFO] [stdout] 
[INFO] [stdout] 
[INFO] [stdout] error[E0433]: cannot find module or crate `windows_sys` in this scope
[INFO] [stdout]  --> crates/application/src/credentials.rs:3:5
[INFO] [stdout]   |
[INFO] [stdout] 3 | use windows_sys::Win32::{
[INFO] [stdout]   |     ^^^^^^^^^^^ use of unresolved module or unlinked crate `windows_sys`
[INFO] [stdout]   |
[INFO] [stdout]   = help: if you wanted to use a crate named `windows_sys`, use `cargo add windows_sys` to add it to your `Cargo.toml`
[INFO] [stdout] 
[INFO] [stdout] 
[INFO] [stdout] error[E0433]: cannot find module or crate `windows_sys` in this scope
[INFO] [stdout]    --> crates/application/src/credentials.rs:103:9
[INFO] [stdout]     |
[INFO] [stdout] 103 |     use windows_sys::Win32::Security::Cryptography::CryptProtectData;
[INFO] [stdout]     |         ^^^^^^^^^^^ use of unresolved module or unlinked crate `windows_sys`
[INFO] [stdout]     |
[INFO] [stdout]     = help: if you wanted to use a crate named `windows_sys`, use `cargo add windows_sys` to add it to your `Cargo.toml`
[INFO] [stdout] 
[INFO] [stdout] 
[INFO] [stdout] error[E0433]: cannot find module or crate `windows_sys` in this scope
[INFO] [stdout]  --> crates/application/src/windows_job.rs:4:5
[INFO] [stdout]   |
[INFO] [stdout] 4 | use windows_sys::Win32::{
[INFO] [stdout]   |     ^^^^^^^^^^^ use of unresolved module or unlinked crate `windows_sys`
[INFO] [stdout]   |
[INFO] [stdout]   = help: if you wanted to use a crate named `windows_sys`, use `cargo add windows_sys` to add it to your `Cargo.toml`
[INFO] [stdout] 
[INFO] [stdout] 
[INFO] [stdout] error[E0432]: unresolved imports `windows_sys::Win32::Foundation::CloseHandle`, `windows_sys::Win32::Foundation::ERROR_FILE_NOT_FOUND`, `windows_sys::Win32::Foundation::HANDLE`, `windows_sys::Win32::System::JobObjects::*`, `windows_sys::Win32::System::Registry::*`, `windows_sys::Win32::System::SystemServices::JOB_OBJECT_QUERY`, `windows_sys::Win32::System::Threading::GetCurrentProcess`
[INFO] [stdout]  --> crates/application/src/windows_job.rs:5:18
[INFO] [stdout]   |
[INFO] [stdout] 5 |     Foundation::{CloseHandle, ERROR_FILE_NOT_FOUND, HANDLE},
[INFO] [stdout]   |                  ^^^^^^^^^^^  ^^^^^^^^^^^^^^^^^^^^  ^^^^^^
[INFO] [stdout] 6 |     System::{
[INFO] [stdout] 7 |         JobObjects::*, Registry::*, SystemServices::JOB_OBJECT_QUERY, Threading::GetCurrentProcess,
[INFO] [stdout]   |         ^^^^^^^^^^^^^  ^^^^^^^^^^^  ^^^^^^^^^^^^^^^^^^^^^^^^^^^^^^^^  ^^^^^^^^^^^^^^^^^^^^^^^^^^^^
[INFO] [stdout] 
[INFO] [stdout] 
[INFO] [stdout] error[E0425]: cannot find function, tuple struct or tuple variant `OpenJobObjectW` in this scope
[INFO] [stdout]   --> crates/application/src/windows_job.rs:30:27
[INFO] [stdout]    |
[INFO] [stdout] 30 |     let handle = unsafe { OpenJobObjectW(JOB_OBJECT_QUERY, 0, name.as_ptr()) };
[INFO] [stdout]    |                           ^^^^^^^^^^^^^^ not found in this scope
[INFO] [stdout] 
[INFO] [stdout] 
[INFO] [stdout] error[E0425]: cannot find function, tuple struct or tuple variant `QueryInformationJobObject` in this scope
[INFO] [stdout]   --> crates/application/src/windows_job.rs:45:13
[INFO] [stdout]    |
[INFO] [stdout] 45 |             QueryInformationJobObject(
[INFO] [stdout]    |             ^^^^^^^^^^^^^^^^^^^^^^^^^ not found in this scope
[INFO] [stdout] 
[INFO] [stdout] 
[INFO] [stdout] error[E0425]: cannot find function, tuple struct or tuple variant `IsProcessInJob` in this scope
[INFO] [stdout]   --> crates/application/src/windows_job.rs:67:18
[INFO] [stdout]    |
[INFO] [stdout] 67 |         unsafe { IsProcessInJob(GetCurrentProcess(), job.0, &mut member) } != 0 && member != 0,
[INFO] [stdout]    |                  ^^^^^^^^^^^^^^ not found in this scope
[INFO] [stdout] 
[INFO] [stdout] 
[INFO] [stdout] error[E0425]: cannot find function, tuple struct or tuple variant `RegGetValueW` in this scope
[INFO] [stdout]   --> crates/application/src/windows_job.rs:83:13
[INFO] [stdout]    |
[INFO] [stdout] 83 |             RegGetValueW(
[INFO] [stdout]    |             ^^^^^^^^^^^^ not found in this scope
[INFO] [stdout] 
[INFO] [stdout] 
[INFO] [stdout] error[E0425]: cannot find function, tuple struct or tuple variant `QueryInformationJobObject` in this scope
[INFO] [stdout]    --> crates/application/src/windows_job.rs:148:13
[INFO] [stdout]     |
[INFO] [stdout] 148 |             QueryInformationJobObject(
[INFO] [stdout]     |             ^^^^^^^^^^^^^^^^^^^^^^^^^ not found in this scope
[INFO] [stdout] 
[INFO] [stdout] 
[INFO] [stdout] error[E0425]: cannot find type `JOBOBJECT_EXTENDED_LIMIT_INFORMATION` in this scope
[INFO] [stdout]   --> crates/application/src/windows_job.rs:42:19
[INFO] [stdout]    |
[INFO] [stdout] 42 |     let mut info: JOBOBJECT_EXTENDED_LIMIT_INFORMATION = unsafe { std::mem::zeroed() };
[INFO] [stdout]    |                   ^^^^^^^^^^^^^^^^^^^^^^^^^^^^^^^^^^^^ not found in this scope
[INFO] [stdout] 
[INFO] [stdout] 
[INFO] [stdout] error[E0425]: cannot find value `JobObjectExtendedLimitInformation` in this scope
[INFO] [stdout]   --> crates/application/src/windows_job.rs:47:17
[INFO] [stdout]    |
[INFO] [stdout] 47 |                 JobObjectExtendedLimitInformation,
[INFO] [stdout]    |                 ^^^^^^^^^^^^^^^^^^^^^^^^^^^^^^^^^ not found in this scope
[INFO] [stdout] 
[INFO] [stdout] 
[INFO] [stdout] error[E0425]: cannot find type `JOBOBJECT_EXTENDED_LIMIT_INFORMATION` in this scope
[INFO] [stdout]   --> crates/application/src/windows_job.rs:48:36
[INFO] [stdout]    |
[INFO] [stdout] 48 |                 (&mut info as *mut JOBOBJECT_EXTENDED_LIMIT_INFORMATION).cast(),
[INFO] [stdout]    |                                    ^^^^^^^^^^^^^^^^^^^^^^^^^^^^^^^^^^^^ not found in this scope
[INFO] [stdout] 
[INFO] [stdout] 
[INFO] [stdout] error[E0425]: cannot find value `JOB_OBJECT_LIMIT_KILL_ON_JOB_CLOSE` in this scope
[INFO] [stdout]   --> crates/application/src/windows_job.rs:56:49
[INFO] [stdout]    |
[INFO] [stdout] 56 |         info.BasicLimitInformation.LimitFlags & JOB_OBJECT_LIMIT_KILL_ON_JOB_CLOSE != 0,
[INFO] [stdout]    |                                                 ^^^^^^^^^^^^^^^^^^^^^^^^^^^^^^^^^^ not found in this scope
[INFO] [stdout] 
[INFO] [stdout] 
[INFO] [stdout] error[E0425]: cannot find value `HKEY_LOCAL_MACHINE` in this scope
[INFO] [stdout]   --> crates/application/src/windows_job.rs:84:17
[INFO] [stdout]    |
[INFO] [stdout] 84 |                 HKEY_LOCAL_MACHINE,
[INFO] [stdout]    |                 ^^^^^^^^^^^^^^^^^^ not found in this scope
[INFO] [stdout] 
[INFO] [stdout] 
[INFO] [stdout] error[E0425]: cannot find value `RRF_RT_REG_SZ` in this scope
[INFO] [stdout]   --> crates/application/src/windows_job.rs:87:17
[INFO] [stdout]    |
[INFO] [stdout] 87 |                 RRF_RT_REG_SZ | RRF_SUBKEY_WOW6464KEY,
[INFO] [stdout]    |                 ^^^^^^^^^^^^^ not found in this scope
[INFO] [stdout] 
[INFO] [stdout] 
[INFO] [stdout] error[E0425]: cannot find value `RRF_SUBKEY_WOW6464KEY` in this scope
[INFO] [stdout]   --> crates/application/src/windows_job.rs:87:33
[INFO] [stdout]    |
[INFO] [stdout] 87 |                 RRF_RT_REG_SZ | RRF_SUBKEY_WOW6464KEY,
[INFO] [stdout]    |                                 ^^^^^^^^^^^^^^^^^^^^^ not found in this scope
[INFO] [stdout] 
[INFO] [stdout] 
[INFO] [stdout] error[E0425]: cannot find type `JOBOBJECT_BASIC_ACCOUNTING_INFORMATION` in this scope
[INFO] [stdout]    --> crates/application/src/windows_job.rs:145:19
[INFO] [stdout]     |
[INFO] [stdout] 145 |     let mut info: JOBOBJECT_BASIC_ACCOUNTING_INFORMATION = unsafe { std::mem::zeroed() };
[INFO] [stdout]     |                   ^^^^^^^^^^^^^^^^^^^^^^^^^^^^^^^^^^^^^^ not found in this scope
[INFO] [stdout] 
[INFO] [stdout] 
[INFO] [stdout] error[E0425]: cannot find value `JobObjectBasicAccountingInformation` in this scope
[INFO] [stdout]    --> crates/application/src/windows_job.rs:150:17
[INFO] [stdout]     |
[INFO] [stdout] 150 |                 JobObjectBasicAccountingInformation,
[INFO] [stdout]     |                 ^^^^^^^^^^^^^^^^^^^^^^^^^^^^^^^^^^^ not found in this scope
[INFO] [stdout] 
[INFO] [stdout] 
[INFO] [stdout] error[E0425]: cannot find type `JOBOBJECT_BASIC_ACCOUNTING_INFORMATION` in this scope
[INFO] [stdout]    --> crates/application/src/windows_job.rs:151:36
[INFO] [stdout]     |
[INFO] [stdout] 151 |                 (&mut info as *mut JOBOBJECT_BASIC_ACCOUNTING_INFORMATION).cast(),
[INFO] [stdout]     |                                    ^^^^^^^^^^^^^^^^^^^^^^^^^^^^^^^^^^^^^^ not found in this scope
[INFO] [stdout] 
[INFO] [stdout] 
[INFO] [stdout] error[E0425]: cannot find type `JOBOBJECT_EXTENDED_LIMIT_INFORMATION` in this scope
[INFO] [stdout]    --> crates/application/src/windows_job.rs:184:25
[INFO] [stdout]     |
[INFO] [stdout] 184 |         let mut limits: JOBOBJECT_EXTENDED_LIMIT_INFORMATION = unsafe { std::mem::zeroed() };
[INFO] [stdout]     |                         ^^^^^^^^^^^^^^^^^^^^^^^^^^^^^^^^^^^^ not found in this scope
[INFO] [stdout] 
[INFO] [stdout] 
[INFO] [stdout] error[E0425]: cannot find value `JOB_OBJECT_LIMIT_KILL_ON_JOB_CLOSE` in this scope
[INFO] [stdout]    --> crates/application/src/windows_job.rs:185:51
[INFO] [stdout]     |
[INFO] [stdout] 185 |         limits.BasicLimitInformation.LimitFlags = JOB_OBJECT_LIMIT_KILL_ON_JOB_CLOSE;
[INFO] [stdout]     |                                                   ^^^^^^^^^^^^^^^^^^^^^^^^^^^^^^^^^^ not found in this scope
[INFO] [stdout] 
[INFO] [stdout] 
[INFO] [stdout] error[E0425]: cannot find value `JobObjectExtendedLimitInformation` in this scope
[INFO] [stdout]    --> crates/application/src/windows_job.rs:190:21
[INFO] [stdout]     |
[INFO] [stdout] 190 |                     JobObjectExtendedLimitInformation,
[INFO] [stdout]     |                     ^^^^^^^^^^^^^^^^^^^^^^^^^^^^^^^^^ not found in this scope
[INFO] [stdout] 
[INFO] [stdout] 
[INFO] [stdout] error[E0425]: cannot find type `JOBOBJECT_EXTENDED_LIMIT_INFORMATION` in this scope
[INFO] [stdout]    --> crates/application/src/windows_job.rs:191:40
[INFO] [stdout]     |
[INFO] [stdout] 191 |                     (&limits as *const JOBOBJECT_EXTENDED_LIMIT_INFORMATION).cast(),
[INFO] [stdout]     |                                        ^^^^^^^^^^^^^^^^^^^^^^^^^^^^^^^^^^^^ not found in this scope
[INFO] [stdout] 
[INFO] [stdout] 
[INFO] [stdout] warning: unused import: `Child`
[INFO] [stdout]  --> crates/application/src/process.rs:5:15
[INFO] [stdout]   |
[INFO] [stdout] 5 |     process::{Child, Command},
[INFO] [stdout]   |               ^^^^^
[INFO] [stdout]   |
[INFO] [stdout]   = note: `#[warn(unused_imports)]` (part of `#[warn(unused)]`) on by default
[INFO] [stdout] 
[INFO] [stdout] 
[INFO] [stdout] error[E0433]: cannot find type `ProcessGroup` in this scope
[INFO] [stdout]    --> crates/application/src/process.rs:222:23
[INFO] [stdout]     |
[INFO] [stdout] 222 |     let group = match ProcessGroup::new(&child) {
[INFO] [stdout]     |                       ^^^^^^^^^^^^ use of undeclared type `ProcessGroup`
[INFO] [stdout] 
[INFO] [stdout] 
[INFO] [stdout] warning: method call on a diverging inference variable
[INFO] [stdout]    --> crates/application/src/process.rs:255:72
[INFO] [stdout]     |
[INFO] [stdout] 255 | ...   _ = cancel.cancelled() => { output.cancelled = true; group.terminate(); output.exit_code = child.wait().await?.code(); break; }
[INFO] [stdout]     |                                                                  ^^^^^^^^^
[INFO] [stdout]     |
[INFO] [stdout]     = help: consider providing a type annotation
[INFO] [stdout]     = warning: this was previously accepted by the compiler but is being phased out; it will become a hard error in a future release!
[INFO] [stdout]     = note: for more information, see issue #156047 <https://github.com/rust-lang/rust/issues/156047>
[INFO] [stdout]     = note: `#[warn(method_call_on_diverging_infer_var)]` (part of `#[warn(future_incompatible)]`) on by default
[INFO] [stdout] 
[INFO] [stdout] 
[INFO] [stdout] error[E0599]: no method named `terminate` found for type `!` in the current scope
[INFO] [stdout]    --> crates/application/src/process.rs:255:72
[INFO] [stdout]     |
[INFO] [stdout] 255 | ...   _ = cancel.cancelled() => { output.cancelled = true; group.terminate(); output.exit_code = child.wait().await?.code(); break; }
[INFO] [stdout]     |                                                                  ^^^^^^^^^ method not found in `!`
[INFO] [stdout] 
[INFO] [stdout] 
[INFO] [stdout] error[E0599]: no method named `terminate` found for type `!` in the current scope
[INFO] [stdout]    --> crates/application/src/process.rs:256:67
[INFO] [stdout]     |
[INFO] [stdout] 256 |             _ = &mut deadline => { output.timed_out = true; group.terminate(); output.exit_code = child.wait().await?.code(); break; }
[INFO] [stdout]     |                                                                   ^^^^^^^^^ method not found in `!`
[INFO] [stdout] 
[INFO] [stdout] 
[INFO] [stdout] warning: unreachable call
[INFO] [stdout]    --> crates/application/src/process.rs:256:67
[INFO] [stdout]     |
[INFO] [stdout] 256 |             _ = &mut deadline => { output.timed_out = true; group.terminate(); output.exit_code = child.wait().await?.code(); break; }
[INFO] [stdout]     |                                                             ----- ^^^^^^^^^ unreachable call
[INFO] [stdout]     |                                                             |
[INFO] [stdout]     |                                                             any code following this expression is unreachable
[INFO] [stdout]     |
[INFO] [stdout]     = note: `#[warn(unreachable_code)]` (part of `#[warn(unused)]`) on by default
[INFO] [stdout] 
[INFO] [stdout] 
[INFO] [stdout] error[E0599]: no method named `terminate` found for type `!` in the current scope
[INFO] [stdout]    --> crates/application/src/process.rs:259:11
[INFO] [stdout]     |
[INFO] [stdout] 259 |     group.terminate();
[INFO] [stdout]     |           ^^^^^^^^^ method not found in `!`
[INFO] [stdout] 
[INFO] [stdout] 
[INFO] [stdout] warning: unreachable call
[INFO] [stdout]    --> crates/application/src/process.rs:259:11
[INFO] [stdout]     |
[INFO] [stdout] 259 |     group.terminate();
[INFO] [stdout]     |     ----- ^^^^^^^^^ unreachable call
[INFO] [stdout]     |     |
[INFO] [stdout]     |     any code following this expression is unreachable
[INFO] [stdout] 
[INFO] [stdout] 
[INFO] [stdout] error[E0599]: no method named `empty` found for type `!` in the current scope
[INFO] [stdout]    --> crates/application/src/process.rs:261:18
[INFO] [stdout]     |
[INFO] [stdout] 261 |         if group.empty() {
[INFO] [stdout]     |                  ^^^^^ method not found in `!`
[INFO] [stdout] 
[INFO] [stdout] 
[INFO] [stdout] warning: unreachable call
[INFO] [stdout]    --> crates/application/src/process.rs:261:18
[INFO] [stdout]     |
[INFO] [stdout] 261 |         if group.empty() {
[INFO] [stdout]     |            ----- ^^^^^ unreachable call
[INFO] [stdout]     |            |
[INFO] [stdout]     |            any code following this expression is unreachable
[INFO] [stdout] 
[INFO] [stdout] 
[INFO] [stdout] Some errors have detailed explanations: E0425, E0432, E0433, E0599.
[INFO] [stdout] 
[INFO] [stdout] For more information about an error, try `rustc --explain E0425`.
[INFO] [stdout] 
[INFO] [stderr] error: could not compile `aegis-application` (lib) due to 24 previous errors; 6 warnings emitted
[INFO] [stderr] warning: build failed, waiting for other jobs to finish...
[INFO] [stdout] error[E0425]: cannot find function, tuple struct or tuple variant `OpenJobObjectW` in this scope
[INFO] [stdout]   --> crates/application/src/windows_job.rs:30:27
[INFO] [stdout]    |
[INFO] [stdout] 30 |     let handle = unsafe { OpenJobObjectW(JOB_OBJECT_QUERY, 0, name.as_ptr()) };
[INFO] [stdout]    |                           ^^^^^^^^^^^^^^ not found in this scope
[INFO] [stdout] 
[INFO] [stdout] 
[INFO] [stdout] error[E0425]: cannot find function, tuple struct or tuple variant `QueryInformationJobObject` in this scope
[INFO] [stdout]   --> crates/application/src/windows_job.rs:45:13
[INFO] [stdout]    |
[INFO] [stdout] 45 |             QueryInformationJobObject(
[INFO] [stdout]    |             ^^^^^^^^^^^^^^^^^^^^^^^^^ not found in this scope
[INFO] [stdout] 
[INFO] [stdout] 
[INFO] [stdout] error[E0425]: cannot find function, tuple struct or tuple variant `IsProcessInJob` in this scope
[INFO] [stdout]   --> crates/application/src/windows_job.rs:67:18
[INFO] [stdout]    |
[INFO] [stdout] 67 |         unsafe { IsProcessInJob(GetCurrentProcess(), job.0, &mut member) } != 0 && member != 0,
[INFO] [stdout]    |                  ^^^^^^^^^^^^^^ not found in this scope
[INFO] [stdout] 
[INFO] [stdout] 
[INFO] [stdout] error[E0425]: cannot find function, tuple struct or tuple variant `RegGetValueW` in this scope
[INFO] [stdout]   --> crates/application/src/windows_job.rs:83:13
[INFO] [stdout]    |
[INFO] [stdout] 83 |             RegGetValueW(
[INFO] [stdout]    |             ^^^^^^^^^^^^ not found in this scope
[INFO] [stdout] 
[INFO] [stdout] 
[INFO] [stdout] error[E0425]: cannot find function, tuple struct or tuple variant `QueryInformationJobObject` in this scope
[INFO] [stdout]    --> crates/application/src/windows_job.rs:148:13
[INFO] [stdout]     |
[INFO] [stdout] 148 |             QueryInformationJobObject(
[INFO] [stdout]     |             ^^^^^^^^^^^^^^^^^^^^^^^^^ not found in this scope
[INFO] [stdout] 
[INFO] [stdout] 
[INFO] [stdout] error[E0425]: cannot find function, tuple struct or tuple variant `CreateJobObjectW` in this scope
[INFO] [stdout]    --> crates/application/src/windows_job.rs:181:31
[INFO] [stdout]     |
[INFO] [stdout] 181 |         let handle = unsafe { CreateJobObjectW(std::ptr::null(), wide.as_ptr()) };
[INFO] [stdout]     |                               ^^^^^^^^^^^^^^^^ not found in this scope
[INFO] [stdout] 
[INFO] [stdout] 
[INFO] [stdout] error[E0425]: cannot find function, tuple struct or tuple variant `SetInformationJobObject` in this scope
[INFO] [stdout]    --> crates/application/src/windows_job.rs:188:17
[INFO] [stdout]     |
[INFO] [stdout] 188 |                 SetInformationJobObject(
[INFO] [stdout]     |                 ^^^^^^^^^^^^^^^^^^^^^^^ not found in this scope
[INFO] [stdout] 
[INFO] [stdout] 
[INFO] [stdout] error[E0599]: no method named `as_raw_handle` found for struct `std::process::Child` in the current scope
[INFO] [stdout]    --> crates/application/src/windows_job.rs:207:60
[INFO] [stdout]     |
[INFO] [stdout] 207 |             unsafe { AssignProcessToJobObject(job.0, child.as_raw_handle().cast()) },
[INFO] [stdout]     |                                                            ^^^^^^^^^^^^^ method not found in `std::process::Child`
[INFO] [stdout] 
[INFO] [stdout] 
[INFO] [stdout] error[E0425]: cannot find function, tuple struct or tuple variant `AssignProcessToJobObject` in this scope
[INFO] [stdout]    --> crates/application/src/windows_job.rs:207:22
[INFO] [stdout]     |
[INFO] [stdout] 207 |             unsafe { AssignProcessToJobObject(job.0, child.as_raw_handle().cast()) },
[INFO] [stdout]     |                      ^^^^^^^^^^^^^^^^^^^^^^^^ not found in this scope
[INFO] [stdout] 
[INFO] [stdout] 
[INFO] [stdout] Some errors have detailed explanations: E0425, E0432, E0433, E0599.
[INFO] [stdout] 
[INFO] [stdout] For more information about an error, try `rustc --explain E0425`.
[INFO] [stdout] 
[INFO] [stderr] error: could not compile `aegis-application` (lib test) due to 34 previous errors; 6 warnings emitted
[INFO] [stderr] warning: unused dependency `thiserror`
[INFO] [stderr]   --> crates/domain/Cargo.toml:12:1
[INFO] [stderr]    |
[INFO] [stderr] 12 | thiserror.workspace = true
[INFO] [stderr]    | ^^^^^^^^^
[INFO] [stderr]    |
[INFO] [stderr]    = note: `cargo::unused_dependencies` is set to `warn` by default
[INFO] [stderr] help: consider removing the dependency on `thiserror`
[INFO] [stderr] warning: `aegis-domain` (manifest) generated 1 warning
[INFO] running `Command { std: "docker" "inspect" "0438e5a10d83a9bf8ddba9299688bfd546941d21dab5f062d5663e8461965d3a", kill_on_drop: false }`
[INFO] running `Command { std: "docker" "rm" "-f" "0438e5a10d83a9bf8ddba9299688bfd546941d21dab5f062d5663e8461965d3a", kill_on_drop: false }`
[INFO] [stdout] 0438e5a10d83a9bf8ddba9299688bfd546941d21dab5f062d5663e8461965d3a
