[INFO] cloning repository https://github.com/mohammedm20/edudarApp
[INFO] running `Command { std: "git" "-c" "credential.helper=" "-c" "credential.helper=/workspace/cargo-home/bin/git-credential-null" "clone" "--bare" "https://github.com/mohammedm20/edudarApp" "/workspace/cache/git-repos/https%3A%2F%2Fgithub.com%2Fmohammedm20%2FedudarApp", kill_on_drop: false }`
[INFO] [stderr] Cloning into bare repository '/workspace/cache/git-repos/https%3A%2F%2Fgithub.com%2Fmohammedm20%2FedudarApp'...
[INFO] running `Command { std: "git" "rev-parse" "HEAD", kill_on_drop: false }`
[INFO] [stdout] 4aa0ea2b2cf3ae31dff2f667bfb229e5635532a1
[INFO] checking mohammedm20/edudarApp against 3154cc1a3e6424e44f438a95007d043ed5ceaaf6+rustflags=-Znext-solver=coherence for pr-133502-30
[INFO] running `Command { std: "git" "clone" "/workspace/cache/git-repos/https%3A%2F%2Fgithub.com%2Fmohammedm20%2FedudarApp" "/workspace/builds/worker-6-tc1/source", kill_on_drop: false }`
[INFO] [stderr] Cloning into '/workspace/builds/worker-6-tc1/source'...
[INFO] [stderr] done.
[INFO] started tweaking git repo https://github.com/mohammedm20/edudarApp
[INFO] finished tweaking git repo https://github.com/mohammedm20/edudarApp
[INFO] tweaked toml for git repo https://github.com/mohammedm20/edudarApp written to /workspace/builds/worker-6-tc1/source/Cargo.toml
[INFO] validating manifest of git repo https://github.com/mohammedm20/edudarApp on toolchain 3154cc1a3e6424e44f438a95007d043ed5ceaaf6
[INFO] running `Command { std: CARGO_HOME="/workspace/cargo-home" RUSTUP_HOME="/workspace/rustup-home" "/workspace/cargo-home/bin/cargo" "+3154cc1a3e6424e44f438a95007d043ed5ceaaf6" "metadata" "--manifest-path" "Cargo.toml" "--no-deps", kill_on_drop: false }`
[INFO] crate git repo https://github.com/mohammedm20/edudarApp already has a lockfile, it will not be regenerated
[INFO] running `Command { std: CARGO_HOME="/workspace/cargo-home" RUSTUP_HOME="/workspace/rustup-home" "/workspace/cargo-home/bin/cargo" "+3154cc1a3e6424e44f438a95007d043ed5ceaaf6" "fetch" "--manifest-path" "Cargo.toml", kill_on_drop: false }`
[INFO] running `Command { std: "docker" "create" "-v" "/var/lib/crater-agent-workspace/builds/worker-6-tc1/source:/opt/rustwide/workdir:ro,Z" "-v" "/var/lib/crater-agent-workspace/builds/worker-6-tc1/target:/opt/rustwide/target:rw,Z" "-v" "/var/lib/crater-agent-workspace/cargo-home:/opt/rustwide/cargo-home:ro,Z" "-v" "/var/lib/crater-agent-workspace/rustup-home:/opt/rustwide/rustup-home:ro,Z" "-m" "1610612736" "--network" "none" "ghcr.io/rust-lang/crates-build-env/linux@sha256:77db811e55d90add9212f6832c23229e3de5f1c1f9905e8cb07319ea15df73ac" "sleep" "infinity", kill_on_drop: false }`
[INFO] [stdout] c2d35b27c3d5bce7aa995a852e9a04396b7cc90744939151df839649cd12fcea
[INFO] running `Command { std: "docker" "start" "c2d35b27c3d5bce7aa995a852e9a04396b7cc90744939151df839649cd12fcea", kill_on_drop: false }`
[INFO] running `Command { std: "docker" "inspect" "c2d35b27c3d5bce7aa995a852e9a04396b7cc90744939151df839649cd12fcea", kill_on_drop: false }`
[INFO] running `Command { std: "docker" "exec" "-e" "SOURCE_DIR=/opt/rustwide/workdir" "-e" "CARGO_HOME=/opt/rustwide/cargo-home" "-e" "RUSTUP_HOME=/opt/rustwide/rustup-home" "-e" "CARGO_TARGET_DIR=/opt/rustwide/target" "-w" "/opt/rustwide/workdir" "--user" "0:0" "c2d35b27c3d5bce7aa995a852e9a04396b7cc90744939151df839649cd12fcea" "/opt/rustwide/cargo-home/bin/cargo" "+3154cc1a3e6424e44f438a95007d043ed5ceaaf6" "metadata" "--no-deps" "--format-version=1", kill_on_drop: false }`
[INFO] running `Command { std: "docker" "inspect" "c2d35b27c3d5bce7aa995a852e9a04396b7cc90744939151df839649cd12fcea", kill_on_drop: false }`
[INFO] running `Command { std: "docker" "exec" "-e" "SOURCE_DIR=/opt/rustwide/workdir" "-e" "CARGO_HOME=/opt/rustwide/cargo-home" "-e" "RUSTUP_HOME=/opt/rustwide/rustup-home" "-e" "CARGO_TARGET_DIR=/opt/rustwide/target" "-e" "CARGO_INCREMENTAL=0" "-e" "RUST_BACKTRACE=full" "-e" "RUSTFLAGS=--cap-lints=forbid -Znext-solver=coherence" "-e" "RUSTDOCFLAGS=--cap-lints=forbid" "-w" "/opt/rustwide/workdir" "--user" "0:0" "c2d35b27c3d5bce7aa995a852e9a04396b7cc90744939151df839649cd12fcea" "/opt/rustwide/cargo-home/bin/cargo" "+3154cc1a3e6424e44f438a95007d043ed5ceaaf6" "check" "--frozen" "--all" "--all-targets" "--message-format=json", kill_on_drop: false }`
[INFO] [stderr]    Compiling syn v2.0.119
[INFO] [stderr]    Compiling syn v3.0.3
[INFO] [stderr]     Checking smallvec v1.15.2
[INFO] [stderr]     Checking getrandom v0.2.17
[INFO] [stderr]    Compiling curve25519-dalek v4.1.3
[INFO] [stderr]     Checking percent-encoding v2.3.2
[INFO] [stderr]     Checking signature v2.2.0
[INFO] [stderr]     Checking webpki-roots v0.26.11
[INFO] [stderr]    Compiling edudar-installer v0.1.0 (/opt/rustwide/workdir)
[INFO] [stderr]     Checking ed25519 v2.2.3
[INFO] [stderr]     Checking ring v0.17.14
[INFO] [stderr]     Checking form_urlencoded v1.2.2
[INFO] [stderr]     Checking rustls-webpki v0.103.15
[INFO] [stderr]     Checking rustls v0.23.43
[INFO] [stderr]    Compiling zerovec-derive v0.11.6
[INFO] [stderr]    Compiling displaydoc v0.2.7
[INFO] [stderr]    Compiling serde_derive v1.0.229
[INFO] [stderr]    Compiling synstructure v0.13.2
[INFO] [stderr]    Compiling zerofrom-derive v0.1.7
[INFO] [stderr]    Compiling yoke-derive v0.8.2
[INFO] [stderr]    Compiling curve25519-dalek-derive v0.1.1
[INFO] [stderr]     Checking zerofrom v0.1.8
[INFO] [stderr]     Checking yoke v0.8.3
[INFO] [stderr]     Checking zerovec v0.11.8
[INFO] [stderr]     Checking zerotrie v0.2.5
[INFO] [stderr]     Checking serde v1.0.229
[INFO] [stderr]     Checking ed25519-dalek v2.2.0
[INFO] [stderr]     Checking tinystr v0.8.4
[INFO] [stderr]     Checking potential_utf v0.1.6
[INFO] [stderr]     Checking icu_collections v2.3.0
[INFO] [stderr]     Checking icu_locale_core v2.3.0
[INFO] [stderr]     Checking icu_provider v2.3.1
[INFO] [stderr]     Checking icu_normalizer v2.3.0
[INFO] [stderr]     Checking icu_properties v2.3.0
[INFO] [stderr]     Checking idna_adapter v1.2.2
[INFO] [stderr]     Checking idna v1.1.0
[INFO] [stderr]     Checking url v2.5.8
[INFO] [stderr]     Checking ureq v2.12.1
[INFO] [stdout] error[E0433]: cannot find module or crate `windows` in this scope
[INFO] [stdout]   --> src/main.rs:17:5
[INFO] [stdout]    |
[INFO] [stdout] 17 | use windows::core::{w, PCWSTR};
[INFO] [stdout]    |     ^^^^^^^ use of unresolved module or unlinked crate `windows`
[INFO] [stdout]    |
[INFO] [stdout]    = help: if you wanted to use a crate named `windows`, use `cargo add windows` to add it to your `Cargo.toml`
[INFO] [stdout] 
[INFO] [stdout] 
[INFO] [stdout] error[E0433]: cannot find module or crate `windows` in this scope
[INFO] [stdout]   --> src/main.rs:18:5
[INFO] [stdout]    |
[INFO] [stdout] 18 | use windows::Win32::Foundation::{COLORREF, HINSTANCE, HWND, LPARAM, LRESULT, RECT, WPARAM};
[INFO] [stdout]    |     ^^^^^^^ use of unresolved module or unlinked crate `windows`
[INFO] [stdout]    |
[INFO] [stdout]    = help: if you wanted to use a crate named `windows`, use `cargo add windows` to add it to your `Cargo.toml`
[INFO] [stdout] 
[INFO] [stdout] 
[INFO] [stdout] error[E0433]: cannot find module or crate `windows` in this scope
[INFO] [stdout]   --> src/main.rs:19:5
[INFO] [stdout]    |
[INFO] [stdout] 19 | use windows::Win32::Graphics::Gdi::{
[INFO] [stdout]    |     ^^^^^^^ use of unresolved module or unlinked crate `windows`
[INFO] [stdout]    |
[INFO] [stdout]    = help: if you wanted to use a crate named `windows`, use `cargo add windows` to add it to your `Cargo.toml`
[INFO] [stdout] 
[INFO] [stdout] 
[INFO] [stdout] error[E0433]: cannot find module or crate `windows` in this scope
[INFO] [stdout]   --> src/main.rs:26:5
[INFO] [stdout]    |
[INFO] [stdout] 26 | use windows::Win32::System::LibraryLoader::GetModuleHandleW;
[INFO] [stdout]    |     ^^^^^^^ use of unresolved module or unlinked crate `windows`
[INFO] [stdout]    |
[INFO] [stdout]    = help: if you wanted to use a crate named `windows`, use `cargo add windows` to add it to your `Cargo.toml`
[INFO] [stdout] 
[INFO] [stdout] 
[INFO] [stdout] error[E0433]: cannot find module or crate `windows` in this scope
[INFO] [stdout]   --> src/main.rs:27:5
[INFO] [stdout]    |
[INFO] [stdout] 27 | use windows::Win32::UI::HiDpi::SetProcessDpiAwarenessContext;
[INFO] [stdout]    |     ^^^^^^^ use of unresolved module or unlinked crate `windows`
[INFO] [stdout]    |
[INFO] [stdout]    = help: if you wanted to use a crate named `windows`, use `cargo add windows` to add it to your `Cargo.toml`
[INFO] [stdout] 
[INFO] [stdout] 
[INFO] [stdout] error[E0433]: cannot find module or crate `windows` in this scope
[INFO] [stdout]   --> src/main.rs:28:5
[INFO] [stdout]    |
[INFO] [stdout] 28 | use windows::Win32::UI::Input::KeyboardAndMouse::EnableWindow;
[INFO] [stdout]    |     ^^^^^^^ use of unresolved module or unlinked crate `windows`
[INFO] [stdout]    |
[INFO] [stdout]    = help: if you wanted to use a crate named `windows`, use `cargo add windows` to add it to your `Cargo.toml`
[INFO] [stdout] 
[INFO] [stdout] 
[INFO] [stdout] error[E0433]: cannot find module or crate `windows` in this scope
[INFO] [stdout]   --> src/main.rs:29:5
[INFO] [stdout]    |
[INFO] [stdout] 29 | use windows::Win32::UI::Shell::ShellExecuteW;
[INFO] [stdout]    |     ^^^^^^^ use of unresolved module or unlinked crate `windows`
[INFO] [stdout]    |
[INFO] [stdout]    = help: if you wanted to use a crate named `windows`, use `cargo add windows` to add it to your `Cargo.toml`
[INFO] [stdout] 
[INFO] [stdout] 
[INFO] [stdout] error[E0433]: cannot find module or crate `windows` in this scope
[INFO] [stdout]   --> src/main.rs:30:5
[INFO] [stdout]    |
[INFO] [stdout] 30 | use windows::Win32::UI::Controls::*;
[INFO] [stdout]    |     ^^^^^^^ use of unresolved module or unlinked crate `windows`
[INFO] [stdout]    |
[INFO] [stdout]    = help: if you wanted to use a crate named `windows`, use `cargo add windows` to add it to your `Cargo.toml`
[INFO] [stdout] 
[INFO] [stdout] 
[INFO] [stdout] error[E0433]: cannot find module or crate `windows` in this scope
[INFO] [stdout]   --> src/main.rs:31:5
[INFO] [stdout]    |
[INFO] [stdout] 31 | use windows::Win32::UI::WindowsAndMessaging::*;
[INFO] [stdout]    |     ^^^^^^^ use of unresolved module or unlinked crate `windows`
[INFO] [stdout]    |
[INFO] [stdout]    = help: if you wanted to use a crate named `windows`, use `cargo add windows` to add it to your `Cargo.toml`
[INFO] [stdout] 
[INFO] [stdout] 
[INFO] [stdout] error[E0432]: unresolved imports `windows::core::w`, `windows::core::PCWSTR`, `windows::Win32::Foundation::COLORREF`, `windows::Win32::Foundation::HINSTANCE`, `windows::Win32::Foundation::HWND`, `windows::Win32::Foundation::LPARAM`, `windows::Win32::Foundation::LRESULT`, `windows::Win32::Foundation::RECT`, `windows::Win32::Foundation::WPARAM`, `windows::Win32::Graphics::Gdi::BeginPaint`, `windows::Win32::Graphics::Gdi::BitBlt`, `windows::Win32::Graphics::Gdi::CreateCompatibleBitmap`, `windows::Win32::Graphics::Gdi::CreateCompatibleDC`, `windows::Win32::Graphics::Gdi::CreateFontW`, `windows::Win32::Graphics::Gdi::CreatePen`, `windows::Win32::Graphics::Gdi::CreateSolidBrush`, `windows::Win32::Graphics::Gdi::DeleteDC`, `windows::Win32::Graphics::Gdi::DeleteObject`, `windows::Win32::Graphics::Gdi::DrawTextW`, `windows::Win32::Graphics::Gdi::EndPaint`, `windows::Win32::Graphics::Gdi::FillRect`, `windows::Win32::Graphics::Gdi::InvalidateRect`, `windows::Win32::Graphics::Gdi::RoundRect`, `windows::Win32::Graphics::Gdi::SelectObject`, `windows::Win32::Graphics::Gdi::SetBkMode`, `windows::Win32::Graphics::Gdi::SetTextColor`, `windows::Win32::Graphics::Gdi::UpdateWindow`, `windows::Win32::Graphics::Gdi::BACKGROUND_MODE`, `windows::Win32::Graphics::Gdi::DT_CENTER`, `windows::Win32::Graphics::Gdi::DT_LEFT`, `windows::Win32::Graphics::Gdi::DT_NOPREFIX`, `windows::Win32::Graphics::Gdi::DT_RIGHT`, `windows::Win32::Graphics::Gdi::DT_SINGLELINE`, `windows::Win32::Graphics::Gdi::DT_VCENTER`, `windows::Win32::Graphics::Gdi::DT_WORDBREAK`, `windows::Win32::Graphics::Gdi::HBRUSH`, `windows::Win32::Graphics::Gdi::HDC`, `windows::Win32::Graphics::Gdi::HFONT`, `windows::Win32::Graphics::Gdi::HPEN`, `windows::Win32::Graphics::Gdi::PAINTSTRUCT`, `windows::Win32::Graphics::Gdi::PS_SOLID`, `windows::Win32::Graphics::Gdi::SRCCOPY`, `windows::Win32::System::LibraryLoader::GetModuleHandleW`, `windows::Win32::UI::HiDpi::SetProcessDpiAwarenessContext`, `windows::Win32::UI::Input::KeyboardAndMouse::EnableWindow`, `windows::Win32::UI::Shell::ShellExecuteW`, `windows::Win32::UI::Controls::*`, `windows::Win32::UI::WindowsAndMessaging::*`
[INFO] [stdout]   --> src/main.rs:17:21
[INFO] [stdout]    |
[INFO] [stdout] 17 | use windows::core::{w, PCWSTR};
[INFO] [stdout]    |                     ^  ^^^^^^
[INFO] [stdout] 18 | use windows::Win32::Foundation::{COLORREF, HINSTANCE, HWND, LPARAM, LRESULT, RECT, WPARAM};
[INFO] [stdout]    |                                  ^^^^^^^^  ^^^^^^^^^  ^^^^  ^^^^^^  ^^^^^^^  ^^^^  ^^^^^^
[INFO] [stdout] 19 | use windows::Win32::Graphics::Gdi::{
[INFO] [stdout] 20 |     BeginPaint, BitBlt, CreateCompatibleBitmap, CreateCompatibleDC, CreateFontW, CreatePen,
[INFO] [stdout]    |     ^^^^^^^^^^  ^^^^^^  ^^^^^^^^^^^^^^^^^^^^^^  ^^^^^^^^^^^^^^^^^^  ^^^^^^^^^^^  ^^^^^^^^^
[INFO] [stdout] 21 |     CreateSolidBrush, DeleteDC, DeleteObject, DrawTextW, EndPaint, FillRect, InvalidateRect,
[INFO] [stdout]    |     ^^^^^^^^^^^^^^^^  ^^^^^^^^  ^^^^^^^^^^^^  ^^^^^^^^^  ^^^^^^^^  ^^^^^^^^  ^^^^^^^^^^^^^^
[INFO] [stdout] 22 |     RoundRect, SelectObject, SetBkMode, SetTextColor, UpdateWindow, BACKGROUND_MODE,
[INFO] [stdout]    |     ^^^^^^^^^  ^^^^^^^^^^^^  ^^^^^^^^^  ^^^^^^^^^^^^  ^^^^^^^^^^^^  ^^^^^^^^^^^^^^^
[INFO] [stdout] 23 |     DT_CENTER, DT_LEFT, DT_NOPREFIX, DT_RIGHT, DT_SINGLELINE, DT_VCENTER, DT_WORDBREAK,
[INFO] [stdout]    |     ^^^^^^^^^  ^^^^^^^  ^^^^^^^^^^^  ^^^^^^^^  ^^^^^^^^^^^^^  ^^^^^^^^^^  ^^^^^^^^^^^^
[INFO] [stdout] 24 |     HBRUSH, HDC, HFONT, HPEN, PAINTSTRUCT, PS_SOLID, SRCCOPY,
[INFO] [stdout]    |     ^^^^^^  ^^^  ^^^^^  ^^^^  ^^^^^^^^^^^  ^^^^^^^^  ^^^^^^^
[INFO] [stdout] 25 | };
[INFO] [stdout] 26 | use windows::Win32::System::LibraryLoader::GetModuleHandleW;
[INFO] [stdout]    |     ^^^^^^^^^^^^^^^^^^^^^^^^^^^^^^^^^^^^^^^^^^^^^^^^^^^^^^^
[INFO] [stdout] 27 | use windows::Win32::UI::HiDpi::SetProcessDpiAwarenessContext;
[INFO] [stdout]    |     ^^^^^^^^^^^^^^^^^^^^^^^^^^^^^^^^^^^^^^^^^^^^^^^^^^^^^^^^
[INFO] [stdout] 28 | use windows::Win32::UI::Input::KeyboardAndMouse::EnableWindow;
[INFO] [stdout]    |     ^^^^^^^^^^^^^^^^^^^^^^^^^^^^^^^^^^^^^^^^^^^^^^^^^^^^^^^^^
[INFO] [stdout] 29 | use windows::Win32::UI::Shell::ShellExecuteW;
[INFO] [stdout]    |     ^^^^^^^^^^^^^^^^^^^^^^^^^^^^^^^^^^^^^^^^
[INFO] [stdout] 30 | use windows::Win32::UI::Controls::*;
[INFO] [stdout]    |     ^^^^^^^^^^^^^^^^^^^^^^^^^^^^^^^
[INFO] [stdout] 31 | use windows::Win32::UI::WindowsAndMessaging::*;
[INFO] [stdout]    |     ^^^^^^^^^^^^^^^^^^^^^^^^^^^^^^^^^^^^^^^^^^
[INFO] [stdout] 
[INFO] [stdout] 
[INFO] [stdout] error[E0433]: cannot find module or crate `windows` in this scope
[INFO] [stdout]    --> src/main.rs:107:47
[INFO] [stdout]     |
[INFO] [stdout] 107 |         let _ = SetProcessDpiAwarenessContext(windows::Win32::UI::HiDpi::DPI_AWARENESS_CONTEXT_PER_MONITOR_AWARE_V2);
[INFO] [stdout]     |                                               ^^^^^^^ use of unresolved module or unlinked crate `windows`
[INFO] [stdout]     |
[INFO] [stdout]     = help: if you wanted to use a crate named `windows`, use `cargo add windows` to add it to your `Cargo.toml`
[INFO] [stdout] 
[INFO] [stdout] 
[INFO] [stdout] error[E0433]: cannot find module or crate `windows` in this scope
[INFO] [stdout]   --> src/main.rs:17:5
[INFO] [stdout]    |
[INFO] [stdout] 17 | use windows::core::{w, PCWSTR};
[INFO] [stdout]    |     ^^^^^^^ use of unresolved module or unlinked crate `windows`
[INFO] [stdout]    |
[INFO] [stdout]    = help: if you wanted to use a crate named `windows`, use `cargo add windows` to add it to your `Cargo.toml`
[INFO] [stdout] 
[INFO] [stdout] 
[INFO] [stdout] error[E0433]: cannot find module or crate `windows` in this scope
[INFO] [stdout]   --> src/main.rs:18:5
[INFO] [stdout]    |
[INFO] [stdout] 18 | use windows::Win32::Foundation::{COLORREF, HINSTANCE, HWND, LPARAM, LRESULT, RECT, WPARAM};
[INFO] [stdout]    |     ^^^^^^^ use of unresolved module or unlinked crate `windows`
[INFO] [stdout]    |
[INFO] [stdout]    = help: if you wanted to use a crate named `windows`, use `cargo add windows` to add it to your `Cargo.toml`
[INFO] [stdout] 
[INFO] [stdout] 
[INFO] [stdout] error[E0433]: cannot find module or crate `windows` in this scope
[INFO] [stdout]   --> src/main.rs:19:5
[INFO] [stdout]    |
[INFO] [stdout] 19 | use windows::Win32::Graphics::Gdi::{
[INFO] [stdout]    |     ^^^^^^^ use of unresolved module or unlinked crate `windows`
[INFO] [stdout]    |
[INFO] [stdout]    = help: if you wanted to use a crate named `windows`, use `cargo add windows` to add it to your `Cargo.toml`
[INFO] [stdout] 
[INFO] [stdout] 
[INFO] [stdout] error[E0433]: cannot find module or crate `windows` in this scope
[INFO] [stdout]   --> src/main.rs:26:5
[INFO] [stdout]    |
[INFO] [stdout] 26 | use windows::Win32::System::LibraryLoader::GetModuleHandleW;
[INFO] [stdout]    |     ^^^^^^^ use of unresolved module or unlinked crate `windows`
[INFO] [stdout]    |
[INFO] [stdout]    = help: if you wanted to use a crate named `windows`, use `cargo add windows` to add it to your `Cargo.toml`
[INFO] [stdout] 
[INFO] [stdout] 
[INFO] [stdout] error[E0433]: cannot find module or crate `windows` in this scope
[INFO] [stdout]   --> src/main.rs:27:5
[INFO] [stdout]    |
[INFO] [stdout] 27 | use windows::Win32::UI::HiDpi::SetProcessDpiAwarenessContext;
[INFO] [stdout]    |     ^^^^^^^ use of unresolved module or unlinked crate `windows`
[INFO] [stdout]    |
[INFO] [stdout]    = help: if you wanted to use a crate named `windows`, use `cargo add windows` to add it to your `Cargo.toml`
[INFO] [stdout] 
[INFO] [stdout] 
[INFO] [stdout] error[E0433]: cannot find module or crate `windows` in this scope
[INFO] [stdout]   --> src/main.rs:28:5
[INFO] [stdout]    |
[INFO] [stdout] 28 | use windows::Win32::UI::Input::KeyboardAndMouse::EnableWindow;
[INFO] [stdout]    |     ^^^^^^^ use of unresolved module or unlinked crate `windows`
[INFO] [stdout]    |
[INFO] [stdout]    = help: if you wanted to use a crate named `windows`, use `cargo add windows` to add it to your `Cargo.toml`
[INFO] [stdout] 
[INFO] [stdout] 
[INFO] [stdout] error[E0433]: cannot find module or crate `windows` in this scope
[INFO] [stdout]   --> src/main.rs:29:5
[INFO] [stdout]    |
[INFO] [stdout] 29 | use windows::Win32::UI::Shell::ShellExecuteW;
[INFO] [stdout]    |     ^^^^^^^ use of unresolved module or unlinked crate `windows`
[INFO] [stdout]    |
[INFO] [stdout]    = help: if you wanted to use a crate named `windows`, use `cargo add windows` to add it to your `Cargo.toml`
[INFO] [stdout] 
[INFO] [stdout] 
[INFO] [stdout] error[E0433]: cannot find module or crate `windows` in this scope
[INFO] [stdout]   --> src/main.rs:30:5
[INFO] [stdout]    |
[INFO] [stdout] 30 | use windows::Win32::UI::Controls::*;
[INFO] [stdout]    |     ^^^^^^^ use of unresolved module or unlinked crate `windows`
[INFO] [stdout]    |
[INFO] [stdout]    = help: if you wanted to use a crate named `windows`, use `cargo add windows` to add it to your `Cargo.toml`
[INFO] [stdout] 
[INFO] [stdout] 
[INFO] [stdout] error[E0433]: cannot find module or crate `windows` in this scope
[INFO] [stdout]   --> src/main.rs:31:5
[INFO] [stdout]    |
[INFO] [stdout] 31 | use windows::Win32::UI::WindowsAndMessaging::*;
[INFO] [stdout]    |     ^^^^^^^ use of unresolved module or unlinked crate `windows`
[INFO] [stdout]    |
[INFO] [stdout]    = help: if you wanted to use a crate named `windows`, use `cargo add windows` to add it to your `Cargo.toml`
[INFO] [stdout] 
[INFO] [stdout] 
[INFO] [stdout] error[E0432]: unresolved imports `windows::core::w`, `windows::core::PCWSTR`, `windows::Win32::Foundation::COLORREF`, `windows::Win32::Foundation::HINSTANCE`, `windows::Win32::Foundation::HWND`, `windows::Win32::Foundation::LPARAM`, `windows::Win32::Foundation::LRESULT`, `windows::Win32::Foundation::RECT`, `windows::Win32::Foundation::WPARAM`, `windows::Win32::Graphics::Gdi::BeginPaint`, `windows::Win32::Graphics::Gdi::BitBlt`, `windows::Win32::Graphics::Gdi::CreateCompatibleBitmap`, `windows::Win32::Graphics::Gdi::CreateCompatibleDC`, `windows::Win32::Graphics::Gdi::CreateFontW`, `windows::Win32::Graphics::Gdi::CreatePen`, `windows::Win32::Graphics::Gdi::CreateSolidBrush`, `windows::Win32::Graphics::Gdi::DeleteDC`, `windows::Win32::Graphics::Gdi::DeleteObject`, `windows::Win32::Graphics::Gdi::DrawTextW`, `windows::Win32::Graphics::Gdi::EndPaint`, `windows::Win32::Graphics::Gdi::FillRect`, `windows::Win32::Graphics::Gdi::InvalidateRect`, `windows::Win32::Graphics::Gdi::RoundRect`, `windows::Win32::Graphics::Gdi::SelectObject`, `windows::Win32::Graphics::Gdi::SetBkMode`, `windows::Win32::Graphics::Gdi::SetTextColor`, `windows::Win32::Graphics::Gdi::UpdateWindow`, `windows::Win32::Graphics::Gdi::BACKGROUND_MODE`, `windows::Win32::Graphics::Gdi::DT_CENTER`, `windows::Win32::Graphics::Gdi::DT_LEFT`, `windows::Win32::Graphics::Gdi::DT_NOPREFIX`, `windows::Win32::Graphics::Gdi::DT_RIGHT`, `windows::Win32::Graphics::Gdi::DT_SINGLELINE`, `windows::Win32::Graphics::Gdi::DT_VCENTER`, `windows::Win32::Graphics::Gdi::DT_WORDBREAK`, `windows::Win32::Graphics::Gdi::HBRUSH`, `windows::Win32::Graphics::Gdi::HDC`, `windows::Win32::Graphics::Gdi::HFONT`, `windows::Win32::Graphics::Gdi::HPEN`, `windows::Win32::Graphics::Gdi::PAINTSTRUCT`, `windows::Win32::Graphics::Gdi::PS_SOLID`, `windows::Win32::Graphics::Gdi::SRCCOPY`, `windows::Win32::System::LibraryLoader::GetModuleHandleW`, `windows::Win32::UI::HiDpi::SetProcessDpiAwarenessContext`, `windows::Win32::UI::Input::KeyboardAndMouse::EnableWindow`, `windows::Win32::UI::Shell::ShellExecuteW`, `windows::Win32::UI::Controls::*`, `windows::Win32::UI::WindowsAndMessaging::*`
[INFO] [stdout]   --> src/main.rs:17:21
[INFO] [stdout]    |
[INFO] [stdout] 17 | use windows::core::{w, PCWSTR};
[INFO] [stdout]    |                     ^  ^^^^^^
[INFO] [stdout] 18 | use windows::Win32::Foundation::{COLORREF, HINSTANCE, HWND, LPARAM, LRESULT, RECT, WPARAM};
[INFO] [stdout]    |                                  ^^^^^^^^  ^^^^^^^^^  ^^^^  ^^^^^^  ^^^^^^^  ^^^^  ^^^^^^
[INFO] [stdout] 19 | use windows::Win32::Graphics::Gdi::{
[INFO] [stdout] 20 |     BeginPaint, BitBlt, CreateCompatibleBitmap, CreateCompatibleDC, CreateFontW, CreatePen,
[INFO] [stdout]    |     ^^^^^^^^^^  ^^^^^^  ^^^^^^^^^^^^^^^^^^^^^^  ^^^^^^^^^^^^^^^^^^  ^^^^^^^^^^^  ^^^^^^^^^
[INFO] [stdout] 21 |     CreateSolidBrush, DeleteDC, DeleteObject, DrawTextW, EndPaint, FillRect, InvalidateRect,
[INFO] [stdout]    |     ^^^^^^^^^^^^^^^^  ^^^^^^^^  ^^^^^^^^^^^^  ^^^^^^^^^  ^^^^^^^^  ^^^^^^^^  ^^^^^^^^^^^^^^
[INFO] [stdout] 22 |     RoundRect, SelectObject, SetBkMode, SetTextColor, UpdateWindow, BACKGROUND_MODE,
[INFO] [stdout]    |     ^^^^^^^^^  ^^^^^^^^^^^^  ^^^^^^^^^  ^^^^^^^^^^^^  ^^^^^^^^^^^^  ^^^^^^^^^^^^^^^
[INFO] [stdout] 23 |     DT_CENTER, DT_LEFT, DT_NOPREFIX, DT_RIGHT, DT_SINGLELINE, DT_VCENTER, DT_WORDBREAK,
[INFO] [stdout]    |     ^^^^^^^^^  ^^^^^^^  ^^^^^^^^^^^  ^^^^^^^^  ^^^^^^^^^^^^^  ^^^^^^^^^^  ^^^^^^^^^^^^
[INFO] [stdout] 24 |     HBRUSH, HDC, HFONT, HPEN, PAINTSTRUCT, PS_SOLID, SRCCOPY,
[INFO] [stdout]    |     ^^^^^^  ^^^  ^^^^^  ^^^^  ^^^^^^^^^^^  ^^^^^^^^  ^^^^^^^
[INFO] [stdout] 25 | };
[INFO] [stdout] 26 | use windows::Win32::System::LibraryLoader::GetModuleHandleW;
[INFO] [stdout]    |     ^^^^^^^^^^^^^^^^^^^^^^^^^^^^^^^^^^^^^^^^^^^^^^^^^^^^^^^
[INFO] [stdout] 27 | use windows::Win32::UI::HiDpi::SetProcessDpiAwarenessContext;
[INFO] [stdout]    |     ^^^^^^^^^^^^^^^^^^^^^^^^^^^^^^^^^^^^^^^^^^^^^^^^^^^^^^^^
[INFO] [stdout] 28 | use windows::Win32::UI::Input::KeyboardAndMouse::EnableWindow;
[INFO] [stdout]    |     ^^^^^^^^^^^^^^^^^^^^^^^^^^^^^^^^^^^^^^^^^^^^^^^^^^^^^^^^^
[INFO] [stdout] 29 | use windows::Win32::UI::Shell::ShellExecuteW;
[INFO] [stdout]    |     ^^^^^^^^^^^^^^^^^^^^^^^^^^^^^^^^^^^^^^^^
[INFO] [stdout] 30 | use windows::Win32::UI::Controls::*;
[INFO] [stdout]    |     ^^^^^^^^^^^^^^^^^^^^^^^^^^^^^^^
[INFO] [stdout] 31 | use windows::Win32::UI::WindowsAndMessaging::*;
[INFO] [stdout]    |     ^^^^^^^^^^^^^^^^^^^^^^^^^^^^^^^^^^^^^^^^^^
[INFO] [stdout] 
[INFO] [stdout] 
[INFO] [stdout] error[E0433]: cannot find module or crate `windows` in this scope
[INFO] [stdout]    --> src/main.rs:107:47
[INFO] [stdout]     |
[INFO] [stdout] 107 |         let _ = SetProcessDpiAwarenessContext(windows::Win32::UI::HiDpi::DPI_AWARENESS_CONTEXT_PER_MONITOR_AWARE_V2);
[INFO] [stdout]     |                                               ^^^^^^^ use of unresolved module or unlinked crate `windows`
[INFO] [stdout]     |
[INFO] [stdout]     = help: if you wanted to use a crate named `windows`, use `cargo add windows` to add it to your `Cargo.toml`
[INFO] [stdout] 
[INFO] [stdout] 
[INFO] [stdout] error[E0425]: cannot find value `WM_USER` in this scope
[INFO] [stdout]   --> src/main.rs:37:30
[INFO] [stdout]    |
[INFO] [stdout] 37 | const WM_APP_PROGRESS: u32 = WM_USER + 1;
[INFO] [stdout]    |                              ^^^^^^^ not found in this scope
[INFO] [stdout] 
[INFO] [stdout] 
[INFO] [stdout] error[E0425]: cannot find value `WM_USER` in this scope
[INFO] [stdout]   --> src/main.rs:38:28
[INFO] [stdout]    |
[INFO] [stdout] 38 | const WM_APP_STATUS: u32 = WM_USER + 2;
[INFO] [stdout]    |                            ^^^^^^^ not found in this scope
[INFO] [stdout] 
[INFO] [stdout] 
[INFO] [stdout] error[E0425]: cannot find value `WM_USER` in this scope
[INFO] [stdout]   --> src/main.rs:39:30
[INFO] [stdout]    |
[INFO] [stdout] 39 | const WM_APP_COMPLETE: u32 = WM_USER + 3;
[INFO] [stdout]    |                              ^^^^^^^ not found in this scope
[INFO] [stdout] 
[INFO] [stdout] 
[INFO] [stdout] error[E0425]: cannot find value `WM_USER` in this scope
[INFO] [stdout]   --> src/main.rs:40:27
[INFO] [stdout]    |
[INFO] [stdout] 40 | const WM_APP_ERROR: u32 = WM_USER + 4;
[INFO] [stdout]    |                           ^^^^^^^ not found in this scope
[INFO] [stdout] 
[INFO] [stdout] 
[INFO] [stdout] error[E0422]: cannot find struct, variant or union type `WNDCLASSEXW` in this scope
[INFO] [stdout]    --> src/main.rs:113:21
[INFO] [stdout]     |
[INFO] [stdout] 113 |     let wnd_class = WNDCLASSEXW {
[INFO] [stdout]     |                     ^^^^^^^^^^^ not found in this scope
[INFO] [stdout] 
[INFO] [stdout] 
[INFO] [stdout] error[E0425]: cannot find type `WNDCLASSEXW` in this scope
[INFO] [stdout]    --> src/main.rs:114:37
[INFO] [stdout]     |
[INFO] [stdout] 114 |         cbSize: std::mem::size_of::<WNDCLASSEXW>() as u32,
[INFO] [stdout]     |                                     ^^^^^^^^^^^ not found in this scope
[INFO] [stdout] 
[INFO] [stdout] 
[INFO] [stdout] error[E0425]: cannot find value `CS_HREDRAW` in this scope
[INFO] [stdout]    --> src/main.rs:115:16
[INFO] [stdout]     |
[INFO] [stdout] 115 |         style: CS_HREDRAW | CS_VREDRAW,
[INFO] [stdout]     |                ^^^^^^^^^^ not found in this scope
[INFO] [stdout] 
[INFO] [stdout] 
[INFO] [stdout] error[E0425]: cannot find value `CS_VREDRAW` in this scope
[INFO] [stdout]    --> src/main.rs:115:29
[INFO] [stdout]     |
[INFO] [stdout] 115 |         style: CS_HREDRAW | CS_VREDRAW,
[INFO] [stdout]     |                             ^^^^^^^^^^ not found in this scope
[INFO] [stdout] 
[INFO] [stdout] 
[INFO] [stdout] error[E0425]: cannot find value `IDC_ARROW` in this scope
[INFO] [stdout]    --> src/main.rs:118:45
[INFO] [stdout]     |
[INFO] [stdout] 118 |         hCursor: unsafe { LoadCursorW(None, IDC_ARROW).unwrap_or(HCURSOR(0)) },
[INFO] [stdout]     |                                             ^^^^^^^^^ not found in this scope
[INFO] [stdout] 
[INFO] [stdout] 
[INFO] [stdout] error[E0425]: cannot find value `SM_CXSCREEN` in this scope
[INFO] [stdout]    --> src/main.rs:131:46
[INFO] [stdout]     |
[INFO] [stdout] 131 |     let screen_w = unsafe { GetSystemMetrics(SM_CXSCREEN) };
[INFO] [stdout]     |                                              ^^^^^^^^^^^ not found in this scope
[INFO] [stdout] 
[INFO] [stdout] 
[INFO] [stdout] error[E0425]: cannot find value `SM_CYSCREEN` in this scope
[INFO] [stdout]    --> src/main.rs:132:46
[INFO] [stdout]     |
[INFO] [stdout] 132 |     let screen_h = unsafe { GetSystemMetrics(SM_CYSCREEN) };
[INFO] [stdout]     |                                              ^^^^^^^^^^^ not found in this scope
[INFO] [stdout] 
[INFO] [stdout] 
[INFO] [stdout] error[E0425]: cannot find value `WS_EX_APPWINDOW` in this scope
[INFO] [stdout]    --> src/main.rs:138:13
[INFO] [stdout]     |
[INFO] [stdout] 138 |             WS_EX_APPWINDOW,
[INFO] [stdout]     |             ^^^^^^^^^^^^^^^ not found in this scope
[INFO] [stdout] 
[INFO] [stdout] 
[INFO] [stdout] error[E0425]: cannot find value `WS_OVERLAPPED` in this scope
[INFO] [stdout]    --> src/main.rs:141:13
[INFO] [stdout]     |
[INFO] [stdout] 141 |             WS_OVERLAPPED | WS_CAPTION | WS_SYSMENU | WS_MINIMIZEBOX | WS_VISIBLE,
[INFO] [stdout]     |             ^^^^^^^^^^^^^ not found in this scope
[INFO] [stdout] 
[INFO] [stdout] 
[INFO] [stdout] error[E0425]: cannot find value `WS_CAPTION` in this scope
[INFO] [stdout]    --> src/main.rs:141:29
[INFO] [stdout]     |
[INFO] [stdout] 141 |             WS_OVERLAPPED | WS_CAPTION | WS_SYSMENU | WS_MINIMIZEBOX | WS_VISIBLE,
[INFO] [stdout]     |                             ^^^^^^^^^^ not found in this scope
[INFO] [stdout] 
[INFO] [stdout] 
[INFO] [stdout] error[E0425]: cannot find value `WS_SYSMENU` in this scope
[INFO] [stdout]    --> src/main.rs:141:42
[INFO] [stdout]     |
[INFO] [stdout] 141 |             WS_OVERLAPPED | WS_CAPTION | WS_SYSMENU | WS_MINIMIZEBOX | WS_VISIBLE,
[INFO] [stdout]     |                                          ^^^^^^^^^^ not found in this scope
[INFO] [stdout] 
[INFO] [stdout] 
[INFO] [stdout] error[E0425]: cannot find value `WS_MINIMIZEBOX` in this scope
[INFO] [stdout]    --> src/main.rs:141:55
[INFO] [stdout]     |
[INFO] [stdout] 141 |             WS_OVERLAPPED | WS_CAPTION | WS_SYSMENU | WS_MINIMIZEBOX | WS_VISIBLE,
[INFO] [stdout]     |                                                       ^^^^^^^^^^^^^^ not found in this scope
[INFO] [stdout] 
[INFO] [stdout] 
[INFO] [stdout] error[E0425]: cannot find value `WS_VISIBLE` in this scope
[INFO] [stdout]    --> src/main.rs:141:72
[INFO] [stdout]     |
[INFO] [stdout] 141 |             WS_OVERLAPPED | WS_CAPTION | WS_SYSMENU | WS_MINIMIZEBOX | WS_VISIBLE,
[INFO] [stdout]     |                                                                        ^^^^^^^^^^ not found in this scope
[INFO] [stdout] 
[INFO] [stdout] 
[INFO] [stdout] error[E0425]: cannot find value `SW_SHOW` in this scope
[INFO] [stdout]    --> src/main.rs:158:26
[INFO] [stdout]     |
[INFO] [stdout] 158 |         ShowWindow(hwnd, SW_SHOW);
[INFO] [stdout]     |                          ^^^^^^^ not found in this scope
[INFO] [stdout] 
[INFO] [stdout] 
[INFO] [stdout] error[E0425]: cannot find value `WS_CHILD` in this scope
[INFO] [stdout]    --> src/main.rs:193:17
[INFO] [stdout]     |
[INFO] [stdout] 193 |                 WS_CHILD | WS_VISIBLE | WS_TABSTOP | WINDOW_STYLE(BS_OWNERDRAW as u32),
[INFO] [stdout]     |                 ^^^^^^^^ not found in this scope
[INFO] [stdout] 
[INFO] [stdout] 
[INFO] [stdout] error[E0425]: cannot find value `WS_VISIBLE` in this scope
[INFO] [stdout]    --> src/main.rs:193:28
[INFO] [stdout]     |
[INFO] [stdout] 193 |                 WS_CHILD | WS_VISIBLE | WS_TABSTOP | WINDOW_STYLE(BS_OWNERDRAW as u32),
[INFO] [stdout]     |                            ^^^^^^^^^^ not found in this scope
[INFO] [stdout] 
[INFO] [stdout] 
[INFO] [stdout] error[E0425]: cannot find value `WS_TABSTOP` in this scope
[INFO] [stdout]    --> src/main.rs:193:41
[INFO] [stdout]     |
[INFO] [stdout] 193 |                 WS_CHILD | WS_VISIBLE | WS_TABSTOP | WINDOW_STYLE(BS_OWNERDRAW as u32),
[INFO] [stdout]     |                                         ^^^^^^^^^^ not found in this scope
[INFO] [stdout] 
[INFO] [stdout] 
[INFO] [stdout] error[E0425]: cannot find value `BS_OWNERDRAW` in this scope
[INFO] [stdout]    --> src/main.rs:193:67
[INFO] [stdout]     |
[INFO] [stdout] 193 |                 WS_CHILD | WS_VISIBLE | WS_TABSTOP | WINDOW_STYLE(BS_OWNERDRAW as u32),
[INFO] [stdout]     |                                                                   ^^^^^^^^^^^^ not found in this scope
[INFO] [stdout] 
[INFO] [stdout] 
[INFO] [stdout] error[E0425]: cannot find value `WS_CHILD` in this scope
[INFO] [stdout]    --> src/main.rs:206:17
[INFO] [stdout]     |
[INFO] [stdout] 206 |                 WS_CHILD | WS_VISIBLE | WS_TABSTOP | WINDOW_STYLE(BS_OWNERDRAW as u32),
[INFO] [stdout]     |                 ^^^^^^^^ not found in this scope
[INFO] [stdout] 
[INFO] [stdout] 
[INFO] [stdout] error[E0425]: cannot find value `WS_VISIBLE` in this scope
[INFO] [stdout]    --> src/main.rs:206:28
[INFO] [stdout]     |
[INFO] [stdout] 206 |                 WS_CHILD | WS_VISIBLE | WS_TABSTOP | WINDOW_STYLE(BS_OWNERDRAW as u32),
[INFO] [stdout]     |                            ^^^^^^^^^^ not found in this scope
[INFO] [stdout] 
[INFO] [stdout] 
[INFO] [stdout] error[E0425]: cannot find value `WS_TABSTOP` in this scope
[INFO] [stdout]    --> src/main.rs:206:41
[INFO] [stdout]     |
[INFO] [stdout] 206 |                 WS_CHILD | WS_VISIBLE | WS_TABSTOP | WINDOW_STYLE(BS_OWNERDRAW as u32),
[INFO] [stdout]     |                                         ^^^^^^^^^^ not found in this scope
[INFO] [stdout] 
[INFO] [stdout] 
[INFO] [stdout] error[E0425]: cannot find value `BS_OWNERDRAW` in this scope
[INFO] [stdout]    --> src/main.rs:206:67
[INFO] [stdout]     |
[INFO] [stdout] 206 |                 WS_CHILD | WS_VISIBLE | WS_TABSTOP | WINDOW_STYLE(BS_OWNERDRAW as u32),
[INFO] [stdout]     |                                                                   ^^^^^^^^^^^^ not found in this scope
[INFO] [stdout] 
[INFO] [stdout] 
[INFO] [stdout] error[E0425]: cannot find type `DRAWITEMSTRUCT` in this scope
[INFO] [stdout]    --> src/main.rs:243:46
[INFO] [stdout]     |
[INFO] [stdout] 243 |             let pdis = &*(lparam.0 as *const DRAWITEMSTRUCT);
[INFO] [stdout]     |                                              ^^^^^^^^^^^^^^ not found in this scope
[INFO] [stdout] 
[INFO] [stdout] 
[INFO] [stdout] error[E0425]: cannot find value `ODS_SELECTED` in this scope
[INFO] [stdout]    --> src/main.rs:244:51
[INFO] [stdout]     |
[INFO] [stdout] 244 |             let is_selected = (pdis.itemState.0 & ODS_SELECTED.0) != 0;
[INFO] [stdout]     |                                                   ^^^^^^^^^^^^ not found in this scope
[INFO] [stdout] 
[INFO] [stdout] 
[INFO] [stdout] error[E0425]: cannot find value `ODS_DISABLED` in this scope
[INFO] [stdout]    --> src/main.rs:245:51
[INFO] [stdout]     |
[INFO] [stdout] 245 |             let is_disabled = (pdis.itemState.0 & ODS_DISABLED.0) != 0;
[INFO] [stdout]     |                                                   ^^^^^^^^^^^^ not found in this scope
[INFO] [stdout] 
[INFO] [stdout] 
[INFO] [stdout] error[E0425]: cannot find value `SW_SHOW` in this scope
[INFO] [stdout]    --> src/main.rs:870:33
[INFO] [stdout]     |
[INFO] [stdout] 870 | ...                   SW_SHOW,
[INFO] [stdout]     |                       ^^^^^^^ not found in this scope
[INFO] [stdout] 
[INFO] [stdout] 
[INFO] [stdout] error[E0425]: cannot find function, tuple struct or tuple variant `LoadCursorW` in this scope
[INFO] [stdout]    --> src/main.rs:118:27
[INFO] [stdout]     |
[INFO] [stdout] 118 |         hCursor: unsafe { LoadCursorW(None, IDC_ARROW).unwrap_or(HCURSOR(0)) },
[INFO] [stdout]     |                           ^^^^^^^^^^^ not found in this scope
[INFO] [stdout] 
[INFO] [stdout] 
[INFO] [stdout] error[E0425]: cannot find function, tuple struct or tuple variant `HCURSOR` in this scope
[INFO] [stdout]    --> src/main.rs:118:66
[INFO] [stdout]     |
[INFO] [stdout] 118 |         hCursor: unsafe { LoadCursorW(None, IDC_ARROW).unwrap_or(HCURSOR(0)) },
[INFO] [stdout]     |                                                                  ^^^^^^^ not found in this scope
[INFO] [stdout] 
[INFO] [stdout] 
[INFO] [stdout] error[E0425]: cannot find function, tuple struct or tuple variant `LoadIconW` in this scope
[INFO] [stdout]    --> src/main.rs:121:25
[INFO] [stdout]     |
[INFO] [stdout] 121 |         hIcon: unsafe { LoadIconW(hinst, PCWSTR(1 as _)).unwrap_or(HICON(0)) },
[INFO] [stdout]     |                         ^^^^^^^^^ not found in this scope
[INFO] [stdout] 
[INFO] [stdout] 
[INFO] [stdout] error[E0425]: cannot find function, tuple struct or tuple variant `HICON` in this scope
[INFO] [stdout]    --> src/main.rs:121:68
[INFO] [stdout]     |
[INFO] [stdout] 121 |         hIcon: unsafe { LoadIconW(hinst, PCWSTR(1 as _)).unwrap_or(HICON(0)) },
[INFO] [stdout]     |                                                                    ^^^^^ not found in this scope
[INFO] [stdout] 
[INFO] [stdout] 
[INFO] [stdout] error[E0425]: cannot find function, tuple struct or tuple variant `RegisterClassExW` in this scope
[INFO] [stdout]    --> src/main.rs:126:9
[INFO] [stdout]     |
[INFO] [stdout] 126 |         RegisterClassExW(&wnd_class);
[INFO] [stdout]     |         ^^^^^^^^^^^^^^^^ not found in this scope
[INFO] [stdout] 
[INFO] [stdout] 
[INFO] [stdout] error[E0425]: cannot find function, tuple struct or tuple variant `GetSystemMetrics` in this scope
[INFO] [stdout]    --> src/main.rs:131:29
[INFO] [stdout]     |
[INFO] [stdout] 131 |     let screen_w = unsafe { GetSystemMetrics(SM_CXSCREEN) };
[INFO] [stdout]     |                             ^^^^^^^^^^^^^^^^ not found in this scope
[INFO] [stdout] 
[INFO] [stdout] 
[INFO] [stdout] error[E0425]: cannot find function, tuple struct or tuple variant `GetSystemMetrics` in this scope
[INFO] [stdout]    --> src/main.rs:132:29
[INFO] [stdout]     |
[INFO] [stdout] 132 |     let screen_h = unsafe { GetSystemMetrics(SM_CYSCREEN) };
[INFO] [stdout]     |                             ^^^^^^^^^^^^^^^^ not found in this scope
[INFO] [stdout] 
[INFO] [stdout] 
[INFO] [stdout] error[E0425]: cannot find function, tuple struct or tuple variant `CreateWindowExW` in this scope
[INFO] [stdout]    --> src/main.rs:137:9
[INFO] [stdout]     |
[INFO] [stdout] 137 |         CreateWindowExW(
[INFO] [stdout]     |         ^^^^^^^^^^^^^^^ not found in this scope
[INFO] [stdout] 
[INFO] [stdout] 
[INFO] [stdout] error[E0425]: cannot find function, tuple struct or tuple variant `ShowWindow` in this scope
[INFO] [stdout]    --> src/main.rs:158:9
[INFO] [stdout]     |
[INFO] [stdout] 158 |         ShowWindow(hwnd, SW_SHOW);
[INFO] [stdout]     |         ^^^^^^^^^^ not found in this scope
[INFO] [stdout] 
[INFO] [stdout] 
[INFO] [stdout] error[E0433]: cannot find type `MSG` in this scope
[INFO] [stdout]    --> src/main.rs:161:23
[INFO] [stdout]     |
[INFO] [stdout] 161 |         let mut msg = MSG::default();
[INFO] [stdout]     |                       ^^^ use of undeclared type `MSG`
[INFO] [stdout] 
[INFO] [stdout] 
[INFO] [stdout] error[E0425]: cannot find function, tuple struct or tuple variant `GetMessageW` in this scope
[INFO] [stdout]    --> src/main.rs:162:15
[INFO] [stdout]     |
[INFO] [stdout] 162 |         while GetMessageW(&mut msg, None, 0, 0).as_bool() {
[INFO] [stdout]     |               ^^^^^^^^^^^ not found in this scope
[INFO] [stdout] 
[INFO] [stdout] 
[INFO] [stdout] error[E0425]: cannot find function, tuple struct or tuple variant `TranslateMessage` in this scope
[INFO] [stdout]    --> src/main.rs:163:13
[INFO] [stdout]     |
[INFO] [stdout] 163 |             TranslateMessage(&msg);
[INFO] [stdout]     |             ^^^^^^^^^^^^^^^^ not found in this scope
[INFO] [stdout] 
[INFO] [stdout] 
[INFO] [stdout] error[E0425]: cannot find function, tuple struct or tuple variant `DispatchMessageW` in this scope
[INFO] [stdout]    --> src/main.rs:164:13
[INFO] [stdout]     |
[INFO] [stdout] 164 |             DispatchMessageW(&msg);
[INFO] [stdout]     |             ^^^^^^^^^^^^^^^^ not found in this scope
[INFO] [stdout] 
[INFO] [stdout] 
[INFO] [stdout] error[E0425]: cannot find function, tuple struct or tuple variant `WINDOW_EX_STYLE` in this scope
[INFO] [stdout]    --> src/main.rs:190:17
[INFO] [stdout]     |
[INFO] [stdout] 190 |                 WINDOW_EX_STYLE(0),
[INFO] [stdout]     |                 ^^^^^^^^^^^^^^^ not found in this scope
[INFO] [stdout] 
[INFO] [stdout] 
[INFO] [stdout] error[E0425]: cannot find function, tuple struct or tuple variant `WINDOW_STYLE` in this scope
[INFO] [stdout]    --> src/main.rs:193:54
[INFO] [stdout]     |
[INFO] [stdout] 193 |                 WS_CHILD | WS_VISIBLE | WS_TABSTOP | WINDOW_STYLE(BS_OWNERDRAW as u32),
[INFO] [stdout]     |                                                      ^^^^^^^^^^^^ not found in this scope
[INFO] [stdout] 
[INFO] [stdout] 
[INFO] [stdout] error[E0425]: cannot find function, tuple struct or tuple variant `HMENU` in this scope
[INFO] [stdout]    --> src/main.rs:196:17
[INFO] [stdout]     |
[INFO] [stdout] 196 |                 HMENU(201),
[INFO] [stdout]     |                 ^^^^^ not found in this scope
[INFO] [stdout] 
[INFO] [stdout] 
[INFO] [stdout] error[E0425]: cannot find function, tuple struct or tuple variant `CreateWindowExW` in this scope
[INFO] [stdout]    --> src/main.rs:189:31
[INFO] [stdout]     |
[INFO] [stdout] 189 |             let btn_install = CreateWindowExW(
[INFO] [stdout]     |                               ^^^^^^^^^^^^^^^ not found in this scope
[INFO] [stdout] 
[INFO] [stdout] 
[INFO] [stdout] error[E0425]: cannot find function, tuple struct or tuple variant `WINDOW_EX_STYLE` in this scope
[INFO] [stdout]    --> src/main.rs:203:17
[INFO] [stdout]     |
[INFO] [stdout] 203 |                 WINDOW_EX_STYLE(0),
[INFO] [stdout]     |                 ^^^^^^^^^^^^^^^ not found in this scope
[INFO] [stdout] 
[INFO] [stdout] 
[INFO] [stdout] error[E0425]: cannot find function, tuple struct or tuple variant `WINDOW_STYLE` in this scope
[INFO] [stdout]    --> src/main.rs:206:54
[INFO] [stdout]     |
[INFO] [stdout] 206 |                 WS_CHILD | WS_VISIBLE | WS_TABSTOP | WINDOW_STYLE(BS_OWNERDRAW as u32),
[INFO] [stdout]     |                                                      ^^^^^^^^^^^^ not found in this scope
[INFO] [stdout] 
[INFO] [stdout] 
[INFO] [stdout] error[E0425]: cannot find function, tuple struct or tuple variant `HMENU` in this scope
[INFO] [stdout]    --> src/main.rs:209:17
[INFO] [stdout]     |
[INFO] [stdout] 209 |                 HMENU(202),
[INFO] [stdout]     |                 ^^^^^ not found in this scope
[INFO] [stdout] 
[INFO] [stdout] 
[INFO] [stdout] error[E0425]: cannot find function, tuple struct or tuple variant `CreateWindowExW` in this scope
[INFO] [stdout]    --> src/main.rs:202:30
[INFO] [stdout]     |
[INFO] [stdout] 202 |             let btn_cancel = CreateWindowExW(
[INFO] [stdout]     |                              ^^^^^^^^^^^^^^^ not found in this scope
[INFO] [stdout] 
[INFO] [stdout] 
[INFO] [stdout] error[E0425]: cannot find function, tuple struct or tuple variant `DestroyWindow` in this scope
[INFO] [stdout]    --> src/main.rs:333:25
[INFO] [stdout]     |
[INFO] [stdout] 333 |                 let _ = DestroyWindow(hwnd);
[INFO] [stdout]     |                         ^^^^^^^^^^^^^ not found in this scope
[INFO] [stdout] 
[INFO] [stdout] 
[INFO] [stdout] error[E0425]: cannot find function, tuple struct or tuple variant `PostQuitMessage` in this scope
[INFO] [stdout]    --> src/main.rs:363:13
[INFO] [stdout]     |
[INFO] [stdout] 363 |             PostQuitMessage(0);
[INFO] [stdout]     |             ^^^^^^^^^^^^^^^ not found in this scope
[INFO] [stdout] 
[INFO] [stdout] 
[INFO] [stdout] error[E0425]: cannot find function, tuple struct or tuple variant `GetClientRect` in this scope
[INFO] [stdout]    --> src/main.rs:386:25
[INFO] [stdout]     |
[INFO] [stdout] 386 |                 let _ = GetClientRect(hwnd, &mut rc);
[INFO] [stdout]     |                         ^^^^^^^^^^^^^ not found in this scope
[INFO] [stdout] 
[INFO] [stdout] 
[INFO] [stdout] error[E0425]: cannot find function, tuple struct or tuple variant `PostQuitMessage` in this scope
[INFO] [stdout]    --> src/main.rs:574:13
[INFO] [stdout]     |
[INFO] [stdout] 574 |             PostQuitMessage(0);
[INFO] [stdout]     |             ^^^^^^^^^^^^^^^ not found in this scope
[INFO] [stdout] 
[INFO] [stdout] 
[INFO] [stdout] error[E0425]: cannot find function, tuple struct or tuple variant `DefWindowProcW` in this scope
[INFO] [stdout]    --> src/main.rs:578:14
[INFO] [stdout]     |
[INFO] [stdout] 578 |         _ => DefWindowProcW(hwnd, msg, wparam, lparam),
[INFO] [stdout]     |              ^^^^^^^^^^^^^^ not found in this scope
[INFO] [stdout] 
[INFO] [stdout] 
[INFO] [stdout] error[E0425]: cannot find function, tuple struct or tuple variant `PostMessageW` in this scope
[INFO] [stdout]    --> src/main.rs:592:21
[INFO] [stdout]     |
[INFO] [stdout] 592 |             let _ = PostMessageW(hwnd, WM_APP_STATUS, WPARAM(0), LPARAM(0));
[INFO] [stdout]     |                     ^^^^^^^^^^^^ not found in this scope
[INFO] [stdout] 
[INFO] [stdout] 
[INFO] [stdout] error[E0425]: cannot find function, tuple struct or tuple variant `PostMessageW` in this scope
[INFO] [stdout]    --> src/main.rs:774:26
[INFO] [stdout]     |
[INFO] [stdout] 774 |         unsafe { let _ = PostMessageW(hwnd, WM_APP_ERROR, WPARAM(0), LPARAM(0)); }
[INFO] [stdout]     |                          ^^^^^^^^^^^^ not found in this scope
[INFO] [stdout] 
[INFO] [stdout] 
[INFO] [stdout] error[E0425]: cannot find function, tuple struct or tuple variant `PostMessageW` in this scope
[INFO] [stdout]    --> src/main.rs:787:26
[INFO] [stdout]     |
[INFO] [stdout] 787 |         unsafe { let _ = PostMessageW(hwnd, WM_APP_ERROR, WPARAM(0), LPARAM(0)); }
[INFO] [stdout]     |                          ^^^^^^^^^^^^ not found in this scope
[INFO] [stdout] 
[INFO] [stdout] 
[INFO] [stdout] error[E0425]: cannot find function, tuple struct or tuple variant `PostMessageW` in this scope
[INFO] [stdout]    --> src/main.rs:794:17
[INFO] [stdout]     |
[INFO] [stdout] 794 |         let _ = PostMessageW(hwnd, WM_APP_PROGRESS, WPARAM(85), LPARAM(0));
[INFO] [stdout]     |                 ^^^^^^^^^^^^ not found in this scope
[INFO] [stdout] 
[INFO] [stdout] 
[INFO] [stdout] error[E0425]: cannot find function, tuple struct or tuple variant `PostMessageW` in this scope
[INFO] [stdout]    --> src/main.rs:801:30
[INFO] [stdout]     |
[INFO] [stdout] 801 |             unsafe { let _ = PostMessageW(hwnd, WM_APP_ERROR, WPARAM(0), LPARAM(0)); }
[INFO] [stdout]     |                              ^^^^^^^^^^^^ not found in this scope
[INFO] [stdout] 
[INFO] [stdout] 
[INFO] [stdout] error[E0425]: cannot find function, tuple struct or tuple variant `PostMessageW` in this scope
[INFO] [stdout]    --> src/main.rs:810:26
[INFO] [stdout]     |
[INFO] [stdout] 810 |         unsafe { let _ = PostMessageW(hwnd, WM_APP_ERROR, WPARAM(0), LPARAM(0)); }
[INFO] [stdout]     |                          ^^^^^^^^^^^^ not found in this scope
[INFO] [stdout] 
[INFO] [stdout] 
[INFO] [stdout] error[E0425]: cannot find function, tuple struct or tuple variant `PostMessageW` in this scope
[INFO] [stdout]    --> src/main.rs:829:30
[INFO] [stdout]     |
[INFO] [stdout] 829 |             unsafe { let _ = PostMessageW(hwnd, WM_APP_ERROR, WPARAM(0), LPARAM(0)); }
[INFO] [stdout]     |                              ^^^^^^^^^^^^ not found in this scope
[INFO] [stdout] 
[INFO] [stdout] 
[INFO] [stdout] error[E0425]: cannot find function, tuple struct or tuple variant `PostMessageW` in this scope
[INFO] [stdout]    --> src/main.rs:837:17
[INFO] [stdout]     |
[INFO] [stdout] 837 |         let _ = PostMessageW(hwnd, WM_APP_PROGRESS, WPARAM(92), LPARAM(0));
[INFO] [stdout]     |                 ^^^^^^^^^^^^ not found in this scope
[INFO] [stdout] 
[INFO] [stdout] 
[INFO] [stdout] error[E0425]: cannot find function, tuple struct or tuple variant `PostMessageW` in this scope
[INFO] [stdout]    --> src/main.rs:849:25
[INFO] [stdout]     |
[INFO] [stdout] 849 |                 let _ = PostMessageW(hwnd, WM_APP_PROGRESS, WPARAM(100), LPARAM(0));
[INFO] [stdout]     |                         ^^^^^^^^^^^^ not found in this scope
[INFO] [stdout] 
[INFO] [stdout] 
[INFO] [stdout] error[E0425]: cannot find function, tuple struct or tuple variant `PostMessageW` in this scope
[INFO] [stdout]    --> src/main.rs:879:25
[INFO] [stdout]     |
[INFO] [stdout] 879 |                 let _ = PostMessageW(hwnd, WM_APP_COMPLETE, WPARAM(0), LPARAM(0));
[INFO] [stdout]     |                         ^^^^^^^^^^^^ not found in this scope
[INFO] [stdout] 
[INFO] [stdout] 
[INFO] [stdout] error[E0425]: cannot find function, tuple struct or tuple variant `PostMessageW` in this scope
[INFO] [stdout]    --> src/main.rs:884:30
[INFO] [stdout]     |
[INFO] [stdout] 884 |             unsafe { let _ = PostMessageW(hwnd, WM_APP_ERROR, WPARAM(0), LPARAM(0)); }
[INFO] [stdout]     |                              ^^^^^^^^^^^^ not found in this scope
[INFO] [stdout] 
[INFO] [stdout] 
[INFO] [stdout] error[E0425]: cannot find function, tuple struct or tuple variant `PostMessageW` in this scope
[INFO] [stdout]    --> src/main.rs:888:30
[INFO] [stdout]     |
[INFO] [stdout] 888 |             unsafe { let _ = PostMessageW(hwnd, WM_APP_ERROR, WPARAM(0), LPARAM(0)); }
[INFO] [stdout]     |                              ^^^^^^^^^^^^ not found in this scope
[INFO] [stdout] 
[INFO] [stdout] 
[INFO] [stdout] error[E0425]: cannot find function, tuple struct or tuple variant `PostMessageW` in this scope
[INFO] [stdout]    --> src/main.rs:933:29
[INFO] [stdout]     |
[INFO] [stdout] 933 |                     let _ = PostMessageW(hwnd, WM_APP_PROGRESS, WPARAM(pct), LPARAM(0));
[INFO] [stdout]     |                             ^^^^^^^^^^^^ not found in this scope
[INFO] [stdout] 
[INFO] [stdout] 
[INFO] [stdout] Some errors have detailed explanations: E0422, E0425, E0432, E0433.
[INFO] [stdout] 
[INFO] [stdout] For more information about an error, try `rustc --explain E0422`.
[INFO] [stdout] 
[INFO] [stderr] error: could not compile `edudar-installer` (bin "edudar-installer") due to 80 previous errors
[INFO] [stderr] warning: build failed, waiting for other jobs to finish...
[INFO] [stdout] error[E0425]: cannot find value `WM_USER` in this scope
[INFO] [stdout]   --> src/main.rs:37:30
[INFO] [stdout]    |
[INFO] [stdout] 37 | const WM_APP_PROGRESS: u32 = WM_USER + 1;
[INFO] [stdout]    |                              ^^^^^^^ not found in this scope
[INFO] [stdout] 
[INFO] [stdout] 
[INFO] [stdout] error[E0425]: cannot find value `WM_USER` in this scope
[INFO] [stdout]   --> src/main.rs:38:28
[INFO] [stdout]    |
[INFO] [stdout] 38 | const WM_APP_STATUS: u32 = WM_USER + 2;
[INFO] [stdout]    |                            ^^^^^^^ not found in this scope
[INFO] [stdout] 
[INFO] [stdout] 
[INFO] [stdout] error[E0425]: cannot find value `WM_USER` in this scope
[INFO] [stdout]   --> src/main.rs:39:30
[INFO] [stdout]    |
[INFO] [stdout] 39 | const WM_APP_COMPLETE: u32 = WM_USER + 3;
[INFO] [stdout]    |                              ^^^^^^^ not found in this scope
[INFO] [stdout] 
[INFO] [stdout] 
[INFO] [stdout] error[E0425]: cannot find value `WM_USER` in this scope
[INFO] [stdout]   --> src/main.rs:40:27
[INFO] [stdout]    |
[INFO] [stdout] 40 | const WM_APP_ERROR: u32 = WM_USER + 4;
[INFO] [stdout]    |                           ^^^^^^^ not found in this scope
[INFO] [stdout] 
[INFO] [stdout] 
[INFO] [stdout] error[E0422]: cannot find struct, variant or union type `WNDCLASSEXW` in this scope
[INFO] [stdout]    --> src/main.rs:113:21
[INFO] [stdout]     |
[INFO] [stdout] 113 |     let wnd_class = WNDCLASSEXW {
[INFO] [stdout]     |                     ^^^^^^^^^^^ not found in this scope
[INFO] [stdout] 
[INFO] [stdout] 
[INFO] [stdout] error[E0425]: cannot find type `WNDCLASSEXW` in this scope
[INFO] [stdout]    --> src/main.rs:114:37
[INFO] [stdout]     |
[INFO] [stdout] 114 |         cbSize: std::mem::size_of::<WNDCLASSEXW>() as u32,
[INFO] [stdout]     |                                     ^^^^^^^^^^^ not found in this scope
[INFO] [stdout] 
[INFO] [stdout] 
[INFO] [stdout] error[E0425]: cannot find value `CS_HREDRAW` in this scope
[INFO] [stdout]    --> src/main.rs:115:16
[INFO] [stdout]     |
[INFO] [stdout] 115 |         style: CS_HREDRAW | CS_VREDRAW,
[INFO] [stdout]     |                ^^^^^^^^^^ not found in this scope
[INFO] [stdout] 
[INFO] [stdout] 
[INFO] [stdout] error[E0425]: cannot find value `CS_VREDRAW` in this scope
[INFO] [stdout]    --> src/main.rs:115:29
[INFO] [stdout]     |
[INFO] [stdout] 115 |         style: CS_HREDRAW | CS_VREDRAW,
[INFO] [stdout]     |                             ^^^^^^^^^^ not found in this scope
[INFO] [stdout] 
[INFO] [stdout] 
[INFO] [stdout] error[E0425]: cannot find value `IDC_ARROW` in this scope
[INFO] [stdout]    --> src/main.rs:118:45
[INFO] [stdout]     |
[INFO] [stdout] 118 |         hCursor: unsafe { LoadCursorW(None, IDC_ARROW).unwrap_or(HCURSOR(0)) },
[INFO] [stdout]     |                                             ^^^^^^^^^ not found in this scope
[INFO] [stdout] 
[INFO] [stdout] 
[INFO] [stdout] error[E0425]: cannot find value `SM_CXSCREEN` in this scope
[INFO] [stdout]    --> src/main.rs:131:46
[INFO] [stdout]     |
[INFO] [stdout] 131 |     let screen_w = unsafe { GetSystemMetrics(SM_CXSCREEN) };
[INFO] [stdout]     |                                              ^^^^^^^^^^^ not found in this scope
[INFO] [stdout] 
[INFO] [stdout] 
[INFO] [stdout] error[E0425]: cannot find value `SM_CYSCREEN` in this scope
[INFO] [stdout]    --> src/main.rs:132:46
[INFO] [stdout]     |
[INFO] [stdout] 132 |     let screen_h = unsafe { GetSystemMetrics(SM_CYSCREEN) };
[INFO] [stdout]     |                                              ^^^^^^^^^^^ not found in this scope
[INFO] [stdout] 
[INFO] [stdout] 
[INFO] [stdout] error[E0425]: cannot find value `WS_EX_APPWINDOW` in this scope
[INFO] [stdout]    --> src/main.rs:138:13
[INFO] [stdout]     |
[INFO] [stdout] 138 |             WS_EX_APPWINDOW,
[INFO] [stdout]     |             ^^^^^^^^^^^^^^^ not found in this scope
[INFO] [stdout] 
[INFO] [stdout] 
[INFO] [stdout] error[E0425]: cannot find value `WS_OVERLAPPED` in this scope
[INFO] [stdout]    --> src/main.rs:141:13
[INFO] [stdout]     |
[INFO] [stdout] 141 |             WS_OVERLAPPED | WS_CAPTION | WS_SYSMENU | WS_MINIMIZEBOX | WS_VISIBLE,
[INFO] [stdout]     |             ^^^^^^^^^^^^^ not found in this scope
[INFO] [stdout] 
[INFO] [stdout] 
[INFO] [stdout] error[E0425]: cannot find value `WS_CAPTION` in this scope
[INFO] [stdout]    --> src/main.rs:141:29
[INFO] [stdout]     |
[INFO] [stdout] 141 |             WS_OVERLAPPED | WS_CAPTION | WS_SYSMENU | WS_MINIMIZEBOX | WS_VISIBLE,
[INFO] [stdout]     |                             ^^^^^^^^^^ not found in this scope
[INFO] [stdout] 
[INFO] [stdout] 
[INFO] [stdout] error[E0425]: cannot find value `WS_SYSMENU` in this scope
[INFO] [stdout]    --> src/main.rs:141:42
[INFO] [stdout]     |
[INFO] [stdout] 141 |             WS_OVERLAPPED | WS_CAPTION | WS_SYSMENU | WS_MINIMIZEBOX | WS_VISIBLE,
[INFO] [stdout]     |                                          ^^^^^^^^^^ not found in this scope
[INFO] [stdout] 
[INFO] [stdout] 
[INFO] [stdout] error[E0425]: cannot find value `WS_MINIMIZEBOX` in this scope
[INFO] [stdout]    --> src/main.rs:141:55
[INFO] [stdout]     |
[INFO] [stdout] 141 |             WS_OVERLAPPED | WS_CAPTION | WS_SYSMENU | WS_MINIMIZEBOX | WS_VISIBLE,
[INFO] [stdout]     |                                                       ^^^^^^^^^^^^^^ not found in this scope
[INFO] [stdout] 
[INFO] [stdout] 
[INFO] [stdout] error[E0425]: cannot find value `WS_VISIBLE` in this scope
[INFO] [stdout]    --> src/main.rs:141:72
[INFO] [stdout]     |
[INFO] [stdout] 141 |             WS_OVERLAPPED | WS_CAPTION | WS_SYSMENU | WS_MINIMIZEBOX | WS_VISIBLE,
[INFO] [stdout]     |                                                                        ^^^^^^^^^^ not found in this scope
[INFO] [stdout] 
[INFO] [stdout] 
[INFO] [stdout] error[E0425]: cannot find value `SW_SHOW` in this scope
[INFO] [stdout]    --> src/main.rs:158:26
[INFO] [stdout]     |
[INFO] [stdout] 158 |         ShowWindow(hwnd, SW_SHOW);
[INFO] [stdout]     |                          ^^^^^^^ not found in this scope
[INFO] [stdout] 
[INFO] [stdout] 
[INFO] [stdout] error[E0425]: cannot find value `WS_CHILD` in this scope
[INFO] [stdout]    --> src/main.rs:193:17
[INFO] [stdout]     |
[INFO] [stdout] 193 |                 WS_CHILD | WS_VISIBLE | WS_TABSTOP | WINDOW_STYLE(BS_OWNERDRAW as u32),
[INFO] [stdout]     |                 ^^^^^^^^ not found in this scope
[INFO] [stdout] 
[INFO] [stdout] 
[INFO] [stdout] error[E0425]: cannot find value `WS_VISIBLE` in this scope
[INFO] [stdout]    --> src/main.rs:193:28
[INFO] [stdout]     |
[INFO] [stdout] 193 |                 WS_CHILD | WS_VISIBLE | WS_TABSTOP | WINDOW_STYLE(BS_OWNERDRAW as u32),
[INFO] [stdout]     |                            ^^^^^^^^^^ not found in this scope
[INFO] [stdout] 
[INFO] [stdout] 
[INFO] [stdout] error[E0425]: cannot find value `WS_TABSTOP` in this scope
[INFO] [stdout]    --> src/main.rs:193:41
[INFO] [stdout]     |
[INFO] [stdout] 193 |                 WS_CHILD | WS_VISIBLE | WS_TABSTOP | WINDOW_STYLE(BS_OWNERDRAW as u32),
[INFO] [stdout]     |                                         ^^^^^^^^^^ not found in this scope
[INFO] [stdout] 
[INFO] [stdout] 
[INFO] [stdout] error[E0425]: cannot find value `BS_OWNERDRAW` in this scope
[INFO] [stdout]    --> src/main.rs:193:67
[INFO] [stdout]     |
[INFO] [stdout] 193 |                 WS_CHILD | WS_VISIBLE | WS_TABSTOP | WINDOW_STYLE(BS_OWNERDRAW as u32),
[INFO] [stdout]     |                                                                   ^^^^^^^^^^^^ not found in this scope
[INFO] [stdout] 
[INFO] [stdout] 
[INFO] [stdout] error[E0425]: cannot find value `WS_CHILD` in this scope
[INFO] [stdout]    --> src/main.rs:206:17
[INFO] [stdout]     |
[INFO] [stdout] 206 |                 WS_CHILD | WS_VISIBLE | WS_TABSTOP | WINDOW_STYLE(BS_OWNERDRAW as u32),
[INFO] [stdout]     |                 ^^^^^^^^ not found in this scope
[INFO] [stdout] 
[INFO] [stdout] 
[INFO] [stdout] error[E0425]: cannot find value `WS_VISIBLE` in this scope
[INFO] [stdout]    --> src/main.rs:206:28
[INFO] [stdout]     |
[INFO] [stdout] 206 |                 WS_CHILD | WS_VISIBLE | WS_TABSTOP | WINDOW_STYLE(BS_OWNERDRAW as u32),
[INFO] [stdout]     |                            ^^^^^^^^^^ not found in this scope
[INFO] [stdout] 
[INFO] [stdout] 
[INFO] [stdout] error[E0425]: cannot find value `WS_TABSTOP` in this scope
[INFO] [stdout]    --> src/main.rs:206:41
[INFO] [stdout]     |
[INFO] [stdout] 206 |                 WS_CHILD | WS_VISIBLE | WS_TABSTOP | WINDOW_STYLE(BS_OWNERDRAW as u32),
[INFO] [stdout]     |                                         ^^^^^^^^^^ not found in this scope
[INFO] [stdout] 
[INFO] [stdout] 
[INFO] [stdout] error[E0425]: cannot find value `BS_OWNERDRAW` in this scope
[INFO] [stdout]    --> src/main.rs:206:67
[INFO] [stdout]     |
[INFO] [stdout] 206 |                 WS_CHILD | WS_VISIBLE | WS_TABSTOP | WINDOW_STYLE(BS_OWNERDRAW as u32),
[INFO] [stdout]     |                                                                   ^^^^^^^^^^^^ not found in this scope
[INFO] [stdout] 
[INFO] [stdout] 
[INFO] [stdout] error[E0425]: cannot find type `DRAWITEMSTRUCT` in this scope
[INFO] [stdout]    --> src/main.rs:243:46
[INFO] [stdout]     |
[INFO] [stdout] 243 |             let pdis = &*(lparam.0 as *const DRAWITEMSTRUCT);
[INFO] [stdout]     |                                              ^^^^^^^^^^^^^^ not found in this scope
[INFO] [stdout] 
[INFO] [stdout] 
[INFO] [stdout] error[E0425]: cannot find value `ODS_SELECTED` in this scope
[INFO] [stdout]    --> src/main.rs:244:51
[INFO] [stdout]     |
[INFO] [stdout] 244 |             let is_selected = (pdis.itemState.0 & ODS_SELECTED.0) != 0;
[INFO] [stdout]     |                                                   ^^^^^^^^^^^^ not found in this scope
[INFO] [stdout] 
[INFO] [stdout] 
[INFO] [stdout] error[E0425]: cannot find value `ODS_DISABLED` in this scope
[INFO] [stdout]    --> src/main.rs:245:51
[INFO] [stdout]     |
[INFO] [stdout] 245 |             let is_disabled = (pdis.itemState.0 & ODS_DISABLED.0) != 0;
[INFO] [stdout]     |                                                   ^^^^^^^^^^^^ not found in this scope
[INFO] [stdout] 
[INFO] [stdout] 
[INFO] [stdout] error[E0425]: cannot find value `SW_SHOW` in this scope
[INFO] [stdout]    --> src/main.rs:870:33
[INFO] [stdout]     |
[INFO] [stdout] 870 | ...                   SW_SHOW,
[INFO] [stdout]     |                       ^^^^^^^ not found in this scope
[INFO] [stdout] 
[INFO] [stdout] 
[INFO] [stdout] error[E0425]: cannot find function, tuple struct or tuple variant `LoadCursorW` in this scope
[INFO] [stdout]    --> src/main.rs:118:27
[INFO] [stdout]     |
[INFO] [stdout] 118 |         hCursor: unsafe { LoadCursorW(None, IDC_ARROW).unwrap_or(HCURSOR(0)) },
[INFO] [stdout]     |                           ^^^^^^^^^^^ not found in this scope
[INFO] [stdout] 
[INFO] [stdout] 
[INFO] [stdout] error[E0425]: cannot find function, tuple struct or tuple variant `HCURSOR` in this scope
[INFO] [stdout]    --> src/main.rs:118:66
[INFO] [stdout]     |
[INFO] [stdout] 118 |         hCursor: unsafe { LoadCursorW(None, IDC_ARROW).unwrap_or(HCURSOR(0)) },
[INFO] [stdout]     |                                                                  ^^^^^^^ not found in this scope
[INFO] [stdout] 
[INFO] [stdout] 
[INFO] [stdout] error[E0425]: cannot find function, tuple struct or tuple variant `LoadIconW` in this scope
[INFO] [stdout]    --> src/main.rs:121:25
[INFO] [stdout]     |
[INFO] [stdout] 121 |         hIcon: unsafe { LoadIconW(hinst, PCWSTR(1 as _)).unwrap_or(HICON(0)) },
[INFO] [stdout]     |                         ^^^^^^^^^ not found in this scope
[INFO] [stdout] 
[INFO] [stdout] 
[INFO] [stdout] error[E0425]: cannot find function, tuple struct or tuple variant `HICON` in this scope
[INFO] [stdout]    --> src/main.rs:121:68
[INFO] [stdout]     |
[INFO] [stdout] 121 |         hIcon: unsafe { LoadIconW(hinst, PCWSTR(1 as _)).unwrap_or(HICON(0)) },
[INFO] [stdout]     |                                                                    ^^^^^ not found in this scope
[INFO] [stdout] 
[INFO] [stdout] 
[INFO] [stdout] error[E0425]: cannot find function, tuple struct or tuple variant `RegisterClassExW` in this scope
[INFO] [stdout]    --> src/main.rs:126:9
[INFO] [stdout]     |
[INFO] [stdout] 126 |         RegisterClassExW(&wnd_class);
[INFO] [stdout]     |         ^^^^^^^^^^^^^^^^ not found in this scope
[INFO] [stdout] 
[INFO] [stdout] 
[INFO] [stdout] error[E0425]: cannot find function, tuple struct or tuple variant `GetSystemMetrics` in this scope
[INFO] [stdout]    --> src/main.rs:131:29
[INFO] [stdout]     |
[INFO] [stdout] 131 |     let screen_w = unsafe { GetSystemMetrics(SM_CXSCREEN) };
[INFO] [stdout]     |                             ^^^^^^^^^^^^^^^^ not found in this scope
[INFO] [stdout] 
[INFO] [stdout] 
[INFO] [stdout] error[E0425]: cannot find function, tuple struct or tuple variant `GetSystemMetrics` in this scope
[INFO] [stdout]    --> src/main.rs:132:29
[INFO] [stdout]     |
[INFO] [stdout] 132 |     let screen_h = unsafe { GetSystemMetrics(SM_CYSCREEN) };
[INFO] [stdout]     |                             ^^^^^^^^^^^^^^^^ not found in this scope
[INFO] [stdout] 
[INFO] [stdout] 
[INFO] [stdout] error[E0425]: cannot find function, tuple struct or tuple variant `CreateWindowExW` in this scope
[INFO] [stdout]    --> src/main.rs:137:9
[INFO] [stdout]     |
[INFO] [stdout] 137 |         CreateWindowExW(
[INFO] [stdout]     |         ^^^^^^^^^^^^^^^ not found in this scope
[INFO] [stdout] 
[INFO] [stdout] 
[INFO] [stdout] error[E0425]: cannot find function, tuple struct or tuple variant `ShowWindow` in this scope
[INFO] [stdout]    --> src/main.rs:158:9
[INFO] [stdout]     |
[INFO] [stdout] 158 |         ShowWindow(hwnd, SW_SHOW);
[INFO] [stdout]     |         ^^^^^^^^^^ not found in this scope
[INFO] [stdout] 
[INFO] [stdout] 
[INFO] [stdout] error[E0433]: cannot find type `MSG` in this scope
[INFO] [stdout]    --> src/main.rs:161:23
[INFO] [stdout]     |
[INFO] [stdout] 161 |         let mut msg = MSG::default();
[INFO] [stdout]     |                       ^^^ use of undeclared type `MSG`
[INFO] [stdout] 
[INFO] [stdout] 
[INFO] [stdout] error[E0425]: cannot find function, tuple struct or tuple variant `GetMessageW` in this scope
[INFO] [stdout]    --> src/main.rs:162:15
[INFO] [stdout]     |
[INFO] [stdout] 162 |         while GetMessageW(&mut msg, None, 0, 0).as_bool() {
[INFO] [stdout]     |               ^^^^^^^^^^^ not found in this scope
[INFO] [stdout] 
[INFO] [stdout] 
[INFO] [stdout] error[E0425]: cannot find function, tuple struct or tuple variant `TranslateMessage` in this scope
[INFO] [stdout]    --> src/main.rs:163:13
[INFO] [stdout]     |
[INFO] [stdout] 163 |             TranslateMessage(&msg);
[INFO] [stdout]     |             ^^^^^^^^^^^^^^^^ not found in this scope
[INFO] [stdout] 
[INFO] [stdout] 
[INFO] [stdout] error[E0425]: cannot find function, tuple struct or tuple variant `DispatchMessageW` in this scope
[INFO] [stdout]    --> src/main.rs:164:13
[INFO] [stdout]     |
[INFO] [stdout] 164 |             DispatchMessageW(&msg);
[INFO] [stdout]     |             ^^^^^^^^^^^^^^^^ not found in this scope
[INFO] [stdout] 
[INFO] [stdout] 
[INFO] [stdout] error[E0425]: cannot find function, tuple struct or tuple variant `WINDOW_EX_STYLE` in this scope
[INFO] [stdout]    --> src/main.rs:190:17
[INFO] [stdout]     |
[INFO] [stdout] 190 |                 WINDOW_EX_STYLE(0),
[INFO] [stdout]     |                 ^^^^^^^^^^^^^^^ not found in this scope
[INFO] [stdout] 
[INFO] [stdout] 
[INFO] [stdout] error[E0425]: cannot find function, tuple struct or tuple variant `WINDOW_STYLE` in this scope
[INFO] [stdout]    --> src/main.rs:193:54
[INFO] [stdout]     |
[INFO] [stdout] 193 |                 WS_CHILD | WS_VISIBLE | WS_TABSTOP | WINDOW_STYLE(BS_OWNERDRAW as u32),
[INFO] [stdout]     |                                                      ^^^^^^^^^^^^ not found in this scope
[INFO] [stdout] 
[INFO] [stdout] 
[INFO] [stdout] error[E0425]: cannot find function, tuple struct or tuple variant `HMENU` in this scope
[INFO] [stdout]    --> src/main.rs:196:17
[INFO] [stdout]     |
[INFO] [stdout] 196 |                 HMENU(201),
[INFO] [stdout]     |                 ^^^^^ not found in this scope
[INFO] [stdout] 
[INFO] [stdout] 
[INFO] [stdout] error[E0425]: cannot find function, tuple struct or tuple variant `CreateWindowExW` in this scope
[INFO] [stdout]    --> src/main.rs:189:31
[INFO] [stdout]     |
[INFO] [stdout] 189 |             let btn_install = CreateWindowExW(
[INFO] [stdout]     |                               ^^^^^^^^^^^^^^^ not found in this scope
[INFO] [stdout] 
[INFO] [stdout] 
[INFO] [stdout] error[E0425]: cannot find function, tuple struct or tuple variant `WINDOW_EX_STYLE` in this scope
[INFO] [stdout]    --> src/main.rs:203:17
[INFO] [stdout]     |
[INFO] [stdout] 203 |                 WINDOW_EX_STYLE(0),
[INFO] [stdout]     |                 ^^^^^^^^^^^^^^^ not found in this scope
[INFO] [stdout] 
[INFO] [stdout] 
[INFO] [stdout] error[E0425]: cannot find function, tuple struct or tuple variant `WINDOW_STYLE` in this scope
[INFO] [stdout]    --> src/main.rs:206:54
[INFO] [stdout]     |
[INFO] [stdout] 206 |                 WS_CHILD | WS_VISIBLE | WS_TABSTOP | WINDOW_STYLE(BS_OWNERDRAW as u32),
[INFO] [stdout]     |                                                      ^^^^^^^^^^^^ not found in this scope
[INFO] [stdout] 
[INFO] [stdout] 
[INFO] [stdout] error[E0425]: cannot find function, tuple struct or tuple variant `HMENU` in this scope
[INFO] [stdout]    --> src/main.rs:209:17
[INFO] [stdout]     |
[INFO] [stdout] 209 |                 HMENU(202),
[INFO] [stdout]     |                 ^^^^^ not found in this scope
[INFO] [stdout] 
[INFO] [stdout] 
[INFO] [stdout] error[E0425]: cannot find function, tuple struct or tuple variant `CreateWindowExW` in this scope
[INFO] [stdout]    --> src/main.rs:202:30
[INFO] [stdout]     |
[INFO] [stdout] 202 |             let btn_cancel = CreateWindowExW(
[INFO] [stdout]     |                              ^^^^^^^^^^^^^^^ not found in this scope
[INFO] [stdout] 
[INFO] [stdout] 
[INFO] [stdout] error[E0425]: cannot find function, tuple struct or tuple variant `DestroyWindow` in this scope
[INFO] [stdout]    --> src/main.rs:333:25
[INFO] [stdout]     |
[INFO] [stdout] 333 |                 let _ = DestroyWindow(hwnd);
[INFO] [stdout]     |                         ^^^^^^^^^^^^^ not found in this scope
[INFO] [stdout] 
[INFO] [stdout] 
[INFO] [stdout] error[E0425]: cannot find function, tuple struct or tuple variant `PostQuitMessage` in this scope
[INFO] [stdout]    --> src/main.rs:363:13
[INFO] [stdout]     |
[INFO] [stdout] 363 |             PostQuitMessage(0);
[INFO] [stdout]     |             ^^^^^^^^^^^^^^^ not found in this scope
[INFO] [stdout] 
[INFO] [stdout] 
[INFO] [stdout] error[E0425]: cannot find function, tuple struct or tuple variant `GetClientRect` in this scope
[INFO] [stdout]    --> src/main.rs:386:25
[INFO] [stdout]     |
[INFO] [stdout] 386 |                 let _ = GetClientRect(hwnd, &mut rc);
[INFO] [stdout]     |                         ^^^^^^^^^^^^^ not found in this scope
[INFO] [stdout] 
[INFO] [stdout] 
[INFO] [stdout] error[E0425]: cannot find function, tuple struct or tuple variant `PostQuitMessage` in this scope
[INFO] [stdout]    --> src/main.rs:574:13
[INFO] [stdout]     |
[INFO] [stdout] 574 |             PostQuitMessage(0);
[INFO] [stdout]     |             ^^^^^^^^^^^^^^^ not found in this scope
[INFO] [stdout] 
[INFO] [stdout] 
[INFO] [stdout] error[E0425]: cannot find function, tuple struct or tuple variant `DefWindowProcW` in this scope
[INFO] [stdout]    --> src/main.rs:578:14
[INFO] [stdout]     |
[INFO] [stdout] 578 |         _ => DefWindowProcW(hwnd, msg, wparam, lparam),
[INFO] [stdout]     |              ^^^^^^^^^^^^^^ not found in this scope
[INFO] [stdout] 
[INFO] [stdout] 
[INFO] [stdout] error[E0425]: cannot find function, tuple struct or tuple variant `PostMessageW` in this scope
[INFO] [stdout]    --> src/main.rs:592:21
[INFO] [stdout]     |
[INFO] [stdout] 592 |             let _ = PostMessageW(hwnd, WM_APP_STATUS, WPARAM(0), LPARAM(0));
[INFO] [stdout]     |                     ^^^^^^^^^^^^ not found in this scope
[INFO] [stdout] 
[INFO] [stdout] 
[INFO] [stdout] error[E0425]: cannot find function, tuple struct or tuple variant `PostMessageW` in this scope
[INFO] [stdout]    --> src/main.rs:774:26
[INFO] [stdout]     |
[INFO] [stdout] 774 |         unsafe { let _ = PostMessageW(hwnd, WM_APP_ERROR, WPARAM(0), LPARAM(0)); }
[INFO] [stdout]     |                          ^^^^^^^^^^^^ not found in this scope
[INFO] [stdout] 
[INFO] [stdout] 
[INFO] [stdout] error[E0425]: cannot find function, tuple struct or tuple variant `PostMessageW` in this scope
[INFO] [stdout]    --> src/main.rs:787:26
[INFO] [stdout]     |
[INFO] [stdout] 787 |         unsafe { let _ = PostMessageW(hwnd, WM_APP_ERROR, WPARAM(0), LPARAM(0)); }
[INFO] [stdout]     |                          ^^^^^^^^^^^^ not found in this scope
[INFO] [stdout] 
[INFO] [stdout] 
[INFO] [stdout] error[E0425]: cannot find function, tuple struct or tuple variant `PostMessageW` in this scope
[INFO] [stdout]    --> src/main.rs:794:17
[INFO] [stdout]     |
[INFO] [stdout] 794 |         let _ = PostMessageW(hwnd, WM_APP_PROGRESS, WPARAM(85), LPARAM(0));
[INFO] [stdout]     |                 ^^^^^^^^^^^^ not found in this scope
[INFO] [stdout] 
[INFO] [stdout] 
[INFO] [stdout] error[E0425]: cannot find function, tuple struct or tuple variant `PostMessageW` in this scope
[INFO] [stdout]    --> src/main.rs:801:30
[INFO] [stdout]     |
[INFO] [stdout] 801 |             unsafe { let _ = PostMessageW(hwnd, WM_APP_ERROR, WPARAM(0), LPARAM(0)); }
[INFO] [stdout]     |                              ^^^^^^^^^^^^ not found in this scope
[INFO] [stdout] 
[INFO] [stdout] 
[INFO] [stdout] error[E0425]: cannot find function, tuple struct or tuple variant `PostMessageW` in this scope
[INFO] [stdout]    --> src/main.rs:810:26
[INFO] [stdout]     |
[INFO] [stdout] 810 |         unsafe { let _ = PostMessageW(hwnd, WM_APP_ERROR, WPARAM(0), LPARAM(0)); }
[INFO] [stdout]     |                          ^^^^^^^^^^^^ not found in this scope
[INFO] [stdout] 
[INFO] [stdout] 
[INFO] [stdout] error[E0425]: cannot find function, tuple struct or tuple variant `PostMessageW` in this scope
[INFO] [stdout]    --> src/main.rs:829:30
[INFO] [stdout]     |
[INFO] [stdout] 829 |             unsafe { let _ = PostMessageW(hwnd, WM_APP_ERROR, WPARAM(0), LPARAM(0)); }
[INFO] [stdout]     |                              ^^^^^^^^^^^^ not found in this scope
[INFO] [stdout] 
[INFO] [stdout] 
[INFO] [stdout] error[E0425]: cannot find function, tuple struct or tuple variant `PostMessageW` in this scope
[INFO] [stdout]    --> src/main.rs:837:17
[INFO] [stdout]     |
[INFO] [stdout] 837 |         let _ = PostMessageW(hwnd, WM_APP_PROGRESS, WPARAM(92), LPARAM(0));
[INFO] [stdout]     |                 ^^^^^^^^^^^^ not found in this scope
[INFO] [stdout] 
[INFO] [stdout] 
[INFO] [stdout] error[E0425]: cannot find function, tuple struct or tuple variant `PostMessageW` in this scope
[INFO] [stdout]    --> src/main.rs:849:25
[INFO] [stdout]     |
[INFO] [stdout] 849 |                 let _ = PostMessageW(hwnd, WM_APP_PROGRESS, WPARAM(100), LPARAM(0));
[INFO] [stdout]     |                         ^^^^^^^^^^^^ not found in this scope
[INFO] [stdout] 
[INFO] [stdout] 
[INFO] [stdout] error[E0425]: cannot find function, tuple struct or tuple variant `PostMessageW` in this scope
[INFO] [stdout]    --> src/main.rs:879:25
[INFO] [stdout]     |
[INFO] [stdout] 879 |                 let _ = PostMessageW(hwnd, WM_APP_COMPLETE, WPARAM(0), LPARAM(0));
[INFO] [stdout]     |                         ^^^^^^^^^^^^ not found in this scope
[INFO] [stdout] 
[INFO] [stdout] 
[INFO] [stdout] error[E0425]: cannot find function, tuple struct or tuple variant `PostMessageW` in this scope
[INFO] [stdout]    --> src/main.rs:884:30
[INFO] [stdout]     |
[INFO] [stdout] 884 |             unsafe { let _ = PostMessageW(hwnd, WM_APP_ERROR, WPARAM(0), LPARAM(0)); }
[INFO] [stdout]     |                              ^^^^^^^^^^^^ not found in this scope
[INFO] [stdout] 
[INFO] [stdout] 
[INFO] [stdout] error[E0425]: cannot find function, tuple struct or tuple variant `PostMessageW` in this scope
[INFO] [stdout]    --> src/main.rs:888:30
[INFO] [stdout]     |
[INFO] [stdout] 888 |             unsafe { let _ = PostMessageW(hwnd, WM_APP_ERROR, WPARAM(0), LPARAM(0)); }
[INFO] [stdout]     |                              ^^^^^^^^^^^^ not found in this scope
[INFO] [stdout] 
[INFO] [stdout] 
[INFO] [stdout] error[E0425]: cannot find function, tuple struct or tuple variant `PostMessageW` in this scope
[INFO] [stdout]    --> src/main.rs:933:29
[INFO] [stdout]     |
[INFO] [stdout] 933 |                     let _ = PostMessageW(hwnd, WM_APP_PROGRESS, WPARAM(pct), LPARAM(0));
[INFO] [stdout]     |                             ^^^^^^^^^^^^ not found in this scope
[INFO] [stdout] 
[INFO] [stdout] 
[INFO] [stdout] Some errors have detailed explanations: E0422, E0425, E0432, E0433.
[INFO] [stdout] 
[INFO] [stdout] For more information about an error, try `rustc --explain E0422`.
[INFO] [stdout] 
[INFO] [stderr] error: could not compile `edudar-installer` (bin "edudar-installer" test) due to 80 previous errors
[INFO] running `Command { std: "docker" "inspect" "c2d35b27c3d5bce7aa995a852e9a04396b7cc90744939151df839649cd12fcea", kill_on_drop: false }`
[INFO] running `Command { std: "docker" "rm" "-f" "c2d35b27c3d5bce7aa995a852e9a04396b7cc90744939151df839649cd12fcea", kill_on_drop: false }`
[INFO] [stdout] c2d35b27c3d5bce7aa995a852e9a04396b7cc90744939151df839649cd12fcea
